CREATE TABLE IF NOT EXISTS `product_brand` (
  `ID` bigint(20) NOT NULL AUTO_INCREMENT,
  `Name` varchar(250) COLLATE utf8_unicode_ci DEFAULT NULL,
  `Manufacturer` varchar(250) COLLATE utf8_unicode_ci DEFAULT NULL,
  `created_at` datetime DEFAULT NULL,
  `updated_at` datetime DEFAULT NULL,
  `deleted_at` datetime DEFAULT NULL,
  PRIMARY KEY (`ID`)
) ENGINE=InnoDB DEFAULT CHARSET=utf8 COLLATE=utf8_unicode_ci;

-- Dumping data for table classylab.product_brand: ~0 rows (approximately)
DELETE FROM `product_brand`;

-- Dumping structure for table classylab.product_category
CREATE TABLE IF NOT EXISTS `product_category` (
  `CategoryID` bigint(20) NOT NULL AUTO_INCREMENT,
  `CategoryName` varchar(250) CHARACTER SET utf8 COLLATE utf8_unicode_ci NOT NULL,
  `color` varchar(250) DEFAULT NULL,
  `Image` varchar(500) DEFAULT NULL,
  `created_at` datetime DEFAULT NULL,
  `updated_at` datetime DEFAULT NULL,
  `deleted_at` datetime DEFAULT NULL,
  PRIMARY KEY (`CategoryID`)
) ENGINE=InnoDB AUTO_INCREMENT=64 DEFAULT CHARSET=latin1;

-- Dumping data for table classylab.product_category: ~61 rows (approximately)
DELETE FROM `product_category`;
INSERT INTO `product_category` (`CategoryID`, `CategoryName`, `color`, `Image`, `created_at`, `updated_at`, `deleted_at`) VALUES
	(1, 'Starter', NULL, '1sweet.jpg', '2017-12-21 14:03:14', '2018-02-27 11:44:05', NULL),
	(2, 'Pasta', NULL, '2bread.jpeg', '2017-12-21 14:03:15', '2018-01-03 14:14:42', NULL),
	(3, 'Shawrma', NULL, '3salad.jpeg', '2017-12-21 14:03:15', '2018-01-03 14:15:16', NULL),
	(4, 'Pizza Sandwitch', NULL, '4bread.jpeg', '2017-12-21 14:03:15', '2018-01-03 14:14:56', NULL),
	(5, 'Sandwitch', NULL, NULL, '2017-12-21 14:03:16', '2018-01-03 14:15:25', NULL),
	(6, 'Burger', NULL, '6malik.jpeg', '2017-12-21 14:03:16', '2018-03-05 19:04:49', NULL),
	(7, 'Piza', NULL, NULL, '2017-12-21 14:03:16', '2018-01-03 14:14:48', NULL),
	(8, 'B.B.Q', NULL, '', '2017-12-21 14:03:17', '2018-01-03 14:11:59', NULL),
	(9, 'Salad', NULL, NULL, '2017-12-21 14:03:17', '2017-12-21 14:03:17', NULL),
	(10, 'Set Menu', NULL, '10sweet.jpg', '2017-12-21 14:03:17', '2018-02-26 21:32:10', NULL),
	(11, 'SOUP', NULL, '11bread.jpeg', '2017-12-21 14:03:17', '2017-12-27 11:36:11', NULL),
	(12, 'Thai & Chinese', NULL, '12bread.jpeg', '2017-12-21 14:03:18', '2018-01-03 14:13:57', NULL),
	(13, 'Curry Item', NULL, '13bread.jpeg', '2017-12-21 14:03:18', '2017-12-26 21:43:02', NULL),
	(14, 'Sizzling', NULL, NULL, '2017-12-21 14:03:19', '2017-12-21 14:03:19', NULL),
	(15, 'Chowmein', NULL, '15salad.jpeg', '2017-12-21 14:03:19', '2018-01-03 14:13:07', NULL),
	(16, 'Coffee', NULL, '16soup.jpeg', '2017-12-21 14:03:19', '2018-01-03 14:13:17', NULL),
	(17, 'Sweet', NULL, '17salad.jpeg', '2017-12-21 14:03:19', '2018-01-03 14:15:33', NULL),
	(18, 'Ice Cream', NULL, '18salad.jpeg', '2017-12-21 14:03:19', '2018-01-03 14:13:23', NULL),
	(19, 'Desert', NULL, '19bread.jpeg', '2017-12-21 14:03:20', '2018-01-03 14:13:12', NULL),
	(20, 'Mocktail', NULL, '20salad.jpeg', '2017-12-21 14:03:20', '2018-01-03 14:12:53', NULL),
	(21, 'Milk Shake', NULL, '21Catu.jpeg', '2017-12-21 14:03:20', '2018-03-28 18:51:42', NULL),
	(22, 'Soft drinks', NULL, NULL, '2017-12-26 21:25:16', '2017-12-26 21:25:16', NULL),
	(23, '3pcs', NULL, NULL, '2018-01-01 15:35:51', '2018-01-01 15:35:51', NULL),
	(24, 'Ladies', NULL, NULL, '2018-01-01 15:42:20', '2018-01-03 14:13:30', NULL),
	(25, 'SANDLE', NULL, NULL, '2018-01-01 17:28:58', '2018-01-01 17:28:58', NULL),
	(26, 'SUB', NULL, NULL, '2018-01-02 12:37:11', '2018-01-02 12:37:11', NULL),
	(27, 'STARTER PACKAGE', NULL, NULL, '2018-02-01 11:28:09', '2018-02-01 11:28:09', NULL),
	(28, 'COMPLETE MEAL', NULL, '288salad.jpeg', '2018-02-01 11:28:09', '2018-02-26 19:11:20', NULL),
	(29, 'ADD ONS', NULL, '291soup.jpeg', '2018-02-01 11:28:09', '2018-03-28 18:50:46', NULL),
	(30, 'BEVERAGE', NULL, '30Water.jpg', '2018-02-01 11:28:10', '2018-04-08 13:09:03', NULL),
	(31, 'AFTERNOON MEAL', NULL, '311salad.jpeg', '2018-02-01 11:28:10', '2018-04-05 12:28:09', NULL),
	(32, 'DESSERTS', NULL, NULL, '2018-02-01 11:28:11', '2018-02-01 11:28:11', NULL),
	(33, 'Lab Electronics', NULL, NULL, '2018-02-10 21:08:30', '2018-02-10 21:08:30', NULL),
	(34, 'Daaaaaa', NULL, NULL, '2018-02-10 21:09:02', '2018-02-10 21:09:02', NULL),
	(35, 'Luxurious Car', NULL, NULL, '2018-02-10 21:29:29', '2018-02-10 21:29:29', NULL),
	(36, 'Olive Oil', NULL, NULL, '2018-02-10 21:43:18', '2018-02-10 21:43:18', NULL),
	(37, 'Orange', NULL, NULL, '2018-02-10 21:52:04', '2018-02-10 21:52:04', NULL),
	(38, 'Iranian Carpet', NULL, NULL, '2018-02-22 11:34:19', '2018-02-22 11:34:19', NULL),
	(39, 'Rifle', NULL, NULL, '2018-02-22 11:56:00', '2018-02-22 11:56:00', NULL),
	(40, 'Marbel', NULL, NULL, '2018-02-22 11:59:31', '2018-02-22 11:59:31', NULL),
	(41, 'Books', NULL, '4129003630_1631353140305910_1478252479_n.png', '2018-02-22 12:40:03', '2018-04-05 11:49:03', NULL),
	(42, 'Plastic', NULL, '426soup.jpeg', '2018-02-22 12:41:33', '2018-04-05 11:49:51', NULL),
	(45, 'Misti', NULL, '45sweet.jpg', '2018-02-22 12:47:50', '2018-02-26 19:22:48', NULL),
	(46, 'Sondesh', NULL, '46bread.jpeg', '2018-02-22 12:47:51', '2018-02-26 18:37:49', NULL),
	(47, 'Doi', NULL, NULL, '2018-02-22 12:47:51', '2018-02-22 12:47:51', NULL),
	(48, 'মিষ্টি', NULL, '48sweet.jpg', '2018-02-22 12:58:18', '2018-02-26 19:42:58', NULL),
	(49, 'সন্দেশ', NULL, NULL, '2018-02-22 12:58:19', '2018-02-22 12:58:19', NULL),
	(50, 'দই', NULL, NULL, '2018-02-22 12:58:20', '2018-02-22 12:58:20', NULL),
	(51, 'BOSONTO', NULL, NULL, '2018-03-14 17:57:25', '2018-03-14 17:57:25', NULL),
	(52, 'GAVARDIN', NULL, '52elgamal.jpg', '2018-03-14 17:57:25', '2018-04-05 11:49:34', NULL),
	(53, '3 QUATER', NULL, '531soup.jpeg', '2018-03-14 17:57:25', '2018-04-05 11:49:17', NULL),
	(54, 'UNDER WEAR', NULL, NULL, '2018-03-14 17:57:26', '2018-03-14 17:57:26', NULL),
	(55, 'SANDO', NULL, NULL, '2018-03-14 17:57:26', '2018-03-14 17:57:26', NULL),
	(56, 'CAP', NULL, NULL, '2018-03-14 17:57:26', '2018-03-14 17:57:26', NULL),
	(57, 'Gol Gola Full', NULL, NULL, '2018-03-14 17:57:26', '2018-03-14 17:57:26', NULL),
	(58, 'EASY', NULL, NULL, '2018-03-14 17:57:26', '2018-03-14 17:57:26', NULL),
	(59, 'Mobile Phone', NULL, NULL, '2018-03-22 10:00:06', '2018-03-22 10:00:06', NULL),
	(60, 'LAVA', NULL, NULL, '2018-04-03 20:16:49', '2018-04-03 20:16:49', NULL),
	(61, 'NOKIA', NULL, NULL, '2018-04-03 20:16:49', '2018-04-03 20:16:49', NULL),
	(62, 'XIAOMI', NULL, NULL, '2018-04-03 20:16:49', '2018-04-03 20:16:49', NULL),
	(63, 'SAMSUNG', NULL, NULL, '2018-04-03 20:16:50', '2018-04-03 20:16:50', NULL);

-- Dumping structure for table classylab.product_category_shop_mapping
CREATE TABLE IF NOT EXISTS `product_category_shop_mapping` (
  `ID` bigint(20) NOT NULL AUTO_INCREMENT,
  `ShopID` bigint(20) DEFAULT NULL,
  `CategoryID` bigint(20) DEFAULT NULL,
  `created_at` datetime DEFAULT NULL,
  `updated_at` datetime DEFAULT NULL,
  `deleted_at` datetime DEFAULT NULL,
  PRIMARY KEY (`ID`)
) ENGINE=InnoDB AUTO_INCREMENT=43 DEFAULT CHARSET=utf8 COLLATE=utf8_unicode_ci;

-- Dumping data for table classylab.product_category_shop_mapping: ~41 rows (approximately)
DELETE FROM `product_category_shop_mapping`;
INSERT INTO `product_category_shop_mapping` (`ID`, `ShopID`, `CategoryID`, `created_at`, `updated_at`, `deleted_at`) VALUES
	(1, 1, 1, '2017-12-21 14:04:14', '2017-12-21 14:04:14', NULL),
	(2, 1, 2, '2017-12-21 14:04:50', '2017-12-21 14:04:50', NULL),
	(3, 1, 3, '2017-12-21 14:04:56', '2017-12-21 14:04:56', NULL),
	(4, 1, 4, '2017-12-21 14:05:02', '2017-12-21 14:05:02', NULL),
	(5, 1, 5, '2017-12-21 14:05:08', '2017-12-21 14:05:08', NULL),
	(6, 1, 6, '2017-12-21 14:05:15', '2017-12-21 14:05:15', NULL),
	(7, 1, 7, '2017-12-21 14:05:29', '2017-12-21 14:05:29', NULL),
	(8, 1, 8, '2017-12-21 14:05:40', '2017-12-21 14:05:40', NULL),
	(9, 1, 9, '2017-12-21 14:05:49', '2017-12-21 14:05:49', NULL),
	(10, 1, 10, '2017-12-21 14:05:58', '2017-12-21 14:05:58', NULL),
	(11, 1, 12, '2017-12-21 14:06:28', '2017-12-21 14:06:28', NULL),
	(12, 1, 13, '2017-12-21 14:06:36', '2017-12-21 14:06:36', NULL),
	(13, 1, 15, '2017-12-21 14:06:59', '2017-12-21 14:06:59', NULL),
	(14, 1, 16, '2017-12-21 14:07:10', '2017-12-21 14:07:10', NULL),
	(15, 1, 18, '2017-12-21 14:07:39', '2017-12-21 14:07:39', NULL),
	(16, 1, 19, '2017-12-21 14:08:03', '2017-12-21 14:08:03', NULL),
	(17, 1, 20, '2017-12-21 14:08:11', '2017-12-21 14:08:11', NULL),
	(18, 1, 21, '2017-12-21 14:08:20', '2017-12-21 14:08:20', NULL),
	(19, 1, 22, '2017-12-26 21:28:19', '2017-12-26 21:28:19', NULL),
	(20, 2, 23, '2018-01-01 15:40:34', '2018-01-01 15:40:34', NULL),
	(21, 2, 24, '2018-01-01 15:44:48', '2018-01-01 15:44:48', NULL),
	(22, 1, 25, '2018-01-01 17:33:52', '2018-01-01 17:33:52', NULL),
	(23, 2, 25, '2018-01-01 17:33:52', '2018-01-01 17:33:52', NULL),
	(24, 1, 17, '2018-01-25 11:03:12', '2018-01-25 11:03:12', NULL),
	(25, 1, 23, '2018-01-25 13:13:42', '2018-01-25 13:13:42', NULL),
	(26, 1, 11, '2018-02-01 13:08:33', '2018-02-01 13:08:33', NULL),
	(27, 1, 32, '2018-02-08 14:17:16', '2018-02-08 14:17:16', NULL),
	(28, 1, 28, '2018-02-08 14:19:03', '2018-02-08 14:19:03', NULL),
	(29, 1, 33, '2018-02-10 21:19:57', '2018-02-10 21:19:57', NULL),
	(30, 1, 35, '2018-02-10 21:32:21', '2018-02-10 21:32:21', NULL),
	(31, 1, 36, '2018-02-10 21:46:13', '2018-02-10 21:46:13', NULL),
	(32, 1, 37, '2018-02-10 21:53:49', '2018-02-10 21:53:49', NULL),
	(33, 1, 40, '2018-02-22 12:01:45', '2018-02-22 12:01:45', NULL),
	(34, 1, 48, '2018-02-22 14:03:13', '2018-02-22 14:03:13', NULL),
	(35, 2, 2, '2018-02-26 11:38:14', '2018-02-26 11:38:14', NULL),
	(36, 3, 2, '2018-02-26 11:38:14', '2018-02-26 11:38:14', NULL),
	(38, 5, 2, '2018-02-26 11:38:14', '2018-02-26 11:38:14', NULL),
	(39, 6, 2, '2018-02-26 11:38:14', '2018-02-26 11:38:14', NULL),
	(40, 1, 45, '2018-02-26 19:46:58', '2018-02-26 19:46:58', NULL),
	(41, 1, 30, '2018-03-08 18:40:32', '2018-03-08 18:40:32', NULL),
	(42, 1, 59, '2018-03-22 10:03:00', '2018-03-22 10:03:00', NULL);

-- Dumping structure for table classylab.product_package
CREATE TABLE IF NOT EXISTS `product_package` (
  `PackageID` bigint(20) NOT NULL AUTO_INCREMENT,
  `PackageName` varchar(250) COLLATE utf8_unicode_ci DEFAULT NULL,
  `Price` decimal(11,4) DEFAULT '0.0000',
  `created_at` datetime DEFAULT NULL,
  `updated_at` datetime DEFAULT NULL,
  `deleted_at` datetime DEFAULT NULL,
  PRIMARY KEY (`PackageID`)
) ENGINE=InnoDB DEFAULT CHARSET=utf8 COLLATE=utf8_unicode_ci;

-- Dumping data for table classylab.product_package: ~0 rows (approximately)
DELETE FROM `product_package`;

-- Dumping structure for table classylab.purchase_invoice
CREATE TABLE IF NOT EXISTS `purchase_invoice` (
  `PurchaseInvoiceID` bigint(20) NOT NULL AUTO_INCREMENT,
  `VendorID` bigint(20) NOT NULL,
  `MemoID` varchar(250) CHARACTER SET utf8 COLLATE utf8_unicode_ci DEFAULT NULL,
  `TotalPrice` decimal(11,4) DEFAULT '0.0000',
  `CashPayment` decimal(11,4) DEFAULT '0.0000',
  `BankPayment` decimal(11,4) DEFAULT '0.0000',
  `Due` decimal(11,4) DEFAULT '0.0000',
  `created_at` datetime DEFAULT NULL,
  `updated_at` datetime DEFAULT NULL,
  `deleted_at` datetime DEFAULT NULL,
  PRIMARY KEY (`PurchaseInvoiceID`)
) ENGINE=InnoDB AUTO_INCREMENT=243 DEFAULT CHARSET=latin1;

-- Dumping data for table classylab.purchase_invoice: ~239 rows (approximately)
DELETE FROM `purchase_invoice`;
INSERT INTO `purchase_invoice` (`PurchaseInvoiceID`, `VendorID`, `MemoID`, `TotalPrice`, `CashPayment`, `BankPayment`, `Due`, `created_at`, `updated_at`, `deleted_at`) VALUES
	(4, 2, '423423', 1800.0000, 200.0000, 0.0000, 1600.0000, '2018-01-23 12:45:41', '2018-01-23 12:45:41', NULL),
	(5, 2, '523452345', 30000.0000, 30000.0000, 0.0000, 0.0000, '2018-01-23 13:19:00', '2018-01-23 13:19:00', NULL),
	(6, 3, '4563456345', 10000.0000, 2000.0000, 0.0000, 8000.0000, '2018-01-23 20:28:11', '2018-01-23 20:28:11', NULL),
	(7, 5, '3452345', 3000.0000, 2000.0000, 0.0000, 1000.0000, '2018-01-24 11:28:33', '2018-01-24 11:28:33', NULL),
	(8, 8, '34534534', 117000.0000, 70000.0000, 0.0000, 47000.0000, '2018-01-25 12:59:44', '2018-01-25 12:59:44', NULL),
	(9, 5, '4563456', 2000.0000, 1000.0000, 0.0000, 1000.0000, '2018-01-25 13:07:13', '2018-01-25 13:07:13', NULL),
	(10, 8, '234234', 18000.0000, 12000.0000, 0.0000, 6000.0000, '2018-01-25 13:11:46', '2018-01-25 13:11:46', NULL),
	(11, 4, '345234', 20000.0000, 12000.0000, 0.0000, 8000.0000, '2018-01-25 13:12:51', '2018-01-25 13:12:51', NULL),
	(12, 3, '3456345', 20000.0000, 12000.0000, 0.0000, 8000.0000, '2018-02-01 13:11:18', '2018-02-01 13:11:18', NULL),
	(13, 2, '563563456', 30000.0000, 22000.0000, 0.0000, 8000.0000, '2018-02-01 19:09:07', '2018-02-01 19:09:07', NULL),
	(14, 8, '34564645', 12000.0000, 6000.0000, 0.0000, 6000.0000, '2018-02-04 14:06:43', '2018-02-04 14:06:43', NULL),
	(15, 4, '4563456', 10000.0000, 3000.0000, 0.0000, 7000.0000, '2018-02-04 14:10:41', '2018-02-04 14:10:41', NULL),
	(16, 8, '3452345', 10000.0000, 3000.0000, 0.0000, 7000.0000, '2018-02-04 14:15:35', '2018-02-04 14:15:35', NULL),
	(17, 3, '564356', 10000.0000, 3400.0000, 0.0000, 6600.0000, '2018-02-04 14:17:40', '2018-02-04 14:17:40', NULL),
	(18, 8, '3452345', 24000.0000, 13000.0000, 0.0000, 11000.0000, '2018-02-04 14:19:52', '2018-02-04 14:19:52', NULL),
	(19, 8, '234234', 20000.0000, 12000.0000, 0.0000, 8000.0000, '2018-02-04 18:26:07', '2018-02-04 18:26:07', NULL),
	(20, 2, '356456', 20000.0000, 11000.0000, 0.0000, 9000.0000, '2018-02-04 18:28:53', '2018-02-04 18:28:53', NULL),
	(21, 3, '34523453245', 120000.0000, 70000.0000, 0.0000, 50000.0000, '2018-02-10 21:19:31', '2018-02-10 21:19:31', NULL),
	(22, 2, '4563456', 9999999.9999, 9999999.9999, 0.0000, 9999999.0000, '2018-02-10 21:31:35', '2018-02-10 21:31:35', NULL),
	(23, 4, '34562345', 30000.0000, 22000.0000, 0.0000, 8000.0000, '2018-02-10 21:45:40', '2018-02-10 21:45:40', NULL),
	(24, 12, '63456345', 1200000.0000, 1000000.0000, 0.0000, 200000.0000, '2018-02-22 12:01:18', '2018-02-22 12:01:18', NULL),
	(25, 3, '35656', 320320.0000, 300000.0000, 0.0000, 20320.0000, '2018-02-22 14:00:59', '2018-02-22 14:00:59', NULL),
	(26, 3, '45673', 10000.0000, 0.0000, 0.0000, 10000.0000, '2018-02-24 12:54:00', '2018-02-24 12:54:00', NULL),
	(27, 2, '765674567', 10000.0000, 3200.0000, 0.0000, 6800.0000, '2018-02-24 12:54:39', '2018-02-24 12:54:39', NULL),
	(28, 2, '56456', 18700.0000, 0.0000, 0.0000, 18700.0000, '2018-02-24 13:05:33', '2018-02-24 13:05:33', NULL),
	(29, 2, '456456', 10000.0000, 0.0000, 0.0000, 10000.0000, '2018-02-24 13:07:00', '2018-02-24 13:07:00', NULL),
	(30, 1, '4563456', 100.0000, 0.0000, 0.0000, 100.0000, '2018-02-24 13:08:06', '2018-02-24 13:08:06', NULL),
	(31, 2, '3456345', 1100.0000, 0.0000, 0.0000, 1100.0000, '2018-02-24 13:09:37', '2018-02-24 13:09:37', NULL),
	(32, 2, '456745', 400.0000, 12.0000, 0.0000, 388.0000, '2018-02-24 13:16:05', '2018-02-24 13:16:05', NULL),
	(33, 2, '76567', 10000.0000, 200.0000, 0.0000, 9800.0000, '2018-02-24 13:23:52', '2018-02-24 13:23:52', NULL),
	(34, 2, '6456456', 1200.0000, 210.0000, 0.0000, 990.0000, '2018-02-24 13:24:56', '2018-02-24 13:24:56', NULL),
	(35, 2, '456456', 4500.0000, 1200.0000, 0.0000, 3300.0000, '2018-02-24 13:45:18', '2018-02-24 13:45:18', NULL),
	(36, 2, '456456', 500.0000, 1.0000, 0.0000, 499.0000, '2018-02-24 13:49:44', '2018-02-24 13:49:44', NULL),
	(37, 2, 'e675467567', 10000.0000, 0.0000, 0.0000, 10000.0000, '2018-02-24 13:59:17', '2018-02-24 13:59:17', NULL),
	(38, 0, '0', 800.0000, 0.0000, 0.0000, 800.0000, '2018-02-24 14:01:11', '2018-02-24 14:01:11', NULL),
	(39, 2, '0', 100.0000, 0.0000, 0.0000, 100.0000, '2018-02-24 14:02:35', '2018-02-24 14:02:35', NULL),
	(40, 0, '0', 500.0000, 0.0000, 0.0000, 500.0000, '2018-02-24 14:08:30', '2018-02-24 14:08:30', NULL),
	(41, 2, '0', 100.0000, 0.0000, 0.0000, 100.0000, '2018-02-24 14:10:53', '2018-02-24 14:10:53', NULL),
	(42, 2, '0', 4400.0000, 0.0000, 0.0000, 4400.0000, '2018-02-24 14:45:03', '2018-02-24 14:45:03', NULL),
	(43, 2, '563456345', 1000000.0000, 800000.0000, 0.0000, 200000.0000, '2018-02-26 12:24:36', '2018-02-26 12:24:36', NULL),
	(44, 2, '456345', 9999999.9999, 9999999.9999, 0.0000, 0.0000, '2018-02-26 12:26:18', '2018-02-26 12:26:18', NULL),
	(45, 2, '4563456', 13000.0000, 12000.0000, 0.0000, 1000.0000, '2018-02-26 19:46:18', '2018-02-26 19:46:18', NULL),
	(46, 1, '57 56fdhfgh', 30.0000, 30.0000, 0.0000, 0.0000, '2018-03-12 19:56:06', '2018-03-12 19:56:06', NULL),
	(47, 1, '456767567', 20.0000, 0.0000, 0.0000, 20.0000, '2018-03-12 19:56:53', '2018-03-12 19:56:53', NULL),
	(48, 2, '45634563456', 30.0000, 12.0000, 0.0000, 18.0000, '2018-03-12 21:02:12', '2018-03-12 21:02:12', NULL),
	(49, 2, '67567567', 100.0000, 0.0000, 0.0000, 100.0000, '2018-03-12 21:04:24', '2018-03-12 21:04:24', NULL),
	(50, 2, '675hkh', 30.0000, 0.0000, 0.0000, 30.0000, '2018-03-12 21:04:54', '2018-03-12 21:04:54', NULL),
	(51, 2, '0', 100.0000, 100.0000, 0.0000, 0.0000, '2018-03-13 11:24:45', '2018-03-13 11:24:45', NULL),
	(52, 2, '0', 30.0000, 12.0000, 0.0000, 18.0000, '2018-03-13 11:31:36', '2018-03-13 11:31:36', NULL),
	(53, 2, '0', 1160.0000, 0.0000, 0.0000, 1160.0000, '2018-03-13 11:34:01', '2018-03-13 11:34:01', NULL),
	(54, 2, '0', 400.0000, 0.0000, 0.0000, 400.0000, '2018-03-13 11:35:00', '2018-03-13 11:35:00', NULL),
	(55, 2, '0', 30.0000, 0.0000, 0.0000, 30.0000, '2018-03-13 11:37:34', '2018-03-13 11:37:34', NULL),
	(56, 2, '0', 1200.0000, 0.0000, 0.0000, 1200.0000, '2018-03-13 11:38:11', '2018-03-13 11:38:11', NULL),
	(57, 7, '456346', 1632.0000, 300.0000, 0.0000, 1332.0000, '2018-03-19 17:47:51', '2018-03-19 17:47:51', NULL),
	(58, 1, '89798709', 7100.0000, 1500.0000, 0.0000, 5600.0000, '2018-03-19 19:33:32', '2018-03-19 19:33:32', NULL),
	(59, 2, '345324', 3000.0000, 2100.0000, 0.0000, 900.0000, '2018-03-19 19:40:42', '2018-03-19 19:40:42', NULL),
	(60, 2, '53456', 1200.0000, 322.0000, 0.0000, 878.0000, '2018-03-19 19:53:42', '2018-03-19 19:53:42', NULL),
	(61, 2, '567567567', 360.0000, 300.0000, 0.0000, 60.0000, '2018-03-19 19:55:05', '2018-03-19 19:55:05', NULL),
	(62, 2, '457647', 360.0000, 200.0000, 0.0000, 160.0000, '2018-03-19 19:56:14', '2018-03-19 19:56:14', NULL),
	(63, 1, '678678', 360.0000, 200.0000, 0.0000, 160.0000, '2018-03-19 19:57:18', '2018-03-19 19:57:18', NULL),
	(64, 2, '6756', 3000.0000, 2100.0000, 0.0000, 900.0000, '2018-03-19 19:58:47', '2018-03-19 19:58:47', NULL),
	(65, 2, '45765467', 360.0000, 200.0000, 0.0000, 160.0000, '2018-03-19 19:59:23', '2018-03-19 19:59:23', NULL),
	(66, 2, '68578', 1200.0000, 300.0000, 0.0000, 900.0000, '2018-03-19 20:00:02', '2018-03-19 20:00:02', NULL),
	(67, 2, '56785674567', 360.0000, 300.0000, 0.0000, 60.0000, '2018-03-19 20:00:37', '2018-03-19 20:00:37', NULL),
	(68, 2, '5678567', 3000.0000, 2200.0000, 0.0000, 800.0000, '2018-03-19 20:04:05', '2018-03-19 20:04:05', NULL),
	(69, 2, '567567567', 120.0000, 22.0000, 0.0000, 98.0000, '2018-03-19 20:08:05', '2018-03-19 20:08:05', NULL),
	(70, 2, '5468478', 360.0000, 222.0000, 0.0000, 138.0000, '2018-03-19 20:11:52', '2018-03-19 20:11:52', NULL),
	(71, 2, '457634', 1660.0000, 1200.0000, 0.0000, 460.0000, '2018-03-19 20:32:46', '2018-03-19 20:32:46', NULL),
	(72, 2, '563456', 2760.0000, 300.0000, 0.0000, 2460.0000, '2018-03-19 20:35:33', '2018-03-19 20:35:33', NULL),
	(73, 2, '34636456', 4930.0000, 2100.0000, 0.0000, 2830.0000, '2018-03-19 20:37:00', '2018-03-19 20:37:00', NULL),
	(74, 2, '4576567', 1530.0000, 1300.0000, 0.0000, 230.0000, '2018-03-19 20:38:39', '2018-03-19 20:38:39', NULL),
	(75, 2, '5678678', 1100.0000, 311.0000, 0.0000, 789.0000, '2018-03-19 20:45:50', '2018-03-19 20:45:50', NULL),
	(76, 2, '678678', 360.0000, 111.0000, 0.0000, 249.0000, '2018-03-19 20:46:58', '2018-03-19 20:46:58', NULL),
	(77, 2, '575467', 330.0000, 111.0000, 0.0000, 219.0000, '2018-03-19 20:47:48', '2018-03-19 20:47:48', NULL),
	(78, 2, '6585678', 330.0000, 33.0000, 0.0000, 297.0000, '2018-03-19 20:48:26', '2018-03-19 20:48:26', NULL),
	(79, 2, '6578478', 1100.0000, 121.0000, 0.0000, 979.0000, '2018-03-19 20:48:58', '2018-03-19 20:48:58', NULL),
	(80, 2, '56878', 1100.0000, 111.0000, 0.0000, 989.0000, '2018-03-19 20:50:17', '2018-03-19 20:50:17', NULL),
	(81, 2, '678678', 330.0000, 111.0000, 0.0000, 219.0000, '2018-03-19 20:51:02', '2018-03-19 20:51:02', NULL),
	(82, 2, '578567', 1630.0000, 120.0000, 0.0000, 1510.0000, '2018-03-19 20:56:41', '2018-03-19 20:56:41', NULL),
	(83, 2, '53634', 3660.0000, 1200.0000, 0.0000, 2460.0000, '2018-03-20 09:45:27', '2018-03-20 09:45:27', NULL),
	(84, 3, '456356', 1430.0000, 1200.0000, 0.0000, 230.0000, '2018-03-20 09:53:02', '2018-03-20 09:53:02', NULL),
	(85, 2, '7457', 3350.0000, 1200.0000, 0.0000, 2150.0000, '2018-03-20 10:08:36', '2018-03-20 10:08:36', NULL),
	(86, 2, '764567', 2920.0000, 1200.0000, 0.0000, 1720.0000, '2018-03-20 10:10:26', '2018-03-20 10:10:26', NULL),
	(87, 2, '74567', 1300.0000, 120.0000, 0.0000, 1180.0000, '2018-03-20 10:19:34', '2018-03-20 10:19:34', NULL),
	(88, 2, '687478', 330.0000, 120.0000, 0.0000, 210.0000, '2018-03-20 10:20:08', '2018-03-20 10:20:08', NULL),
	(89, 2, '674567567', 330.0000, 100.0000, 0.0000, 230.0000, '2018-03-20 10:20:41', '2018-03-20 10:20:41', NULL),
	(90, 2, '7896789', 1200.0000, 310.0000, 0.0000, 890.0000, '2018-03-20 10:21:25', '2018-03-20 10:21:25', NULL),
	(91, 2, '5678457', 420.0000, 120.0000, 0.0000, 300.0000, '2018-03-20 10:22:07', '2018-03-20 10:22:07', NULL),
	(92, 1, '67546', 6110.0000, 2000.0000, 0.0000, 4110.0000, '2018-03-20 10:35:35', '2018-03-20 10:35:35', NULL),
	(93, 2, '658678', 4690.0000, 2000.0000, 0.0000, 2690.0000, '2018-03-20 10:36:53', '2018-03-20 10:36:53', NULL),
	(94, 2, '45673456', 2280.0000, 1200.0000, 0.0000, 1080.0000, '2018-03-20 10:37:43', '2018-03-20 10:37:43', NULL),
	(95, 2, '4677', 4800.0000, 2000.0000, 0.0000, 2800.0000, '2018-03-20 10:38:49', '2018-03-20 10:38:49', NULL),
	(96, 2, '4563456', 2300.0000, 1200.0000, 0.0000, 1100.0000, '2018-03-20 10:39:38', '2018-03-20 10:39:38', NULL),
	(97, 2, '3654563456', 4000.0000, 2300.0000, 0.0000, 1700.0000, '2018-03-20 10:56:00', '2018-03-20 10:56:00', NULL),
	(98, 2, '634563456', 1200.0000, 213.0000, 0.0000, 987.0000, '2018-03-20 10:58:47', '2018-03-20 10:58:47', NULL),
	(99, 3, '5674567', 2760.0000, 2000.0000, 0.0000, 760.0000, '2018-03-20 11:00:46', '2018-03-20 11:00:46', NULL),
	(100, 3, '4563456', 4700.0000, 3400.0000, 0.0000, 1300.0000, '2018-03-20 11:02:06', '2018-03-20 11:02:06', NULL),
	(101, 2, '4567345767', 2940.0000, 1200.0000, 0.0000, 1740.0000, '2018-03-20 11:04:29', '2018-03-20 11:04:29', NULL),
	(102, 2, '5674567', 360.0000, 233.0000, 0.0000, 127.0000, '2018-03-20 11:08:24', '2018-03-20 11:08:24', NULL),
	(103, 2, '43674356', 360.0000, 100.0000, 0.0000, 260.0000, '2018-03-20 11:10:04', '2018-03-20 11:10:04', NULL),
	(104, 2, '567567567', 2400.0000, 2100.0000, 0.0000, 300.0000, '2018-03-20 11:20:07', '2018-03-20 11:20:07', NULL),
	(105, 23, '5784567', 3250.0000, 1500.0000, 0.0000, 1750.0000, '2018-03-20 11:24:52', '2018-03-20 11:24:52', NULL),
	(106, 2, '634563456', 360.0000, 240.0000, 0.0000, 120.0000, '2018-03-20 11:43:02', '2018-03-20 11:43:02', NULL),
	(107, 3, '43673567', 2200.0000, 2100.0000, 0.0000, 100.0000, '2018-03-20 11:57:54', '2018-03-20 11:57:54', NULL),
	(108, 3, '45673456', 1650.0000, 1200.0000, 0.0000, 450.0000, '2018-03-20 12:07:22', '2018-03-20 12:07:22', NULL),
	(109, 2, '4563456', 3600.0000, 1200.0000, 0.0000, 2400.0000, '2018-03-20 12:20:06', '2018-03-20 12:20:06', NULL),
	(110, 3, '5674567', 8400.0000, 0.0000, 0.0000, 8400.0000, '2018-03-20 12:56:09', '2018-03-20 12:56:09', NULL),
	(111, 2, '5674567', 2200.0000, 1200.0000, 0.0000, 1000.0000, '2018-03-20 13:04:47', '2018-03-20 13:04:47', NULL),
	(112, 3, '6745', 1200.0000, 0.0000, 0.0000, 1200.0000, '2018-03-20 13:06:09', '2018-03-20 13:06:09', NULL),
	(113, 2, '5756', 1650.0000, 1200.0000, 0.0000, 450.0000, '2018-03-20 13:08:03', '2018-03-20 13:08:03', NULL),
	(114, 3, '587678', 1100.0000, 444.0000, 0.0000, 656.0000, '2018-03-20 13:10:14', '2018-03-20 13:10:14', NULL),
	(115, 2, '56756', 360.0000, 111.0000, 0.0000, 249.0000, '2018-03-20 13:12:09', '2018-03-20 13:12:09', NULL),
	(116, 3, '45678678', 2400.0000, 121.0000, 0.0000, 2279.0000, '2018-03-20 13:12:51', '2018-03-20 13:12:51', NULL),
	(117, 3, '54674567', 1320.0000, 1100.0000, 0.0000, 220.0000, '2018-03-20 13:14:25', '2018-03-20 13:14:25', NULL),
	(118, 4, '65785678', 1100.0000, 211.0000, 0.0000, 889.0000, '2018-03-20 13:15:32', '2018-03-20 13:15:32', NULL),
	(119, 3, '5687567', 1100.0000, 121.0000, 0.0000, 979.0000, '2018-03-20 13:16:52', '2018-03-20 13:16:52', NULL),
	(120, 2, '567456', 200.0000, 111.0000, 0.0000, 89.0000, '2018-03-20 13:17:40', '2018-03-20 13:17:40', NULL),
	(121, 2, '6785678', 1100.0000, 112.0000, 0.0000, 988.0000, '2018-03-20 13:18:39', '2018-03-20 13:18:39', NULL),
	(122, 1, '56756', 330.0000, 129.0000, 0.0000, 201.0000, '2018-03-20 13:47:02', '2018-03-20 13:47:02', NULL),
	(123, 2, '6789789', 1320.0000, 121.0000, 0.0000, 1199.0000, '2018-03-20 13:47:49', '2018-03-20 13:47:49', NULL),
	(124, 2, '5674567', 3300.0000, 212.0000, 0.0000, 3088.0000, '2018-03-20 13:51:14', '2018-03-20 13:51:14', NULL),
	(125, 2, '346543', 330.0000, 0.0000, 0.0000, 330.0000, '2018-03-20 13:54:50', '2018-03-20 13:54:50', NULL),
	(126, 2, '0', 2750.0000, 121.0000, 0.0000, 2629.0000, '2018-03-20 13:59:19', '2018-03-20 13:59:19', NULL),
	(127, 2, '43564356', 330.0000, 121.0000, 0.0000, 209.0000, '2018-03-20 14:00:25', '2018-03-20 14:00:25', NULL),
	(128, 2, '3223534', 330.0000, 21.0000, 0.0000, 309.0000, '2018-03-20 14:03:44', '2018-03-20 14:03:44', NULL),
	(129, 2, '5745675', 2530.0000, 212.0000, 0.0000, 2318.0000, '2018-03-20 14:06:07', '2018-03-20 14:06:07', NULL),
	(130, 3, 'r678678', 22200.0000, 21000.0000, 0.0000, 1200.0000, '2018-03-20 14:07:38', '2018-03-20 14:07:38', NULL),
	(131, 2, '865', 2750.0000, 2100.0000, 0.0000, 650.0000, '2018-03-20 14:10:04', '2018-03-20 14:10:04', NULL),
	(132, 4, '4745674567', 2600.0000, 2100.0000, 0.0000, 500.0000, '2018-03-20 18:45:55', '2018-03-20 18:45:55', NULL),
	(133, 2, '456754', 360.0000, 230.0000, 0.0000, 130.0000, '2018-03-21 12:38:17', '2018-03-21 12:38:17', NULL),
	(134, 2, '678678', 360.0000, 222.0000, 0.0000, 138.0000, '2018-03-21 12:39:04', '2018-03-21 12:39:04', NULL),
	(135, 2, '567567', 2400.0000, 433.0000, 0.0000, 1967.0000, '2018-03-21 12:42:12', '2018-03-21 12:42:12', NULL),
	(136, 2, '678678', 420.0000, 200.0000, 0.0000, 220.0000, '2018-03-21 12:54:01', '2018-03-21 12:54:01', NULL),
	(137, 2, '78678', 360.0000, 230.0000, 0.0000, 130.0000, '2018-03-21 12:55:34', '2018-03-21 12:55:34', NULL),
	(138, 2, '456754', 2400.0000, 1200.0000, 0.0000, 1200.0000, '2018-03-21 12:57:20', '2018-03-21 12:57:20', NULL),
	(139, 2, '5674567', 2400.0000, 2100.0000, 0.0000, 300.0000, '2018-03-21 13:09:58', '2018-03-21 13:09:58', NULL),
	(140, 2, '678678', 1200.0000, 433.0000, 0.0000, 767.0000, '2018-03-21 13:11:10', '2018-03-21 13:11:10', NULL),
	(141, 2, '568678', 2400.0000, 2100.0000, 0.0000, 300.0000, '2018-03-21 13:12:40', '2018-03-21 13:12:40', NULL),
	(142, 2, '567567', 1300.0000, 466.0000, 0.0000, 834.0000, '2018-03-21 13:19:13', '2018-03-21 13:19:13', NULL),
	(143, 2, '5764567', 1920.0000, 344.0000, 0.0000, 1576.0000, '2018-03-21 13:22:05', '2018-03-21 13:22:05', NULL),
	(144, 3, '5464356456', 4150.0000, 2100.0000, 0.0000, 2050.0000, '2018-03-21 14:15:02', '2018-03-21 14:15:02', NULL),
	(145, 2, '567567', 690.0000, 210.0000, 0.0000, 480.0000, '2018-03-21 14:19:10', '2018-03-21 14:19:10', NULL),
	(146, 3, '678678678', 2400.0000, 456.0000, 0.0000, 1944.0000, '2018-03-21 14:20:54', '2018-03-21 14:20:54', NULL),
	(147, 3, '5674567', 2750.0000, 1200.0000, 0.0000, 1550.0000, '2018-03-21 14:26:08', '2018-03-21 14:26:08', NULL),
	(148, 3, '789789789', 3260.0000, 2100.0000, 0.0000, 1160.0000, '2018-03-21 14:27:11', '2018-03-21 14:27:11', NULL),
	(149, 3, '78678', 2750.0000, 2100.0000, 0.0000, 650.0000, '2018-03-21 14:28:42', '2018-03-21 14:28:42', NULL),
	(150, 3, '865785678', 2640.0000, 2100.0000, 0.0000, 540.0000, '2018-03-21 14:29:59', '2018-03-21 14:29:59', NULL),
	(151, 2, 'etw456735', 1250.0000, 1000.0000, 0.0000, 250.0000, '2018-03-21 18:28:07', '2018-03-21 18:28:07', NULL),
	(152, 2, '567 5875678', 2750.0000, 100.0000, 0.0000, 2650.0000, '2018-03-21 18:29:18', '2018-03-21 18:29:18', NULL),
	(153, 2, '4564356346', 2400.0000, 2100.0000, 0.0000, 300.0000, '2018-03-21 18:31:13', '2018-03-21 18:31:13', NULL),
	(154, 2, '54674567', 2100.0000, 1200.0000, 0.0000, 900.0000, '2018-03-21 18:33:05', '2018-03-21 18:33:05', NULL),
	(155, 2, '567856', 800.0000, 300.0000, 0.0000, 500.0000, '2018-03-21 18:38:02', '2018-03-21 18:38:02', NULL),
	(156, 2, '4576567', 360.0000, 60.0000, 0.0000, 300.0000, '2018-03-21 18:42:55', '2018-03-21 18:42:55', NULL),
	(157, 2, '4563456', 4950.0000, 2000.0000, 0.0000, 2950.0000, '2018-03-22 09:52:41', '2018-03-22 09:52:41', NULL),
	(158, 3, '764567456', 3810.0000, 2100.0000, 0.0000, 1710.0000, '2018-03-22 09:53:37', '2018-03-22 09:53:37', NULL),
	(159, 4, '4563456345', 5000.0000, 3000.0000, 0.0000, 2000.0000, '2018-03-22 10:02:20', '2018-03-22 10:02:20', NULL),
	(160, 5, '74567', 2500.0000, 2000.0000, 0.0000, 500.0000, '2018-03-22 10:21:47', '2018-03-22 10:21:47', NULL),
	(161, 3, '0', 3000.0000, 45.0000, 0.0000, 2955.0000, '2018-03-22 10:39:17', '2018-03-22 10:39:17', NULL),
	(162, 4, '67567', 3000.0000, 2000.0000, 0.0000, 1000.0000, '2018-03-22 10:47:14', '2018-03-22 10:47:14', NULL),
	(163, 2, '678678', 2200.0000, 210.0000, 0.0000, 1990.0000, '2018-03-22 11:24:12', '2018-03-22 11:24:12', NULL),
	(164, 2, '678678', 1650.0000, 1100.0000, 0.0000, 550.0000, '2018-03-22 11:27:02', '2018-03-22 11:27:02', NULL),
	(165, 2, '0', 2200.0000, 1200.0000, 0.0000, 1000.0000, '2018-03-22 12:34:11', '2018-03-22 12:34:11', NULL),
	(166, 2, '0', 5000.0000, 2000.0000, 0.0000, 3000.0000, '2018-03-22 18:48:10', '2018-03-22 18:48:10', NULL),
	(167, 3, '67567', 1400.0000, 1300.0000, 0.0000, 100.0000, '2018-03-24 12:24:14', '2018-03-24 12:24:14', NULL),
	(168, 4, '768678', 30.0000, 11.0000, 0.0000, 19.0000, '2018-03-24 12:35:33', '2018-03-24 12:35:33', NULL),
	(169, 2, '675467', 2400.0000, 0.0000, 0.0000, 2400.0000, '2018-03-26 18:58:45', '2018-03-26 18:58:45', NULL),
	(170, 3, '6785678678', 3000.0000, 2100.0000, 0.0000, 900.0000, '2018-03-27 13:17:05', '2018-03-27 13:17:05', NULL),
	(171, 3, '5687785678', 2200.0000, 2000.0000, 0.0000, 200.0000, '2018-03-27 13:18:15', '2018-03-27 13:18:15', NULL),
	(172, 3, '74567467', 200.0000, 100.0000, 0.0000, 100.0000, '2018-03-27 13:20:51', '2018-03-27 13:20:51', NULL),
	(173, 3, '67857896789', 2050.0000, 210.0000, 200.0000, 1640.0000, '2018-03-27 19:55:54', '2018-03-27 19:55:54', NULL),
	(174, 1, '657467467', 500.0000, 222.0000, 0.0000, 278.0000, '2018-03-27 20:32:52', '2018-03-27 20:32:52', NULL),
	(175, 3, '0', 800.0000, 0.0000, 0.0000, 800.0000, '2018-03-27 20:33:49', '2018-03-27 20:33:49', NULL),
	(176, 3, '789789789', 30.0000, 11.0000, 0.0000, 19.0000, '2018-03-27 20:37:37', '2018-03-27 20:37:37', NULL),
	(177, 2, '4564356456', 1000.0000, 120.0000, 0.0000, 880.0000, '2018-03-27 20:39:24', '2018-03-27 20:39:24', NULL),
	(178, 3, '7685678', 650.0000, 222.0000, 0.0000, 428.0000, '2018-03-27 20:56:23', '2018-03-27 20:56:23', NULL),
	(179, 3, '6r78678678', 1400.0000, 11.0000, 43.0000, 1389.0000, '2018-03-27 20:59:41', '2018-03-27 20:59:41', NULL),
	(180, 3, 'w563456345646', 100.0000, 33.0000, 11.0000, 67.0000, '2018-03-27 21:01:56', '2018-03-27 21:01:56', NULL),
	(181, 3, '78908907890', 800.0000, 333.0000, 200.0000, 467.0000, '2018-03-27 21:05:53', '2018-03-27 21:05:53', NULL),
	(182, 2, '567567', 800.0000, 222.0000, 111.0000, 467.0000, '2018-03-27 21:06:54', '2018-03-27 21:06:54', NULL),
	(183, 3, '6746747', 500.0000, 54.0000, 0.0000, 446.0000, '2018-03-27 21:19:05', '2018-03-27 21:19:05', NULL),
	(184, 3, '7545674567', 1000.0000, 120.0000, 444.0000, 436.0000, '2018-03-28 09:41:20', '2018-03-28 09:41:20', NULL),
	(185, 3, '6789789', 1800.0000, 211.0000, 555.0000, 1034.0000, '2018-03-28 09:44:54', '2018-03-28 09:44:54', NULL),
	(186, 3, '6789t7896t789', 3700.0000, 1200.0000, 1100.0000, 1400.0000, '2018-03-28 10:05:45', '2018-03-28 10:05:45', NULL),
	(187, 3, '8908790', 1550.0000, 311.0000, 311.0000, 928.0000, '2018-03-28 10:07:58', '2018-03-28 10:07:58', NULL),
	(188, 3, '6785678', 1550.0000, 233.0000, 311.0000, 1006.0000, '2018-03-28 10:12:02', '2018-03-28 10:12:02', NULL),
	(189, 3, '546345656', 2050.0000, 120.0000, 333.0000, 1597.0000, '2018-03-28 10:18:32', '2018-03-28 10:18:32', NULL),
	(190, 3, '56367', 1800.0000, 120.0000, 433.0000, 1247.0000, '2018-03-28 10:22:47', '2018-03-28 10:22:47', NULL),
	(191, 1, '7567', 600.0000, 200.0000, 0.0000, 400.0000, '2018-03-28 11:38:22', '2018-03-28 11:38:22', NULL),
	(192, 2, '0', 120.0000, 0.0000, 0.0000, 120.0000, '2018-03-28 19:27:41', '2018-03-28 19:27:41', NULL),
	(193, 1, '674567657', 175.0000, 20.0000, 0.0000, 155.0000, '2018-03-29 13:10:08', '2018-03-29 13:10:08', NULL),
	(194, 3, '12', 10000.0000, 1000.0000, 1200.0000, 7800.0000, '2018-04-01 12:12:57', '2018-04-01 12:12:57', NULL),
	(195, 1, '346456', 1200.0000, 0.0000, 1100.0000, 100.0000, '2018-04-01 19:14:55', '2018-04-01 19:14:55', NULL),
	(196, 1, '76869876', 800.0000, 333.0000, 107.0000, 360.0000, '2018-04-01 19:18:43', '2018-04-01 19:18:43', NULL),
	(197, 2, '567567', 150.0000, 0.0000, 0.0000, 150.0000, '2018-04-01 19:23:25', '2018-04-01 19:23:25', NULL),
	(198, 3, '0', 1000.0000, 0.0000, 0.0000, 1000.0000, '2018-04-01 19:23:41', '2018-04-01 19:23:41', NULL),
	(199, 2, '0', 330.0000, 311.0000, 0.0000, 19.0000, '2018-04-01 19:42:59', '2018-04-01 19:42:59', NULL),
	(200, 2, '0', 1674.0000, 333.0000, 0.0000, 1341.0000, '2018-04-01 20:00:47', '2018-04-01 20:00:47', NULL),
	(201, 2, '0', 270.0000, 111.0000, 0.0000, 159.0000, '2018-04-01 20:10:43', '2018-04-01 20:10:43', NULL),
	(202, 3, '57567', 1130.0000, 333.0000, 0.0000, 797.0000, '2018-04-01 21:09:26', '2018-04-01 21:09:26', NULL),
	(203, 3, '0', 1650.0000, 0.0000, 0.0000, 550.0000, '2018-04-02 11:11:08', '2018-04-02 11:11:08', NULL),
	(204, 3, '0', 342.0000, 0.0000, 0.0000, 342.0000, '2018-04-02 11:11:39', '2018-04-02 11:11:39', NULL),
	(205, 3, '0', 44.0000, 0.0000, 0.0000, 44.0000, '2018-04-02 11:12:07', '2018-04-02 11:12:07', NULL),
	(206, 3, 'e645645', 1000.0000, 210.0000, 0.0000, 790.0000, '2018-04-02 11:13:07', '2018-04-02 11:13:07', NULL),
	(207, 3, '56745', 210.0000, 111.0000, 0.0000, 99.0000, '2018-04-02 11:13:44', '2018-04-02 11:13:44', NULL),
	(208, 3, '0', 450.0000, 111.0000, 0.0000, 339.0000, '2018-04-02 11:15:35', '2018-04-02 11:15:35', NULL),
	(209, 3, '674567567', 1000.0000, 111.0000, 0.0000, 889.0000, '2018-04-02 11:16:24', '2018-04-02 11:16:24', NULL),
	(210, 1, '678678', 1000.0000, 111.0000, 0.0000, 889.0000, '2018-04-02 11:17:15', '2018-04-02 11:17:15', NULL),
	(211, 1, '34562345', 800.0000, 333.0000, 0.0000, 467.0000, '2018-04-02 11:19:22', '2018-04-02 11:19:22', NULL),
	(212, 1, '34562345', 800.0000, 333.0000, 0.0000, 467.0000, '2018-04-02 11:19:36', '2018-04-02 11:19:36', NULL),
	(213, 1, '34562345', 800.0000, 333.0000, 0.0000, 467.0000, '2018-04-02 11:19:43', '2018-04-02 11:19:43', NULL),
	(214, 3, '563456', 4000.0000, 111.0000, 111.0000, 3778.0000, '2018-04-02 11:22:20', '2018-04-02 11:22:20', NULL),
	(215, 1, '545645', 450.0000, 222.0000, 0.0000, 228.0000, '2018-04-02 11:28:03', '2018-04-02 11:28:03', NULL),
	(216, 1, '0', 900.0000, 211.0000, 0.0000, 689.0000, '2018-04-02 11:28:41', '2018-04-02 11:28:41', NULL),
	(217, 1, '4567567', 1000.0000, 222.0000, 0.0000, 778.0000, '2018-04-02 11:33:45', '2018-04-02 11:33:45', NULL),
	(218, 1, '4567567', 1300.0000, 222.0000, 0.0000, 1078.0000, '2018-04-02 11:35:19', '2018-04-02 11:35:19', NULL),
	(219, 2, '567', 813.0000, 400.0000, 0.0000, 413.0000, '2018-04-02 11:40:10', '2018-04-02 11:40:10', NULL),
	(220, 3, '0', 120.0000, 11.0000, 0.0000, 109.0000, '2018-04-02 11:41:41', '2018-04-02 11:41:41', NULL),
	(221, 1, '0', 450.0000, 111.0000, 0.0000, 339.0000, '2018-04-02 11:56:12', '2018-04-02 11:56:12', NULL),
	(222, 3, '0', 615.0000, 333.0000, 0.0000, 282.0000, '2018-04-02 12:42:31', '2018-04-02 12:42:31', NULL),
	(223, 1, '456745', 856.0000, 211.0000, 0.0000, 645.0000, '2018-04-02 12:47:08', '2018-04-02 12:47:08', NULL),
	(224, 2, '0', 500.0000, 444.0000, 0.0000, 56.0000, '2018-04-02 12:48:13', '2018-04-02 12:48:13', NULL),
	(225, 2, '34', 270.0000, 222.0000, 0.0000, 48.0000, '2018-04-02 12:53:52', '2018-04-02 12:53:52', NULL),
	(226, 3, '0', 1510.0000, 444.0000, 311.0000, 755.0000, '2018-04-03 19:26:11', '2018-04-03 19:26:11', NULL),
	(227, 3, '0', 10000.0000, 3100.0000, 1100.0000, 5800.0000, '2018-04-03 19:39:03', '2018-04-03 19:39:03', NULL),
	(228, 3, '6345636', 2000.0000, 120.0000, 1300.0000, 580.0000, '2018-04-03 19:43:21', '2018-04-03 19:43:21', NULL),
	(229, 3, '67856', 30.0000, 11.0000, 11.0000, 8.0000, '2018-04-03 19:57:33', '2018-04-03 19:57:33', NULL),
	(230, 4, '56756', 30.0000, 11.0000, 12.0000, 7.0000, '2018-04-03 20:02:55', '2018-04-03 20:02:55', NULL),
	(231, 3, '45634645', 90.0000, 21.0000, 44.0000, 25.0000, '2018-04-03 20:08:29', '2018-04-03 20:08:29', NULL),
	(232, 27, '0', 21910.0000, 10000.0000, 1910.0000, 10000.0000, '2018-04-05 19:17:50', '2018-04-05 19:17:50', NULL),
	(233, 1, '5678678', 600.0000, 222.0000, 55.0000, 323.0000, '2018-04-05 19:24:39', '2018-04-05 19:24:39', NULL),
	(234, 1, '456756', 600.0000, 222.0000, 13.0000, 365.0000, '2018-04-05 19:28:10', '2018-04-05 19:28:10', NULL),
	(235, 1, '575', 400.0000, 220.0000, 10.0000, 170.0000, '2018-04-05 19:32:39', '2018-04-05 19:32:39', NULL),
	(236, 1, '75467', 600.0000, 100.0000, 0.0000, 500.0000, '2018-04-05 19:36:23', '2018-04-05 19:36:23', NULL),
	(237, 1, '56756', 1200.0000, 200.0000, 300.0000, 700.0000, '2018-04-05 19:39:08', '2018-04-05 19:39:08', NULL),
	(238, 1, '56756', 1250.0000, 300.0000, 400.0000, 550.0000, '2018-04-05 19:42:09', '2018-04-05 19:42:09', NULL),
	(239, 6, '456465', 400.0000, 0.0000, 0.0000, 400.0000, '2018-04-05 19:47:00', '2018-04-05 19:47:00', NULL),
	(240, 21, '65876', 800.0000, 200.0000, 200.0000, 400.0000, '2018-04-05 19:55:01', '2018-04-05 19:55:01', NULL),
	(241, 3, '67', 100.0000, 22.0000, 0.0000, 78.0000, '2018-04-07 20:09:49', '2018-04-07 20:09:49', NULL),
	(242, 3, '0', 3000.0000, 2100.0000, 0.0000, 900.0000, '2018-04-07 20:12:46', '2018-04-07 20:12:46', NULL);

-- Dumping structure for table classylab.purchase_invoice_product_mapping
CREATE TABLE IF NOT EXISTS `purchase_invoice_product_mapping` (
  `PurchaseID` bigint(20) NOT NULL AUTO_INCREMENT,
  `PurchaseInvoiceID` bigint(20) NOT NULL,
  `ProductID` bigint(20) NOT NULL,
  `Qty` decimal(11,4) DEFAULT '0.0000',
  `CostPrice` decimal(11,4) DEFAULT '0.0000',
  `TotalPrice` decimal(11,4) DEFAULT '0.0000',
  `created_at` datetime DEFAULT NULL,
  `updated_at` datetime DEFAULT NULL,
  `deleted_at` datetime DEFAULT NULL,
  PRIMARY KEY (`PurchaseID`)
) ENGINE=InnoDB AUTO_INCREMENT=321 DEFAULT CHARSET=latin1;

-- Dumping data for table classylab.purchase_invoice_product_mapping: ~315 rows (approximately)
DELETE FROM `purchase_invoice_product_mapping`;
INSERT INTO `purchase_invoice_product_mapping` (`PurchaseID`, `PurchaseInvoiceID`, `ProductID`, `Qty`, `CostPrice`, `TotalPrice`, `created_at`, `updated_at`, `deleted_at`) VALUES
	(6, 4, 1, 5.0000, 200.0000, 1000.0000, '2018-01-23 12:45:41', '2018-01-23 12:45:41', NULL),
	(7, 4, 11, 4.0000, 200.0000, 800.0000, '2018-01-23 12:45:41', '2018-01-23 12:45:41', NULL),
	(8, 5, 1, 300.0000, 100.0000, 30000.0000, '2018-01-23 13:19:00', '2018-01-23 13:19:00', NULL),
	(9, 6, 1, 100.0000, 100.0000, 10000.0000, '2018-01-23 20:28:11', '2018-01-23 20:28:11', NULL),
	(10, 7, 16, 1.0000, 0.0000, 0.0000, '2018-01-24 11:28:33', '2018-01-24 11:28:33', NULL),
	(11, 7, 167, 100.0000, 30.0000, 3000.0000, '2018-01-24 11:28:33', '2018-01-24 11:28:33', NULL),
	(12, 8, 1, 100.0000, 100.0000, 10000.0000, '2018-01-25 12:59:45', '2018-01-25 12:59:45', NULL),
	(13, 8, 2, 100.0000, 100.0000, 10000.0000, '2018-01-25 12:59:45', '2018-01-25 12:59:45', NULL),
	(14, 8, 3, 100.0000, 200.0000, 20000.0000, '2018-01-25 12:59:45', '2018-01-25 12:59:45', NULL),
	(15, 8, 4, 100.0000, 200.0000, 20000.0000, '2018-01-25 12:59:45', '2018-01-25 12:59:45', NULL),
	(16, 8, 9, 100.0000, 120.0000, 12000.0000, '2018-01-25 12:59:46', '2018-01-25 12:59:46', NULL),
	(17, 8, 5, 100.0000, 250.0000, 25000.0000, '2018-01-25 12:59:46', '2018-01-25 12:59:46', NULL),
	(18, 8, 6, 100.0000, 200.0000, 20000.0000, '2018-01-25 12:59:46', '2018-01-25 12:59:46', NULL),
	(19, 9, 15, 5.0000, 400.0000, 2000.0000, '2018-01-25 13:07:14', '2018-01-25 13:07:14', NULL),
	(20, 10, 163, 100.0000, 180.0000, 18000.0000, '2018-01-25 13:11:47', '2018-01-25 13:11:47', NULL),
	(21, 11, 11, 100.0000, 200.0000, 20000.0000, '2018-01-25 13:12:52', '2018-01-25 13:12:52', NULL),
	(22, 12, 12, 100.0000, 200.0000, 20000.0000, '2018-02-01 13:11:18', '2018-02-01 13:11:18', NULL),
	(23, 13, 12, 100.0000, 300.0000, 30000.0000, '2018-02-01 19:09:07', '2018-02-01 19:09:07', NULL),
	(24, 14, 1, 120.0000, 100.0000, 12000.0000, '2018-02-04 14:06:43', '2018-02-04 14:06:43', NULL),
	(25, 15, 1, 100.0000, 100.0000, 10000.0000, '2018-02-04 14:10:41', '2018-02-04 14:10:41', NULL),
	(26, 16, 2, 100.0000, 100.0000, 10000.0000, '2018-02-04 14:15:35', '2018-02-04 14:15:35', NULL),
	(27, 17, 2, 100.0000, 100.0000, 10000.0000, '2018-02-04 14:17:40', '2018-02-04 14:17:40', NULL),
	(28, 18, 166, 120.0000, 200.0000, 24000.0000, '2018-02-04 14:19:52', '2018-02-04 14:19:52', NULL),
	(29, 19, 3, 100.0000, 200.0000, 20000.0000, '2018-02-04 18:26:07', '2018-02-04 18:26:07', NULL),
	(30, 20, 3, 100.0000, 200.0000, 20000.0000, '2018-02-04 18:28:53', '2018-02-04 18:28:53', NULL),
	(31, 21, 277, 10.0000, 12000.0000, 120000.0000, '2018-02-10 21:19:31', '2018-02-10 21:19:31', NULL),
	(32, 23, 279, 100.0000, 300.0000, 30000.0000, '2018-02-10 21:45:40', '2018-02-10 21:45:40', NULL),
	(33, 24, 287, 100.0000, 12000.0000, 1200000.0000, '2018-02-22 12:01:18', '2018-02-22 12:01:18', NULL),
	(34, 25, 328, 1001.0000, 320.0000, 320320.0000, '2018-02-22 14:01:00', '2018-02-22 14:01:00', NULL),
	(35, 26, 1, 100.0000, 100.0000, 10000.0000, '2018-02-24 12:54:00', '2018-02-24 12:54:00', NULL),
	(36, 27, 1, 100.0000, 100.0000, 10000.0000, '2018-02-24 12:54:39', '2018-02-24 12:54:39', NULL),
	(37, 28, 1, 187.0000, 100.0000, 18700.0000, '2018-02-24 13:05:33', '2018-02-24 13:05:33', NULL),
	(38, 29, 1, 100.0000, 100.0000, 10000.0000, '2018-02-24 13:07:00', '2018-02-24 13:07:00', NULL),
	(39, 30, 1, 1.0000, 100.0000, 100.0000, '2018-02-24 13:08:06', '2018-02-24 13:08:06', NULL),
	(40, 31, 1, 11.0000, 100.0000, 1100.0000, '2018-02-24 13:09:37', '2018-02-24 13:09:37', NULL),
	(41, 32, 1, 4.0000, 100.0000, 400.0000, '2018-02-24 13:16:05', '2018-02-24 13:16:05', NULL),
	(42, 33, 1, 100.0000, 100.0000, 10000.0000, '2018-02-24 13:23:52', '2018-02-24 13:23:52', NULL),
	(43, 34, 1, 12.0000, 100.0000, 1200.0000, '2018-02-24 13:24:56', '2018-02-24 13:24:56', NULL),
	(44, 35, 1, 45.0000, 100.0000, 4500.0000, '2018-02-24 13:45:18', '2018-02-24 13:45:18', NULL),
	(45, 36, 1, 5.0000, 100.0000, 500.0000, '2018-02-24 13:49:44', '2018-02-24 13:49:44', NULL),
	(46, 37, 2, 100.0000, 100.0000, 10000.0000, '2018-02-24 13:59:17', '2018-02-24 13:59:17', NULL),
	(47, 39, 1, 1.0000, 100.0000, 100.0000, '2018-02-24 14:02:35', '2018-02-24 14:02:35', NULL),
	(48, 41, 1, 1.0000, 100.0000, 100.0000, '2018-02-24 14:10:54', '2018-02-24 14:10:54', NULL),
	(49, 42, 1, 44.0000, 100.0000, 4400.0000, '2018-02-24 14:45:03', '2018-02-24 14:45:03', NULL),
	(50, 43, 12, 10000.0000, 100.0000, 1000000.0000, '2018-02-26 12:24:37', '2018-02-26 12:24:37', NULL),
	(51, 44, 12, 1000000.0000, 100.0000, 9999999.9999, '2018-02-26 12:26:18', '2018-02-26 12:26:18', NULL),
	(52, 45, 792, 100.0000, 130.0000, 13000.0000, '2018-02-26 19:46:19', '2018-02-26 19:46:19', NULL),
	(53, 46, 795, 3.0000, 10.0000, 30.0000, '2018-03-12 19:56:06', '2018-03-12 19:56:06', NULL),
	(54, 47, 795, 2.0000, 10.0000, 20.0000, '2018-03-12 19:56:53', '2018-03-12 19:56:53', NULL),
	(55, 48, 1, 1.0000, 30.0000, 30.0000, '2018-03-12 21:02:12', '2018-03-12 21:02:12', NULL),
	(56, 49, 2, 1.0000, 100.0000, 100.0000, '2018-03-12 21:04:24', '2018-03-12 21:04:24', NULL),
	(57, 50, 1, 1.0000, 30.0000, 30.0000, '2018-03-12 21:04:54', '2018-03-12 21:04:54', NULL),
	(58, 51, 11, 5.0000, 0.0000, 0.0000, '2018-03-13 11:24:45', '2018-03-13 11:24:45', NULL),
	(59, 51, 2, 1.0000, 100.0000, 100.0000, '2018-03-13 11:24:45', '2018-03-13 11:24:45', NULL),
	(60, 52, 1, 0.0000, 30.0000, 0.0000, '2018-03-13 11:31:36', '2018-03-13 11:31:36', NULL),
	(61, 52, 1, 1.0000, 30.0000, 30.0000, '2018-03-13 11:31:36', '2018-03-13 11:31:36', NULL),
	(62, 53, 10, 1.0000, 160.0000, 160.0000, '2018-03-13 11:34:01', '2018-03-13 11:34:01', NULL),
	(63, 53, 6, 5.0000, 200.0000, 1000.0000, '2018-03-13 11:34:01', '2018-03-13 11:34:01', NULL),
	(64, 54, 166, 1.0000, 200.0000, 200.0000, '2018-03-13 11:35:00', '2018-03-13 11:35:00', NULL),
	(65, 54, 2, 0.0000, 100.0000, 0.0000, '2018-03-13 11:35:00', '2018-03-13 11:35:00', NULL),
	(66, 54, 4, 1.0000, 200.0000, 200.0000, '2018-03-13 11:35:00', '2018-03-13 11:35:00', NULL),
	(67, 55, 1, 0.0000, 30.0000, 0.0000, '2018-03-13 11:37:34', '2018-03-13 11:37:34', NULL),
	(68, 55, 1, 1.0000, 30.0000, 30.0000, '2018-03-13 11:37:34', '2018-03-13 11:37:34', NULL),
	(69, 56, 4, 0.0000, 200.0000, 0.0000, '2018-03-13 11:38:11', '2018-03-13 11:38:11', NULL),
	(70, 56, 2, 12.0000, 100.0000, 1200.0000, '2018-03-13 11:38:11', '2018-03-13 11:38:11', NULL),
	(71, 57, 24, 4.0000, 333.0000, 1332.0000, '2018-03-19 17:47:52', '2018-03-19 17:47:52', NULL),
	(72, 57, 1, 10.0000, 30.0000, 300.0000, '2018-03-19 17:47:52', '2018-03-19 17:47:52', NULL),
	(73, 58, 2, 71.0000, 100.0000, 7100.0000, '2018-03-19 19:33:32', '2018-03-19 19:33:32', NULL),
	(74, 59, 1, 100.0000, 30.0000, 3000.0000, '2018-03-19 19:40:43', '2018-03-19 19:40:43', NULL),
	(75, 60, 2, 12.0000, 100.0000, 1200.0000, '2018-03-19 19:53:42', '2018-03-19 19:53:42', NULL),
	(76, 61, 1, 12.0000, 30.0000, 360.0000, '2018-03-19 19:55:05', '2018-03-19 19:55:05', NULL),
	(77, 62, 1, 12.0000, 30.0000, 360.0000, '2018-03-19 19:56:14', '2018-03-19 19:56:14', NULL),
	(78, 63, 1, 12.0000, 30.0000, 360.0000, '2018-03-19 19:57:18', '2018-03-19 19:57:18', NULL),
	(79, 64, 1, 100.0000, 30.0000, 3000.0000, '2018-03-19 19:58:47', '2018-03-19 19:58:47', NULL),
	(80, 65, 1, 12.0000, 30.0000, 360.0000, '2018-03-19 19:59:24', '2018-03-19 19:59:24', NULL),
	(81, 66, 2, 12.0000, 100.0000, 1200.0000, '2018-03-19 20:00:02', '2018-03-19 20:00:02', NULL),
	(82, 67, 1, 12.0000, 30.0000, 360.0000, '2018-03-19 20:00:37', '2018-03-19 20:00:37', NULL),
	(83, 68, 1, 100.0000, 30.0000, 3000.0000, '2018-03-19 20:04:05', '2018-03-19 20:04:05', NULL),
	(84, 69, 1, 4.0000, 30.0000, 120.0000, '2018-03-19 20:08:05', '2018-03-19 20:08:05', NULL),
	(85, 70, 1, 12.0000, 30.0000, 360.0000, '2018-03-19 20:11:52', '2018-03-19 20:11:52', NULL),
	(86, 71, 1, 12.0000, 30.0000, 360.0000, '2018-03-19 20:32:47', '2018-03-19 20:32:47', NULL),
	(87, 71, 2, 13.0000, 100.0000, 1300.0000, '2018-03-19 20:32:47', '2018-03-19 20:32:47', NULL),
	(88, 72, 1, 12.0000, 30.0000, 360.0000, '2018-03-19 20:35:33', '2018-03-19 20:35:33', NULL),
	(89, 72, 3, 12.0000, 200.0000, 2400.0000, '2018-03-19 20:35:34', '2018-03-19 20:35:34', NULL),
	(90, 73, 1, 11.0000, 30.0000, 330.0000, '2018-03-19 20:37:00', '2018-03-19 20:37:00', NULL),
	(91, 73, 6, 12.0000, 200.0000, 2400.0000, '2018-03-19 20:37:00', '2018-03-19 20:37:00', NULL),
	(92, 73, 6, 11.0000, 200.0000, 2200.0000, '2018-03-19 20:37:00', '2018-03-19 20:37:00', NULL),
	(93, 74, 1, 11.0000, 30.0000, 330.0000, '2018-03-19 20:38:39', '2018-03-19 20:38:39', NULL),
	(94, 74, 2, 12.0000, 100.0000, 1200.0000, '2018-03-19 20:38:39', '2018-03-19 20:38:39', NULL),
	(95, 75, 2, 11.0000, 100.0000, 1100.0000, '2018-03-19 20:45:50', '2018-03-19 20:45:50', NULL),
	(96, 76, 1, 12.0000, 30.0000, 360.0000, '2018-03-19 20:46:58', '2018-03-19 20:46:58', NULL),
	(97, 77, 1, 11.0000, 30.0000, 330.0000, '2018-03-19 20:47:48', '2018-03-19 20:47:48', NULL),
	(98, 78, 1, 11.0000, 30.0000, 330.0000, '2018-03-19 20:48:26', '2018-03-19 20:48:26', NULL),
	(99, 79, 2, 11.0000, 100.0000, 1100.0000, '2018-03-19 20:48:58', '2018-03-19 20:48:58', NULL),
	(100, 80, 2, 11.0000, 100.0000, 1100.0000, '2018-03-19 20:50:17', '2018-03-19 20:50:17', NULL),
	(101, 81, 1, 11.0000, 30.0000, 330.0000, '2018-03-19 20:51:03', '2018-03-19 20:51:03', NULL),
	(102, 82, 1, 11.0000, 30.0000, 330.0000, '2018-03-19 20:56:42', '2018-03-19 20:56:42', NULL),
	(103, 82, 7, 13.0000, 100.0000, 1300.0000, '2018-03-19 20:56:42', '2018-03-19 20:56:42', NULL),
	(104, 83, 5, 12.0000, 250.0000, 3000.0000, '2018-03-20 09:45:27', '2018-03-20 09:45:27', NULL),
	(105, 83, 11, 11.0000, 60.0000, 660.0000, '2018-03-20 09:45:28', '2018-03-20 09:45:28', NULL),
	(106, 84, 1, 1.0000, 30.0000, 30.0000, '2018-03-20 09:53:02', '2018-03-20 09:53:02', NULL),
	(107, 84, 2, 14.0000, 100.0000, 1400.0000, '2018-03-20 09:53:02', '2018-03-20 09:53:02', NULL),
	(108, 85, 6, 13.0000, 200.0000, 2600.0000, '2018-03-20 10:08:36', '2018-03-20 10:08:36', NULL),
	(109, 85, 8, 5.0000, 150.0000, 750.0000, '2018-03-20 10:08:36', '2018-03-20 10:08:36', NULL),
	(110, 86, 10, 12.0000, 160.0000, 1920.0000, '2018-03-20 10:10:26', '2018-03-20 10:10:26', NULL),
	(111, 86, 3, 5.0000, 200.0000, 1000.0000, '2018-03-20 10:10:26', '2018-03-20 10:10:26', NULL),
	(112, 87, 2, 13.0000, 100.0000, 1300.0000, '2018-03-20 10:19:34', '2018-03-20 10:19:34', NULL),
	(113, 88, 1, 11.0000, 30.0000, 330.0000, '2018-03-20 10:20:08', '2018-03-20 10:20:08', NULL),
	(114, 89, 1, 11.0000, 30.0000, 330.0000, '2018-03-20 10:20:41', '2018-03-20 10:20:41', NULL),
	(115, 90, 2, 12.0000, 100.0000, 1200.0000, '2018-03-20 10:21:25', '2018-03-20 10:21:25', NULL),
	(116, 91, 1, 14.0000, 30.0000, 420.0000, '2018-03-20 10:22:07', '2018-03-20 10:22:07', NULL),
	(117, 92, 1, 12.0000, 30.0000, 360.0000, '2018-03-20 10:35:35', '2018-03-20 10:35:35', NULL),
	(118, 92, 5, 11.0000, 250.0000, 2750.0000, '2018-03-20 10:35:35', '2018-03-20 10:35:35', NULL),
	(119, 92, 5, 12.0000, 250.0000, 3000.0000, '2018-03-20 10:35:35', '2018-03-20 10:35:35', NULL),
	(120, 93, 1, 11.0000, 30.0000, 330.0000, '2018-03-20 10:36:53', '2018-03-20 10:36:53', NULL),
	(121, 93, 4, 13.0000, 200.0000, 2600.0000, '2018-03-20 10:36:53', '2018-03-20 10:36:53', NULL),
	(122, 93, 10, 11.0000, 160.0000, 1760.0000, '2018-03-20 10:36:53', '2018-03-20 10:36:53', NULL),
	(123, 94, 1, 12.0000, 30.0000, 360.0000, '2018-03-20 10:37:43', '2018-03-20 10:37:43', NULL),
	(124, 94, 10, 12.0000, 160.0000, 1920.0000, '2018-03-20 10:37:43', '2018-03-20 10:37:43', NULL),
	(125, 95, 6, 12.0000, 200.0000, 2400.0000, '2018-03-20 10:38:49', '2018-03-20 10:38:49', NULL),
	(126, 95, 3, 12.0000, 200.0000, 2400.0000, '2018-03-20 10:38:50', '2018-03-20 10:38:50', NULL),
	(127, 96, 2, 12.0000, 100.0000, 1200.0000, '2018-03-20 10:39:38', '2018-03-20 10:39:38', NULL),
	(128, 96, 7, 11.0000, 100.0000, 1100.0000, '2018-03-20 10:39:38', '2018-03-20 10:39:38', NULL),
	(129, 97, 3, 12.0000, 200.0000, 2400.0000, '2018-03-20 10:56:01', '2018-03-20 10:56:01', NULL),
	(130, 97, 6, 8.0000, 200.0000, 1600.0000, '2018-03-20 10:56:01', '2018-03-20 10:56:01', NULL),
	(131, 98, 2, 12.0000, 100.0000, 1200.0000, '2018-03-20 10:58:48', '2018-03-20 10:58:48', NULL),
	(132, 99, 1, 12.0000, 30.0000, 360.0000, '2018-03-20 11:00:46', '2018-03-20 11:00:46', NULL),
	(133, 99, 166, 12.0000, 200.0000, 2400.0000, '2018-03-20 11:00:46', '2018-03-20 11:00:46', NULL),
	(134, 100, 5, 10.0000, 250.0000, 2500.0000, '2018-03-20 11:02:06', '2018-03-20 11:02:06', NULL),
	(135, 100, 6, 11.0000, 200.0000, 2200.0000, '2018-03-20 11:02:06', '2018-03-20 11:02:06', NULL),
	(136, 101, 1, 18.0000, 30.0000, 540.0000, '2018-03-20 11:04:29', '2018-03-20 11:04:29', NULL),
	(137, 101, 3, 12.0000, 200.0000, 2400.0000, '2018-03-20 11:04:29', '2018-03-20 11:04:29', NULL),
	(138, 102, 1, 12.0000, 30.0000, 360.0000, '2018-03-20 11:08:24', '2018-03-20 11:08:24', NULL),
	(139, 103, 1, 12.0000, 30.0000, 360.0000, '2018-03-20 11:10:04', '2018-03-20 11:10:04', NULL),
	(140, 104, 3, 12.0000, 200.0000, 2400.0000, '2018-03-20 11:20:07', '2018-03-20 11:20:07', NULL),
	(141, 105, 5, 13.0000, 250.0000, 3250.0000, '2018-03-20 11:24:52', '2018-03-20 11:24:52', NULL),
	(142, 106, 1, 12.0000, 30.0000, 360.0000, '2018-03-20 11:43:02', '2018-03-20 11:43:02', NULL),
	(143, 107, 6, 11.0000, 200.0000, 2200.0000, '2018-03-20 11:57:55', '2018-03-20 11:57:55', NULL),
	(144, 108, 8, 11.0000, 150.0000, 1650.0000, '2018-03-20 12:07:22', '2018-03-20 12:07:22', NULL),
	(145, 109, 3, 12.0000, 200.0000, 2400.0000, '2018-03-20 12:20:06', '2018-03-20 12:20:06', NULL),
	(146, 109, 7, 12.0000, 100.0000, 1200.0000, '2018-03-20 12:20:06', '2018-03-20 12:20:06', NULL),
	(147, 110, 3, 11.0000, 200.0000, 2200.0000, '2018-03-20 12:56:09', '2018-03-20 12:56:09', NULL),
	(148, 110, 3, 31.0000, 200.0000, 6200.0000, '2018-03-20 12:56:10', '2018-03-20 12:56:10', NULL),
	(149, 111, 6, 11.0000, 200.0000, 2200.0000, '2018-03-20 13:04:47', '2018-03-20 13:04:47', NULL),
	(150, 112, 2, 12.0000, 100.0000, 1200.0000, '2018-03-20 13:06:09', '2018-03-20 13:06:09', NULL),
	(151, 113, 8, 11.0000, 150.0000, 1650.0000, '2018-03-20 13:08:03', '2018-03-20 13:08:03', NULL),
	(152, 114, 2, 11.0000, 100.0000, 1100.0000, '2018-03-20 13:10:14', '2018-03-20 13:10:14', NULL),
	(153, 115, 1, 12.0000, 30.0000, 360.0000, '2018-03-20 13:12:09', '2018-03-20 13:12:09', NULL),
	(154, 116, 3, 12.0000, 200.0000, 2400.0000, '2018-03-20 13:12:52', '2018-03-20 13:12:52', NULL),
	(155, 117, 9, 11.0000, 120.0000, 1320.0000, '2018-03-20 13:14:25', '2018-03-20 13:14:25', NULL),
	(156, 118, 7, 11.0000, 100.0000, 1100.0000, '2018-03-20 13:15:32', '2018-03-20 13:15:32', NULL),
	(157, 119, 2, 11.0000, 100.0000, 1100.0000, '2018-03-20 13:16:52', '2018-03-20 13:16:52', NULL),
	(158, 120, 3, 1.0000, 200.0000, 200.0000, '2018-03-20 13:17:40', '2018-03-20 13:17:40', NULL),
	(159, 121, 2, 11.0000, 100.0000, 1100.0000, '2018-03-20 13:18:39', '2018-03-20 13:18:39', NULL),
	(160, 122, 1, 11.0000, 30.0000, 330.0000, '2018-03-20 13:47:02', '2018-03-20 13:47:02', NULL),
	(161, 123, 9, 11.0000, 120.0000, 1320.0000, '2018-03-20 13:47:49', '2018-03-20 13:47:49', NULL),
	(162, 124, 4, 11.0000, 200.0000, 2200.0000, '2018-03-20 13:51:14', '2018-03-20 13:51:14', NULL),
	(163, 124, 2, 11.0000, 100.0000, 1100.0000, '2018-03-20 13:51:14', '2018-03-20 13:51:14', NULL),
	(164, 125, 1, 11.0000, 30.0000, 330.0000, '2018-03-20 13:54:50', '2018-03-20 13:54:50', NULL),
	(165, 126, 5, 11.0000, 250.0000, 2750.0000, '2018-03-20 13:59:19', '2018-03-20 13:59:19', NULL),
	(166, 127, 1, 11.0000, 30.0000, 330.0000, '2018-03-20 14:00:25', '2018-03-20 14:00:25', NULL),
	(167, 128, 1, 11.0000, 30.0000, 330.0000, '2018-03-20 14:03:44', '2018-03-20 14:03:44', NULL),
	(168, 129, 1, 11.0000, 30.0000, 330.0000, '2018-03-20 14:06:07', '2018-03-20 14:06:07', NULL),
	(169, 129, 3, 11.0000, 200.0000, 2200.0000, '2018-03-20 14:06:07', '2018-03-20 14:06:07', NULL),
	(170, 130, 4, 111.0000, 200.0000, 22200.0000, '2018-03-20 14:07:38', '2018-03-20 14:07:38', NULL),
	(171, 131, 5, 11.0000, 250.0000, 2750.0000, '2018-03-20 14:10:04', '2018-03-20 14:10:04', NULL),
	(172, 132, 6, 1.0000, 200.0000, 200.0000, '2018-03-20 18:45:55', '2018-03-20 18:45:55', NULL),
	(173, 132, 4, 12.0000, 200.0000, 2400.0000, '2018-03-20 18:45:55', '2018-03-20 18:45:55', NULL),
	(174, 133, 1, 12.0000, 30.0000, 360.0000, '2018-03-21 12:38:17', '2018-03-21 12:38:17', NULL),
	(175, 134, 1, 12.0000, 30.0000, 360.0000, '2018-03-21 12:39:04', '2018-03-21 12:39:04', NULL),
	(176, 135, 3, 12.0000, 200.0000, 2400.0000, '2018-03-21 12:42:12', '2018-03-21 12:42:12', NULL),
	(177, 136, 1, 14.0000, 30.0000, 420.0000, '2018-03-21 12:54:01', '2018-03-21 12:54:01', NULL),
	(178, 137, 1, 12.0000, 30.0000, 360.0000, '2018-03-21 12:55:34', '2018-03-21 12:55:34', NULL),
	(179, 138, 3, 12.0000, 200.0000, 2400.0000, '2018-03-21 12:57:20', '2018-03-21 12:57:20', NULL),
	(180, 139, 3, 12.0000, 200.0000, 2400.0000, '2018-03-21 13:09:58', '2018-03-21 13:09:58', NULL),
	(181, 140, 2, 12.0000, 100.0000, 1200.0000, '2018-03-21 13:11:10', '2018-03-21 13:11:10', NULL),
	(182, 141, 3, 12.0000, 200.0000, 2400.0000, '2018-03-21 13:12:40', '2018-03-21 13:12:40', NULL),
	(183, 142, 7, 13.0000, 100.0000, 1300.0000, '2018-03-21 13:19:13', '2018-03-21 13:19:13', NULL),
	(184, 143, 10, 12.0000, 160.0000, 1920.0000, '2018-03-21 13:22:05', '2018-03-21 13:22:05', NULL),
	(185, 144, 5, 11.0000, 250.0000, 2750.0000, '2018-03-21 14:15:02', '2018-03-21 14:15:02', NULL),
	(186, 144, 4, 7.0000, 200.0000, 1400.0000, '2018-03-21 14:15:02', '2018-03-21 14:15:02', NULL),
	(187, 145, 1, 12.0000, 30.0000, 360.0000, '2018-03-21 14:19:10', '2018-03-21 14:19:10', NULL),
	(188, 145, 1, 11.0000, 30.0000, 330.0000, '2018-03-21 14:19:11', '2018-03-21 14:19:11', NULL),
	(189, 146, 6, 12.0000, 200.0000, 2400.0000, '2018-03-21 14:20:54', '2018-03-21 14:20:54', NULL),
	(190, 147, 5, 11.0000, 250.0000, 2750.0000, '2018-03-21 14:26:08', '2018-03-21 14:26:08', NULL),
	(191, 148, 2, 15.0000, 100.0000, 1500.0000, '2018-03-21 14:27:11', '2018-03-21 14:27:11', NULL),
	(192, 148, 10, 11.0000, 160.0000, 1760.0000, '2018-03-21 14:27:11', '2018-03-21 14:27:11', NULL),
	(193, 149, 5, 11.0000, 250.0000, 2750.0000, '2018-03-21 14:28:42', '2018-03-21 14:28:42', NULL),
	(194, 150, 9, 11.0000, 120.0000, 1320.0000, '2018-03-21 14:29:59', '2018-03-21 14:29:59', NULL),
	(195, 150, 9, 11.0000, 120.0000, 1320.0000, '2018-03-21 14:29:59', '2018-03-21 14:29:59', NULL),
	(196, 151, 5, 5.0000, 250.0000, 1250.0000, '2018-03-21 18:28:07', '2018-03-21 18:28:07', NULL),
	(197, 152, 5, 11.0000, 250.0000, 2750.0000, '2018-03-21 18:29:18', '2018-03-21 18:29:18', NULL),
	(198, 153, 6, 12.0000, 200.0000, 2400.0000, '2018-03-21 18:31:13', '2018-03-21 18:31:13', NULL),
	(199, 154, 8, 14.0000, 150.0000, 2100.0000, '2018-03-21 18:33:05', '2018-03-21 18:33:05', NULL),
	(200, 155, 10, 5.0000, 160.0000, 800.0000, '2018-03-21 18:38:02', '2018-03-21 18:38:02', NULL),
	(201, 156, 9, 3.0000, 120.0000, 360.0000, '2018-03-21 18:42:55', '2018-03-21 18:42:55', NULL),
	(202, 157, 5, 11.0000, 250.0000, 2750.0000, '2018-03-22 09:52:42', '2018-03-22 09:52:42', NULL),
	(203, 157, 4, 11.0000, 200.0000, 2200.0000, '2018-03-22 09:52:42', '2018-03-22 09:52:42', NULL),
	(204, 158, 66, 5.0000, 322.0000, 1610.0000, '2018-03-22 09:53:37', '2018-03-22 09:53:37', NULL),
	(205, 158, 3, 11.0000, 200.0000, 2200.0000, '2018-03-22 09:53:37', '2018-03-22 09:53:37', NULL),
	(206, 159, 821, 1.0000, 5000.0000, 5000.0000, '2018-03-22 10:02:20', '2018-03-22 10:02:20', NULL),
	(207, 160, 34654356346, 1.0000, 2500.0000, 2500.0000, '2018-03-22 10:21:47', '2018-03-22 10:21:47', NULL),
	(208, 161, 9990003333, 1.0000, 3000.0000, 3000.0000, '2018-03-22 10:39:17', '2018-03-22 10:39:17', NULL),
	(209, 162, 1, 1.0000, 3000.0000, 3000.0000, '2018-03-22 10:47:15', '2018-03-22 10:47:15', NULL),
	(210, 163, 3, 11.0000, 200.0000, 2200.0000, '2018-03-22 11:24:12', '2018-03-22 11:24:12', NULL),
	(211, 164, 8, 11.0000, 150.0000, 1650.0000, '2018-03-22 11:27:02', '2018-03-22 11:27:02', NULL),
	(212, 166, 821, 1.0000, 5000.0000, 5000.0000, '2018-03-22 18:48:11', '2018-03-22 18:48:11', NULL),
	(213, 167, 3, 3.0000, 200.0000, 600.0000, '2018-03-24 12:24:14', '2018-03-24 12:24:14', NULL),
	(214, 167, 6, 4.0000, 200.0000, 800.0000, '2018-03-24 12:24:14', '2018-03-24 12:24:14', NULL),
	(215, 168, 1, 1.0000, 30.0000, 30.0000, '2018-03-24 12:35:33', '2018-03-24 12:35:33', NULL),
	(216, 169, 3, 12.0000, 200.0000, 2400.0000, '2018-03-26 18:58:46', '2018-03-26 18:58:46', NULL),
	(217, 170, 5, 12.0000, 250.0000, 3000.0000, '2018-03-27 13:17:05', '2018-03-27 13:17:05', NULL),
	(218, 171, 3, 11.0000, 200.0000, 2200.0000, '2018-03-27 13:18:15', '2018-03-27 13:18:15', NULL),
	(219, 172, 3, 1.0000, 200.0000, 200.0000, '2018-03-27 13:20:51', '2018-03-27 13:20:51', NULL),
	(220, 173, 5, 5.0000, 250.0000, 1250.0000, '2018-03-27 19:55:54', '2018-03-27 19:55:54', NULL),
	(221, 173, 6, 4.0000, 200.0000, 800.0000, '2018-03-27 19:55:54', '2018-03-27 19:55:54', NULL),
	(222, 174, 7, 5.0000, 100.0000, 500.0000, '2018-03-27 20:32:52', '2018-03-27 20:32:52', NULL),
	(223, 175, 3, 4.0000, 200.0000, 800.0000, '2018-03-27 20:33:49', '2018-03-27 20:33:49', NULL),
	(224, 176, 1, 1.0000, 30.0000, 30.0000, '2018-03-27 20:37:38', '2018-03-27 20:37:38', NULL),
	(225, 177, 5, 4.0000, 250.0000, 1000.0000, '2018-03-27 20:39:24', '2018-03-27 20:39:24', NULL),
	(226, 178, 3, 1.0000, 200.0000, 200.0000, '2018-03-27 20:56:23', '2018-03-27 20:56:23', NULL),
	(227, 178, 166, 1.0000, 200.0000, 200.0000, '2018-03-27 20:56:23', '2018-03-27 20:56:23', NULL),
	(228, 178, 5, 1.0000, 250.0000, 250.0000, '2018-03-27 20:56:23', '2018-03-27 20:56:23', NULL),
	(229, 179, 6, 3.0000, 200.0000, 600.0000, '2018-03-27 20:59:41', '2018-03-27 20:59:41', NULL),
	(230, 179, 4, 4.0000, 200.0000, 800.0000, '2018-03-27 20:59:42', '2018-03-27 20:59:42', NULL),
	(231, 180, 2, 1.0000, 100.0000, 100.0000, '2018-03-27 21:01:57', '2018-03-27 21:01:57', NULL),
	(232, 181, 4, 4.0000, 200.0000, 800.0000, '2018-03-27 21:05:54', '2018-03-27 21:05:54', NULL),
	(233, 182, 4, 4.0000, 200.0000, 800.0000, '2018-03-27 21:06:54', '2018-03-27 21:06:54', NULL),
	(234, 183, 2, 5.0000, 100.0000, 500.0000, '2018-03-27 21:19:05', '2018-03-27 21:19:05', NULL),
	(235, 184, 6, 5.0000, 200.0000, 1000.0000, '2018-03-28 09:41:20', '2018-03-28 09:41:20', NULL),
	(236, 185, 4, 5.0000, 200.0000, 1000.0000, '2018-03-28 09:44:54', '2018-03-28 09:44:54', NULL),
	(237, 185, 6, 4.0000, 200.0000, 800.0000, '2018-03-28 09:44:54', '2018-03-28 09:44:54', NULL),
	(238, 186, 6, 11.0000, 200.0000, 2200.0000, '2018-03-28 10:05:45', '2018-03-28 10:05:45', NULL),
	(239, 186, 5, 6.0000, 250.0000, 1500.0000, '2018-03-28 10:05:45', '2018-03-28 10:05:45', NULL),
	(240, 187, 4, 4.0000, 200.0000, 800.0000, '2018-03-28 10:07:58', '2018-03-28 10:07:58', NULL),
	(241, 187, 5, 3.0000, 250.0000, 750.0000, '2018-03-28 10:07:58', '2018-03-28 10:07:58', NULL),
	(242, 188, 4, 4.0000, 200.0000, 800.0000, '2018-03-28 10:12:03', '2018-03-28 10:12:03', NULL),
	(243, 188, 5, 3.0000, 250.0000, 750.0000, '2018-03-28 10:12:03', '2018-03-28 10:12:03', NULL),
	(244, 189, 4, 4.0000, 200.0000, 800.0000, '2018-03-28 10:18:32', '2018-03-28 10:18:32', NULL),
	(245, 189, 5, 5.0000, 250.0000, 1250.0000, '2018-03-28 10:18:32', '2018-03-28 10:18:32', NULL),
	(246, 190, 4, 4.0000, 200.0000, 800.0000, '2018-03-28 10:22:47', '2018-03-28 10:22:47', NULL),
	(247, 190, 4, 3.0000, 200.0000, 600.0000, '2018-03-28 10:22:47', '2018-03-28 10:22:47', NULL),
	(248, 190, 7, 4.0000, 100.0000, 400.0000, '2018-03-28 10:22:47', '2018-03-28 10:22:47', NULL),
	(249, 191, 149, 5.0000, 120.0000, 600.0000, '2018-03-28 11:38:22', '2018-03-28 11:38:22', NULL),
	(250, 192, 281, 1.0000, 120.0000, 120.0000, '2018-03-28 19:27:42', '2018-03-28 19:27:42', NULL),
	(251, 193, 921, 5.0000, 35.0000, 175.0000, '2018-03-29 13:10:08', '2018-03-29 13:10:08', NULL),
	(252, 194, 922, 10.0000, 1000.0000, 10000.0000, '2018-04-01 12:12:57', '2018-04-01 12:12:57', NULL),
	(253, 195, 6, 6.0000, 200.0000, 1200.0000, '2018-04-01 19:14:56', '2018-04-01 19:14:56', NULL),
	(254, 196, 4, 4.0000, 200.0000, 800.0000, '2018-04-01 19:18:43', '2018-04-01 19:18:43', NULL),
	(255, 197, 1, 5.0000, 30.0000, 150.0000, '2018-04-01 19:23:25', '2018-04-01 19:23:25', NULL),
	(256, 198, 922, 1.0000, 1000.0000, 1000.0000, '2018-04-01 19:23:42', '2018-04-01 19:23:42', NULL),
	(257, 202, 922, 1.0000, 1000.0000, 1000.0000, '2018-04-01 21:09:26', '2018-04-01 21:09:26', NULL),
	(258, 202, 1, 1.0000, 30.0000, 30.0000, '2018-04-01 21:09:26', '2018-04-01 21:09:26', NULL),
	(259, 202, 2, 1.0000, 100.0000, 100.0000, '2018-04-01 21:09:27', '2018-04-01 21:09:27', NULL),
	(260, 204, 11, 1.0000, 0.0000, 0.0000, '2018-04-02 11:11:39', '2018-04-02 11:11:39', NULL),
	(261, 204, 1, 4.0000, 30.0000, 120.0000, '2018-04-02 11:11:39', '2018-04-02 11:11:39', NULL),
	(262, 204, 3, 1.0000, 200.0000, 200.0000, '2018-04-02 11:11:39', '2018-04-02 11:11:39', NULL),
	(263, 205, 11, 4.0000, 11.0000, 44.0000, '2018-04-02 11:12:07', '2018-04-02 11:12:07', NULL),
	(264, 208, 1, 5.0000, 30.0000, 150.0000, '2018-04-02 11:15:35', '2018-04-02 11:15:35', NULL),
	(265, 208, 1, 4.0000, 30.0000, 120.0000, '2018-04-02 11:15:36', '2018-04-02 11:15:36', NULL),
	(266, 208, 1, 2.0000, 30.0000, 60.0000, '2018-04-02 11:15:36', '2018-04-02 11:15:36', NULL),
	(267, 208, 1, 2.0000, 30.0000, 60.0000, '2018-04-02 11:15:36', '2018-04-02 11:15:36', NULL),
	(268, 208, 1, 2.0000, 30.0000, 60.0000, '2018-04-02 11:15:36', '2018-04-02 11:15:36', NULL),
	(269, 209, 922, 1.0000, 1000.0000, 1000.0000, '2018-04-02 11:16:25', '2018-04-02 11:16:25', NULL),
	(270, 210, 3, 5.0000, 200.0000, 1000.0000, '2018-04-02 11:17:15', '2018-04-02 11:17:15', NULL),
	(271, 211, 4, 4.0000, 200.0000, 800.0000, '2018-04-02 11:19:22', '2018-04-02 11:19:22', NULL),
	(272, 212, 4, 4.0000, 200.0000, 800.0000, '2018-04-02 11:19:36', '2018-04-02 11:19:36', NULL),
	(273, 213, 4, 4.0000, 200.0000, 800.0000, '2018-04-02 11:19:43', '2018-04-02 11:19:43', NULL),
	(274, 214, 922, 4.0000, 1000.0000, 4000.0000, '2018-04-02 11:22:20', '2018-04-02 11:22:20', NULL),
	(275, 215, 3, 1.0000, 200.0000, 200.0000, '2018-04-02 11:28:03', '2018-04-02 11:28:03', NULL),
	(276, 215, 5, 1.0000, 250.0000, 250.0000, '2018-04-02 11:28:03', '2018-04-02 11:28:03', NULL),
	(277, 216, 2, 1.0000, 100.0000, 100.0000, '2018-04-02 11:28:41', '2018-04-02 11:28:41', NULL),
	(278, 216, 3, 4.0000, 200.0000, 800.0000, '2018-04-02 11:28:41', '2018-04-02 11:28:41', NULL),
	(279, 217, 2, 1.0000, 100.0000, 100.0000, '2018-04-02 11:33:45', '2018-04-02 11:33:45', NULL),
	(280, 217, 4, 1.0000, 200.0000, 200.0000, '2018-04-02 11:33:45', '2018-04-02 11:33:45', NULL),
	(281, 217, 4, 1.0000, 200.0000, 200.0000, '2018-04-02 11:33:45', '2018-04-02 11:33:45', NULL),
	(282, 217, 2, 5.0000, 100.0000, 500.0000, '2018-04-02 11:33:45', '2018-04-02 11:33:45', NULL),
	(283, 218, 2, 3.0000, 100.0000, 300.0000, '2018-04-02 11:35:19', '2018-04-02 11:35:19', NULL),
	(284, 218, 3, 4.0000, 200.0000, 800.0000, '2018-04-02 11:35:19', '2018-04-02 11:35:19', NULL),
	(285, 218, 4, 1.0000, 200.0000, 200.0000, '2018-04-02 11:35:19', '2018-04-02 11:35:19', NULL),
	(286, 219, 11, 4.0000, 120.0000, 480.0000, '2018-04-02 11:40:10', '2018-04-02 11:40:10', NULL),
	(287, 219, 13, 3.0000, 111.0000, 333.0000, '2018-04-02 11:40:10', '2018-04-02 11:40:10', NULL),
	(288, 221, 3, 1.0000, 200.0000, 200.0000, '2018-04-02 11:56:12', '2018-04-02 11:56:12', NULL),
	(289, 221, 11, 5.0000, 44.0000, 220.0000, '2018-04-02 11:56:12', '2018-04-02 11:56:12', NULL),
	(290, 221, 1, 1.0000, 30.0000, 30.0000, '2018-04-02 11:56:12', '2018-04-02 11:56:12', NULL),
	(291, 222, 1, 1.0000, 30.0000, 30.0000, '2018-04-02 12:42:31', '2018-04-02 12:42:31', NULL),
	(292, 222, 2, 2.0000, 100.0000, 200.0000, '2018-04-02 12:42:31', '2018-04-02 12:42:31', NULL),
	(293, 222, 11, 5.0000, 77.0000, 385.0000, '2018-04-02 12:42:31', '2018-04-02 12:42:31', NULL),
	(294, 223, 2, 1.0000, 100.0000, 100.0000, '2018-04-02 12:47:08', '2018-04-02 12:47:08', NULL),
	(295, 223, 11, 12.0000, 38.0000, 456.0000, '2018-04-02 12:47:08', '2018-04-02 12:47:08', NULL),
	(296, 223, 2, 3.0000, 100.0000, 300.0000, '2018-04-02 12:47:08', '2018-04-02 12:47:08', NULL),
	(297, 224, 2, 1.0000, 100.0000, 100.0000, '2018-04-02 12:48:13', '2018-04-02 12:48:13', NULL),
	(298, 224, 2, 4.0000, 100.0000, 400.0000, '2018-04-02 12:48:13', '2018-04-02 12:48:13', NULL),
	(299, 225, 11, 17.0000, 0.0000, 0.0000, '2018-04-02 12:53:52', '2018-04-02 12:53:52', NULL),
	(300, 225, 1, 5.0000, 30.0000, 150.0000, '2018-04-02 12:53:52', '2018-04-02 12:53:52', NULL),
	(301, 225, 1, 4.0000, 30.0000, 120.0000, '2018-04-02 12:53:52', '2018-04-02 12:53:52', NULL),
	(302, 226, 1, 1.0000, 30.0000, 30.0000, '2018-04-03 19:26:11', '2018-04-03 19:26:11', NULL),
	(303, 226, 4, 3.0000, 200.0000, 600.0000, '2018-04-03 19:26:11', '2018-04-03 19:26:11', NULL),
	(304, 226, 2, 4.0000, 100.0000, 400.0000, '2018-04-03 19:26:11', '2018-04-03 19:26:11', NULL),
	(305, 226, 9, 4.0000, 120.0000, 480.0000, '2018-04-03 19:26:11', '2018-04-03 19:26:11', NULL),
	(306, 227, 926, 5.0000, 2000.0000, 10000.0000, '2018-04-03 19:39:03', '2018-04-03 19:39:03', NULL),
	(307, 228, 926, 1.0000, 2000.0000, 2000.0000, '2018-04-03 19:43:21', '2018-04-03 19:43:21', NULL),
	(308, 229, 1, 1.0000, 30.0000, 30.0000, '2018-04-03 19:57:33', '2018-04-03 19:57:33', NULL),
	(309, 230, 1, 1.0000, 30.0000, 30.0000, '2018-04-03 20:02:55', '2018-04-03 20:02:55', NULL),
	(310, 231, 1, 3.0000, 30.0000, 90.0000, '2018-04-03 20:08:29', '2018-04-03 20:08:29', NULL),
	(311, 232, 943, 1.0000, 21910.0000, 21910.0000, '2018-04-05 19:17:50', '2018-04-05 19:17:50', NULL),
	(312, 233, 3, 3.0000, 200.0000, 600.0000, '2018-04-05 19:24:39', '2018-04-05 19:24:39', NULL),
	(313, 234, 4, 3.0000, 200.0000, 600.0000, '2018-04-05 19:28:10', '2018-04-05 19:28:10', NULL),
	(314, 235, 7, 4.0000, 100.0000, 400.0000, '2018-04-05 19:32:39', '2018-04-05 19:32:39', NULL),
	(315, 237, 4, 6.0000, 200.0000, 1200.0000, '2018-04-05 19:39:08', '2018-04-05 19:39:08', NULL),
	(316, 238, 5, 5.0000, 250.0000, 1250.0000, '2018-04-05 19:42:09', '2018-04-05 19:42:09', NULL),
	(317, 239, 2, 4.0000, 100.0000, 400.0000, '2018-04-05 19:47:00', '2018-04-05 19:47:00', NULL),
	(318, 240, 3, 4.0000, 200.0000, 800.0000, '2018-04-05 19:55:01', '2018-04-05 19:55:01', NULL),
	(319, 241, 795, 10.0000, 10.0000, 100.0000, '2018-04-07 20:09:49', '2018-04-07 20:09:49', NULL),
	(320, 242, 1, 100.0000, 30.0000, 3000.0000, '2018-04-07 20:12:46', '2018-04-07 20:12:46', NULL);

-- Dumping structure for table classylab.purchase_invoice_product_return_mapping
CREATE TABLE IF NOT EXISTS `purchase_invoice_product_return_mapping` (
  `ID` bigint(20) NOT NULL AUTO_INCREMENT,
  `UserID` bigint(20) DEFAULT NULL,
  `ShopID` bigint(20) DEFAULT NULL,
  `InvoiceID` bigint(20) DEFAULT NULL,
  `ProductID` bigint(20) DEFAULT NULL,
  `Qty` decimal(11,4) DEFAULT '0.0000',
  `Price` decimal(11,4) DEFAULT '0.0000',
  `TotalPrice` decimal(11,4) DEFAULT '0.0000',
  `ReturnReason` varchar(250) CHARACTER SET utf8 COLLATE utf8_unicode_ci DEFAULT NULL,
  `created_at` datetime DEFAULT NULL,
  `updated_at` datetime DEFAULT NULL,
  `deleted_at` datetime DEFAULT NULL,
  PRIMARY KEY (`ID`)
) ENGINE=InnoDB AUTO_INCREMENT=114 DEFAULT CHARSET=latin1;

-- Dumping data for table classylab.purchase_invoice_product_return_mapping: ~113 rows (approximately)
DELETE FROM `purchase_invoice_product_return_mapping`;
INSERT INTO `purchase_invoice_product_return_mapping` (`ID`, `UserID`, `ShopID`, `InvoiceID`, `ProductID`, `Qty`, `Price`, `TotalPrice`, `ReturnReason`, `created_at`, `updated_at`, `deleted_at`) VALUES
	(1, 2, 1, 6789789, 3, 1.0000, 200.0000, 200.0000, 'No Reason', '2018-03-26 19:40:49', '2018-03-26 19:40:49', NULL),
	(2, 2, 1, 567567, 4, 4.0000, 200.0000, 800.0000, 'No Reason', '2018-03-26 19:43:05', '2018-03-26 19:43:05', NULL),
	(3, 2, 1, 56798589, 1, 1.0000, 30.0000, 30.0000, 'No Reason', '2018-03-26 19:57:11', '2018-03-26 19:57:11', NULL),
	(4, 2, 1, 3563456, 3, 1.0000, 200.0000, 200.0000, 'No Reason', '2018-03-26 19:58:06', '2018-03-26 19:58:06', NULL),
	(5, 2, 1, 57567, 5, 4.0000, 250.0000, 1000.0000, 'No Reason', '2018-03-26 20:02:29', '2018-03-26 20:02:29', NULL),
	(6, 2, 1, 4567456, 6, 5.0000, 200.0000, 1000.0000, 'No Reason', '2018-03-26 20:39:16', '2018-03-26 20:39:16', NULL),
	(7, 2, 1, 456346, 8, 4.0000, 150.0000, 600.0000, 'No Reason', '2018-03-26 20:58:37', '2018-03-26 20:58:37', NULL),
	(8, 2, 1, 0, 1, 5.0000, 30.0000, 150.0000, 'No Reason', '2018-03-26 21:12:54', '2018-03-26 21:12:54', NULL),
	(9, 2, 1, 67867867, 2, 5.0000, 100.0000, 500.0000, 'No Reason', '2018-03-26 21:16:27', '2018-03-26 21:16:27', NULL),
	(10, 2, NULL, 865785678, 1, 5.0000, 30.0000, 150.0000, 'No Reason', '2018-03-27 10:01:40', '2018-03-27 10:01:40', NULL),
	(11, 2, NULL, 6356356, 2, 5.0000, 100.0000, 500.0000, 'No Reason', '2018-03-27 10:04:14', '2018-03-27 10:04:14', NULL),
	(12, 2, NULL, 578678, 10, 4.0000, 160.0000, 640.0000, 'No Reason', '2018-03-27 10:04:39', '2018-03-27 10:04:39', NULL),
	(13, 2, NULL, 4523452345, 8, 5.0000, 150.0000, 750.0000, 'No Reason', '2018-03-27 10:06:53', '2018-03-27 10:06:53', NULL),
	(14, 2, NULL, 74567567, 7, 5.0000, 100.0000, 500.0000, 'No Reason', '2018-03-27 10:11:28', '2018-03-27 10:11:28', NULL),
	(15, 2, NULL, 678678, 5, 5.0000, 250.0000, 1250.0000, 'No Reason', '2018-03-27 10:17:19', '2018-03-27 10:17:19', NULL),
	(16, 2, NULL, 6578678678, 6, 5.0000, 200.0000, 1000.0000, 'No Reason', '2018-03-27 10:19:35', '2018-03-27 10:19:35', NULL),
	(17, 2, NULL, 4563456, 10, 5.0000, 160.0000, 800.0000, 'No Reason', '2018-03-27 10:21:42', '2018-03-27 10:21:42', NULL),
	(18, 2, NULL, 67456745, 6, 4.0000, 200.0000, 800.0000, 'No Reason', '2018-03-27 10:25:16', '2018-03-27 10:25:16', NULL),
	(19, 2, NULL, 5756, 8, 4.0000, 150.0000, 600.0000, 'No Reason', '2018-03-27 10:29:11', '2018-03-27 10:29:11', NULL),
	(20, 2, NULL, 456456346, 6, 4.0000, 200.0000, 800.0000, 'No Reason', '2018-03-27 10:38:25', '2018-03-27 10:38:25', NULL),
	(21, 2, NULL, 674567, 8, 4.0000, 150.0000, 600.0000, 'No Reason', '2018-03-27 10:41:48', '2018-03-27 10:41:48', NULL),
	(22, 2, NULL, 0, 2, 2.0000, 100.0000, 200.0000, 'No Reason', '2018-03-27 10:44:46', '2018-03-27 10:44:46', NULL),
	(23, 2, NULL, 67567, 9, 4.0000, 120.0000, 480.0000, 'No Reason', '2018-03-27 10:53:48', '2018-03-27 10:53:48', NULL),
	(24, 2, 1, 5678678, 2, 1.0000, 100.0000, 100.0000, 'No Reason', '2018-03-27 11:03:44', '2018-03-27 11:03:44', NULL),
	(25, 2, 1, 4563456, 2, 1.0000, 100.0000, 100.0000, 'No Reason', '2018-03-27 11:12:43', '2018-03-27 11:12:43', NULL),
	(26, 2, 1, 674567567, 2, 1.0000, 100.0000, 100.0000, 'No Reason', '2018-03-27 11:16:17', '2018-03-27 11:16:17', NULL),
	(27, 2, 1, 56876, 2, 1.0000, 100.0000, 100.0000, 'No Reason', '2018-03-27 11:22:50', '2018-03-27 11:22:50', NULL),
	(28, 2, 1, 5463, 2, 1.0000, 100.0000, 100.0000, 'No Reason', '2018-03-27 11:36:46', '2018-03-27 11:36:46', NULL),
	(29, 2, 1, 56756756, 2, 1.0000, 100.0000, 100.0000, 'No Reason', '2018-03-27 11:59:49', '2018-03-27 11:59:49', NULL),
	(30, 2, 1, 786578, 3, 1.0000, 200.0000, 200.0000, 'No Reason', '2018-03-27 12:00:42', '2018-03-27 12:00:42', NULL),
	(31, 2, 1, 64356456, 5, 1.0000, 250.0000, 250.0000, 'No Reason', '2018-03-27 13:21:43', '2018-03-27 13:21:43', NULL),
	(32, 2, 1, 7689789, 7, 5.0000, 100.0000, 500.0000, 'No Reason', '2018-03-27 13:27:48', '2018-03-27 13:27:48', NULL),
	(33, 2, 1, 768567867, 4, 4.0000, 200.0000, 800.0000, 'No Reason', '2018-03-27 13:55:49', '2018-03-27 13:55:49', NULL),
	(34, 2, 1, 785678578, 4, 5.0000, 200.0000, 1000.0000, 'No Reason', '2018-03-27 13:57:17', '2018-03-27 13:57:17', NULL),
	(35, 2, 1, 5674567, 7, 5.0000, 100.0000, 500.0000, 'No Reason', '2018-03-27 14:04:56', '2018-03-27 14:04:56', NULL),
	(36, 2, 1, 6785678, 6, 5.0000, 200.0000, 1000.0000, 'No Reason', '2018-03-27 14:10:05', '2018-03-27 14:10:05', NULL),
	(37, 2, 1, 6785678, 5, 5.0000, 250.0000, 1250.0000, 'No Reason', '2018-03-27 14:10:05', '2018-03-27 14:10:05', NULL),
	(38, 2, 1, 6575467, 5, 4.0000, 250.0000, 1000.0000, 'No Reason', '2018-03-27 18:45:38', '2018-03-27 18:45:38', NULL),
	(39, 2, 1, 5674567, 3, 4.0000, 200.0000, 800.0000, 'No Reason', '2018-03-27 18:46:25', '2018-03-27 18:46:25', NULL),
	(40, 2, 1, 754674567, 5, 4.0000, 250.0000, 1000.0000, 'No Reason', '2018-03-27 18:48:59', '2018-03-27 18:48:59', NULL),
	(41, 2, 1, 9807890, 6, 4.0000, 200.0000, 800.0000, 'No Reason', '2018-03-27 18:50:44', '2018-03-27 18:50:44', NULL),
	(42, 2, 1, 789789, 7, 4.0000, 100.0000, 400.0000, 'No Reason', '2018-03-27 18:51:46', '2018-03-27 18:51:46', NULL),
	(43, 2, 1, 678678, 6, 4.0000, 200.0000, 800.0000, 'No Reason', '2018-03-27 18:57:36', '2018-03-27 18:57:36', NULL),
	(44, 2, 1, 87689789, 8, 4.0000, 150.0000, 600.0000, 'No Reason', '2018-03-27 18:59:12', '2018-03-27 18:59:12', NULL),
	(45, 2, 1, 789789, 6, 4.0000, 200.0000, 800.0000, 'No Reason', '2018-03-27 19:01:20', '2018-03-27 19:01:20', NULL),
	(46, 2, 1, 5678678, 7, 4.0000, 100.0000, 400.0000, 'No Reason', '2018-03-27 19:03:13', '2018-03-27 19:03:13', NULL),
	(47, 2, 1, 678678, 1, 1.0000, 30.0000, 30.0000, 'No Reason', '2018-03-27 19:15:55', '2018-03-27 19:15:55', NULL),
	(48, 2, 1, 64364356, 1, 4.0000, 30.0000, 120.0000, 'No Reason', '2018-03-27 19:35:34', '2018-03-27 19:35:34', NULL),
	(49, 2, 1, 785678567, 1, 4.0000, 30.0000, 120.0000, 'No Reason', '2018-03-27 19:46:05', '2018-03-27 19:46:05', NULL),
	(50, 2, 1, 7896789, 2, 4.0000, 100.0000, 400.0000, 'No Reason', '2018-03-27 19:48:32', '2018-03-27 19:48:32', NULL),
	(51, 2, 1, 78907809, 3, 3.0000, 200.0000, 600.0000, 'No Reason', '2018-03-27 19:50:22', '2018-03-27 19:50:22', NULL),
	(52, 2, 1, 4764563456, 5, 4.0000, 250.0000, 1000.0000, 'No Reason', '2018-03-27 20:40:32', '2018-03-27 20:40:32', NULL),
	(53, 2, 1, 754674567, 6, 4.0000, 200.0000, 800.0000, 'No Reason', '2018-03-27 20:48:31', '2018-03-27 20:48:31', NULL),
	(54, 2, 1, 78978978, 8, 4.0000, 150.0000, 600.0000, 'No Reason', '2018-03-27 20:49:47', '2018-03-27 20:49:47', NULL),
	(55, 2, 1, 786785678, 4, 4.0000, 200.0000, 800.0000, 'No Reason', '2018-03-27 20:50:34', '2018-03-27 20:50:34', NULL),
	(56, 2, 1, 7546745, 3, 5.0000, 200.0000, 1000.0000, 'No Reason', '2018-03-27 20:52:09', '2018-03-27 20:52:09', NULL),
	(57, 2, 1, 634563456, 5, 6.0000, 250.0000, 1500.0000, 'No Reason', '2018-03-27 21:08:20', '2018-03-27 21:08:20', NULL),
	(58, 2, 1, 6789789789, 7, 5.0000, 100.0000, 500.0000, 'No Reason', '2018-03-27 21:14:59', '2018-03-27 21:14:59', NULL),
	(59, 2, 1, 7685678, 1, 4.0000, 30.0000, 120.0000, 'No Reason', '2018-03-27 21:19:41', '2018-03-27 21:19:41', NULL),
	(60, 2, 1, 678678, 3, 5.0000, 200.0000, 1000.0000, 'No Reason', '2018-03-27 21:21:01', '2018-03-27 21:21:01', NULL),
	(61, 2, 1, 5674567, 3, 6.0000, 200.0000, 1200.0000, 'No Reason', '2018-03-27 21:21:52', '2018-03-27 21:21:52', NULL),
	(62, 2, 1, 78978987, 7, 4.0000, 100.0000, 400.0000, 'No Reason', '2018-03-28 09:49:11', '2018-03-28 09:49:11', NULL),
	(63, 2, 1, 674567567, 3, 4.0000, 200.0000, 800.0000, 'No Reason', '2018-03-28 19:29:37', '2018-03-28 19:29:37', NULL),
	(64, 2, 1, 7889789, 2, 5.0000, 100.0000, 500.0000, 'No Reason', '2018-03-29 12:52:35', '2018-03-29 12:52:35', NULL),
	(65, 2, 1, 78458756, 1, 1.0000, 30.0000, 30.0000, 'No Reason', '2018-04-01 10:01:11', '2018-04-01 10:01:11', NULL),
	(66, 2, 1, 45674567, 1, 2.0000, 30.0000, 60.0000, 'No Reason', '2018-04-01 10:02:44', '2018-04-01 10:02:44', NULL),
	(67, 2, 1, 4567547, 3, 1.0000, 200.0000, 200.0000, 'No Reason', '2018-04-01 10:04:03', '2018-04-01 10:04:03', NULL),
	(68, 2, 1, 4564356, 1, 1.0000, 30.0000, 30.0000, 'No Reason', '2018-04-01 10:04:24', '2018-04-01 10:04:24', NULL),
	(69, 2, 1, 45645, 1, 1.0000, 30.0000, 30.0000, 'No Reason', '2018-04-01 10:07:11', '2018-04-01 10:07:11', NULL),
	(70, 2, 1, 67567, 1, 1.0000, 30.0000, 30.0000, 'No Reason', '2018-04-01 10:22:40', '2018-04-01 10:22:40', NULL),
	(71, 2, 1, 67567, 1, 1.0000, 30.0000, 30.0000, 'No Reason', '2018-04-01 10:22:40', '2018-04-01 10:22:40', NULL),
	(72, 2, 1, 67567, 1, 1.0000, 30.0000, 30.0000, 'No Reason', '2018-04-01 10:22:40', '2018-04-01 10:22:40', NULL),
	(73, 2, 1, 56756, 2, 1.0000, 100.0000, 100.0000, 'No Reason', '2018-04-01 10:49:39', '2018-04-01 10:49:39', NULL),
	(74, 2, 1, 56756, 2, 1.0000, 100.0000, 100.0000, 'No Reason', '2018-04-01 10:49:39', '2018-04-01 10:49:39', NULL),
	(75, 2, 1, 56756, 2, 1.0000, 100.0000, 100.0000, 'No Reason', '2018-04-01 10:49:39', '2018-04-01 10:49:39', NULL),
	(76, 2, 1, 4563456, 1, 1.0000, 30.0000, 30.0000, 'No Reason', '2018-04-01 10:51:11', '2018-04-01 10:51:11', NULL),
	(77, 2, 1, 4563456, 2, 1.0000, 100.0000, 100.0000, 'No Reason', '2018-04-01 10:51:11', '2018-04-01 10:51:11', NULL),
	(78, 2, 1, 5624364356, 1, 1.0000, 30.0000, 30.0000, 'No Reason', '2018-04-01 10:57:01', '2018-04-01 10:57:01', NULL),
	(79, 2, 1, 5624364356, 1, 1.0000, 30.0000, 30.0000, 'No Reason', '2018-04-01 10:57:01', '2018-04-01 10:57:01', NULL),
	(80, 2, 1, 45645654, 1, 1.0000, 30.0000, 30.0000, 'No Reason', '2018-04-01 11:04:27', '2018-04-01 11:04:27', NULL),
	(81, 2, 1, 45645654, 1, 1.0000, 30.0000, 30.0000, 'No Reason', '2018-04-01 11:04:27', '2018-04-01 11:04:27', NULL),
	(82, 2, 1, 45645654, 1, 6.0000, 30.0000, 180.0000, 'No Reason', '2018-04-01 11:04:27', '2018-04-01 11:04:27', NULL),
	(83, 2, 1, 45645654, 1, 1.0000, 30.0000, 30.0000, 'No Reason', '2018-04-01 11:04:27', '2018-04-01 11:04:27', NULL),
	(84, 2, 1, 8678678, 1, 1.0000, 30.0000, 30.0000, 'No Reason', '2018-04-01 11:15:33', '2018-04-01 11:15:33', NULL),
	(85, 2, 1, 8678678, 4, 1.0000, 200.0000, 200.0000, 'No Reason', '2018-04-01 11:15:33', '2018-04-01 11:15:33', NULL),
	(86, 2, 1, 9223372036854775807, 1, 1.0000, 30.0000, 30.0000, 'No Reason', '2018-04-01 11:18:01', '2018-04-01 11:18:01', NULL),
	(87, 2, 1, 9223372036854775807, 2, 3.0000, 100.0000, 300.0000, 'No Reason', '2018-04-01 11:18:01', '2018-04-01 11:18:01', NULL),
	(88, 2, 1, 9223372036854775807, 4, 1.0000, 200.0000, 200.0000, 'No Reason', '2018-04-01 11:18:01', '2018-04-01 11:18:01', NULL),
	(89, 2, 1, 567567, 2, 1.0000, 100.0000, 100.0000, 'No Reason', '2018-04-01 11:23:13', '2018-04-01 11:23:13', NULL),
	(90, 2, 1, 567567, 1, 1.0000, 30.0000, 30.0000, 'No Reason', '2018-04-01 11:23:13', '2018-04-01 11:23:13', NULL),
	(91, 2, 1, 567567, 4, 1.0000, 200.0000, 200.0000, 'No Reason', '2018-04-01 11:23:13', '2018-04-01 11:23:13', NULL),
	(92, 2, 1, 56, 2, 1.0000, 100.0000, 500.0000, 'No Reason', '2018-04-01 11:24:53', '2018-04-01 11:24:53', NULL),
	(93, 2, 1, 56, 1, 1.0000, 30.0000, 30.0000, 'No Reason', '2018-04-01 11:24:53', '2018-04-01 11:24:53', NULL),
	(94, 2, 1, 56, 4, 3.0000, 400.0000, 1200.0000, 'No Reason', '2018-04-01 11:24:53', '2018-04-01 11:24:53', NULL),
	(95, 2, 1, 576457, 922, 6.0000, 1000.0000, 6000.0000, 'No Reason', '2018-04-01 12:20:34', '2018-04-01 12:20:34', NULL),
	(96, 2, 1, 3465456, 922, 7.0000, 1000.0000, 7000.0000, 'No Reason', '2018-04-01 12:22:53', '2018-04-01 12:22:53', NULL),
	(97, 2, 1, 56346, 922, 7.0000, 1000.0000, 7000.0000, 'No Reason', '2018-04-01 12:23:54', '2018-04-01 12:23:54', NULL),
	(98, 2, 1, 54456, 922, 1.0000, 1000.0000, 1000.0000, 'No Reason', '2018-04-01 12:27:02', '2018-04-01 12:27:02', NULL),
	(99, 2, 1, 54456, 1, 1.0000, 30.0000, 30.0000, 'No Reason', '2018-04-01 12:27:02', '2018-04-01 12:27:02', NULL),
	(100, 2, 1, 54456, 2, 1.0000, 100.0000, 100.0000, 'No Reason', '2018-04-01 12:27:02', '2018-04-01 12:27:02', NULL),
	(101, 2, 1, 45675467, 922, 1.0000, 1000.0000, 1000.0000, 'No Reason', '2018-04-01 12:27:49', '2018-04-01 12:27:49', NULL),
	(102, 2, 1, 3456346, 922, 1.0000, 1000.0000, 1000.0000, 'No Reason', '2018-04-01 12:30:53', '2018-04-01 12:30:53', NULL),
	(103, 2, 1, 3456346, 4, 1.0000, 200.0000, 200.0000, 'No Reason', '2018-04-01 12:30:53', '2018-04-01 12:30:53', NULL),
	(104, 2, 1, 3456346, 1, 1.0000, 30.0000, 30.0000, 'No Reason', '2018-04-01 12:30:53', '2018-04-01 12:30:53', NULL),
	(105, 2, 1, 9223372036854775807, 922, 1.0000, 1000.0000, 1000.0000, 'No Reason', '2018-04-01 12:31:52', '2018-04-01 12:31:52', NULL),
	(106, 2, 1, 67567567, 922, 1.0000, 1000.0000, 1000.0000, 'No Reason', '2018-04-01 12:33:00', '2018-04-01 12:33:00', NULL),
	(107, 2, 1, 567567, 922, 1.0000, 1000.0000, 1000.0000, 'No Reason', '2018-04-01 12:33:51', '2018-04-01 12:33:51', NULL),
	(108, 2, 1, 56867, 922, 1.0000, 1000.0000, 1000.0000, 'No Reason', '2018-04-01 12:37:52', '2018-04-01 12:37:52', NULL),
	(109, 2, 1, 0, 922, 1.0000, 1000.0000, 1000.0000, 'No Reason', '2018-04-01 12:38:38', '2018-04-01 12:38:38', NULL),
	(110, 2, 1, 0, 922, 1.0000, 1000.0000, 1000.0000, 'No Reason', '2018-04-01 12:39:14', '2018-04-01 12:39:14', NULL),
	(111, 2, 1, 0, 922, 1.0000, 1000.0000, 1000.0000, 'No Reason', '2018-04-01 12:45:01', '2018-04-01 12:45:01', NULL),
	(112, 2, 1, 0, 1, 1.0000, 30.0000, 30.0000, 'No Reason', '2018-04-01 12:45:01', '2018-04-01 12:45:01', NULL),
	(113, 2, 1, 0, 4, 1.0000, 200.0000, 200.0000, 'No Reason', '2018-04-01 12:45:01', '2018-04-01 12:45:01', NULL);

-- Dumping structure for table classylab.reference
CREATE TABLE IF NOT EXISTS `reference` (
  `id` bigint(20) NOT NULL AUTO_INCREMENT,
  `Name` varchar(255) DEFAULT NULL,
  `ContactNo` varchar(250) DEFAULT NULL,
  `Address` text,
  `CommisionRate` decimal(15,4) DEFAULT NULL,
  `created_at` datetime DEFAULT NULL,
  `updated_at` datetime DEFAULT NULL,
  `deleted_at` datetime DEFAULT NULL,
  PRIMARY KEY (`id`)
) ENGINE=InnoDB AUTO_INCREMENT=26 DEFAULT CHARSET=latin1;

-- Dumping data for table classylab.reference: ~11 rows (approximately)
DELETE FROM `reference`;
INSERT INTO `reference` (`id`, `Name`, `ContactNo`, `Address`, `CommisionRate`, `created_at`, `updated_at`, `deleted_at`) VALUES
	(2, 'Mr Mehedi', '0191', 'Khulna', 0.0000, '2018-07-14 16:18:49', '2018-07-26 12:44:46', NULL),
	(7, 'Mr Mehedi Jaman', '01914090747', '', 0.0000, '2018-07-23 19:33:38', '2018-07-23 19:33:38', NULL),
	(8, 'Sumon Saha', '01914090747', 'Khulna', 0.0000, '2018-07-23 19:47:37', '2018-07-26 12:49:03', NULL),
	(15, 'sakib', '45675487687589', 'xfgdhdjhjh', NULL, '2018-08-28 11:14:46', '2018-08-28 11:14:46', NULL),
	(18, 'azim ali', '678685678', 'dfgdfgsdfg', NULL, '2018-08-28 11:35:30', '2018-08-28 11:35:30', NULL),
	(20, 'abid khan', '5676587686786', 'russia', NULL, '2018-08-28 11:54:27', '2018-08-28 11:54:27', NULL),
	(21, 'aziz ali', '78567856785678', 'syria', NULL, '2018-08-28 11:55:03', '2018-08-28 11:55:03', NULL),
	(22, 'sabbir khan', '5674674567456745', 'russia', NULL, '2018-08-28 11:59:04', '2018-08-28 11:59:04', NULL),
	(23, 'abir khan', '56786797809890', 'iran', NULL, '2018-08-28 12:01:13', '2018-08-28 12:01:13', NULL),
	(24, 'adnan sami', '567568756', 'delhi', NULL, '2018-08-28 12:03:28', '2018-08-28 12:03:28', NULL),
	(25, 'danish', '56867857856', 'rtrrrr', NULL, '2018-08-28 12:04:46', '2018-08-28 12:04:46', NULL);

-- Dumping structure for table classylab.reference_balance
CREATE TABLE IF NOT EXISTS `reference_balance` (
  `id` bigint(20) NOT NULL AUTO_INCREMENT,
  `reference_id` bigint(20) DEFAULT NULL,
  `balance` decimal(15,4) DEFAULT NULL,
  `created_at` datetime DEFAULT NULL,
  `updated_at` datetime DEFAULT NULL,
  PRIMARY KEY (`id`)
) ENGINE=InnoDB AUTO_INCREMENT=23 DEFAULT CHARSET=latin1;

-- Dumping data for table classylab.reference_balance: ~22 rows (approximately)
DELETE FROM `reference_balance`;
INSERT INTO `reference_balance` (`id`, `reference_id`, `balance`, `created_at`, `updated_at`) VALUES
	(1, 7, 0.0000, '2018-07-23 19:33:38', '2018-07-23 19:33:38'),
	(2, 8, 0.0000, '2018-07-23 19:47:37', '2018-07-23 19:47:37'),
	(3, 9, 0.0000, '2018-07-25 18:24:57', '2018-07-25 18:24:57'),
	(4, 10, 0.0000, '2018-07-25 18:25:03', '2018-07-25 18:25:03'),
	(5, 11, 0.0000, '2018-07-26 12:42:18', '2018-07-26 12:42:18'),
	(6, 9, 0.0000, '2018-08-28 10:47:00', '2018-08-28 10:47:00'),
	(7, 10, 0.0000, '2018-08-28 10:47:02', '2018-08-28 10:47:02'),
	(8, 11, 0.0000, '2018-08-28 10:47:02', '2018-08-28 10:47:02'),
	(9, 12, 0.0000, '2018-08-28 10:47:02', '2018-08-28 10:47:02'),
	(10, 13, 0.0000, '2018-08-28 10:47:03', '2018-08-28 10:47:03'),
	(11, 14, 0.0000, '2018-08-28 10:47:04', '2018-08-28 10:47:04'),
	(12, 15, 0.0000, '2018-08-28 11:14:46', '2018-08-28 11:14:46'),
	(13, 16, 0.0000, '2018-08-28 11:23:59', '2018-08-28 11:23:59'),
	(14, 17, 0.0000, '2018-08-28 11:25:25', '2018-08-28 11:25:25'),
	(15, 18, 0.0000, '2018-08-28 11:35:30', '2018-08-28 11:35:30'),
	(16, 19, 0.0000, '2018-08-28 11:52:45', '2018-08-28 11:52:45'),
	(17, 20, 0.0000, '2018-08-28 11:54:27', '2018-08-28 11:54:27'),
	(18, 21, 0.0000, '2018-08-28 11:55:03', '2018-08-28 11:55:03'),
	(19, 22, 0.0000, '2018-08-28 11:59:04', '2018-08-28 11:59:04'),
	(20, 23, 0.0000, '2018-08-28 12:01:13', '2018-08-28 12:01:13'),
	(21, 24, 0.0000, '2018-08-28 12:03:28', '2018-08-28 12:03:28'),
	(22, 25, 0.0000, '2018-08-28 12:04:46', '2018-08-28 12:04:46');

-- Dumping structure for table classylab.reference_ledger
CREATE TABLE IF NOT EXISTS `reference_ledger` (
  `id` bigint(20) NOT NULL AUTO_INCREMENT,
  `debit` decimal(15,4) DEFAULT NULL,
  `credit` decimal(15,4) DEFAULT NULL,
  `balance` decimal(15,4) DEFAULT NULL,
  `updated_at` datetime DEFAULT NULL,
  `created_at` datetime DEFAULT NULL,
  `notes` varchar(250) DEFAULT NULL,
  PRIMARY KEY (`id`)
) ENGINE=InnoDB DEFAULT CHARSET=latin1;

-- Dumping data for table classylab.reference_ledger: ~0 rows (approximately)
DELETE FROM `reference_ledger`;

-- Dumping structure for table classylab.sale_hold
CREATE TABLE IF NOT EXISTS `sale_hold` (
  `ID` bigint(20) NOT NULL AUTO_INCREMENT,
  `ShopID` bigint(20) NOT NULL,
  `CounterID` bigint(20) DEFAULT NULL,
  `Products` text COLLATE utf8_unicode_ci,
  `Notes` varchar(500) COLLATE utf8_unicode_ci DEFAULT NULL,
  `IsComplete` tinyint(1) DEFAULT NULL,
  `created_at` datetime DEFAULT NULL,
  `updated_at` datetime DEFAULT NULL,
  `deleted_at` datetime DEFAULT NULL,
  PRIMARY KEY (`ID`)
) ENGINE=InnoDB AUTO_INCREMENT=15 DEFAULT CHARSET=utf8 COLLATE=utf8_unicode_ci;

-- Dumping data for table classylab.sale_hold: ~13 rows (approximately)
DELETE FROM `sale_hold`;
INSERT INTO `sale_hold` (`ID`, `ShopID`, `CounterID`, `Products`, `Notes`, `IsComplete`, `created_at`, `updated_at`, `deleted_at`) VALUES
	(1, 1, NULL, '[{"ProductID":"1","Quantity":"1","Discount":"10.00","Vat":"15","Shop":"1"},{"ProductID":"116","Quantity":"1","Discount":"0","Vat":"0","Shop":"1"},{"ProductID":"117","Quantity":"1","Discount":"0","Vat":"0","Shop":"1"},{"ProductID":"118","Quantity":"1","Discount":"0","Vat":"0","Shop":"1"}]', 'No Name', NULL, '2017-12-26 22:13:48', '2017-12-26 22:13:48', NULL),
	(2, 1, NULL, '[{"ProductID":"115","Quantity":"1","Discount":"0","Vat":"0","Shop":"1"},{"ProductID":"112","Quantity":"1","Discount":"0","Vat":"0","Shop":"1"}]', 'No Name', NULL, '2017-12-27 13:11:30', '2017-12-27 13:11:30', NULL),
	(3, 1, NULL, '[{"ProductID":"11","Quantity":"1","Discount":"0","Vat":"0","Shop":"1"},{"ProductID":"12","Quantity":"1","Discount":"0","Vat":"0","Shop":"1"},{"ProductID":"130","Quantity":"1","Discount":"0","Vat":"0","Shop":"1"},{"ProductID":"133","Quantity":"1","Discount":"0","Vat":"0","Shop":"1"}]', '1', NULL, '2017-12-30 11:33:13', '2017-12-30 11:33:13', NULL),
	(4, 1, NULL, '[{"ProductID":"61","Quantity":"1","Discount":"0","Vat":"0","Shop":"1"},{"ProductID":"17","Quantity":"1","Discount":"0","Vat":"0","Shop":"1"},{"ProductID":"98","Quantity":"1","Discount":"0","Vat":"0","Shop":"1"},{"ProductID":"95","Quantity":"1","Discount":"0","Vat":"0","Shop":"1"}]', 'No Name', NULL, '2017-12-30 19:24:18', '2017-12-30 19:24:18', NULL),
	(5, 1, NULL, '[{"ProductID":"116","Quantity":"1","Discount":"0","Vat":"0","Shop":"1"}]', 'sss', NULL, '2018-01-02 12:10:23', '2018-01-02 12:10:23', NULL),
	(6, 1, NULL, '[{"ProductID":"1","Quantity":"1","Discount":"0","Vat":"0","Shop":"1"},{"ProductID":"5","Quantity":"1","Discount":"0","Vat":"0","Shop":"1"},{"ProductID":"9","Quantity":"4","Discount":"0","Vat":"0","Shop":"1"},{"ProductID":"10","Quantity":"1","Discount":"0","Vat":"0","Shop":"1"},{"ProductID":"6","Quantity":"2","Discount":"0","Vat":"0","Shop":"1"},{"ProductID":"2","Quantity":"3","Discount":"0","Vat":"0","Shop":"1"}]', 'Aziz', NULL, '2018-01-18 19:25:37', '2018-01-18 19:25:37', NULL),
	(7, 1, NULL, '[{"ProductID":"37","Quantity":"1","Discount":"0","Vat":"0","Shop":"1"},{"ProductID":"41","Quantity":"5","Discount":"0","Vat":"0","Shop":"1"}]', 'asddd', NULL, '2018-01-20 11:32:27', '2018-01-20 11:32:27', NULL),
	(8, 1, NULL, '[{"ProductID":"1","Quantity":"1","Discount":"0","Vat":"0","Shop":"1"},{"ProductID":"2","Quantity":"1","Discount":"0","Vat":"0","Shop":"1"},{"ProductID":"3","Quantity":"4","Discount":"0","Vat":"0","Shop":"1"}]', 'fdgsdfg', NULL, '2018-03-18 18:20:06', '2018-03-18 18:20:06', NULL),
	(9, 1, NULL, '[{"ProductID":"1","Quantity":"2","Discount":"2.40","Vat":"18","Shop":"1"}]', 'asif', NULL, '2018-03-25 13:02:08', '2018-03-25 13:02:08', NULL),
	(10, 1, NULL, '[{"ProductID":"1","Quantity":"1","Discount":"6.00","Vat":"0","Shop":"1"},{"ProductID":"2","Quantity":"1","Discount":"20.00","Vat":"0","Shop":"1"},{"ProductID":"3","Quantity":"4","Discount":"100.00","Vat":"0","Shop":"1"}]', 'fdyhdfgh', NULL, '2018-04-05 12:30:11', '2018-04-05 12:30:11', NULL),
	(11, 1, NULL, '[{"ProductID":"1","Quantity":"1","Discount":"6.00","Vat":"0","Shop":"1"},{"ProductID":"2","Quantity":"1","Discount":"20.00","Vat":"0","Shop":"1"},{"ProductID":"3","Quantity":"4","Discount":"100.00","Vat":"0","Shop":"1"},{"ProductID":"4","Quantity":"1","Discount":"23.00","Vat":"0","Shop":"1"},{"ProductID":"5","Quantity":"4","Discount":"120.00","Vat":"0","Shop":"1"}]', 'aziz', NULL, '2018-04-05 12:36:27', '2018-04-05 12:36:27', NULL),
	(12, 1, NULL, '[{"ProductID":"1","Quantity":"1","Discount":"6.00","Vat":"0","Shop":"1"},{"ProductID":"2","Quantity":"4","Discount":"80.00","Vat":"0","Shop":"1"}]', 'aziz', NULL, '2018-04-05 12:44:41', '2018-04-05 12:44:41', NULL),
	(14, 1, NULL, '[{"ProductID":"4","Quantity":"7","Discount":"161.00","Vat":"0","Shop":"1"},{"ProductID":"5","Quantity":"16","Discount":"480.00","Vat":"0","Shop":"1"},{"ProductID":"6","Quantity":"1","Discount":"24.00","Vat":"0","Shop":"1"},{"ProductID":"7","Quantity":"1","Discount":"18.00","Vat":"0","Shop":"1"},{"ProductID":"8","Quantity":"5","Discount":"100.00","Vat":"0","Shop":"1"},{"ProductID":"11","Quantity":"1","Discount":"25.00","Vat":"0","Shop":"1"},{"ProductID":"12","Quantity":"1","Discount":"26.00","Vat":"0","Shop":"1"},{"ProductID":"1","Quantity":"1","Discount":"6.00","Vat":"0","Shop":"1"},{"ProductID":"76","Quantity":"1","Discount":"48.00","Vat":"0","Shop":"1"},{"ProductID":"75","Quantity":"10","Discount":"330.00","Vat":"0","Shop":"1"},{"ProductID":"74","Quantity":"1","Discount":"31.00","Vat":"0","Shop":"1"},{"ProductID":"77","Quantity":"1","Discount":"60.00","Vat":"0","Shop":"1"},{"ProductID":"72","Quantity":"1","Discount":"32.00","Vat":"0","Shop":"1"},{"ProductID":"81","Quantity":"1","Discount":"25.00","Vat":"0","Shop":"1"},{"ProductID":"84","Quantity":"1","Discount":"9.00","Vat":"0","Shop":"1"},{"ProductID":"85","Quantity":"1","Discount":"20.00","Vat":"0","Shop":"1"},{"ProductID":"82","Quantity":"4","Discount":"44.00","Vat":"0","Shop":"1"},{"ProductID":"78","Quantity":"1","Discount":"11.00","Vat":"0","Shop":"1"},{"ProductID":"43","Quantity":"1","Discount":"26.00","Vat":"0","Shop":"1"},{"ProductID":"44","Quantity":"1","Discount":"37.00","Vat":"0","Shop":"1"},{"ProductID":"45","Quantity":"4","Discount":"200.00","Vat":"0","Shop":"1"},{"ProductID":"60","Quantity":"1","Discount":"69.00","Vat":"0","Shop":"1"},{"ProductID":"58","Quantity":"5","Discount":"225.00","Vat":"0","Shop":"1"},{"ProductID":"70","Quantity":"1","Discount":"30.00","Vat":"0","Shop":"1"},{"ProductID":"71","Quantity":"1","Discount":"30.00","Vat":"0","Shop":"1"},{"ProductID":"111","Quantity":"4","Discount":"100.00","Vat":"0","Shop":"1"}]', 'dfhgsfdh', NULL, '2018-04-05 12:47:50', '2018-04-05 12:47:50', NULL);

-- Dumping structure for table classylab.sessions
CREATE TABLE IF NOT EXISTS `sessions` (
  `id` varchar(255) COLLATE utf8_unicode_ci NOT NULL,
  `user_id` int(10) unsigned DEFAULT NULL,
  `ip_address` varchar(45) COLLATE utf8_unicode_ci DEFAULT NULL,
  `user_agent` text COLLATE utf8_unicode_ci,
  `payload` text COLLATE utf8_unicode_ci NOT NULL,
  `last_activity` int(11) NOT NULL,
  UNIQUE KEY `sessions_id_unique` (`id`)
) ENGINE=InnoDB DEFAULT CHARSET=utf8 COLLATE=utf8_unicode_ci;

-- Dumping data for table classylab.sessions: ~0 rows (approximately)
DELETE FROM `sessions`;

-- Dumping structure for table classylab.settings
CREATE TABLE IF NOT EXISTS `settings` (
  `ID` bigint(20) NOT NULL AUTO_INCREMENT,
  `ShopID` bigint(20) DEFAULT NULL,
  `IsRestaurant` tinyint(1) DEFAULT NULL,
  `IsServiceCharge` tinyint(1) DEFAULT NULL,
  `ServiceCharge` int(11) DEFAULT NULL,
  `IsTips` tinyint(1) DEFAULT NULL,
  `IsTax` tinyint(1) DEFAULT NULL,
  `IsOrder` tinyint(1) DEFAULT NULL,
  `IsHold` tinyint(1) DEFAULT NULL,
  `IsAdvance` tinyint(1) DEFAULT NULL,
  `IsBarcode` tinyint(1) DEFAULT NULL,
  `IsRefund` tinyint(1) DEFAULT NULL,
  `IsDiscount` tinyint(1) unsigned zerofill DEFAULT NULL,
  `DiscountShow` tinyint(1) DEFAULT '0',
  `IsDiscountFixed` tinyint(1) DEFAULT '0',
  `DiscountFixed` int(11) DEFAULT '0',
  `IsTaxFixed` tinyint(1) DEFAULT '0',
  `TaxFixed` int(11) DEFAULT '0',
  `BorrowSale` tinyint(1) DEFAULT '0',
  `InvoiceSize` varchar(50) COLLATE utf8_unicode_ci DEFAULT NULL,
  `CurrencyName` varchar(50) COLLATE utf8_unicode_ci DEFAULT NULL,
  `CurrencySymbol` varchar(50) COLLATE utf8_unicode_ci DEFAULT NULL,
  `created_at` datetime DEFAULT NULL,
  `updated_at` datetime DEFAULT NULL,
  `deleted_at` datetime DEFAULT NULL,
  PRIMARY KEY (`ID`)
) ENGINE=InnoDB AUTO_INCREMENT=4 DEFAULT CHARSET=utf8 COLLATE=utf8_unicode_ci;

-- Dumping data for table classylab.settings: ~3 rows (approximately)
DELETE FROM `settings`;
INSERT INTO `settings` (`ID`, `ShopID`, `IsRestaurant`, `IsServiceCharge`, `ServiceCharge`, `IsTips`, `IsTax`, `IsOrder`, `IsHold`, `IsAdvance`, `IsBarcode`, `IsRefund`, `IsDiscount`, `DiscountShow`, `IsDiscountFixed`, `DiscountFixed`, `IsTaxFixed`, `TaxFixed`, `BorrowSale`, `InvoiceSize`, `CurrencyName`, `CurrencySymbol`, `created_at`, `updated_at`, `deleted_at`) VALUES
	(1, 1, 0, 0, 0, 0, 0, 0, 0, 1, 1, 1, 1, 1, 0, 0, 0, 0, 0, 'A4', 'TAKA', 'BDT', '2018-07-10 18:26:35', '2018-07-17 17:53:08', NULL),
	(2, 1, 0, 0, 0, 0, 0, 0, 0, 0, 1, 1, 1, 1, 0, 0, 0, 0, 0, 'Mini', 'TAKA', 'BDT', '2018-07-23 18:36:46', '2018-07-23 18:36:46', NULL),
	(3, 1, 0, 0, 0, 0, 0, 0, 0, 0, 1, 1, 1, 1, 0, 0, 0, 0, 0, 'Mini', 'TAKA', 'BDT', '2018-07-23 18:43:31', '2018-07-23 18:43:31', NULL);

-- Dumping structure for table classylab.shop
CREATE TABLE IF NOT EXISTS `shop` (
  `ShopID` bigint(20) NOT NULL AUTO_INCREMENT,
  `ShopName` varchar(500) CHARACTER SET utf8 COLLATE utf8_unicode_ci DEFAULT NULL,
  `ShopAddress` varchar(500) CHARACTER SET utf8 COLLATE utf8_unicode_ci DEFAULT NULL,
  `City` varchar(250) CHARACTER SET utf8 COLLATE utf8_unicode_ci DEFAULT NULL,
  `Province` varchar(250) CHARACTER SET utf8 COLLATE utf8_unicode_ci DEFAULT NULL,
  `Phone` varchar(250) CHARACTER SET utf8 COLLATE utf8_unicode_ci DEFAULT NULL,
  `Email` varchar(250) CHARACTER SET utf8 COLLATE utf8_unicode_ci DEFAULT NULL,
  `Website` varchar(250) CHARACTER SET utf8 COLLATE utf8_unicode_ci DEFAULT NULL,
  `ShopLogo` varchar(500) CHARACTER SET utf8 COLLATE utf8_unicode_ci DEFAULT NULL,
  `VatRegNo` varchar(50) CHARACTER SET utf8 COLLATE utf8_unicode_ci DEFAULT NULL,
  `created_at` datetime DEFAULT NULL,
  `updated_at` datetime DEFAULT NULL,
  `deleted_at` datetime DEFAULT NULL,
  PRIMARY KEY (`ShopID`)
) ENGINE=InnoDB AUTO_INCREMENT=4 DEFAULT CHARSET=latin1;

-- Dumping data for table classylab.shop: ~3 rows (approximately)
DELETE FROM `shop`;
INSERT INTO `shop` (`ShopID`, `ShopName`, `ShopAddress`, `City`, `Province`, `Phone`, `Email`, `Website`, `ShopLogo`, `VatRegNo`, `created_at`, `updated_at`, `deleted_at`) VALUES
	(1, 'TechLab Demo Shop', 'TechLab Demo Address', 'Demo City', 'Demo Province', 'Demo Phone', 'Demo Email', 'Demo Website', NULL, '123456789', '2018-07-10 18:26:35', '2018-07-10 18:26:35', NULL),
	(2, 'TechLab Demo Shop2', 'TechLab Demo Address', 'Demo City', 'Demo Province', 'Demo Phone', 'Demo Email', 'Demo Website', NULL, '123456789', '2018-07-23 18:36:46', '2018-07-30 18:25:06', NULL),
	(3, 'TechLab Demo Shop3', 'TechLab Demo Address', 'Demo City', 'Demo Province', 'Demo Phone', 'Demo Email', 'Demo Website', NULL, '123456789', '2018-07-23 18:43:31', '2018-07-30 18:25:13', NULL);

-- Dumping structure for table classylab.shop_product_mapping
CREATE TABLE IF NOT EXISTS `shop_product_mapping` (
  `ID` bigint(20) NOT NULL AUTO_INCREMENT,
  `ShopID` bigint(20) NOT NULL,
  `ProductID` bigint(20) NOT NULL,
  `Qty` decimal(10,2) DEFAULT NULL,
  `IsActive` tinyint(1) DEFAULT '1',
  `created_at` datetime DEFAULT NULL,
  `updated_at` datetime DEFAULT NULL,
  `deleted_at` datetime DEFAULT NULL,
  PRIMARY KEY (`ID`)
) ENGINE=InnoDB AUTO_INCREMENT=387 DEFAULT CHARSET=latin1;

-- Dumping data for table classylab.shop_product_mapping: ~385 rows (approximately)
DELETE FROM `shop_product_mapping`;
INSERT INTO `shop_product_mapping` (`ID`, `ShopID`, `ProductID`, `Qty`, `IsActive`, `created_at`, `updated_at`, `deleted_at`) VALUES
	(1, 1, 1, 999869.94, 1, '2017-12-21 14:04:14', '2018-06-11 14:00:15', NULL),
	(2, 1, 2, -454.27, 1, '2017-12-21 14:04:14', '2018-06-02 15:07:58', NULL),
	(3, 1, 3, -959.94, 1, '2017-12-21 14:04:14', '2018-07-22 12:40:14', NULL),
	(4, 1, 4, 999680.32, 1, '2017-12-21 14:04:14', '2018-06-02 15:04:07', NULL),
	(5, 1, 5, 999043.49, 1, '2017-12-21 14:04:14', '2018-08-28 12:34:47', NULL),
	(6, 1, 6, 999080.30, 1, '2017-12-21 14:04:15', '2018-08-25 11:16:40', NULL),
	(7, 1, 7, 999312.47, 1, '2017-12-21 14:04:15', '2018-08-28 12:34:47', NULL),
	(8, 1, 8, 999626.00, 1, '2017-12-21 14:04:15', '2018-08-28 12:34:47', NULL),
	(9, 1, 9, 998342.48, 1, '2017-12-21 14:04:15', '2018-08-25 11:16:40', NULL),
	(10, 1, 10, 999593.90, 1, '2017-12-21 14:04:15', '2018-08-11 17:55:17', NULL),
	(11, 1, 11, 999908.00, 1, '2017-12-21 14:04:50', '2018-08-26 11:35:34', NULL),
	(12, 1, 12, 1029.00, 1, '2017-12-21 14:04:50', '2018-08-25 10:32:40', NULL),
	(13, 1, 13, -35.00, 1, '2017-12-21 14:04:50', '2018-08-21 11:26:19', NULL),
	(14, 1, 14, -40.00, 1, '2017-12-21 14:04:50', '2018-08-25 10:32:40', NULL),
	(15, 1, 15, -72.00, 1, '2017-12-21 14:04:50', '2018-08-25 10:32:40', NULL),
	(16, 1, 16, 999969.00, 1, '2017-12-21 14:04:56', '2018-07-08 11:19:29', NULL),
	(17, 1, 17, 999958.00, 1, '2017-12-21 14:04:56', '2018-03-18 14:30:59', NULL),
	(18, 1, 18, 999948.00, 1, '2017-12-21 14:05:02', '2018-02-18 21:00:08', NULL),
	(19, 1, 19, 999977.00, 1, '2017-12-21 14:05:02', '2018-02-18 21:00:08', NULL),
	(20, 1, 20, 999986.00, 1, '2017-12-21 14:05:02', '2018-02-18 21:00:08', NULL),
	(21, 1, 21, 999964.00, 1, '2017-12-21 14:05:02', '2018-01-03 11:22:39', NULL),
	(22, 1, 22, 999982.00, 1, '2017-12-21 14:05:02', '2018-03-02 20:26:11', NULL),
	(23, 1, 23, 999983.00, 1, '2017-12-21 14:05:02', '2018-02-18 21:00:08', NULL),
	(24, 1, 24, 999915.00, 1, '2017-12-21 14:05:08', '2018-08-28 12:49:03', NULL),
	(25, 1, 25, 999897.00, 1, '2017-12-21 14:05:08', '2018-08-28 12:49:03', NULL),
	(26, 1, 26, 999962.00, 1, '2017-12-21 14:05:08', '2018-08-11 17:51:26', NULL),
	(27, 1, 27, 999891.00, 1, '2017-12-21 14:05:09', '2018-08-28 12:49:03', NULL),
	(28, 1, 28, 999886.00, 1, '2017-12-21 14:05:09', '2018-08-28 12:49:03', NULL),
	(29, 1, 29, 1999947.00, 1, '2017-12-21 14:05:15', '2018-08-27 11:35:20', NULL),
	(30, 1, 30, 999956.00, 1, '2017-12-21 14:05:15', '2018-08-27 11:35:20', NULL),
	(31, 1, 31, 999984.00, 1, '2017-12-21 14:05:15', '2018-03-15 13:24:24', NULL),
	(32, 1, 32, 999965.00, 1, '2017-12-21 14:05:16', '2018-08-27 11:35:20', NULL),
	(33, 1, 33, 999965.00, 1, '2017-12-21 14:05:16', '2018-08-27 11:35:20', NULL),
	(34, 1, 34, 999986.00, 1, '2017-12-21 14:05:16', '2018-03-15 13:24:24', NULL),
	(35, 1, 35, 999975.00, 1, '2017-12-21 14:05:16', '2018-03-31 12:12:17', NULL),
	(36, 1, 36, 999981.00, 1, '2017-12-21 14:05:16', '2018-03-31 12:12:17', NULL),
	(37, 1, 37, 999530.00, 1, '2017-12-21 14:05:29', '2018-07-08 11:19:29', NULL),
	(38, 1, 38, 999863.00, 1, '2017-12-21 14:05:29', '2018-03-31 14:12:20', NULL),
	(39, 1, 39, 999941.00, 1, '2017-12-21 14:05:30', '2018-03-22 11:52:32', NULL),
	(40, 1, 40, 999696.00, 1, '2017-12-21 14:05:30', '2018-03-29 19:55:37', NULL),
	(41, 1, 41, 999635.00, 1, '2017-12-21 14:05:30', '2018-03-31 14:12:20', NULL),
	(42, 1, 42, 999895.00, 1, '2017-12-21 14:05:30', '2018-03-22 11:52:32', NULL),
	(43, 1, 43, 999862.00, 1, '2017-12-21 14:05:30', '2018-03-29 19:55:37', NULL),
	(44, 1, 44, 999925.00, 1, '2017-12-21 14:05:30', '2018-03-29 19:55:37', NULL),
	(45, 1, 45, 999672.00, 1, '2017-12-21 14:05:30', '2018-03-18 18:13:19', NULL),
	(46, 1, 46, 999847.00, 1, '2017-12-21 14:05:30', '2018-02-20 11:21:17', NULL),
	(47, 1, 47, 999888.00, 1, '2017-12-21 14:05:30', '2018-03-29 19:55:37', NULL),
	(48, 1, 48, 999935.00, 1, '2017-12-21 14:05:30', '2018-01-13 12:14:02', NULL),
	(49, 1, 49, 999751.00, 1, '2017-12-21 14:05:30', '2018-03-22 11:52:32', NULL),
	(50, 1, 50, 999846.00, 1, '2017-12-21 14:05:30', '2018-03-22 11:52:32', NULL),
	(51, 1, 51, 999920.00, 1, '2017-12-21 14:05:30', '2018-03-22 11:52:32', NULL),
	(52, 1, 52, 999952.00, 1, '2017-12-21 14:05:31', '2018-03-02 21:25:11', NULL),
	(53, 1, 53, 999884.00, 1, '2017-12-21 14:05:31', '2018-03-02 22:21:23', NULL),
	(54, 1, 54, 999932.00, 1, '2017-12-21 14:05:31', '2018-01-24 11:01:39', NULL),
	(55, 1, 55, 999953.00, 1, '2017-12-21 14:05:31', '2018-03-22 11:52:32', NULL),
	(56, 1, 56, 999965.00, 1, '2017-12-21 14:05:31', '2018-03-22 11:52:32', NULL),
	(57, 1, 57, 999885.00, 1, '2017-12-21 14:05:31', '2018-03-22 11:52:32', NULL),
	(58, 1, 58, 999955.00, 1, '2017-12-21 14:05:31', '2018-03-22 11:52:32', NULL),
	(59, 1, 59, 999962.00, 1, '2017-12-21 14:05:31', '2018-03-22 11:52:33', NULL),
	(60, 1, 60, 999970.00, 1, '2017-12-21 14:05:31', '2018-03-22 11:52:33', NULL),
	(61, 1, 61, 999918.00, 1, '2017-12-21 14:05:40', '2018-07-08 11:19:29', NULL),
	(62, 1, 62, 999881.00, 1, '2017-12-21 14:05:40', '2018-02-06 20:31:59', NULL),
	(63, 1, 63, 999926.00, 1, '2017-12-21 14:05:40', '2018-03-21 21:08:39', NULL),
	(64, 1, 64, 999893.00, 1, '2017-12-21 14:05:40', '2018-03-12 14:19:59', NULL),
	(65, 1, 65, 999904.00, 1, '2017-12-21 14:05:41', '2018-03-12 14:19:59', NULL),
	(66, 1, 66, 999937.00, 1, '2017-12-21 14:05:41', '2018-03-21 21:08:39', NULL),
	(67, 1, 67, 999891.00, 1, '2017-12-21 14:05:41', '2018-03-12 14:19:59', NULL),
	(68, 1, 68, 999917.00, 1, '2017-12-21 14:05:41', '2018-03-12 14:19:59', NULL),
	(69, 1, 69, 999888.00, 1, '2017-12-21 14:05:41', '2018-02-06 20:31:59', NULL),
	(70, 1, 70, 999808.00, 1, '2017-12-21 14:05:49', '2018-08-27 11:14:44', NULL),
	(71, 1, 71, 999869.00, 1, '2017-12-21 14:05:49', '2018-08-27 11:14:44', NULL),
	(72, 1, 111, 999710.00, 1, '2017-12-21 14:05:49', '2018-08-27 11:14:44', NULL),
	(73, 1, 72, 999928.00, 1, '2017-12-21 14:05:58', '2018-08-25 11:16:11', NULL),
	(74, 1, 73, 999957.00, 1, '2017-12-21 14:05:58', '2018-08-25 11:16:11', NULL),
	(75, 1, 74, 999944.00, 1, '2017-12-21 14:05:58', '2018-07-25 16:50:41', NULL),
	(76, 1, 75, 999905.00, 1, '2017-12-21 14:05:59', '2018-08-25 11:16:11', NULL),
	(77, 1, 76, 999957.00, 1, '2017-12-21 14:05:59', '2018-08-25 11:16:11', NULL),
	(78, 1, 77, 999954.00, 1, '2017-12-21 14:05:59', '2018-03-18 10:41:37', NULL),
	(79, 1, 78, 2999952.00, 1, '2017-12-21 14:06:16', '2018-08-15 14:41:06', NULL),
	(80, 1, 79, 999987.00, 1, '2017-12-21 14:06:16', '2018-08-15 14:41:06', NULL),
	(81, 1, 80, 999998.00, 1, '2017-12-21 14:06:16', '2018-02-18 20:36:41', NULL),
	(82, 1, 81, 999998.00, 1, '2017-12-21 14:06:16', '2018-08-15 14:41:06', NULL),
	(83, 1, 82, 999996.00, 1, '2017-12-21 14:06:16', '2018-08-15 14:41:06', NULL),
	(84, 1, 83, 999998.00, 1, '2017-12-21 14:06:16', '2018-02-18 20:36:41', NULL),
	(85, 1, 84, 999991.00, 1, '2017-12-21 14:06:16', '2018-07-12 16:01:14', NULL),
	(86, 1, 85, 1000000.00, 1, '2017-12-21 14:06:17', '2017-12-21 14:06:17', NULL),
	(87, 1, 86, 999998.00, 1, '2017-12-21 14:06:17', '2018-02-18 20:36:41', NULL),
	(88, 1, 93, 999955.00, 1, '2017-12-21 14:06:28', '2018-07-08 11:19:29', NULL),
	(89, 1, 94, 999915.00, 1, '2017-12-21 14:06:28', '2018-01-10 20:55:49', NULL),
	(90, 1, 95, 999968.00, 1, '2017-12-21 14:06:28', '2018-01-10 20:55:49', NULL),
	(91, 1, 96, 999971.00, 1, '2017-12-21 14:06:28', '2018-01-10 20:55:50', NULL),
	(92, 1, 97, 999918.00, 1, '2017-12-21 14:06:28', '2018-01-10 20:55:50', NULL),
	(93, 1, 98, 999951.00, 1, '2017-12-21 14:06:28', '2018-01-10 20:55:49', NULL),
	(94, 1, 99, 999963.00, 1, '2017-12-21 14:06:28', '2018-01-10 20:55:49', NULL),
	(95, 1, 100, 999963.00, 1, '2017-12-21 14:06:28', '2018-01-10 20:55:50', NULL),
	(96, 1, 101, 999941.00, 1, '2017-12-21 14:06:29', '2018-01-10 20:55:50', NULL),
	(97, 1, 102, 999932.00, 1, '2017-12-21 14:06:29', '2018-01-10 20:55:49', NULL),
	(98, 1, 103, 999933.00, 1, '2017-12-21 14:06:36', '2018-08-09 17:05:45', NULL),
	(99, 1, 104, 999977.00, 1, '2017-12-21 14:06:36', '2018-08-09 17:05:45', NULL),
	(100, 1, 105, 999971.00, 1, '2017-12-21 14:06:36', '2018-07-25 16:50:41', NULL),
	(101, 1, 106, 999975.00, 1, '2017-12-21 14:06:36', '2018-08-09 17:05:45', NULL),
	(102, 1, 107, 999967.90, 1, '2017-12-21 14:06:36', '2018-08-09 17:05:45', NULL),
	(103, 1, 108, 999962.00, 1, '2017-12-21 14:06:36', '2018-07-25 16:50:41', NULL),
	(104, 1, 112, 999681.00, 1, '2017-12-21 14:06:59', '2018-07-08 11:19:29', NULL),
	(105, 1, 113, 999600.00, 1, '2017-12-21 14:06:59', '2018-03-11 12:21:16', NULL),
	(106, 1, 114, 999457.00, 1, '2017-12-21 14:06:59', '2018-02-01 19:06:43', NULL),
	(107, 1, 115, 999734.00, 1, '2017-12-21 14:06:59', '2018-02-01 19:06:43', NULL),
	(108, 1, 116, 999879.00, 1, '2017-12-21 14:07:10', '2018-08-25 11:16:40', NULL),
	(109, 1, 117, 999866.00, 1, '2017-12-21 14:07:10', '2018-08-25 11:16:40', NULL),
	(110, 1, 118, 999914.00, 1, '2017-12-21 14:07:10', '2018-01-03 11:33:48', NULL),
	(111, 1, 119, 999902.00, 1, '2017-12-21 14:07:10', '2018-08-25 11:16:40', NULL),
	(112, 1, 120, 999878.00, 1, '2017-12-21 14:07:11', '2018-08-25 11:16:40', NULL),
	(113, 1, 121, 999827.00, 1, '2017-12-21 14:07:11', '2018-02-28 21:22:28', NULL),
	(114, 1, 122, 999870.00, 1, '2017-12-21 14:07:11', '2018-01-03 11:33:48', NULL),
	(115, 1, 123, 999908.00, 1, '2017-12-21 14:07:11', '2018-01-03 11:33:48', NULL),
	(116, 1, 129, 999978.00, 1, '2017-12-21 14:07:39', '2018-07-08 11:19:29', NULL),
	(117, 1, 130, 999968.00, 1, '2017-12-21 14:07:39', '2018-03-18 10:18:29', NULL),
	(118, 1, 131, 999984.00, 1, '2017-12-21 14:07:39', '2018-03-18 10:18:29', NULL),
	(119, 1, 132, 999981.00, 1, '2017-12-21 14:07:39', '2018-03-18 10:18:29', NULL),
	(120, 1, 133, 999974.00, 1, '2017-12-21 14:07:39', '2018-03-18 10:18:29', NULL),
	(121, 1, 134, 999958.00, 1, '2017-12-21 14:07:39', '2018-03-18 10:18:29', NULL),
	(122, 1, 135, 999976.00, 1, '2017-12-21 14:07:39', '2018-01-09 18:12:12', NULL),
	(123, 1, 136, 999910.00, 1, '2017-12-21 14:08:03', '2018-07-08 11:19:29', NULL),
	(124, 1, 137, 999929.00, 1, '2017-12-21 14:08:03', '2018-03-13 19:41:48', NULL),
	(125, 1, 138, 999923.00, 1, '2017-12-21 14:08:03', '2018-02-19 19:18:25', NULL),
	(126, 1, 139, 999913.00, 1, '2017-12-21 14:08:11', '2018-07-08 11:19:29', NULL),
	(127, 1, 140, 999903.00, 1, '2017-12-21 14:08:11', '2018-03-18 10:18:29', NULL),
	(128, 1, 141, 999922.00, 1, '2017-12-21 14:08:11', '2018-03-18 10:18:29', NULL),
	(129, 1, 142, 999939.00, 1, '2017-12-21 14:08:11', '2018-01-04 13:57:13', NULL),
	(130, 1, 143, 999896.00, 1, '2017-12-21 14:08:11', '2018-03-02 10:41:13', NULL),
	(131, 1, 144, 999927.00, 1, '2017-12-21 14:08:12', '2018-03-02 10:41:13', NULL),
	(132, 1, 145, 999930.00, 1, '2017-12-21 14:08:12', '2018-01-16 11:12:52', NULL),
	(133, 1, 146, 999919.00, 1, '2017-12-21 14:08:12', '2018-01-02 16:07:52', NULL),
	(134, 1, 147, 999925.00, 1, '2017-12-21 14:08:12', '2018-02-20 19:18:44', NULL),
	(135, 1, 148, 999883.00, 1, '2017-12-21 14:08:12', '2018-01-16 11:12:52', NULL),
	(136, 1, 149, 999907.00, 1, '2017-12-21 14:08:20', '2018-07-08 11:19:29', NULL),
	(137, 1, 150, 999912.00, 1, '2017-12-21 14:08:20', '2018-02-19 19:09:57', NULL),
	(138, 1, 151, 999921.00, 1, '2017-12-21 14:08:20', '2018-02-19 19:03:34', NULL),
	(139, 1, 152, 999909.00, 1, '2017-12-21 14:08:20', '2018-03-02 20:50:26', NULL),
	(140, 1, 153, 999918.00, 1, '2017-12-21 14:08:20', '2018-02-19 21:39:43', NULL),
	(141, 1, 154, 999898.00, 1, '2017-12-21 14:08:20', '2018-03-02 21:00:56', NULL),
	(142, 1, 155, 999901.00, 1, '2017-12-21 14:08:20', '2018-01-15 19:05:54', NULL),
	(143, 1, 157, -182.00, 1, '2017-12-26 21:28:19', '2018-03-18 10:22:28', NULL),
	(144, 2, 158, -11.00, 1, '2018-01-01 15:40:34', '2018-03-02 22:21:12', NULL),
	(145, 2, 159, -35.00, 1, '2018-01-01 15:40:34', '2018-01-24 10:36:34', NULL),
	(146, 2, 160, 3.00, 1, '2018-01-01 15:44:48', '2018-02-22 11:17:50', NULL),
	(147, 1, 161, -24.00, 1, '2018-01-01 17:33:53', '2018-02-05 21:51:50', NULL),
	(148, 2, 161, 2.00, 1, '2018-01-01 17:33:53', '2018-02-22 11:17:50', NULL),
	(149, 1, 167, 59.00, 1, '2018-01-24 11:29:15', '2018-03-18 10:22:28', NULL),
	(150, 1, 166, 999954.00, 1, '2018-01-24 20:38:42', '2018-08-11 17:48:57', NULL),
	(151, 1, 168, 92.00, 1, '2018-01-24 21:09:58', '2018-03-18 10:22:28', NULL),
	(152, 1, 163, 14.38, 1, '2018-01-25 11:01:30', '2018-08-21 11:26:19', NULL),
	(153, 1, 164, -19.00, 1, '2018-01-25 11:01:30', '2018-04-09 10:23:22', NULL),
	(154, 1, 165, -4.97, 1, '2018-01-25 11:01:30', '2018-04-09 10:23:22', NULL),
	(155, 1, 124, 999999.00, 1, '2018-01-25 11:03:12', '2018-03-12 14:20:00', NULL),
	(156, 1, 125, 999997.00, 1, '2018-01-25 11:03:44', '2018-03-12 14:20:00', NULL),
	(157, 1, 126, 999999.00, 1, '2018-01-25 11:04:13', '2018-01-30 20:21:36', NULL),
	(158, 1, 156, 1.00, 1, '2018-01-25 11:04:25', '2018-01-25 11:04:25', NULL),
	(159, 1, 127, 999995.00, 1, '2018-01-25 11:05:11', '2018-03-12 14:20:00', NULL),
	(160, 1, 158, -12.00, 1, '2018-01-25 13:13:42', '2018-03-18 10:22:28', NULL),
	(161, 1, 199, 30.00, 1, '2018-02-08 14:04:23', '2018-02-08 14:04:23', NULL),
	(162, 1, 203, 16.00, 1, '2018-02-08 14:11:38', '2018-08-09 14:01:34', NULL),
	(163, 1, 204, -2.00, 1, '2018-02-08 14:14:43', '2018-03-18 10:22:29', NULL),
	(164, 1, 275, 1012.00, 1, '2018-02-08 14:17:17', '2018-03-18 10:22:29', NULL),
	(165, 1, 171, -2.00, 1, '2018-02-08 14:19:03', '2018-03-18 10:21:55', NULL),
	(166, 1, 277, 3.00, 1, '2018-02-10 21:19:58', '2018-03-18 10:22:28', NULL),
	(167, 1, 278, 1.00, 1, '2018-02-10 21:32:21', '2018-02-10 21:32:21', NULL),
	(168, 1, 279, 0.00, 1, '2018-02-10 21:46:13', '2018-02-10 21:49:24', NULL),
	(169, 1, 280, -3.00, 1, '2018-02-10 21:53:49', '2018-03-18 10:25:15', NULL),
	(170, 1, 281, 7.00, 1, '2018-02-14 19:06:13', '2018-08-09 14:01:33', NULL),
	(171, 1, 282, 3.00, 1, '2018-02-14 20:55:29', '2018-03-18 10:25:15', NULL),
	(172, 1, 287, -11.00, 1, '2018-02-22 12:01:45', '2018-03-18 10:18:29', NULL),
	(173, 1, 328, 77.55, 1, '2018-02-22 14:03:13', '2018-03-18 14:30:59', NULL),
	(174, 1, 329, 85.00, 1, '2018-02-22 14:03:13', '2018-03-18 14:30:59', NULL),
	(175, 1, 330, 83.00, 1, '2018-02-22 14:03:13', '2018-03-18 14:30:59', NULL),
	(176, 1, 331, 975.00, 1, '2018-02-22 14:03:13', '2018-03-18 14:30:59', NULL),
	(177, 1, 332, 979.46, 1, '2018-02-22 14:03:13', '2018-03-18 14:30:59', NULL),
	(178, 1, 333, 993.81, 1, '2018-02-22 14:03:13', '2018-03-18 10:25:15', NULL),
	(179, 1, 334, 994.00, 1, '2018-02-22 14:03:13', '2018-03-15 18:58:45', NULL),
	(180, 1, 335, 1000.00, 1, '2018-02-22 14:03:13', '2018-02-22 14:03:13', NULL),
	(181, 1, 336, 997.66, 1, '2018-02-22 14:03:13', '2018-02-22 14:21:45', NULL),
	(182, 1, 337, 994.58, 1, '2018-02-22 14:03:13', '2018-02-22 14:21:45', NULL),
	(183, 1, 338, 1000.00, 1, '2018-02-22 14:03:14', '2018-02-22 14:03:14', NULL),
	(184, 1, 339, 1000.00, 1, '2018-02-22 14:03:14', '2018-02-22 14:03:14', NULL),
	(185, 1, 340, 998.87, 1, '2018-02-22 14:03:14', '2018-02-22 14:21:45', NULL),
	(186, 1, 341, 998.00, 1, '2018-02-22 14:03:14', '2018-02-22 14:10:46', NULL),
	(187, 1, 342, 1000.00, 1, '2018-02-22 14:03:14', '2018-02-22 14:03:14', NULL),
	(188, 1, 343, 1000.00, 1, '2018-02-22 14:03:14', '2018-02-22 14:03:14', NULL),
	(189, 1, 344, 1000.00, 1, '2018-02-22 14:03:14', '2018-02-22 14:03:14', NULL),
	(190, 1, 345, 1000.00, 1, '2018-02-22 14:03:14', '2018-02-22 14:03:14', NULL),
	(191, 1, 346, 1000.00, 1, '2018-02-22 14:03:14', '2018-02-22 14:03:14', NULL),
	(192, 1, 347, 1000.00, 1, '2018-02-22 14:03:14', '2018-02-22 14:03:14', NULL),
	(193, 1, 429, 100.00, 1, '2018-02-22 14:03:14', '2018-02-22 14:03:14', NULL),
	(194, 1, 430, 100.00, 1, '2018-02-22 14:03:14', '2018-02-22 14:03:14', NULL),
	(195, 1, 431, 1000.00, 1, '2018-02-22 14:03:15', '2018-02-22 14:03:15', NULL),
	(196, 1, 432, 1000.00, 1, '2018-02-22 14:03:15', '2018-02-22 14:03:15', NULL),
	(197, 1, 433, 1000.00, 1, '2018-02-22 14:03:15', '2018-02-22 14:03:15', NULL),
	(198, 1, 434, 1000.00, 1, '2018-02-22 14:03:15', '2018-02-22 14:03:15', NULL),
	(199, 1, 435, 1000.00, 1, '2018-02-22 14:03:15', '2018-02-22 14:03:15', NULL),
	(200, 1, 436, 1000.00, 1, '2018-02-22 14:03:15', '2018-02-22 14:03:15', NULL),
	(201, 1, 437, 1000.00, 1, '2018-02-22 14:03:15', '2018-02-22 14:03:15', NULL),
	(202, 1, 438, 100.00, 1, '2018-02-22 14:03:15', '2018-02-22 14:03:15', NULL),
	(203, 1, 439, 1000.00, 1, '2018-02-22 14:03:15', '2018-02-22 14:03:15', NULL),
	(204, 1, 440, 1000.00, 1, '2018-02-22 14:03:15', '2018-02-22 14:03:15', NULL),
	(205, 1, 441, 1000.00, 1, '2018-02-22 14:03:15', '2018-02-22 14:03:15', NULL),
	(206, 1, 442, 1000.00, 1, '2018-02-22 14:03:15', '2018-02-22 14:03:15', NULL),
	(207, 1, 443, 1000.00, 1, '2018-02-22 14:03:15', '2018-02-22 14:03:15', NULL),
	(208, 1, 444, 1000.00, 1, '2018-02-22 14:03:15', '2018-02-22 14:03:15', NULL),
	(209, 1, 445, 1000.00, 1, '2018-02-22 14:03:15', '2018-02-22 14:03:15', NULL),
	(210, 1, 446, 1000.00, 1, '2018-02-22 14:03:15', '2018-02-22 14:03:15', NULL),
	(211, 1, 447, 1000.00, 1, '2018-02-22 14:03:15', '2018-02-22 14:03:15', NULL),
	(212, 1, 448, 1000.00, 1, '2018-02-22 14:03:16', '2018-02-22 14:03:16', NULL),
	(213, 1, 462, 1000.00, 1, '2018-02-22 14:03:16', '2018-02-22 14:03:16', NULL),
	(214, 1, 463, 1000.00, 1, '2018-02-22 14:03:16', '2018-02-22 14:03:16', NULL),
	(215, 1, 464, 999.00, 1, '2018-02-22 14:03:16', '2018-03-18 10:25:15', NULL),
	(216, 1, 465, 999.00, 1, '2018-02-22 14:03:16', '2018-03-18 10:25:15', NULL),
	(217, 1, 466, 1000.00, 1, '2018-02-22 14:03:16', '2018-02-22 14:03:16', NULL),
	(218, 1, 467, 1000.00, 1, '2018-02-22 14:03:16', '2018-02-22 14:03:16', NULL),
	(219, 1, 468, 1000.00, 1, '2018-02-22 14:03:16', '2018-02-22 14:03:16', NULL),
	(220, 1, 469, 1000.00, 1, '2018-02-22 14:03:16', '2018-02-22 14:03:16', NULL),
	(221, 1, 470, 1000.00, 1, '2018-02-22 14:03:16', '2018-02-22 14:03:16', NULL),
	(222, 1, 471, 1000.00, 1, '2018-02-22 14:03:16', '2018-02-22 14:03:16', NULL),
	(223, 1, 472, 1000.00, 1, '2018-02-22 14:03:16', '2018-02-22 14:03:16', NULL),
	(224, 1, 473, 1000.00, 1, '2018-02-22 14:03:17', '2018-02-22 14:03:17', NULL),
	(225, 1, 474, 1000.00, 1, '2018-02-22 14:03:17', '2018-02-22 14:03:17', NULL),
	(226, 1, 475, 1000.00, 1, '2018-02-22 14:03:17', '2018-02-22 14:03:17', NULL),
	(227, 1, 476, 1000.00, 1, '2018-02-22 14:03:17', '2018-02-22 14:03:17', NULL),
	(228, 1, 477, 1000.00, 1, '2018-02-22 14:03:17', '2018-02-22 14:03:17', NULL),
	(229, 1, 478, 1000.00, 1, '2018-02-22 14:03:17', '2018-02-22 14:03:17', NULL),
	(230, 1, 479, 1000.00, 1, '2018-02-22 14:03:17', '2018-02-22 14:03:17', NULL),
	(231, 1, 480, 1000.00, 1, '2018-02-22 14:03:17', '2018-02-22 14:03:17', NULL),
	(232, 1, 481, 1000.00, 1, '2018-02-22 14:03:17', '2018-02-22 14:03:17', NULL),
	(233, 1, 495, 1000.00, 1, '2018-02-22 14:03:17', '2018-02-22 14:03:17', NULL),
	(234, 1, 496, 1000.00, 1, '2018-02-22 14:03:17', '2018-02-22 14:03:17', NULL),
	(235, 1, 497, 1000.00, 1, '2018-02-22 14:03:17', '2018-02-22 14:03:17', NULL),
	(236, 1, 498, 1000.00, 1, '2018-02-22 14:03:17', '2018-02-22 14:03:17', NULL),
	(237, 1, 499, 1000.00, 1, '2018-02-22 14:03:17', '2018-02-22 14:03:17', NULL),
	(238, 1, 500, 1000.00, 1, '2018-02-22 14:03:17', '2018-02-22 14:03:17', NULL),
	(239, 1, 501, 1000.00, 1, '2018-02-22 14:03:18', '2018-02-22 14:03:18', NULL),
	(240, 1, 502, 1000.00, 1, '2018-02-22 14:03:18', '2018-02-22 14:03:18', NULL),
	(241, 1, 503, 1000.00, 1, '2018-02-22 14:03:18', '2018-02-22 14:03:18', NULL),
	(242, 1, 504, 1000.00, 1, '2018-02-22 14:03:18', '2018-02-22 14:03:18', NULL),
	(243, 1, 505, 1000.00, 1, '2018-02-22 14:03:18', '2018-02-22 14:03:18', NULL),
	(244, 1, 506, 1000.00, 1, '2018-02-22 14:03:18', '2018-02-22 14:03:18', NULL),
	(245, 1, 507, 1000.00, 1, '2018-02-22 14:03:18', '2018-02-22 14:03:18', NULL),
	(246, 1, 508, 1000.00, 1, '2018-02-22 14:03:18', '2018-02-22 14:03:18', NULL),
	(247, 1, 509, 1000.00, 1, '2018-02-22 14:03:18', '2018-02-22 14:03:18', NULL),
	(248, 1, 510, 1000.00, 1, '2018-02-22 14:03:18', '2018-02-22 14:03:18', NULL),
	(249, 1, 511, 1000.00, 1, '2018-02-22 14:03:18', '2018-02-22 14:03:18', NULL),
	(250, 1, 512, 1000.00, 1, '2018-02-22 14:03:18', '2018-02-22 14:03:18', NULL),
	(251, 1, 513, 1000.00, 1, '2018-02-22 14:03:18', '2018-02-22 14:03:18', NULL),
	(252, 1, 514, 1000.00, 1, '2018-02-22 14:03:18', '2018-02-22 14:03:18', NULL),
	(253, 1, 594, 1000.00, 1, '2018-02-22 14:03:18', '2018-02-22 14:03:18', NULL),
	(254, 1, 595, 1000.00, 1, '2018-02-22 14:03:18', '2018-02-22 14:03:18', NULL),
	(255, 1, 596, 1000.00, 1, '2018-02-22 14:03:18', '2018-02-22 14:03:18', NULL),
	(256, 1, 597, 1000.00, 1, '2018-02-22 14:03:19', '2018-02-22 14:03:19', NULL),
	(257, 1, 598, 1000.00, 1, '2018-02-22 14:03:19', '2018-02-22 14:03:19', NULL),
	(258, 1, 599, 1000.00, 1, '2018-02-22 14:03:19', '2018-02-22 14:03:19', NULL),
	(259, 1, 600, 1000.00, 1, '2018-02-22 14:03:19', '2018-02-22 14:03:19', NULL),
	(260, 1, 601, 999.00, 1, '2018-02-22 14:03:19', '2018-03-15 18:58:45', NULL),
	(261, 1, 602, 1000.00, 1, '2018-02-22 14:03:19', '2018-02-22 14:03:19', NULL),
	(262, 1, 603, 1000.00, 1, '2018-02-22 14:03:19', '2018-02-22 14:03:19', NULL),
	(263, 1, 604, 1000.00, 1, '2018-02-22 14:03:19', '2018-02-22 14:03:19', NULL),
	(264, 1, 605, 1000.00, 1, '2018-02-22 14:03:19', '2018-02-22 14:03:19', NULL),
	(265, 1, 606, 1000.00, 1, '2018-02-22 14:03:19', '2018-02-22 14:03:19', NULL),
	(266, 1, 607, 1000.00, 1, '2018-02-22 14:03:19', '2018-02-22 14:03:19', NULL),
	(267, 1, 608, 1000.00, 1, '2018-02-22 14:03:19', '2018-02-22 14:03:19', NULL),
	(268, 1, 609, 1000.00, 1, '2018-02-22 14:03:19', '2018-02-22 14:03:19', NULL),
	(269, 1, 610, 1000.00, 1, '2018-02-22 14:03:19', '2018-02-22 14:03:19', NULL),
	(270, 1, 611, 1000.00, 1, '2018-02-22 14:03:19', '2018-02-22 14:03:19', NULL),
	(271, 1, 612, 1000.00, 1, '2018-02-22 14:03:20', '2018-02-22 14:03:20', NULL),
	(272, 1, 613, 1000.00, 1, '2018-02-22 14:03:20', '2018-02-22 14:03:20', NULL),
	(273, 1, 627, 1000.00, 1, '2018-02-22 14:03:20', '2018-02-22 14:03:20', NULL),
	(274, 1, 628, 1000.00, 1, '2018-02-22 14:03:20', '2018-02-22 14:03:20', NULL),
	(275, 1, 629, 1000.00, 1, '2018-02-22 14:03:20', '2018-02-22 14:03:20', NULL),
	(276, 1, 630, 1000.00, 1, '2018-02-22 14:03:20', '2018-02-22 14:03:20', NULL),
	(277, 1, 631, 1000.00, 1, '2018-02-22 14:03:20', '2018-02-22 14:03:20', NULL),
	(278, 1, 632, 1000.00, 1, '2018-02-22 14:03:20', '2018-02-22 14:03:20', NULL),
	(279, 1, 633, 1000.00, 1, '2018-02-22 14:03:20', '2018-02-22 14:03:20', NULL),
	(280, 1, 634, 1000.00, 1, '2018-02-22 14:03:20', '2018-02-22 14:03:20', NULL),
	(281, 1, 635, 1000.00, 1, '2018-02-22 14:03:20', '2018-02-22 14:03:20', NULL),
	(282, 1, 636, 999.00, 1, '2018-02-22 14:03:20', '2018-02-22 14:05:06', NULL),
	(283, 1, 637, 1000.00, 1, '2018-02-22 14:03:20', '2018-02-22 14:03:20', NULL),
	(284, 1, 638, 1000.00, 1, '2018-02-22 14:03:20', '2018-02-22 14:03:20', NULL),
	(285, 1, 639, 1000.00, 1, '2018-02-22 14:03:20', '2018-02-22 14:03:20', NULL),
	(286, 1, 640, 1000.00, 1, '2018-02-22 14:03:21', '2018-02-22 14:03:21', NULL),
	(287, 1, 641, 1000.00, 1, '2018-02-22 14:03:21', '2018-02-22 14:03:21', NULL),
	(288, 1, 642, 1000.00, 1, '2018-02-22 14:03:21', '2018-02-22 14:03:21', NULL),
	(289, 1, 643, 1000.00, 1, '2018-02-22 14:03:21', '2018-02-22 14:03:21', NULL),
	(290, 1, 644, 1000.00, 1, '2018-02-22 14:03:21', '2018-02-22 14:03:21', NULL),
	(291, 1, 645, 1000.00, 1, '2018-02-22 14:03:21', '2018-02-22 14:03:21', NULL),
	(292, 1, 646, 1000.00, 1, '2018-02-22 14:03:21', '2018-02-22 14:03:21', NULL),
	(293, 1, 693, 1000.00, 1, '2018-02-22 14:03:21', '2018-02-22 14:03:21', NULL),
	(294, 1, 694, 1000.00, 1, '2018-02-22 14:03:21', '2018-02-22 14:03:21', NULL),
	(295, 1, 695, 1000.00, 1, '2018-02-22 14:03:21', '2018-02-22 14:03:21', NULL),
	(296, 1, 696, 1000.00, 1, '2018-02-22 14:03:21', '2018-02-22 14:03:21', NULL),
	(297, 1, 697, 1000.00, 1, '2018-02-22 14:03:21', '2018-02-22 14:03:21', NULL),
	(298, 1, 698, 1000.00, 1, '2018-02-22 14:03:21', '2018-02-22 14:03:21', NULL),
	(299, 1, 699, 1000.00, 1, '2018-02-22 14:03:21', '2018-02-22 14:03:21', NULL),
	(300, 1, 700, 1000.00, 1, '2018-02-22 14:03:22', '2018-02-22 14:03:22', NULL),
	(301, 1, 701, 1000.00, 1, '2018-02-22 14:03:22', '2018-02-22 14:03:22', NULL),
	(302, 1, 702, 1000.00, 1, '2018-02-22 14:03:22', '2018-02-22 14:03:22', NULL),
	(303, 1, 703, 1000.00, 1, '2018-02-22 14:03:22', '2018-02-22 14:03:22', NULL),
	(304, 1, 704, 1000.00, 1, '2018-02-22 14:03:22', '2018-02-22 14:03:22', NULL),
	(305, 1, 705, 1000.00, 1, '2018-02-22 14:03:22', '2018-02-22 14:03:22', NULL),
	(306, 1, 706, 1000.00, 1, '2018-02-22 14:03:22', '2018-02-22 14:03:22', NULL),
	(307, 1, 707, 1000.00, 1, '2018-02-22 14:03:22', '2018-02-22 14:03:22', NULL),
	(308, 1, 708, 1000.00, 1, '2018-02-22 14:03:22', '2018-02-22 14:03:22', NULL),
	(309, 1, 709, 1000.00, 1, '2018-02-22 14:03:22', '2018-02-22 14:03:22', NULL),
	(310, 1, 710, 1000.00, 1, '2018-02-22 14:03:22', '2018-02-22 14:03:22', NULL),
	(311, 1, 711, 1000.00, 1, '2018-02-22 14:03:22', '2018-02-22 14:03:22', NULL),
	(312, 1, 712, 1000.00, 1, '2018-02-22 14:03:22', '2018-02-22 14:03:22', NULL),
	(313, 1, 759, 1000.00, 1, '2018-02-22 14:03:22', '2018-02-22 14:03:22', NULL),
	(314, 1, 760, 1000.00, 1, '2018-02-22 14:03:22', '2018-02-22 14:03:22', NULL),
	(315, 1, 761, 1000.00, 1, '2018-02-22 14:03:22', '2018-02-22 14:03:22', NULL),
	(316, 1, 762, 1000.00, 1, '2018-02-22 14:03:23', '2018-02-22 14:03:23', NULL),
	(317, 1, 763, 1000.00, 1, '2018-02-22 14:03:23', '2018-02-22 14:03:23', NULL),
	(318, 1, 764, 1000.00, 1, '2018-02-22 14:03:23', '2018-02-22 14:03:23', NULL),
	(319, 1, 765, 1000.00, 1, '2018-02-22 14:03:23', '2018-02-22 14:03:23', NULL),
	(320, 1, 766, 1000.00, 1, '2018-02-22 14:03:23', '2018-02-22 14:03:23', NULL),
	(321, 1, 767, 1000.00, 1, '2018-02-22 14:03:23', '2018-02-22 14:03:23', NULL),
	(322, 1, 768, 1000.00, 1, '2018-02-22 14:03:23', '2018-02-22 14:03:23', NULL),
	(323, 1, 769, 1000.00, 1, '2018-02-22 14:03:23', '2018-02-22 14:03:23', NULL),
	(324, 1, 770, 1000.00, 1, '2018-02-22 14:03:23', '2018-02-22 14:03:23', NULL),
	(325, 1, 771, 1000.00, 1, '2018-02-22 14:03:23', '2018-02-22 14:03:23', NULL),
	(326, 1, 772, 1000.00, 1, '2018-02-22 14:03:23', '2018-02-22 14:03:23', NULL),
	(327, 1, 773, 1000.00, 1, '2018-02-22 14:03:23', '2018-02-22 14:03:23', NULL),
	(328, 1, 774, 1000.00, 1, '2018-02-22 14:03:23', '2018-02-22 14:03:23', NULL),
	(329, 1, 775, 1000.00, 1, '2018-02-22 14:03:23', '2018-02-22 14:03:23', NULL),
	(330, 1, 776, 1000.00, 1, '2018-02-22 14:03:24', '2018-02-22 14:03:24', NULL),
	(331, 1, 777, 1000.00, 1, '2018-02-22 14:03:24', '2018-02-22 14:03:24', NULL),
	(332, 1, 778, 1000.00, 1, '2018-02-22 14:03:24', '2018-02-22 14:03:24', NULL),
	(333, 2, 11, -1.00, 1, '2018-02-26 11:48:27', '2018-03-31 21:22:28', NULL),
	(334, 3, 11, 1.00, 1, '2018-02-26 11:48:27', '2018-02-26 12:10:08', NULL),
	(335, 4, 11, 0.00, 1, '2018-02-26 11:48:27', '2018-02-26 11:48:27', NULL),
	(336, 5, 11, 0.00, 1, '2018-02-26 11:48:27', '2018-02-26 11:48:27', NULL),
	(337, 6, 11, -6.00, 1, '2018-02-26 11:48:27', '2018-02-28 12:36:21', NULL),
	(338, 2, 41, 1.00, 1, '2018-02-26 11:59:04', '2018-02-26 12:11:37', NULL),
	(339, 3, 41, 2.00, 1, '2018-02-26 11:59:04', '2018-02-26 12:11:27', NULL),
	(340, 4, 41, 0.00, 1, '2018-02-26 11:59:04', '2018-02-26 11:59:04', NULL),
	(341, 5, 41, 0.00, 1, '2018-02-26 11:59:04', '2018-02-26 11:59:04', NULL),
	(342, 6, 41, 0.00, 1, '2018-02-26 11:59:04', '2018-02-26 11:59:04', NULL),
	(343, 2, 2, 1.00, 1, '2018-02-26 12:02:42', '2018-02-26 12:14:25', NULL),
	(344, 3, 2, 0.00, 1, '2018-02-26 12:02:42', '2018-02-26 12:02:42', NULL),
	(345, 4, 2, 0.00, 1, '2018-02-26 12:02:42', '2018-02-26 12:02:42', NULL),
	(346, 5, 2, 0.00, 1, '2018-02-26 12:02:42', '2018-02-26 12:02:42', NULL),
	(347, 6, 2, 0.00, 1, '2018-02-26 12:02:42', '2018-02-26 12:02:42', NULL),
	(348, 2, 3, 2.00, 1, '2018-02-26 12:06:22', '2018-02-26 12:23:13', NULL),
	(349, 3, 3, 0.00, 1, '2018-02-26 12:06:22', '2018-02-26 12:06:23', NULL),
	(350, 4, 3, 0.00, 1, '2018-02-26 12:06:23', '2018-02-26 12:06:23', NULL),
	(351, 5, 3, 0.00, 1, '2018-02-26 12:06:23', '2018-02-26 12:06:23', NULL),
	(352, 6, 3, 0.00, 1, '2018-02-26 12:06:23', '2018-02-26 12:06:23', NULL),
	(353, 1, 788, 0.00, 1, '2018-02-26 12:12:07', '2018-02-26 12:12:07', NULL),
	(354, 2, 788, 1.00, 1, '2018-02-26 12:12:07', '2018-02-26 12:12:07', NULL),
	(355, 3, 788, 0.00, 1, '2018-02-26 12:12:07', '2018-02-26 12:12:07', NULL),
	(356, 4, 788, 0.00, 1, '2018-02-26 12:12:07', '2018-02-26 12:12:07', NULL),
	(357, 5, 788, 0.00, 1, '2018-02-26 12:12:07', '2018-02-26 12:12:07', NULL),
	(358, 6, 788, 0.00, 1, '2018-02-26 12:12:07', '2018-02-26 12:12:07', NULL),
	(359, 1, 786, 12.00, 1, '2018-02-26 12:13:38', '2018-02-26 12:13:38', NULL),
	(360, 2, 786, 0.00, 1, '2018-02-26 12:13:38', '2018-02-26 12:13:38', NULL),
	(361, 3, 786, 0.00, 1, '2018-02-26 12:13:38', '2018-02-26 12:13:38', NULL),
	(362, 4, 786, 0.00, 1, '2018-02-26 12:13:38', '2018-02-26 12:13:38', NULL),
	(363, 5, 786, 0.00, 1, '2018-02-26 12:13:38', '2018-02-26 12:13:38', NULL),
	(364, 6, 786, 0.00, 1, '2018-02-26 12:13:38', '2018-02-26 12:13:38', NULL),
	(365, 2, 12, 96.00, 1, '2018-02-26 12:23:47', '2018-03-31 21:22:28', NULL),
	(366, 3, 12, 0.00, 1, '2018-02-26 12:23:47', '2018-02-26 12:23:47', NULL),
	(367, 4, 12, 0.00, 1, '2018-02-26 12:23:47', '2018-02-26 12:23:47', NULL),
	(368, 5, 12, 0.00, 1, '2018-02-26 12:23:47', '2018-02-26 12:23:47', NULL),
	(369, 6, 12, -5.00, 1, '2018-02-26 12:23:47', '2018-02-28 12:40:11', NULL),
	(370, 2, 16, 0.00, 1, '2018-02-26 12:30:18', '2018-02-26 12:30:18', NULL),
	(371, 3, 16, 0.00, 1, '2018-02-26 12:30:18', '2018-02-26 12:30:18', NULL),
	(372, 4, 16, 0.00, 1, '2018-02-26 12:30:18', '2018-02-26 12:30:18', NULL),
	(373, 5, 16, 0.00, 1, '2018-02-26 12:30:18', '2018-02-26 12:30:18', NULL),
	(374, 6, 16, 0.00, 1, '2018-02-26 12:30:18', '2018-02-26 12:30:18', NULL),
	(375, 1, 792, 49.00, 1, '2018-02-26 19:46:58', '2018-03-18 10:21:55', NULL),
	(376, 1, 188, 93.00, 1, '2018-03-08 18:40:32', '2018-08-25 11:16:11', NULL),
	(377, 1, 793, -3.00, 1, '2018-03-10 11:44:02', '2018-03-18 10:41:37', NULL),
	(378, 1, 794, 1.00, 1, '2018-03-12 12:27:55', '2018-03-12 12:27:55', NULL),
	(379, 1, 795, -20.00, 1, '2018-03-12 19:57:14', '2018-04-07 20:11:06', NULL),
	(380, 1, 821, 1.00, 1, '2018-03-22 10:03:01', '2018-03-22 10:03:01', NULL),
	(381, 1, 34654356346, 1.00, 1, '2018-03-22 10:22:23', '2018-03-22 10:22:23', NULL),
	(382, 1, 9990003333, 1.00, 1, '2018-03-22 10:42:38', '2018-03-22 10:42:38', NULL),
	(384, 1, 822, 1.00, 1, '2018-03-22 12:38:08', '2018-03-22 12:38:08', NULL),
	(385, 1, 921, 1.00, 1, '2018-03-29 13:11:04', '2018-03-31 12:02:10', NULL),
	(386, 1, 922, -1.00, 1, '2018-04-01 12:14:09', '2018-04-01 12:20:34', NULL);

-- Dumping structure for table classylab.suborder
CREATE TABLE IF NOT EXISTS `suborder` (
  `SubOrderID` bigint(20) NOT NULL AUTO_INCREMENT,
  `ShopID` bigint(20) DEFAULT NULL,
  `OrderID` bigint(20) DEFAULT NULL,
  `KitchenID` bigint(20) DEFAULT NULL,
  `IsConfirmed` tinyint(1) DEFAULT '0',
  `IsComplete` tinyint(1) DEFAULT '0',
  `created_at` datetime DEFAULT NULL,
  `updated_at` datetime DEFAULT NULL,
  `deleted_at` datetime DEFAULT NULL,
  PRIMARY KEY (`SubOrderID`)
) ENGINE=InnoDB AUTO_INCREMENT=1228 DEFAULT CHARSET=utf8 COLLATE=utf8_unicode_ci;

-- Dumping data for table classylab.suborder: ~931 rows (approximately)
DELETE FROM `suborder`;
INSERT INTO `suborder` (`SubOrderID`, `ShopID`, `OrderID`, `KitchenID`, `IsConfirmed`, `IsComplete`, `created_at`, `updated_at`, `deleted_at`) VALUES
	(9, 1, 8, 1, 0, 0, '2018-02-01 19:23:11', '2018-02-01 19:23:11', NULL),
	(12, 1, 11, 1, 0, 0, '2018-02-01 19:26:41', '2018-02-01 19:26:41', NULL),
	(16, 1, 12, 1, 0, 0, '2018-02-01 20:16:46', '2018-02-01 20:16:46', NULL),
	(17, 1, 12, 1, 0, 0, '2018-02-01 20:16:57', '2018-02-01 20:16:57', NULL),
	(18, 1, 13, 1, 0, 0, '2018-02-01 20:25:55', '2018-02-01 20:25:55', NULL),
	(19, 1, 13, 3, 0, 0, '2018-02-01 21:20:33', '2018-02-01 21:20:33', NULL),
	(20, 1, 14, 3, 0, 0, '2018-02-01 21:20:48', '2018-02-01 21:20:48', NULL),
	(21, 1, 15, 3, 0, 0, '2018-02-01 21:23:49', '2018-02-01 21:23:49', NULL),
	(22, 1, 15, 1, 0, 0, '2018-02-01 21:24:12', '2018-02-01 21:24:12', NULL),
	(23, 1, 16, 1, 0, 0, '2018-02-01 21:24:24', '2018-02-01 21:24:24', NULL),
	(24, 1, 13, 3, 0, 0, '2018-02-01 21:25:53', '2018-02-01 21:25:53', NULL),
	(25, 1, 17, 3, 0, 0, '2018-02-01 21:26:15', '2018-02-01 21:26:15', NULL),
	(26, 1, 18, 3, 0, 0, '2018-02-01 21:28:31', '2018-02-01 21:28:31', NULL),
	(30, 1, 21, 1, 0, 0, '2018-02-01 21:30:18', '2018-02-01 21:30:18', NULL),
	(31, 1, 22, 1, 0, 0, '2018-02-01 21:30:34', '2018-02-01 21:30:34', NULL),
	(32, 1, 22, 1, 0, 0, '2018-02-01 21:30:52', '2018-02-01 21:30:52', NULL),
	(33, 1, 22, 1, 0, 0, '2018-02-01 21:31:05', '2018-02-01 21:31:05', NULL),
	(35, 1, 24, 1, 0, 0, '2018-02-01 21:34:34', '2018-02-01 21:34:34', NULL),
	(37, 1, 24, 1, 0, 0, '2018-02-01 21:34:54', '2018-02-01 21:34:54', NULL),
	(38, 1, 26, 3, 0, 0, '2018-02-04 13:19:31', '2018-02-04 13:19:31', NULL),
	(39, 1, 27, 1, 0, 0, '2018-02-04 13:19:54', '2018-02-04 13:19:54', NULL),
	(40, 1, 28, 1, 0, 0, '2018-02-04 13:21:02', '2018-02-04 13:21:02', NULL),
	(41, 1, 29, 1, 0, 0, '2018-02-04 13:23:14', '2018-02-04 13:23:14', NULL),
	(42, 1, 30, 1, 0, 0, '2018-02-04 13:25:14', '2018-02-04 13:25:14', NULL),
	(43, 1, 31, 1, 0, 0, '2018-02-04 13:30:35', '2018-02-04 13:30:35', NULL),
	(44, 1, 32, 1, 0, 0, '2018-02-04 13:32:29', '2018-02-04 13:32:29', NULL),
	(45, 1, 33, 2, 0, 0, '2018-02-04 13:34:25', '2018-02-04 13:34:25', NULL),
	(50, 1, 37, 1, 0, 0, '2018-02-04 19:50:04', '2018-02-04 19:50:04', NULL),
	(51, 1, 38, 1, 0, 0, '2018-02-04 19:51:37', '2018-02-04 19:51:37', NULL),
	(52, 1, 39, 1, 0, 0, '2018-02-04 19:55:13', '2018-02-04 19:55:13', NULL),
	(53, 1, 40, 1, 0, 0, '2018-02-06 20:30:17', '2018-02-06 20:30:17', NULL),
	(54, 1, 41, 1, 0, 0, '2018-02-06 20:31:48', '2018-02-06 20:31:48', NULL),
	(55, 1, 42, 1, 0, 0, '2018-02-06 20:32:57', '2018-02-06 20:32:57', NULL),
	(56, 1, 43, 1, 0, 0, '2018-02-06 20:36:08', '2018-02-06 20:36:08', NULL),
	(57, 1, 44, 3, 0, 0, '2018-02-06 20:38:09', '2018-02-06 20:38:09', NULL),
	(58, 1, 45, 1, 0, 0, '2018-02-06 20:43:19', '2018-02-06 20:43:19', NULL),
	(59, 1, 46, 1, 0, 0, '2018-02-06 21:02:06', '2018-02-06 21:02:06', NULL),
	(60, 1, 47, 1, 0, 0, '2018-02-06 21:03:45', '2018-02-06 21:03:45', NULL),
	(61, 1, 48, 1, 0, 0, '2018-02-06 21:08:06', '2018-02-06 21:08:06', NULL),
	(62, 1, 49, 1, 0, 0, '2018-02-06 21:08:48', '2018-02-06 21:08:48', NULL),
	(63, 1, 50, 1, 0, 0, '2018-02-06 21:09:54', '2018-02-06 21:09:54', NULL),
	(64, 1, 51, 1, 0, 0, '2018-02-06 21:10:45', '2018-02-06 21:10:45', NULL),
	(65, 1, 52, 3, 0, 0, '2018-02-06 21:11:37', '2018-02-06 21:11:37', NULL),
	(66, 1, 53, 1, 0, 0, '2018-02-06 21:12:16', '2018-02-06 21:12:16', NULL),
	(67, 1, 54, 1, 0, 0, '2018-02-06 21:13:12', '2018-02-06 21:13:12', NULL),
	(68, 1, 55, 1, 0, 0, '2018-02-06 21:14:11', '2018-02-06 21:14:11', NULL),
	(69, 1, 56, 1, 0, 0, '2018-02-06 21:15:07', '2018-02-06 21:15:07', NULL),
	(70, 1, 57, 1, 0, 0, '2018-02-06 21:15:52', '2018-02-06 21:15:52', NULL),
	(71, 1, 58, 1, 0, 0, '2018-02-06 21:17:54', '2018-02-06 21:17:54', NULL),
	(72, 1, 59, 1, 0, 0, '2018-02-06 21:19:30', '2018-02-06 21:19:30', NULL),
	(73, 1, 60, 1, 0, 0, '2018-02-06 21:20:26', '2018-02-06 21:20:26', NULL),
	(74, 1, 61, 1, 0, 0, '2018-02-06 21:20:49', '2018-02-06 21:20:49', NULL),
	(75, 1, 62, 1, 0, 0, '2018-02-06 21:24:12', '2018-02-06 21:24:12', NULL),
	(76, 1, 63, 1, 0, 0, '2018-02-06 21:25:45', '2018-02-06 21:25:45', NULL),
	(77, 1, 64, 1, 0, 0, '2018-02-10 17:49:29', '2018-02-10 17:49:29', NULL),
	(78, 1, 65, 3, 0, 0, '2018-02-10 17:50:24', '2018-02-10 17:50:24', NULL),
	(79, 1, 66, 1, 0, 0, '2018-02-10 20:00:16', '2018-02-10 20:00:16', NULL),
	(80, 1, 67, 1, 0, 0, '2018-02-10 20:05:06', '2018-02-10 20:05:06', NULL),
	(81, 1, 68, 1, 0, 0, '2018-02-10 20:44:15', '2018-02-10 20:44:15', NULL),
	(82, 1, 68, 2, 0, 0, '2018-02-10 20:44:16', '2018-02-10 20:44:16', NULL),
	(83, 1, 68, 3, 0, 0, '2018-02-10 20:44:16', '2018-02-10 20:44:16', NULL),
	(84, 1, 69, 1, 0, 0, '2018-02-10 20:46:13', '2018-02-10 20:46:13', NULL),
	(85, 1, 70, 1, 0, 0, '2018-02-10 20:46:34', '2018-02-10 20:46:34', NULL),
	(86, 1, 70, 2, 0, 0, '2018-02-10 20:46:35', '2018-02-10 20:46:35', NULL),
	(87, 1, 70, 3, 0, 0, '2018-02-10 20:46:35', '2018-02-10 20:46:35', NULL),
	(88, 1, 71, 1, 0, 0, '2018-02-10 20:48:28', '2018-02-10 20:48:28', NULL),
	(89, 1, 72, 1, 0, 0, '2018-02-10 20:48:41', '2018-02-10 20:48:41', NULL),
	(90, 1, 73, 1, 0, 0, '2018-02-10 20:48:57', '2018-02-10 20:48:57', NULL),
	(91, 1, 73, 3, 0, 0, '2018-02-10 20:48:57', '2018-02-10 20:48:57', NULL),
	(92, 1, 74, 3, 0, 0, '2018-02-10 21:20:25', '2018-02-10 21:20:25', NULL),
	(93, 1, 75, 1, 0, 0, '2018-02-10 21:36:07', '2018-02-10 21:36:07', NULL),
	(94, 1, 75, 2, 0, 0, '2018-02-10 21:36:07', '2018-02-10 21:36:07', NULL),
	(95, 1, 75, 3, 0, 0, '2018-02-10 21:36:07', '2018-02-10 21:36:07', NULL),
	(96, 1, 76, 1, 0, 0, '2018-02-10 21:48:57', '2018-02-10 21:48:57', NULL),
	(97, 1, 77, 1, 0, 0, '2018-02-12 18:55:56', '2018-02-12 18:55:56', NULL),
	(98, 1, 78, 1, 0, 0, '2018-02-12 19:14:06', '2018-02-12 19:14:06', NULL),
	(99, 1, 79, 1, 0, 0, '2018-02-12 19:27:18', '2018-02-12 19:27:18', NULL),
	(100, 1, 80, 1, 0, 0, '2018-02-12 19:30:46', '2018-02-12 19:30:46', NULL),
	(101, 1, 81, 2, 0, 0, '2018-02-13 12:56:33', '2018-02-13 12:56:33', NULL),
	(102, 1, 82, 1, 0, 0, '2018-02-13 13:37:28', '2018-02-13 13:37:28', NULL),
	(103, 1, 83, 2, 0, 0, '2018-02-13 18:44:00', '2018-02-13 18:44:00', NULL),
	(104, 1, 84, 1, 0, 0, '2018-02-13 18:45:12', '2018-02-13 18:45:12', NULL),
	(105, 1, 85, 1, 0, 0, '2018-02-13 18:46:22', '2018-02-13 18:46:22', NULL),
	(106, 1, 86, 3, 0, 0, '2018-02-13 18:46:45', '2018-02-13 18:46:45', NULL),
	(107, 1, 87, 3, 0, 0, '2018-02-13 18:47:31', '2018-02-13 18:47:31', NULL),
	(109, 1, 89, 1, 0, 0, '2018-02-13 18:49:03', '2018-02-13 18:49:03', NULL),
	(110, 1, 90, 1, 0, 0, '2018-02-13 18:54:30', '2018-02-13 18:54:30', NULL),
	(111, 1, 91, 2, 0, 0, '2018-02-13 18:54:44', '2018-02-13 18:54:44', NULL),
	(112, 1, 92, 1, 0, 0, '2018-02-13 18:54:58', '2018-02-13 18:54:58', NULL),
	(113, 1, 93, 1, 0, 0, '2018-02-13 18:55:08', '2018-02-13 18:55:08', NULL),
	(114, 1, 94, 1, 0, 0, '2018-02-13 18:55:32', '2018-02-13 18:55:32', NULL),
	(115, 1, 95, 1, 0, 0, '2018-02-13 18:55:42', '2018-02-13 18:55:42', NULL),
	(116, 1, 96, 1, 0, 0, '2018-02-13 18:57:01', '2018-02-13 18:57:01', NULL),
	(117, 1, 97, 1, 0, 0, '2018-02-13 18:57:35', '2018-02-13 18:57:35', NULL),
	(118, 1, 98, 1, 0, 0, '2018-02-13 18:57:45', '2018-02-13 18:57:45', NULL),
	(119, 1, 99, 1, 0, 0, '2018-02-13 19:00:54', '2018-02-13 19:00:54', NULL),
	(120, 1, 100, 1, 0, 0, '2018-02-13 19:01:59', '2018-02-13 19:01:59', NULL),
	(121, 1, 101, 2, 0, 0, '2018-02-13 19:02:07', '2018-02-13 19:02:07', NULL),
	(122, 1, 102, 1, 0, 0, '2018-02-13 19:02:56', '2018-02-13 19:02:56', NULL),
	(123, 1, 103, 1, 0, 0, '2018-02-13 19:04:04', '2018-02-13 19:04:04', NULL),
	(124, 1, 104, 1, 0, 0, '2018-02-13 19:37:24', '2018-02-13 19:37:24', NULL),
	(125, 1, 105, 1, 0, 0, '2018-02-13 19:44:02', '2018-02-13 19:44:02', NULL),
	(126, 1, 106, 1, 0, 0, '2018-02-13 19:44:35', '2018-02-13 19:44:35', NULL),
	(127, 1, 107, 1, 0, 0, '2018-02-15 11:56:19', '2018-02-15 11:56:19', NULL),
	(128, 1, 108, 1, 0, 0, '2018-02-15 11:56:36', '2018-02-15 11:56:36', NULL),
	(135, 1, 113, 1, 0, 0, '2018-02-17 19:52:48', '2018-02-17 20:43:08', NULL),
	(136, 1, 114, 1, 0, 0, '2018-02-17 20:45:02', '2018-02-17 20:45:02', NULL),
	(137, 1, 115, 1, 0, 0, '2018-02-17 20:59:34', '2018-02-17 20:59:34', NULL),
	(142, 1, 118, 1, 0, 0, '2018-02-18 11:12:58', '2018-02-18 11:27:14', NULL),
	(143, 1, 118, 3, 0, 0, '2018-02-18 11:12:58', '2018-02-18 11:12:58', NULL),
	(144, 1, 119, 1, 0, 0, '2018-02-18 11:13:52', '2018-02-18 11:27:15', NULL),
	(145, 1, 119, 3, 0, 0, '2018-02-18 11:13:53', '2018-02-18 11:13:53', NULL),
	(146, 1, 120, 1, 0, 0, '2018-02-18 11:40:18', '2018-02-18 11:40:18', NULL),
	(147, 1, 121, 1, 0, 0, '2018-02-18 19:54:14', '2018-02-18 19:54:14', NULL),
	(148, 1, 122, 1, 0, 0, '2018-02-18 19:58:12', '2018-02-18 19:58:12', NULL),
	(152, 1, 126, 1, 0, 0, '2018-02-18 20:18:57', '2018-02-18 20:18:57', NULL),
	(153, 1, 127, 1, 0, 0, '2018-02-18 20:19:19', '2018-02-18 20:19:19', NULL),
	(154, 1, 127, 3, 0, 0, '2018-02-18 20:19:19', '2018-02-18 20:19:19', NULL),
	(155, 1, 128, 1, 0, 0, '2018-02-18 20:21:48', '2018-02-18 20:21:48', NULL),
	(156, 1, 129, 1, 0, 0, '2018-02-18 20:22:03', '2018-02-18 20:22:03', NULL),
	(157, 1, 130, 1, 0, 0, '2018-02-18 20:22:22', '2018-02-18 20:22:22', NULL),
	(158, 1, 131, 1, 0, 0, '2018-02-18 20:27:02', '2018-02-18 20:27:02', NULL),
	(159, 1, 131, 2, 0, 0, '2018-02-18 20:27:02', '2018-02-18 20:27:02', NULL),
	(160, 1, 131, 3, 0, 0, '2018-02-18 20:27:02', '2018-02-18 20:27:02', NULL),
	(161, 1, 132, 1, 0, 0, '2018-02-18 20:28:05', '2018-02-18 20:28:05', NULL),
	(162, 1, 133, 1, 0, 0, '2018-02-18 20:30:03', '2018-02-18 20:30:03', NULL),
	(163, 1, 134, 1, 0, 0, '2018-02-18 20:34:46', '2018-02-18 20:34:46', NULL),
	(164, 1, 135, 1, 0, 0, '2018-02-18 20:35:40', '2018-02-18 20:35:40', NULL),
	(165, 1, 135, 2, 0, 0, '2018-02-18 20:35:40', '2018-02-18 20:35:40', NULL),
	(166, 1, 135, 3, 0, 0, '2018-02-18 20:35:40', '2018-02-18 20:35:40', NULL),
	(167, 1, 136, 1, 0, 0, '2018-02-18 20:36:22', '2018-02-18 20:36:22', NULL),
	(168, 1, 137, 1, 0, 0, '2018-02-18 20:37:11', '2018-02-18 20:37:11', NULL),
	(169, 1, 138, 1, 0, 0, '2018-02-18 20:37:30', '2018-02-18 20:37:30', NULL),
	(170, 1, 139, 1, 0, 0, '2018-02-18 20:37:30', '2018-02-18 20:37:30', NULL),
	(171, 1, 140, 1, 0, 0, '2018-02-18 20:38:11', '2018-02-18 20:38:11', NULL),
	(172, 1, 141, 1, 0, 0, '2018-02-18 20:38:11', '2018-02-18 20:38:11', NULL),
	(173, 1, 142, 3, 0, 0, '2018-02-18 20:39:55', '2018-02-18 20:39:55', NULL),
	(174, 1, 143, 1, 0, 0, '2018-02-18 20:44:23', '2018-02-18 20:44:23', NULL),
	(175, 1, 143, 2, 0, 0, '2018-02-18 20:44:23', '2018-02-18 20:44:23', NULL),
	(176, 1, 143, 3, 0, 0, '2018-02-18 20:44:24', '2018-02-18 20:44:24', NULL),
	(177, 1, 144, 1, 0, 0, '2018-02-18 20:45:44', '2018-02-18 20:45:44', NULL),
	(178, 1, 144, 2, 0, 0, '2018-02-18 20:45:44', '2018-02-18 20:45:44', NULL),
	(179, 1, 144, 3, 0, 0, '2018-02-18 20:45:45', '2018-02-18 20:45:45', NULL),
	(180, 1, 145, 1, 0, 0, '2018-02-18 20:59:06', '2018-02-18 20:59:06', NULL),
	(181, 1, 145, 3, 0, 0, '2018-02-18 20:59:07', '2018-02-18 20:59:07', NULL),
	(182, 1, 146, 1, 0, 0, '2018-02-18 21:28:14', '2018-02-18 21:28:14', NULL),
	(184, 1, 148, 1, 0, 0, '2018-02-19 10:41:06', '2018-02-19 10:41:06', NULL),
	(185, 1, 149, 1, 0, 0, '2018-02-19 10:42:10', '2018-02-19 10:42:10', NULL),
	(186, 1, 150, 2, 0, 0, '2018-02-19 18:49:17', '2018-02-19 18:49:17', NULL),
	(187, 1, 151, 1, 0, 0, '2018-02-19 19:04:09', '2018-02-19 19:04:09', NULL),
	(188, 1, 152, 1, 0, 0, '2018-02-19 19:05:14', '2018-02-19 19:05:14', NULL),
	(189, 1, 153, 1, 0, 0, '2018-02-19 19:05:33', '2018-02-19 19:05:33', NULL),
	(190, 1, 154, 3, 0, 0, '2018-02-19 19:09:47', '2018-02-19 19:09:47', NULL),
	(191, 1, 151, 1, 0, 0, '2018-02-19 19:10:46', '2018-02-19 19:10:46', NULL),
	(192, 1, 151, 1, 0, 0, '2018-02-19 19:10:55', '2018-02-19 19:10:55', NULL),
	(193, 1, 155, 3, 0, 0, '2018-02-19 19:11:06', '2018-02-19 19:11:06', NULL),
	(194, 1, 155, 3, 0, 0, '2018-02-19 19:11:35', '2018-02-19 19:11:35', NULL),
	(195, 1, 151, 1, 0, 0, '2018-02-19 19:11:48', '2018-02-19 19:11:48', NULL),
	(196, 1, 74, 2, 0, 0, '2018-02-19 19:18:38', '2018-02-19 19:18:38', NULL),
	(197, 1, 156, 1, 0, 0, '2018-02-19 19:20:00', '2018-02-19 19:20:00', NULL),
	(198, 1, 157, 1, 0, 0, '2018-02-19 19:20:14', '2018-02-19 19:20:14', NULL),
	(199, 1, 158, 1, 0, 0, '2018-02-19 19:24:00', '2018-02-19 19:24:00', NULL),
	(200, 1, 158, 1, 0, 0, '2018-02-19 19:24:11', '2018-02-19 19:24:11', NULL),
	(201, 1, 159, 1, 0, 0, '2018-02-19 19:32:18', '2018-02-19 19:32:18', NULL),
	(202, 1, 160, 1, 0, 0, '2018-02-19 20:24:11', '2018-02-19 20:24:11', NULL),
	(203, 1, 161, 1, 0, 0, '2018-02-19 20:25:05', '2018-02-19 20:25:05', NULL),
	(204, 1, 162, 1, 0, 0, '2018-02-19 20:26:15', '2018-02-19 20:26:15', NULL),
	(205, 1, 163, 1, 0, 0, '2018-02-19 20:27:15', '2018-02-19 20:27:15', NULL),
	(206, 1, 164, 1, 0, 0, '2018-02-19 20:41:32', '2018-02-19 20:41:32', NULL),
	(207, 1, 165, 1, 0, 0, '2018-02-19 20:56:53', '2018-02-19 20:56:53', NULL),
	(208, 1, 165, 1, 0, 0, '2018-02-19 20:57:02', '2018-02-19 20:57:02', NULL),
	(209, 1, 166, 1, 0, 0, '2018-02-19 20:59:38', '2018-02-19 20:59:38', NULL),
	(210, 1, 165, 1, 0, 0, '2018-02-19 21:00:18', '2018-02-19 21:00:18', NULL),
	(211, 1, 167, 1, 0, 0, '2018-02-19 21:01:01', '2018-02-19 21:01:01', NULL),
	(212, 1, 168, 1, 0, 0, '2018-02-19 21:01:58', '2018-02-19 21:01:58', NULL),
	(214, 1, 170, 1, 0, 0, '2018-02-19 21:06:58', '2018-02-19 21:06:58', NULL),
	(215, 1, 171, 1, 0, 0, '2018-02-19 21:11:11', '2018-02-19 21:11:11', NULL),
	(216, 1, 165, 1, 0, 0, '2018-02-19 21:12:38', '2018-02-19 21:12:38', NULL),
	(217, 1, 158, 1, 0, 0, '2018-02-19 21:13:16', '2018-02-19 21:13:16', NULL),
	(218, 1, 172, 1, 0, 0, '2018-02-19 21:14:27', '2018-02-19 21:14:27', NULL),
	(219, 1, 158, 1, 0, 0, '2018-02-19 21:27:15', '2018-02-19 21:27:15', NULL),
	(220, 1, 158, 1, 0, 0, '2018-02-19 21:33:22', '2018-02-19 21:33:22', NULL),
	(221, 1, 172, 3, 0, 0, '2018-02-19 21:33:42', '2018-02-19 21:33:42', NULL),
	(222, 1, 173, 1, 0, 0, '2018-02-19 21:34:17', '2018-02-19 21:34:17', NULL),
	(223, 1, 172, 1, 0, 0, '2018-02-19 21:34:54', '2018-02-19 21:34:54', NULL),
	(224, 1, 158, 1, 0, 0, '2018-02-19 21:36:23', '2018-02-19 21:36:23', NULL),
	(225, 1, 174, 2, 0, 0, '2018-02-19 21:36:51', '2018-02-19 21:36:51', NULL),
	(226, 1, 174, 2, 0, 0, '2018-02-19 21:37:02', '2018-02-19 21:37:02', NULL),
	(227, 1, 175, 1, 0, 0, '2018-02-19 21:38:57', '2018-02-19 21:38:57', NULL),
	(228, 1, 161, 1, 0, 0, '2018-02-19 21:39:15', '2018-02-19 21:39:15', NULL),
	(229, 1, 161, 3, 0, 0, '2018-02-19 21:39:15', '2018-02-19 21:39:15', NULL),
	(232, 1, 177, 1, 0, 0, '2018-02-20 10:36:49', '2018-02-20 10:36:49', NULL),
	(233, 1, 178, 1, 0, 0, '2018-02-20 10:37:03', '2018-02-20 10:37:03', NULL),
	(234, 1, 179, 1, 0, 0, '2018-02-20 10:37:47', '2018-02-20 10:37:47', NULL),
	(235, 1, 179, 1, 0, 0, '2018-02-20 10:38:01', '2018-02-20 10:38:01', NULL),
	(236, 1, 180, 2, 0, 0, '2018-02-20 10:38:58', '2018-02-20 10:38:58', NULL),
	(237, 1, 180, 1, 0, 0, '2018-02-20 10:39:17', '2018-02-20 10:39:17', NULL),
	(238, 1, 180, 3, 0, 0, '2018-02-20 10:39:17', '2018-02-20 10:39:17', NULL),
	(243, 1, 183, 1, 0, 0, '2018-02-20 10:46:25', '2018-02-20 10:46:25', NULL),
	(244, 1, 183, 3, 0, 0, '2018-02-20 11:01:31', '2018-02-20 11:01:31', NULL),
	(245, 1, 183, 1, 0, 0, '2018-02-20 11:18:24', '2018-02-20 11:18:24', NULL),
	(246, 1, 184, 2, 0, 0, '2018-02-20 11:18:39', '2018-02-20 11:18:39', NULL),
	(247, 1, 184, 2, 0, 0, '2018-02-20 11:18:49', '2018-02-20 11:18:49', NULL),
	(248, 1, 185, 1, 0, 0, '2018-02-20 11:19:02', '2018-02-20 11:19:02', NULL),
	(249, 1, 185, 1, 0, 0, '2018-02-20 11:19:20', '2018-02-20 11:19:20', NULL),
	(250, 1, 184, 2, 0, 0, '2018-02-20 11:19:49', '2018-02-20 11:19:49', NULL),
	(251, 1, 186, 1, 0, 0, '2018-02-20 11:21:44', '2018-02-20 11:21:44', NULL),
	(252, 1, 186, 1, 0, 0, '2018-02-20 11:22:01', '2018-02-20 11:22:01', NULL),
	(253, 1, 178, 1, 0, 0, '2018-02-20 11:27:17', '2018-02-20 11:27:17', NULL),
	(254, 1, 187, 2, 0, 0, '2018-02-20 11:29:30', '2018-02-20 11:29:30', NULL),
	(258, 1, 189, 1, 0, 0, '2018-02-20 11:31:28', '2018-02-20 11:31:28', NULL),
	(259, 1, 189, 1, 0, 0, '2018-02-20 11:31:49', '2018-02-20 11:31:49', NULL),
	(261, 1, 191, 1, 0, 0, '2018-02-20 14:06:18', '2018-02-20 14:06:18', NULL),
	(263, 1, 193, 1, 0, 0, '2018-02-20 14:07:38', '2018-02-20 14:07:38', NULL),
	(264, 1, 194, 1, 0, 0, '2018-02-20 18:44:24', '2018-02-20 18:44:24', NULL),
	(265, 1, 195, 1, 0, 0, '2018-02-20 18:48:25', '2018-02-20 18:48:25', NULL),
	(267, 1, 197, 1, 0, 0, '2018-02-20 18:51:09', '2018-02-20 18:51:09', NULL),
	(268, 1, 198, 1, 0, 0, '2018-02-20 18:51:23', '2018-02-20 18:51:23', NULL),
	(270, 1, 200, 1, 0, 0, '2018-02-20 18:52:33', '2018-02-20 18:52:33', NULL),
	(271, 1, 201, 1, 0, 0, '2018-02-20 18:53:15', '2018-02-20 18:53:15', NULL),
	(272, 1, 202, 1, 0, 0, '2018-02-20 19:01:42', '2018-02-20 19:01:42', NULL),
	(273, 1, 203, 1, 0, 0, '2018-02-20 19:01:52', '2018-02-20 19:01:52', NULL),
	(274, 1, 204, 1, 0, 0, '2018-02-20 19:04:07', '2018-02-20 19:04:07', NULL),
	(275, 1, 205, 1, 0, 0, '2018-02-20 19:05:03', '2018-02-20 19:05:03', NULL),
	(276, 1, 206, 1, 0, 0, '2018-02-20 19:06:37', '2018-02-20 19:06:37', NULL),
	(277, 1, 207, 1, 0, 0, '2018-02-20 20:43:06', '2018-02-20 20:43:06', NULL),
	(278, 1, 208, 1, 0, 0, '2018-02-20 20:43:18', '2018-02-20 20:43:18', NULL),
	(279, 1, 209, 1, 0, 0, '2018-02-20 20:46:08', '2018-02-20 20:46:08', NULL),
	(280, 1, 210, 1, 0, 0, '2018-02-20 20:46:17', '2018-02-20 20:46:17', NULL),
	(281, 1, 211, 1, 0, 0, '2018-02-20 21:31:49', '2018-02-20 21:31:49', NULL),
	(282, 1, 212, 1, 0, 0, '2018-02-22 18:59:09', '2018-02-22 18:59:09', NULL),
	(283, 1, 213, 1, 0, 0, '2018-02-22 18:59:51', '2018-02-22 18:59:51', NULL),
	(284, 1, 214, 1, 0, 0, '2018-02-22 19:04:56', '2018-02-22 19:04:56', NULL),
	(285, 1, 215, 1, 0, 0, '2018-02-22 19:08:37', '2018-02-22 19:08:37', NULL),
	(286, 1, 216, 1, 0, 0, '2018-02-22 19:13:17', '2018-02-22 19:13:17', NULL),
	(287, 1, 217, 1, 0, 0, '2018-02-22 19:14:47', '2018-02-22 19:14:47', NULL),
	(290, 1, 220, 1, 0, 0, '2018-02-22 19:26:28', '2018-02-22 19:26:28', NULL),
	(291, 1, 221, 1, 0, 0, '2018-02-22 19:38:38', '2018-02-22 19:38:38', NULL),
	(292, 1, 222, 1, 0, 0, '2018-02-22 19:39:20', '2018-02-22 19:39:20', NULL),
	(293, 1, 223, 1, 0, 0, '2018-02-22 19:53:51', '2018-02-22 19:53:51', NULL),
	(295, 1, 225, 1, 0, 0, '2018-02-22 20:18:22', '2018-02-22 20:18:22', NULL),
	(296, 1, 226, 1, 0, 0, '2018-02-22 20:20:39', '2018-02-22 20:20:39', NULL),
	(297, 1, 227, 1, 0, 0, '2018-02-24 10:28:14', '2018-02-24 10:28:14', NULL),
	(298, 1, 228, 1, 0, 0, '2018-02-25 19:50:05', '2018-02-25 19:50:05', NULL),
	(299, 1, 228, 2, 0, 0, '2018-02-25 19:50:05', '2018-02-25 19:50:05', NULL),
	(300, 1, 229, 1, 0, 0, '2018-02-25 19:53:59', '2018-02-25 19:53:59', NULL),
	(301, 1, 230, 1, 0, 0, '2018-02-27 12:24:44', '2018-02-27 12:24:44', NULL),
	(302, 1, 231, 1, 0, 0, '2018-02-27 12:26:13', '2018-02-27 12:26:13', NULL),
	(304, 1, 233, 1, 0, 0, '2018-02-27 12:30:16', '2018-02-27 12:30:16', NULL),
	(305, 1, 234, 1, 0, 0, '2018-02-27 12:32:04', '2018-02-27 12:32:04', NULL),
	(308, 1, 237, 1, 0, 0, '2018-02-28 12:40:49', '2018-02-28 12:40:49', NULL),
	(309, 1, 238, 1, 0, 0, '2018-03-01 19:30:02', '2018-03-01 19:30:02', NULL),
	(315, 1, 240, 1, 0, 0, '2018-03-01 20:20:30', '2018-03-01 20:20:30', NULL),
	(316, 1, 241, 1, 0, 0, '2018-03-05 13:47:05', '2018-03-05 13:47:05', NULL),
	(317, 1, 242, 1, 0, 0, '2018-03-05 13:47:32', '2018-03-05 13:47:32', NULL),
	(318, 1, 243, 1, 0, 0, '2018-03-05 14:08:35', '2018-03-05 14:08:35', NULL),
	(319, 1, 244, 1, 0, 0, '2018-03-05 14:22:03', '2018-03-05 14:22:03', NULL),
	(320, 1, 245, 1, 0, 0, '2018-03-05 19:07:47', '2018-03-05 19:07:47', NULL),
	(321, 1, 246, 1, 0, 0, '2018-03-05 19:12:54', '2018-03-05 19:12:54', NULL),
	(323, 1, 248, 1, 0, 0, '2018-03-05 19:34:51', '2018-03-05 19:34:51', NULL),
	(325, 1, 250, 1, 0, 0, '2018-03-05 20:42:12', '2018-03-05 20:42:12', NULL),
	(326, 1, 251, 1, 0, 0, '2018-03-05 20:44:37', '2018-03-05 20:44:37', NULL),
	(327, 1, 252, 1, 0, 0, '2018-03-05 20:53:25', '2018-03-05 20:53:25', NULL),
	(330, 1, 255, 1, 0, 0, '2018-03-05 21:00:03', '2018-03-05 21:00:03', NULL),
	(331, 1, 256, 1, 0, 0, '2018-03-05 21:02:19', '2018-03-05 21:02:19', NULL),
	(332, 1, 257, 1, 0, 0, '2018-03-05 21:03:50', '2018-03-05 21:03:50', NULL),
	(333, 1, 258, 2, 0, 0, '2018-03-05 21:06:49', '2018-03-05 21:06:49', NULL),
	(334, 1, 259, 1, 0, 0, '2018-03-05 21:11:17', '2018-03-05 21:11:17', NULL),
	(335, 1, 260, 1, 0, 0, '2018-03-05 21:19:51', '2018-03-05 21:19:51', NULL),
	(336, 1, 261, 1, 0, 0, '2018-03-05 21:21:56', '2018-03-05 21:21:56', NULL),
	(337, 1, 261, 1, 0, 0, '2018-03-05 21:22:10', '2018-03-05 21:22:10', NULL),
	(338, 1, 262, 1, 0, 0, '2018-03-05 21:28:21', '2018-03-05 21:28:21', NULL),
	(339, 1, 263, 1, 0, 0, '2018-03-05 21:28:57', '2018-03-05 21:28:57', NULL),
	(340, 1, 263, 1, 0, 0, '2018-03-05 21:29:09', '2018-03-05 21:29:09', NULL),
	(341, 1, 264, 1, 0, 0, '2018-03-05 21:35:58', '2018-03-05 21:35:58', NULL),
	(342, 1, 264, 1, 0, 0, '2018-03-05 21:36:38', '2018-03-05 21:36:38', NULL),
	(343, 1, 265, 1, 0, 0, '2018-03-05 21:44:13', '2018-03-05 21:44:13', NULL),
	(344, 1, 266, 1, 0, 0, '2018-03-06 10:44:40', '2018-03-06 10:44:40', NULL),
	(345, 1, 266, 1, 0, 0, '2018-03-06 10:44:55', '2018-03-06 10:44:55', NULL),
	(351, 1, 269, 1, 0, 0, '2018-03-06 11:02:33', '2018-03-06 11:02:33', NULL),
	(352, 1, 269, 1, 0, 0, '2018-03-06 11:02:43', '2018-03-06 11:02:43', NULL),
	(353, 1, 270, 1, 0, 0, '2018-03-06 11:04:31', '2018-03-06 11:04:31', NULL),
	(354, 1, 270, 1, 0, 0, '2018-03-06 11:04:41', '2018-03-06 11:04:41', NULL),
	(355, 1, 271, 1, 0, 0, '2018-03-06 11:07:47', '2018-03-06 11:07:47', NULL),
	(356, 1, 271, 1, 0, 0, '2018-03-06 11:08:16', '2018-03-06 11:08:16', NULL),
	(358, 1, 265, 1, 0, 0, '2018-03-06 11:16:17', '2018-03-06 11:16:17', NULL),
	(359, 1, 262, 1, 0, 0, '2018-03-06 11:17:23', '2018-03-06 11:17:23', NULL),
	(360, 1, 273, 1, 0, 0, '2018-03-06 11:19:27', '2018-03-06 11:19:27', NULL),
	(361, 1, 273, 1, 0, 0, '2018-03-06 11:19:38', '2018-03-06 11:19:38', NULL),
	(362, 1, 274, 1, 0, 0, '2018-03-06 11:24:51', '2018-03-06 11:24:51', NULL),
	(363, 1, 275, 1, 0, 0, '2018-03-06 11:27:17', '2018-03-06 11:27:17', NULL),
	(364, 1, 275, 1, 0, 0, '2018-03-06 11:27:41', '2018-03-06 11:27:41', NULL),
	(365, 1, 276, 1, 0, 0, '2018-03-06 11:29:49', '2018-03-06 11:29:49', NULL),
	(366, 1, 276, 1, 0, 0, '2018-03-06 11:30:12', '2018-03-06 11:30:12', NULL),
	(367, 1, 277, 1, 0, 0, '2018-03-06 11:31:26', '2018-03-06 11:31:26', NULL),
	(368, 1, 277, 1, 0, 0, '2018-03-06 11:31:42', '2018-03-06 11:31:42', NULL),
	(369, 1, 278, 1, 0, 0, '2018-03-06 11:37:34', '2018-03-06 11:37:34', NULL),
	(370, 1, 278, 1, 0, 0, '2018-03-06 11:39:30', '2018-03-06 11:39:30', NULL),
	(371, 1, 279, 1, 0, 0, '2018-03-06 11:57:37', '2018-03-06 11:57:37', NULL),
	(372, 1, 280, 1, 0, 0, '2018-03-06 11:59:14', '2018-03-06 11:59:14', NULL),
	(373, 1, 280, 1, 0, 0, '2018-03-06 12:08:42', '2018-03-06 12:08:42', NULL),
	(374, 1, 281, 1, 0, 0, '2018-03-06 12:13:58', '2018-03-06 12:13:58', NULL),
	(375, 1, 281, 1, 0, 0, '2018-03-06 12:14:13', '2018-03-06 12:14:13', NULL),
	(376, 1, 279, 1, 0, 0, '2018-03-06 12:20:07', '2018-03-06 12:20:07', NULL),
	(377, 1, 282, 1, 0, 0, '2018-03-06 12:25:31', '2018-03-06 12:25:31', NULL),
	(378, 1, 282, 1, 0, 0, '2018-03-06 12:25:45', '2018-03-06 12:25:45', NULL),
	(379, 1, 283, 1, 0, 0, '2018-03-06 12:31:32', '2018-03-06 12:31:32', NULL),
	(380, 1, 283, 1, 0, 0, '2018-03-06 12:31:49', '2018-03-06 12:31:49', NULL),
	(381, 1, 284, 1, 0, 0, '2018-03-06 12:42:52', '2018-03-06 12:42:52', NULL),
	(382, 1, 284, 1, 0, 0, '2018-03-06 12:43:01', '2018-03-06 12:43:01', NULL),
	(383, 1, 285, 1, 0, 0, '2018-03-06 13:05:23', '2018-03-06 13:05:23', NULL),
	(384, 1, 285, 1, 0, 0, '2018-03-06 13:05:33', '2018-03-06 13:05:33', NULL),
	(385, 1, 286, 1, 0, 0, '2018-03-06 13:07:45', '2018-03-06 13:07:45', NULL),
	(386, 1, 286, 1, 0, 0, '2018-03-06 13:08:01', '2018-03-06 13:08:01', NULL),
	(387, 1, 287, 1, 0, 0, '2018-03-06 13:12:11', '2018-03-06 13:12:11', NULL),
	(388, 1, 287, 1, 0, 0, '2018-03-06 13:12:28', '2018-03-06 13:12:28', NULL),
	(389, 1, 274, 1, 0, 0, '2018-03-06 13:15:31', '2018-03-06 13:15:31', NULL),
	(390, 1, 274, 1, 0, 0, '2018-03-06 13:15:56', '2018-03-06 13:15:56', NULL),
	(392, 1, 289, 1, 0, 0, '2018-03-06 13:57:51', '2018-03-06 13:57:51', NULL),
	(393, 1, 290, 1, 0, 0, '2018-03-06 14:06:50', '2018-03-06 14:06:50', NULL),
	(394, 1, 290, 1, 0, 0, '2018-03-06 14:07:06', '2018-03-06 14:07:06', NULL),
	(395, 1, 291, 1, 0, 0, '2018-03-06 19:11:02', '2018-03-06 19:11:02', NULL),
	(396, 1, 292, 1, 0, 0, '2018-03-06 19:12:33', '2018-03-06 19:12:33', NULL),
	(397, 1, 293, 2, 0, 0, '2018-03-06 19:12:58', '2018-03-06 19:12:58', NULL),
	(398, 1, 294, 1, 0, 0, '2018-03-06 19:14:00', '2018-03-06 19:14:00', NULL),
	(399, 1, 295, 1, 0, 0, '2018-03-06 19:22:09', '2018-03-06 19:22:09', NULL),
	(400, 1, 296, 1, 0, 0, '2018-03-06 19:28:26', '2018-03-06 19:28:26', NULL),
	(401, 1, 297, 1, 0, 0, '2018-03-06 19:30:27', '2018-03-06 19:30:27', NULL),
	(402, 1, 298, 2, 0, 0, '2018-03-06 19:32:40', '2018-03-06 19:32:40', NULL),
	(403, 1, 299, 1, 0, 0, '2018-03-06 19:44:46', '2018-03-06 19:44:46', NULL),
	(404, 1, 300, 1, 0, 0, '2018-03-06 19:45:44', '2018-03-06 19:45:44', NULL),
	(405, 1, 301, 1, 0, 0, '2018-03-06 19:46:41', '2018-03-06 19:46:41', NULL),
	(406, 1, 302, 1, 0, 0, '2018-03-06 19:47:13', '2018-03-06 19:47:13', NULL),
	(407, 1, 303, 2, 0, 0, '2018-03-06 19:47:50', '2018-03-06 19:47:50', NULL),
	(408, 1, 304, 1, 0, 0, '2018-03-06 19:48:20', '2018-03-06 19:48:20', NULL),
	(409, 1, 305, 1, 0, 0, '2018-03-06 19:48:42', '2018-03-06 19:48:42', NULL),
	(410, 1, 306, 2, 0, 0, '2018-03-06 19:50:27', '2018-03-06 19:50:27', NULL),
	(411, 1, 307, 1, 0, 0, '2018-03-06 19:57:41', '2018-03-06 19:57:41', NULL),
	(412, 1, 308, 1, 0, 0, '2018-03-06 20:00:32', '2018-03-06 20:00:32', NULL),
	(413, 1, 309, 1, 0, 0, '2018-03-06 20:04:02', '2018-03-06 20:04:02', NULL),
	(414, 1, 310, 1, 0, 0, '2018-03-06 20:04:39', '2018-03-06 20:04:39', NULL),
	(415, 1, 311, 1, 0, 0, '2018-03-06 20:18:45', '2018-03-06 20:18:45', NULL),
	(416, 1, 312, 2, 0, 0, '2018-03-06 20:48:31', '2018-03-06 20:48:31', NULL),
	(417, 1, 313, 1, 0, 0, '2018-03-06 20:49:45', '2018-03-06 20:49:45', NULL),
	(418, 1, 266, 1, 0, 0, '2018-03-06 20:51:57', '2018-03-06 20:51:57', NULL),
	(419, 1, 314, 1, 0, 0, '2018-03-06 20:53:16', '2018-03-06 20:53:16', NULL),
	(420, 1, 285, 1, 0, 0, '2018-03-06 20:53:44', '2018-03-06 20:53:44', NULL),
	(421, 1, 285, 1, 0, 0, '2018-03-06 20:54:03', '2018-03-06 20:54:03', NULL),
	(422, 1, 315, 2, 0, 0, '2018-03-06 20:55:17', '2018-03-06 20:55:17', NULL),
	(423, 1, 266, 1, 0, 0, '2018-03-06 20:55:38', '2018-03-06 20:55:38', NULL),
	(424, 1, 316, 1, 0, 0, '2018-03-06 21:02:41', '2018-03-06 21:02:41', NULL),
	(425, 1, 317, 1, 0, 0, '2018-03-06 21:27:05', '2018-03-06 21:27:05', NULL),
	(426, 1, 318, 1, 0, 0, '2018-03-07 10:15:47', '2018-03-07 10:15:47', NULL),
	(427, 1, 319, 1, 0, 0, '2018-03-07 10:25:22', '2018-03-07 10:25:22', NULL),
	(428, 1, 319, 1, 0, 0, '2018-03-07 10:26:00', '2018-03-07 10:26:00', NULL),
	(429, 1, 320, 1, 0, 0, '2018-03-07 10:27:43', '2018-03-07 10:27:43', NULL),
	(430, 1, 321, 1, 0, 0, '2018-03-07 10:41:21', '2018-03-07 10:41:21', NULL),
	(431, 1, 322, 1, 0, 0, '2018-03-07 10:47:05', '2018-03-07 10:47:05', NULL),
	(432, 1, 323, 1, 0, 0, '2018-03-07 11:07:57', '2018-03-07 11:07:57', NULL),
	(433, 1, 324, 1, 0, 0, '2018-03-07 11:10:13', '2018-03-07 11:10:13', NULL),
	(434, 1, 325, 1, 0, 0, '2018-03-07 11:21:55', '2018-03-07 11:21:55', NULL),
	(435, 1, 326, 1, 0, 0, '2018-03-07 11:26:34', '2018-03-07 11:26:34', NULL),
	(436, 1, 327, 1, 0, 0, '2018-03-07 11:30:27', '2018-03-07 11:30:27', NULL),
	(437, 1, 328, 1, 0, 0, '2018-03-07 11:42:07', '2018-03-07 11:42:07', NULL),
	(438, 1, 329, 1, 0, 0, '2018-03-07 11:56:09', '2018-03-07 11:56:09', NULL),
	(439, 1, 330, 1, 0, 0, '2018-03-07 12:03:40', '2018-03-07 12:03:40', NULL),
	(440, 1, 331, 1, 0, 0, '2018-03-07 12:05:49', '2018-03-07 12:05:49', NULL),
	(441, 1, 332, 1, 0, 0, '2018-03-07 12:19:20', '2018-03-07 12:19:20', NULL),
	(442, 1, 333, 1, 0, 0, '2018-03-07 13:54:13', '2018-03-07 13:54:13', NULL),
	(443, 1, 334, 1, 0, 0, '2018-03-07 14:09:56', '2018-03-07 14:09:56', NULL),
	(444, 1, 335, 2, 0, 0, '2018-03-07 14:10:07', '2018-03-07 14:10:07', NULL),
	(445, 1, 336, 1, 0, 0, '2018-03-07 14:23:42', '2018-03-07 14:23:42', NULL),
	(446, 1, 337, 1, 0, 0, '2018-03-07 14:35:50', '2018-03-07 14:35:50', NULL),
	(447, 1, 338, 1, 0, 0, '2018-03-07 14:37:36', '2018-03-07 14:37:36', NULL),
	(448, 1, 339, 1, 0, 0, '2018-03-07 14:39:27', '2018-03-07 14:39:27', NULL),
	(449, 1, 340, 1, 0, 0, '2018-03-07 14:41:35', '2018-03-07 14:41:35', NULL),
	(450, 1, 341, 1, 0, 0, '2018-03-07 14:44:08', '2018-03-07 14:44:08', NULL),
	(451, 1, 342, 1, 0, 0, '2018-03-08 10:24:17', '2018-03-08 10:24:17', NULL),
	(452, 1, 343, 1, 0, 0, '2018-03-08 10:39:14', '2018-03-08 10:39:14', NULL),
	(453, 1, 344, 1, 0, 0, '2018-03-08 10:41:13', '2018-03-08 10:41:13', NULL),
	(454, 1, 345, 2, 0, 0, '2018-03-08 10:55:50', '2018-03-08 10:55:50', NULL),
	(455, 1, 346, 1, 0, 0, '2018-03-08 11:07:24', '2018-03-08 11:07:24', NULL),
	(456, 1, 347, 1, 0, 0, '2018-03-08 11:15:21', '2018-03-08 11:15:21', NULL),
	(457, 1, 348, 1, 0, 0, '2018-03-08 11:27:31', '2018-03-08 11:27:31', NULL),
	(458, 1, 349, 1, 0, 0, '2018-03-10 11:54:54', '2018-03-10 11:54:54', NULL),
	(459, 1, 350, 1, 0, 0, '2018-03-10 14:28:23', '2018-03-10 14:28:23', NULL),
	(460, 1, 351, 1, 1, 0, '2018-03-11 10:55:27', '2018-03-11 21:26:17', NULL),
	(461, 1, 352, 1, 1, 0, '2018-03-11 13:06:45', '2018-03-11 21:26:18', NULL),
	(462, 1, 353, 1, 1, 0, '2018-03-11 19:34:23', '2018-03-11 21:26:19', NULL),
	(463, 1, 354, 1, 1, 0, '2018-03-11 19:43:24', '2018-03-11 21:26:20', NULL),
	(464, 1, 354, 2, 0, 0, '2018-03-11 19:43:24', '2018-03-11 19:43:24', NULL),
	(465, 1, 355, 1, 1, 0, '2018-03-11 21:25:32', '2018-03-11 21:26:21', NULL),
	(466, 1, 356, 1, 1, 0, '2018-03-12 12:22:52', '2018-03-12 18:35:24', NULL),
	(467, 1, 357, 1, 1, 0, '2018-03-12 12:35:00', '2018-03-12 18:41:18', NULL),
	(469, 1, 359, 1, 0, 0, '2018-03-12 13:07:34', '2018-03-12 19:48:40', NULL),
	(470, 1, 359, 3, 1, 0, '2018-03-12 13:07:34', '2018-03-12 13:22:36', NULL),
	(471, 1, 360, 1, 1, 0, '2018-03-13 10:14:33', '2018-03-13 10:15:40', NULL),
	(481, 1, 369, 1, 0, 0, '2018-03-13 13:49:44', '2018-03-13 13:49:44', NULL),
	(488, 1, 376, 2, 0, 0, '2018-03-13 13:57:56', '2018-03-13 13:57:56', NULL),
	(493, 1, 381, 1, 0, 0, '2018-03-13 14:00:09', '2018-03-13 14:00:09', NULL),
	(494, 1, 381, 2, 0, 0, '2018-03-13 14:00:09', '2018-03-13 14:00:09', NULL),
	(496, 1, 383, 1, 0, 0, '2018-03-13 14:13:07', '2018-03-13 14:13:07', NULL),
	(500, 1, 387, 1, 0, 0, '2018-03-13 14:15:12', '2018-03-13 14:15:12', NULL),
	(502, 1, 389, 1, 0, 0, '2018-03-13 14:15:45', '2018-03-13 14:15:45', NULL),
	(507, 1, 393, 1, 0, 0, '2018-03-13 14:20:27', '2018-03-13 14:20:27', NULL),
	(508, 1, 393, 2, 0, 0, '2018-03-13 14:20:27', '2018-03-13 14:20:27', NULL),
	(509, 1, 394, 1, 0, 0, '2018-03-13 14:22:24', '2018-03-13 14:22:24', NULL),
	(510, 1, 394, 3, 0, 0, '2018-03-13 14:22:24', '2018-03-13 14:22:24', NULL),
	(511, 1, 395, 1, 0, 0, '2018-03-13 14:24:45', '2018-03-13 14:24:45', NULL),
	(513, 1, 397, 1, 0, 0, '2018-03-13 14:29:26', '2018-03-13 14:29:26', NULL),
	(519, 1, 403, 1, 0, 0, '2018-03-13 18:50:55', '2018-03-13 18:50:55', NULL),
	(520, 1, 404, 1, 0, 0, '2018-03-13 18:54:21', '2018-03-13 18:54:21', NULL),
	(524, 1, 408, 1, 0, 0, '2018-03-13 19:20:04', '2018-03-13 19:20:04', NULL),
	(525, 1, 408, 3, 0, 0, '2018-03-13 19:20:04', '2018-03-13 19:20:04', NULL),
	(527, 1, 410, 1, 0, 0, '2018-03-13 19:21:02', '2018-03-13 19:21:02', NULL),
	(532, 1, 415, 1, 0, 0, '2018-03-13 19:27:39', '2018-03-13 19:27:39', NULL),
	(534, 1, 417, 1, 0, 0, '2018-03-13 19:28:16', '2018-03-13 19:28:16', NULL),
	(537, 1, 420, 1, 0, 0, '2018-03-13 19:33:10', '2018-03-13 19:33:10', NULL),
	(541, 1, 424, 1, 0, 0, '2018-03-13 19:37:51', '2018-03-13 19:37:51', NULL),
	(544, 1, 426, 1, 0, 0, '2018-03-13 19:41:10', '2018-03-13 19:41:10', NULL),
	(545, 1, 426, 3, 0, 0, '2018-03-13 19:41:10', '2018-03-13 19:41:10', NULL),
	(546, 1, 427, 1, 0, 0, '2018-03-15 11:36:48', '2018-03-15 11:36:48', NULL),
	(548, 1, 429, 1, 0, 0, '2018-03-15 11:39:49', '2018-03-15 11:39:49', NULL),
	(549, 1, 430, 1, 0, 0, '2018-03-15 12:09:32', '2018-03-15 12:09:32', NULL),
	(550, 1, 431, 1, 0, 0, '2018-03-15 12:13:48', '2018-03-15 12:13:48', NULL),
	(551, 1, 432, 1, 0, 0, '2018-03-15 13:04:28', '2018-03-15 13:04:28', NULL),
	(552, 1, 433, 1, 0, 0, '2018-03-15 13:07:41', '2018-03-15 13:07:41', NULL),
	(554, 1, 435, 1, 0, 0, '2018-03-15 19:01:56', '2018-03-15 19:01:56', NULL),
	(555, 1, 436, 1, 0, 0, '2018-03-15 19:20:47', '2018-03-15 19:20:47', NULL),
	(556, 1, 437, 1, 0, 0, '2018-03-15 19:21:00', '2018-03-15 19:21:00', NULL),
	(557, 1, 438, 1, 0, 0, '2018-03-15 19:33:31', '2018-03-15 19:33:31', NULL),
	(558, 1, 439, 1, 0, 0, '2018-03-15 19:33:51', '2018-03-15 19:33:51', NULL),
	(559, 1, 440, 1, 0, 0, '2018-03-15 19:34:27', '2018-03-15 19:34:27', NULL),
	(560, 1, 441, 1, 0, 0, '2018-03-15 19:40:02', '2018-03-15 19:40:02', NULL),
	(561, 1, 442, 1, 0, 0, '2018-03-15 19:41:43', '2018-03-15 19:41:43', NULL),
	(562, 1, 443, 1, 0, 0, '2018-03-15 19:41:55', '2018-03-15 19:41:55', NULL),
	(563, 1, 444, 1, 0, 0, '2018-03-15 19:51:13', '2018-03-15 19:51:13', NULL),
	(564, 1, 445, 1, 0, 0, '2018-03-15 19:51:27', '2018-03-15 19:51:27', NULL),
	(565, 1, 446, 1, 0, 0, '2018-03-15 20:01:07', '2018-03-15 20:01:07', NULL),
	(566, 1, 447, 1, 0, 0, '2018-03-17 19:45:52', '2018-03-17 19:45:52', NULL),
	(567, 1, 448, 2, 0, 0, '2018-03-17 19:46:18', '2018-03-17 19:46:18', NULL),
	(569, 1, 450, 1, 0, 0, '2018-03-17 19:50:01', '2018-03-17 19:50:01', NULL),
	(571, 1, 452, 1, 0, 0, '2018-03-17 20:50:55', '2018-03-17 20:50:55', NULL),
	(572, 1, 453, 2, 0, 0, '2018-03-18 09:58:13', '2018-03-18 09:58:13', NULL),
	(573, 1, 454, 1, 0, 0, '2018-03-18 10:11:17', '2018-03-18 10:11:17', NULL),
	(574, 1, 455, 1, 0, 0, '2018-03-18 10:12:32', '2018-03-18 10:12:32', NULL),
	(575, 1, 455, 1, 1, 1, '2018-03-18 10:14:04', '2018-03-18 13:31:50', NULL),
	(576, 1, 456, 1, 0, 0, '2018-03-18 10:15:47', '2018-03-18 10:15:47', NULL),
	(577, 1, 456, 3, 0, 0, '2018-03-18 10:15:47', '2018-03-18 10:15:47', NULL),
	(578, 1, 457, 1, 0, 0, '2018-03-18 10:16:36', '2018-03-18 10:16:36', NULL),
	(579, 1, 457, 3, 0, 0, '2018-03-18 10:16:36', '2018-03-18 10:16:36', NULL),
	(580, 1, 456, 1, 0, 0, '2018-03-18 10:17:03', '2018-03-18 10:17:03', NULL),
	(581, 1, 456, 3, 0, 0, '2018-03-18 10:17:03', '2018-03-18 10:17:03', NULL),
	(582, 1, 457, 1, 0, 0, '2018-03-18 10:19:10', '2018-03-18 10:19:10', NULL),
	(583, 1, 457, 3, 0, 0, '2018-03-18 10:19:10', '2018-03-18 10:19:10', NULL),
	(584, 1, 458, 1, 0, 0, '2018-03-18 10:19:40', '2018-03-18 10:19:40', NULL),
	(586, 1, 458, 1, 0, 0, '2018-03-18 10:20:45', '2018-03-18 10:20:45', NULL),
	(587, 1, 458, 2, 0, 0, '2018-03-18 10:20:45', '2018-03-18 10:20:45', NULL),
	(588, 1, 460, 1, 0, 0, '2018-03-18 10:23:10', '2018-03-18 10:23:10', NULL),
	(589, 1, 460, 1, 0, 0, '2018-03-18 10:23:54', '2018-03-18 10:23:54', NULL),
	(590, 1, 460, 3, 0, 0, '2018-03-18 10:23:54', '2018-03-18 10:23:54', NULL),
	(591, 1, 461, 1, 0, 0, '2018-03-18 10:24:29', '2018-03-18 10:24:29', NULL),
	(592, 1, 461, 1, 0, 0, '2018-03-18 10:24:52', '2018-03-18 10:24:52', NULL),
	(593, 1, 462, 1, 0, 0, '2018-03-18 10:25:42', '2018-03-18 10:25:42', NULL),
	(594, 1, 462, 3, 0, 0, '2018-03-18 10:25:42', '2018-03-18 10:25:42', NULL),
	(595, 1, 462, 1, 0, 0, '2018-03-18 10:26:36', '2018-03-18 10:26:36', NULL),
	(596, 1, 462, 2, 0, 0, '2018-03-18 10:26:36', '2018-03-18 10:26:36', NULL),
	(597, 1, 462, 3, 0, 0, '2018-03-18 10:26:36', '2018-03-18 10:26:36', NULL),
	(598, 1, 463, 3, 0, 0, '2018-03-18 10:27:04', '2018-03-18 10:27:04', NULL),
	(599, 1, 463, 1, 0, 0, '2018-03-18 10:27:33', '2018-03-18 10:27:33', NULL),
	(600, 1, 463, 3, 0, 0, '2018-03-18 10:27:33', '2018-03-18 10:27:33', NULL),
	(601, 1, 464, 1, 0, 0, '2018-03-18 10:28:03', '2018-03-18 10:28:03', NULL),
	(602, 1, 464, 1, 0, 0, '2018-03-18 10:28:29', '2018-03-18 10:28:29', NULL),
	(603, 1, 464, 3, 0, 0, '2018-03-18 10:28:29', '2018-03-18 10:28:29', NULL),
	(604, 1, 465, 2, 0, 0, '2018-03-18 10:29:00', '2018-03-18 10:29:00', NULL),
	(605, 1, 465, 3, 0, 0, '2018-03-18 10:29:00', '2018-03-18 10:29:00', NULL),
	(606, 1, 466, 1, 0, 0, '2018-03-18 10:29:29', '2018-03-18 10:29:29', NULL),
	(607, 1, 466, 1, 0, 0, '2018-03-18 10:30:05', '2018-03-18 10:30:05', NULL),
	(608, 1, 466, 2, 0, 0, '2018-03-18 10:30:06', '2018-03-18 10:30:06', NULL),
	(609, 1, 467, 1, 0, 0, '2018-03-18 10:30:56', '2018-03-18 10:30:56', NULL),
	(610, 1, 468, 1, 0, 0, '2018-03-18 10:31:25', '2018-03-18 10:31:25', NULL),
	(611, 1, 468, 1, 0, 0, '2018-03-18 10:31:46', '2018-03-18 10:31:46', NULL),
	(612, 1, 469, 1, 0, 0, '2018-03-18 10:32:15', '2018-03-18 10:32:15', NULL),
	(613, 1, 469, 1, 0, 0, '2018-03-18 10:32:41', '2018-03-18 10:32:41', NULL),
	(614, 1, 470, 1, 0, 0, '2018-03-18 10:32:58', '2018-03-18 10:32:58', NULL),
	(615, 1, 470, 1, 0, 0, '2018-03-18 10:33:22', '2018-03-18 10:33:22', NULL),
	(616, 1, 471, 1, 0, 0, '2018-03-18 10:33:58', '2018-03-18 10:33:58', NULL),
	(617, 1, 471, 1, 0, 0, '2018-03-18 10:34:40', '2018-03-18 10:34:40', NULL),
	(618, 1, 471, 2, 0, 0, '2018-03-18 10:34:40', '2018-03-18 10:34:40', NULL),
	(619, 1, 472, 1, 0, 0, '2018-03-18 10:35:33', '2018-03-18 10:35:33', NULL),
	(620, 1, 472, 2, 0, 0, '2018-03-18 10:35:33', '2018-03-18 10:35:33', NULL),
	(621, 1, 472, 1, 0, 0, '2018-03-18 10:36:39', '2018-03-18 10:36:39', NULL),
	(622, 1, 472, 2, 0, 0, '2018-03-18 10:36:39', '2018-03-18 10:36:39', NULL),
	(623, 1, 473, 1, 0, 0, '2018-03-18 10:37:11', '2018-03-18 10:37:11', NULL),
	(624, 1, 473, 1, 0, 0, '2018-03-18 10:37:46', '2018-03-18 10:37:46', NULL),
	(625, 1, 473, 1, 0, 0, '2018-03-18 10:38:18', '2018-03-18 10:38:18', NULL),
	(626, 1, 474, 1, 0, 0, '2018-03-18 10:39:42', '2018-03-18 10:39:42', NULL),
	(627, 1, 474, 1, 0, 0, '2018-03-18 10:40:19', '2018-03-18 10:40:19', NULL),
	(628, 1, 474, 2, 0, 0, '2018-03-18 10:40:19', '2018-03-18 10:40:19', NULL),
	(629, 1, 475, 1, 0, 0, '2018-03-18 10:42:58', '2018-03-18 10:42:58', NULL),
	(630, 1, 475, 2, 0, 0, '2018-03-18 10:43:35', '2018-03-18 10:43:35', NULL),
	(631, 1, 476, 1, 0, 0, '2018-03-18 10:44:32', '2018-03-18 10:44:32', NULL),
	(632, 1, 476, 2, 0, 0, '2018-03-18 10:44:33', '2018-03-18 10:44:33', NULL),
	(633, 1, 476, 3, 0, 0, '2018-03-18 10:44:33', '2018-03-18 10:44:33', NULL),
	(634, 1, 477, 1, 0, 0, '2018-03-18 10:44:59', '2018-03-18 10:44:59', NULL),
	(635, 1, 477, 2, 0, 0, '2018-03-18 10:45:00', '2018-03-18 10:45:00', NULL),
	(636, 1, 477, 3, 0, 0, '2018-03-18 10:45:00', '2018-03-18 10:45:00', NULL),
	(637, 1, 478, 1, 0, 0, '2018-03-18 10:45:29', '2018-03-18 10:45:29', NULL),
	(638, 1, 478, 1, 0, 0, '2018-03-18 10:46:00', '2018-03-18 10:46:00', NULL),
	(639, 1, 479, 1, 0, 0, '2018-03-18 10:46:42', '2018-03-18 10:46:42', NULL),
	(640, 1, 479, 2, 0, 0, '2018-03-18 10:46:42', '2018-03-18 10:46:42', NULL),
	(641, 1, 479, 3, 0, 0, '2018-03-18 10:46:43', '2018-03-18 10:46:43', NULL),
	(642, 1, 480, 1, 0, 0, '2018-03-18 10:47:08', '2018-03-18 10:47:08', NULL),
	(643, 1, 480, 1, 0, 0, '2018-03-18 10:48:02', '2018-03-18 10:48:02', NULL),
	(644, 1, 480, 2, 0, 0, '2018-03-18 10:48:02', '2018-03-18 10:48:02', NULL),
	(645, 1, 480, 3, 0, 0, '2018-03-18 10:48:02', '2018-03-18 10:48:02', NULL),
	(646, 1, 481, 1, 0, 0, '2018-03-18 10:49:11', '2018-03-18 10:49:11', NULL),
	(647, 1, 481, 1, 0, 0, '2018-03-18 10:50:02', '2018-03-18 10:50:02', NULL),
	(648, 1, 481, 2, 0, 0, '2018-03-18 10:50:03', '2018-03-18 10:50:03', NULL),
	(649, 1, 481, 3, 0, 0, '2018-03-18 10:50:03', '2018-03-18 10:50:03', NULL),
	(650, 1, 482, 1, 0, 0, '2018-03-18 10:50:37', '2018-03-18 10:50:37', NULL),
	(651, 1, 483, 1, 0, 0, '2018-03-18 10:52:32', '2018-03-18 10:52:32', NULL),
	(652, 1, 484, 1, 0, 0, '2018-03-18 10:53:04', '2018-03-18 10:53:04', NULL),
	(653, 1, 484, 2, 0, 0, '2018-03-18 10:53:04', '2018-03-18 10:53:04', NULL),
	(654, 1, 484, 1, 0, 0, '2018-03-18 10:53:55', '2018-03-18 10:53:55', NULL),
	(655, 1, 484, 2, 0, 0, '2018-03-18 10:53:56', '2018-03-18 10:53:56', NULL),
	(656, 1, 485, 1, 0, 0, '2018-03-18 10:54:58', '2018-03-18 10:54:58', NULL),
	(657, 1, 485, 2, 0, 0, '2018-03-18 10:54:58', '2018-03-18 10:54:58', NULL),
	(658, 1, 485, 1, 0, 0, '2018-03-18 10:56:24', '2018-03-18 10:56:24', NULL),
	(659, 1, 485, 2, 0, 0, '2018-03-18 10:56:25', '2018-03-18 10:56:25', NULL),
	(660, 1, 485, 3, 0, 0, '2018-03-18 10:56:25', '2018-03-18 10:56:25', NULL),
	(661, 1, 486, 1, 0, 0, '2018-03-18 10:57:47', '2018-03-18 10:57:47', NULL),
	(662, 1, 486, 2, 0, 0, '2018-03-18 10:57:47', '2018-03-18 10:57:47', NULL),
	(663, 1, 486, 1, 0, 0, '2018-03-18 10:58:28', '2018-03-18 10:58:28', NULL),
	(664, 1, 486, 2, 0, 0, '2018-03-18 10:58:29', '2018-03-18 10:58:29', NULL),
	(665, 1, 487, 1, 0, 0, '2018-03-18 11:06:19', '2018-03-18 11:06:19', NULL),
	(666, 1, 488, 1, 0, 0, '2018-03-18 11:07:00', '2018-03-18 11:07:00', NULL),
	(667, 1, 488, 1, 0, 0, '2018-03-18 11:08:47', '2018-03-18 11:08:47', NULL),
	(668, 1, 488, 2, 0, 0, '2018-03-18 11:08:47', '2018-03-18 11:08:47', NULL),
	(669, 1, 488, 1, 0, 0, '2018-03-18 11:11:01', '2018-03-18 11:11:01', NULL),
	(670, 1, 488, 1, 0, 0, '2018-03-18 11:29:05', '2018-03-18 11:29:05', NULL),
	(671, 1, 488, 2, 0, 0, '2018-03-18 11:29:05', '2018-03-18 11:29:05', NULL),
	(672, 1, 488, 1, 0, 0, '2018-03-18 11:35:08', '2018-03-18 11:35:08', NULL),
	(673, 1, 488, 2, 0, 0, '2018-03-18 11:35:08', '2018-03-18 11:35:08', NULL),
	(674, 1, 488, 1, 0, 0, '2018-03-18 11:36:41', '2018-03-18 11:36:41', NULL),
	(675, 1, 488, 2, 0, 0, '2018-03-18 11:36:41', '2018-03-18 11:36:41', NULL),
	(676, 1, 489, 1, 0, 0, '2018-03-18 11:37:39', '2018-03-18 11:37:39', NULL),
	(677, 1, 490, 1, 0, 0, '2018-03-18 11:39:02', '2018-03-18 11:39:02', NULL),
	(678, 1, 490, 1, 0, 0, '2018-03-18 11:39:34', '2018-03-18 11:39:34', NULL),
	(679, 1, 490, 2, 0, 0, '2018-03-18 11:39:34', '2018-03-18 11:39:34', NULL),
	(680, 1, 490, 3, 0, 0, '2018-03-18 11:39:34', '2018-03-18 11:39:34', NULL),
	(681, 1, 490, 1, 0, 0, '2018-03-18 11:44:08', '2018-03-18 11:44:08', NULL),
	(682, 1, 490, 2, 0, 0, '2018-03-18 11:44:09', '2018-03-18 11:44:09', NULL),
	(683, 1, 490, 1, 0, 0, '2018-03-18 11:45:23', '2018-03-18 11:45:23', NULL),
	(684, 1, 490, 2, 0, 0, '2018-03-18 11:45:23', '2018-03-18 11:45:23', NULL),
	(685, 1, 490, 3, 0, 0, '2018-03-18 11:45:23', '2018-03-18 11:45:23', NULL),
	(686, 1, 490, 1, 0, 0, '2018-03-18 11:47:25', '2018-03-18 11:47:25', NULL),
	(687, 1, 490, 2, 0, 0, '2018-03-18 11:47:25', '2018-03-18 11:47:25', NULL),
	(688, 1, 490, 3, 0, 0, '2018-03-18 11:47:25', '2018-03-18 11:47:25', NULL),
	(689, 1, 490, 1, 0, 0, '2018-03-18 11:48:07', '2018-03-18 11:48:07', NULL),
	(690, 1, 490, 2, 0, 0, '2018-03-18 11:48:07', '2018-03-18 11:48:07', NULL),
	(691, 1, 490, 3, 0, 0, '2018-03-18 11:48:07', '2018-03-18 11:48:07', NULL),
	(692, 1, 490, 1, 0, 0, '2018-03-18 11:49:52', '2018-03-18 11:49:52', NULL),
	(693, 1, 490, 1, 0, 0, '2018-03-18 11:54:51', '2018-03-18 11:54:51', NULL),
	(694, 1, 490, 2, 0, 0, '2018-03-18 11:54:51', '2018-03-18 11:54:51', NULL),
	(695, 1, 490, 3, 0, 0, '2018-03-18 11:54:51', '2018-03-18 11:54:51', NULL),
	(696, 1, 491, 1, 0, 0, '2018-03-18 11:57:30', '2018-03-18 11:57:30', NULL),
	(697, 1, 491, 2, 0, 0, '2018-03-18 11:57:30', '2018-03-18 11:57:30', NULL),
	(698, 1, 491, 3, 0, 0, '2018-03-18 11:57:30', '2018-03-18 11:57:30', NULL),
	(699, 1, 492, 1, 0, 0, '2018-03-18 11:59:03', '2018-03-18 11:59:03', NULL),
	(700, 1, 492, 2, 0, 0, '2018-03-18 11:59:03', '2018-03-18 11:59:03', NULL),
	(701, 1, 492, 3, 0, 0, '2018-03-18 11:59:03', '2018-03-18 11:59:03', NULL),
	(702, 1, 493, 1, 0, 0, '2018-03-18 12:00:28', '2018-03-18 12:00:28', NULL),
	(703, 1, 493, 2, 0, 0, '2018-03-18 12:00:28', '2018-03-18 12:00:28', NULL),
	(704, 1, 493, 3, 0, 0, '2018-03-18 12:00:28', '2018-03-18 12:00:28', NULL),
	(705, 1, 494, 1, 0, 0, '2018-03-18 12:01:21', '2018-03-18 12:01:21', NULL),
	(706, 1, 494, 2, 0, 0, '2018-03-18 12:01:21', '2018-03-18 12:01:21', NULL),
	(707, 1, 494, 3, 0, 0, '2018-03-18 12:01:22', '2018-03-18 12:01:22', NULL),
	(708, 1, 495, 1, 0, 0, '2018-03-18 12:02:25', '2018-03-18 12:02:25', NULL),
	(709, 1, 495, 2, 0, 0, '2018-03-18 12:02:25', '2018-03-18 12:02:25', NULL),
	(710, 1, 495, 3, 0, 0, '2018-03-18 12:02:26', '2018-03-18 12:02:26', NULL),
	(711, 1, 496, 1, 0, 0, '2018-03-18 12:03:10', '2018-03-18 12:03:10', NULL),
	(712, 1, 496, 2, 0, 0, '2018-03-18 12:03:10', '2018-03-18 12:03:10', NULL),
	(713, 1, 496, 3, 0, 0, '2018-03-18 12:03:10', '2018-03-18 12:03:10', NULL),
	(714, 1, 497, 1, 0, 0, '2018-03-18 12:04:02', '2018-03-18 12:04:02', NULL),
	(715, 1, 498, 1, 0, 0, '2018-03-18 12:05:13', '2018-03-18 12:05:13', NULL),
	(716, 1, 499, 1, 0, 0, '2018-03-18 12:08:26', '2018-03-18 12:08:26', NULL),
	(717, 1, 499, 2, 0, 0, '2018-03-18 12:08:27', '2018-03-18 12:08:27', NULL),
	(718, 1, 499, 3, 0, 0, '2018-03-18 12:08:27', '2018-03-18 12:08:27', NULL),
	(719, 1, 500, 1, 0, 0, '2018-03-18 12:09:06', '2018-03-18 12:09:06', NULL),
	(720, 1, 501, 1, 0, 0, '2018-03-18 12:09:37', '2018-03-18 12:09:37', NULL),
	(721, 1, 502, 1, 0, 0, '2018-03-18 12:10:07', '2018-03-18 12:10:07', NULL),
	(722, 1, 502, 2, 0, 0, '2018-03-18 12:10:07', '2018-03-18 12:10:07', NULL),
	(723, 1, 502, 3, 0, 0, '2018-03-18 12:10:08', '2018-03-18 12:10:08', NULL),
	(725, 1, 504, 1, 0, 0, '2018-03-18 12:11:02', '2018-03-18 12:11:02', NULL),
	(726, 1, 505, 1, 0, 0, '2018-03-18 12:11:25', '2018-03-18 12:11:25', NULL),
	(727, 1, 505, 2, 0, 0, '2018-03-18 12:11:25', '2018-03-18 12:11:25', NULL),
	(728, 1, 505, 3, 0, 0, '2018-03-18 12:11:25', '2018-03-18 12:11:25', NULL),
	(729, 1, 505, 1, 0, 0, '2018-03-18 12:11:54', '2018-03-18 12:11:54', NULL),
	(730, 1, 505, 2, 0, 0, '2018-03-18 12:11:54', '2018-03-18 12:11:54', NULL),
	(731, 1, 505, 3, 0, 0, '2018-03-18 12:11:54', '2018-03-18 12:11:54', NULL),
	(732, 1, 505, 1, 0, 0, '2018-03-18 12:13:41', '2018-03-18 12:13:41', NULL),
	(737, 1, 507, 1, 0, 0, '2018-03-18 12:18:15', '2018-03-18 12:18:15', NULL),
	(738, 1, 507, 2, 0, 0, '2018-03-18 12:18:15', '2018-03-18 12:18:15', NULL),
	(739, 1, 507, 1, 0, 0, '2018-03-18 12:18:34', '2018-03-18 12:18:34', NULL),
	(740, 1, 507, 2, 0, 0, '2018-03-18 12:18:34', '2018-03-18 12:18:34', NULL),
	(747, 1, 509, 1, 0, 0, '2018-03-18 12:24:30', '2018-03-18 12:24:30', NULL),
	(748, 1, 509, 2, 0, 0, '2018-03-18 12:24:30', '2018-03-18 12:24:30', NULL),
	(749, 1, 509, 3, 0, 0, '2018-03-18 12:24:30', '2018-03-18 12:24:30', NULL),
	(750, 1, 509, 1, 0, 0, '2018-03-18 12:25:04', '2018-03-18 12:25:04', NULL),
	(751, 1, 509, 2, 0, 0, '2018-03-18 12:25:04', '2018-03-18 12:25:04', NULL),
	(752, 1, 509, 3, 0, 0, '2018-03-18 12:25:04', '2018-03-18 12:25:04', NULL),
	(753, 1, 510, 1, 0, 0, '2018-03-18 12:30:07', '2018-03-18 12:30:07', NULL),
	(754, 1, 510, 1, 0, 0, '2018-03-18 12:30:31', '2018-03-18 12:30:31', NULL),
	(755, 1, 510, 2, 0, 0, '2018-03-18 12:30:31', '2018-03-18 12:30:31', NULL),
	(756, 1, 510, 3, 0, 0, '2018-03-18 12:30:31', '2018-03-18 12:30:31', NULL),
	(766, 1, 515, 1, 0, 0, '2018-03-18 12:40:53', '2018-03-18 12:40:53', NULL),
	(770, 1, 517, 1, 0, 0, '2018-03-18 12:47:11', '2018-03-18 12:47:11', NULL),
	(771, 1, 517, 2, 0, 0, '2018-03-18 12:47:11', '2018-03-18 12:47:11', NULL),
	(772, 1, 517, 3, 0, 0, '2018-03-18 12:47:11', '2018-03-18 12:47:11', NULL),
	(773, 1, 517, 1, 0, 0, '2018-03-18 12:47:41', '2018-03-18 12:47:41', NULL),
	(774, 1, 517, 2, 0, 0, '2018-03-18 12:47:42', '2018-03-18 12:47:42', NULL),
	(790, 1, 521, 1, 0, 0, '2018-03-18 13:02:56', '2018-03-18 13:02:56', NULL),
	(791, 1, 521, 2, 0, 0, '2018-03-18 13:02:56', '2018-03-18 13:02:56', NULL),
	(792, 1, 521, 3, 0, 0, '2018-03-18 13:02:56', '2018-03-18 13:02:56', NULL),
	(793, 1, 521, 1, 0, 0, '2018-03-18 13:03:25', '2018-03-18 13:03:25', NULL),
	(794, 1, 521, 2, 0, 0, '2018-03-18 13:03:25', '2018-03-18 13:03:25', NULL),
	(795, 1, 521, 3, 0, 0, '2018-03-18 13:03:25', '2018-03-18 13:03:25', NULL),
	(796, 1, 522, 1, 0, 0, '2018-03-18 13:04:22', '2018-03-18 13:04:22', NULL),
	(797, 1, 522, 2, 0, 0, '2018-03-18 13:04:22', '2018-03-18 13:04:22', NULL),
	(798, 1, 522, 3, 0, 0, '2018-03-18 13:04:22', '2018-03-18 13:04:22', NULL),
	(799, 1, 522, 1, 0, 0, '2018-03-18 13:04:50', '2018-03-18 13:04:50', NULL),
	(800, 1, 522, 2, 0, 0, '2018-03-18 13:04:50', '2018-03-18 13:04:50', NULL),
	(801, 1, 522, 3, 0, 0, '2018-03-18 13:04:50', '2018-03-18 13:04:50', NULL),
	(802, 1, 523, 1, 0, 0, '2018-03-18 13:06:32', '2018-03-18 13:06:32', NULL),
	(803, 1, 523, 2, 0, 0, '2018-03-18 13:06:33', '2018-03-18 13:06:33', NULL),
	(804, 1, 523, 3, 0, 0, '2018-03-18 13:06:33', '2018-03-18 13:06:33', NULL),
	(805, 1, 523, 1, 0, 0, '2018-03-18 13:07:05', '2018-03-18 13:07:05', NULL),
	(806, 1, 523, 2, 0, 0, '2018-03-18 13:07:05', '2018-03-18 13:07:05', NULL),
	(807, 1, 523, 3, 0, 0, '2018-03-18 13:07:05', '2018-03-18 13:07:05', NULL),
	(808, 1, 524, 1, 0, 0, '2018-03-18 13:08:22', '2018-03-18 13:08:22', NULL),
	(809, 1, 524, 2, 0, 0, '2018-03-18 13:08:22', '2018-03-18 13:08:22', NULL),
	(810, 1, 524, 3, 0, 0, '2018-03-18 13:08:23', '2018-03-18 13:08:23', NULL),
	(811, 1, 524, 1, 0, 0, '2018-03-18 13:08:55', '2018-03-18 13:08:55', NULL),
	(812, 1, 524, 2, 0, 0, '2018-03-18 13:08:55', '2018-03-18 13:08:55', NULL),
	(813, 1, 524, 3, 0, 0, '2018-03-18 13:08:55', '2018-03-18 13:08:55', NULL),
	(814, 1, 525, 1, 0, 0, '2018-03-18 13:10:58', '2018-03-18 13:10:58', NULL),
	(815, 1, 525, 2, 0, 0, '2018-03-18 13:10:58', '2018-03-18 13:10:58', NULL),
	(816, 1, 525, 3, 0, 0, '2018-03-18 13:10:59', '2018-03-18 13:10:59', NULL),
	(817, 1, 525, 1, 0, 0, '2018-03-18 13:11:36', '2018-03-18 13:11:36', NULL),
	(818, 1, 525, 2, 0, 0, '2018-03-18 13:11:36', '2018-03-18 13:11:36', NULL),
	(819, 1, 525, 3, 0, 0, '2018-03-18 13:11:36', '2018-03-18 13:11:36', NULL),
	(820, 1, 526, 1, 0, 0, '2018-03-18 13:14:15', '2018-03-18 13:14:15', NULL),
	(821, 1, 526, 1, 0, 0, '2018-03-18 13:14:51', '2018-03-18 13:14:51', NULL),
	(822, 1, 526, 2, 0, 0, '2018-03-18 13:14:51', '2018-03-18 13:14:51', NULL),
	(823, 1, 526, 3, 0, 0, '2018-03-18 13:14:51', '2018-03-18 13:14:51', NULL),
	(824, 1, 527, 1, 0, 0, '2018-03-18 13:16:04', '2018-03-18 13:16:04', NULL),
	(825, 1, 527, 2, 0, 0, '2018-03-18 13:16:04', '2018-03-18 13:16:04', NULL),
	(826, 1, 527, 3, 0, 0, '2018-03-18 13:16:04', '2018-03-18 13:16:04', NULL),
	(827, 1, 527, 1, 0, 0, '2018-03-18 13:16:26', '2018-03-18 13:16:26', NULL),
	(828, 1, 527, 2, 0, 0, '2018-03-18 13:16:26', '2018-03-18 13:16:26', NULL),
	(829, 1, 527, 3, 0, 0, '2018-03-18 13:16:26', '2018-03-18 13:16:26', NULL),
	(830, 1, 528, 1, 0, 0, '2018-03-18 13:17:15', '2018-03-18 13:17:15', NULL),
	(831, 1, 528, 2, 0, 0, '2018-03-18 13:17:16', '2018-03-18 13:17:16', NULL),
	(832, 1, 528, 3, 0, 0, '2018-03-18 13:17:16', '2018-03-18 13:17:16', NULL),
	(833, 1, 528, 1, 0, 0, '2018-03-18 13:17:38', '2018-03-18 13:17:38', NULL),
	(834, 1, 528, 2, 0, 0, '2018-03-18 13:17:39', '2018-03-18 13:17:39', NULL),
	(835, 1, 528, 3, 0, 0, '2018-03-18 13:17:39', '2018-03-18 13:17:39', NULL),
	(855, 1, 536, 1, 0, 0, '2018-03-18 18:17:07', '2018-03-18 18:17:07', NULL),
	(856, 1, 537, 1, 0, 0, '2018-03-18 18:57:31', '2018-03-18 18:57:31', NULL),
	(857, 1, 538, 1, 0, 0, '2018-03-18 19:00:43', '2018-03-18 19:00:43', NULL),
	(858, 1, 539, 1, 0, 0, '2018-03-18 19:04:07', '2018-03-18 19:04:07', NULL),
	(859, 1, 540, 1, 0, 0, '2018-03-18 19:09:17', '2018-03-18 19:09:17', NULL),
	(860, 1, 541, 2, 0, 0, '2018-03-18 19:09:48', '2018-03-18 19:09:48', NULL),
	(863, 1, 544, 1, 0, 0, '2018-03-18 19:21:46', '2018-03-18 19:21:46', NULL),
	(864, 1, 545, 1, 0, 0, '2018-03-18 19:54:23', '2018-03-18 19:54:23', NULL),
	(865, 1, 546, 1, 0, 0, '2018-03-19 11:30:52', '2018-03-19 11:30:52', NULL),
	(866, 1, 546, 1, 0, 0, '2018-03-19 11:32:31', '2018-03-19 11:32:31', NULL),
	(867, 1, 546, 2, 0, 0, '2018-03-19 11:32:31', '2018-03-19 11:32:31', NULL),
	(868, 1, 546, 3, 0, 0, '2018-03-19 11:32:31', '2018-03-19 11:32:31', NULL),
	(869, 1, 547, 1, 0, 0, '2018-03-19 11:33:32', '2018-03-19 11:33:32', NULL),
	(870, 1, 547, 1, 0, 0, '2018-03-19 11:34:01', '2018-03-19 11:34:01', NULL),
	(871, 1, 547, 2, 0, 0, '2018-03-19 11:34:01', '2018-03-19 11:34:01', NULL),
	(872, 1, 547, 3, 0, 0, '2018-03-19 11:34:01', '2018-03-19 11:34:01', NULL),
	(873, 1, 548, 1, 0, 0, '2018-03-20 12:32:41', '2018-03-20 12:32:41', NULL),
	(874, 1, 549, 1, 0, 0, '2018-03-20 12:43:59', '2018-03-20 12:43:59', NULL),
	(875, 1, 550, 1, 0, 0, '2018-03-20 14:11:16', '2018-03-20 14:11:16', NULL),
	(876, 1, 551, 1, 0, 0, '2018-03-20 14:14:17', '2018-03-20 14:14:17', NULL),
	(877, 1, 552, 1, 0, 0, '2018-03-20 14:18:26', '2018-03-20 14:18:26', NULL),
	(878, 1, 553, 1, 0, 0, '2018-03-20 14:21:08', '2018-03-20 14:21:08', NULL),
	(879, 1, 554, 1, 0, 0, '2018-03-20 14:22:36', '2018-03-20 14:22:36', NULL),
	(880, 1, 555, 1, 0, 0, '2018-03-20 14:23:25', '2018-03-20 14:23:25', NULL),
	(881, 1, 556, 1, 0, 0, '2018-03-20 14:23:59', '2018-03-20 14:23:59', NULL),
	(882, 1, 556, 2, 0, 0, '2018-03-20 14:23:59', '2018-03-20 14:23:59', NULL),
	(883, 1, 556, 3, 0, 0, '2018-03-20 14:24:00', '2018-03-20 14:24:00', NULL),
	(884, 1, 557, 1, 0, 0, '2018-03-20 14:24:56', '2018-03-20 14:24:56', NULL),
	(885, 1, 557, 2, 0, 0, '2018-03-20 14:24:56', '2018-03-20 14:24:56', NULL),
	(886, 1, 558, 1, 0, 1, '2018-03-21 11:37:28', '2018-03-21 18:58:00', NULL),
	(887, 1, 559, 1, 0, 1, '2018-03-21 18:21:16', '2018-03-21 18:57:59', NULL),
	(888, 1, 560, 1, 1, 1, '2018-03-21 18:24:13', '2018-03-21 18:57:59', NULL),
	(889, 1, 561, 2, 0, 1, '2018-03-21 18:24:52', '2018-03-21 19:06:38', NULL),
	(913, 1, 581, 1, 0, 1, '2018-03-21 20:03:30', '2018-03-21 20:42:32', NULL),
	(915, 1, 583, 1, 1, 1, '2018-03-21 20:06:56', '2018-03-21 20:42:37', NULL),
	(916, 1, 584, 1, 1, 1, '2018-03-21 20:32:59', '2018-03-21 20:42:37', NULL),
	(917, 1, 585, 1, 0, 0, '2018-03-21 20:51:11', '2018-03-21 20:51:11', NULL),
	(918, 1, 586, 1, 0, 0, '2018-03-21 20:51:55', '2018-03-21 20:51:55', NULL),
	(919, 1, 587, 1, 0, 0, '2018-03-21 20:52:18', '2018-03-21 20:52:18', NULL),
	(921, 1, 589, 1, 0, 0, '2018-03-21 20:52:49', '2018-03-21 20:52:49', NULL),
	(922, 1, 589, 3, 0, 0, '2018-03-21 20:52:49', '2018-03-21 20:52:49', NULL),
	(925, 1, 592, 1, 0, 0, '2018-03-21 20:57:15', '2018-03-21 20:57:15', NULL),
	(926, 1, 583, 1, 0, 0, '2018-03-21 20:57:45', '2018-03-21 20:57:45', NULL),
	(927, 1, 593, 1, 0, 0, '2018-03-21 20:58:15', '2018-03-21 20:58:15', NULL),
	(928, 1, 593, 2, 0, 0, '2018-03-21 20:58:15', '2018-03-21 20:58:15', NULL),
	(929, 1, 593, 1, 0, 0, '2018-03-21 20:58:25', '2018-03-21 20:58:25', NULL),
	(930, 1, 593, 2, 0, 0, '2018-03-21 20:58:25', '2018-03-21 20:58:25', NULL),
	(935, 1, 598, 1, 0, 0, '2018-03-21 21:08:14', '2018-03-21 21:08:14', NULL),
	(936, 1, 598, 2, 0, 0, '2018-03-21 21:08:14', '2018-03-21 21:08:14', NULL),
	(937, 1, 598, 3, 0, 0, '2018-03-21 21:08:14', '2018-03-21 21:08:14', NULL),
	(941, 1, 600, 2, 0, 0, '2018-03-21 21:11:42', '2018-03-21 21:11:42', NULL),
	(951, 1, 517, 2, 0, 0, '2018-03-22 11:53:18', '2018-03-22 18:19:20', NULL),
	(979, 1, 628, 1, 0, 0, '2018-03-22 19:00:06', '2018-03-22 19:00:06', NULL),
	(980, 1, 629, 1, 0, 0, '2018-03-22 19:03:18', '2018-03-22 19:03:18', NULL),
	(981, 1, 629, 2, 0, 0, '2018-03-22 19:03:18', '2018-03-22 19:03:18', NULL),
	(982, 1, 629, 3, 0, 0, '2018-03-22 19:03:18', '2018-03-22 19:03:18', NULL),
	(983, 1, 630, 1, 0, 0, '2018-03-22 19:05:52', '2018-03-22 19:05:52', NULL),
	(984, 1, 630, 2, 0, 0, '2018-03-22 19:05:53', '2018-03-22 19:05:53', NULL),
	(985, 1, 631, 1, 0, 0, '2018-03-22 19:09:14', '2018-03-22 19:09:14', NULL),
	(986, 1, 632, 1, 0, 0, '2018-03-22 19:09:41', '2018-03-22 19:09:41', NULL),
	(988, 1, 634, 1, 0, 0, '2018-03-22 19:10:49', '2018-03-22 19:10:49', NULL),
	(991, 1, 637, 1, 1, 1, '2018-03-24 09:54:35', '2018-03-24 12:57:41', NULL),
	(992, 1, 638, 1, 0, 1, '2018-03-24 09:58:01', '2018-03-24 12:58:50', NULL),
	(993, 1, 639, 1, 0, 1, '2018-03-24 09:58:30', '2018-03-24 12:58:20', NULL),
	(994, 1, 640, 1, 0, 1, '2018-03-24 10:00:24', '2018-03-24 12:58:19', NULL),
	(995, 1, 640, 2, 0, 0, '2018-03-24 10:00:24', '2018-03-24 10:00:24', NULL),
	(996, 1, 640, 3, 0, 0, '2018-03-24 10:00:24', '2018-03-24 10:00:24', NULL),
	(997, 1, 641, 1, 0, 1, '2018-03-24 10:02:33', '2018-03-24 12:58:20', NULL),
	(998, 1, 642, 1, 0, 1, '2018-03-24 10:09:43', '2018-03-24 12:58:16', NULL),
	(999, 1, 643, 1, 0, 1, '2018-03-24 10:10:47', '2018-03-24 12:58:16', NULL),
	(1000, 1, 644, 1, 0, 1, '2018-03-24 10:11:02', '2018-03-24 12:58:17', NULL),
	(1001, 1, 644, 2, 0, 0, '2018-03-24 10:11:03', '2018-03-24 10:11:03', NULL),
	(1003, 1, 646, 1, 0, 1, '2018-03-24 11:54:55', '2018-03-24 12:58:16', NULL),
	(1004, 1, 647, 1, 0, 1, '2018-03-24 11:55:18', '2018-03-24 12:58:12', NULL),
	(1005, 1, 648, 1, 0, 1, '2018-03-24 12:01:59', '2018-03-24 12:58:13', NULL),
	(1006, 1, 649, 1, 0, 1, '2018-03-24 12:05:23', '2018-03-24 12:58:14', NULL),
	(1007, 1, 650, 1, 1, 1, '2018-03-24 12:06:02', '2018-03-24 12:58:15', NULL),
	(1008, 1, 650, 2, 0, 0, '2018-03-24 12:06:02', '2018-03-24 12:06:02', NULL),
	(1009, 1, 651, 1, 1, 1, '2018-03-24 12:11:45', '2018-03-24 12:58:09', NULL),
	(1010, 1, 652, 1, 1, 1, '2018-03-24 12:12:35', '2018-03-24 12:57:59', NULL),
	(1011, 1, 653, 1, 0, 1, '2018-03-24 12:36:50', '2018-03-24 12:58:10', NULL),
	(1012, 1, 654, 1, 0, 1, '2018-03-24 12:36:50', '2018-03-24 12:58:11', NULL),
	(1013, 1, 655, 1, 0, 1, '2018-03-24 12:38:43', '2018-03-24 12:58:12', NULL),
	(1014, 1, 656, 1, 0, 1, '2018-03-24 12:41:18', '2018-03-24 12:58:15', NULL),
	(1015, 1, 657, 1, 1, 1, '2018-03-24 12:48:00', '2018-03-24 12:57:41', NULL),
	(1016, 1, 658, 1, 0, 1, '2018-03-24 12:48:42', '2018-03-24 12:57:56', NULL),
	(1017, 1, 659, 1, 0, 1, '2018-03-24 12:50:05', '2018-03-24 12:57:57', NULL),
	(1018, 1, 660, 1, 1, 1, '2018-03-24 12:52:16', '2018-03-24 12:58:52', NULL),
	(1020, 1, 662, 1, 0, 0, '2018-03-24 14:03:56', '2018-03-24 14:03:56', NULL),
	(1021, 1, 663, 1, 0, 0, '2018-03-24 14:07:23', '2018-03-24 14:07:23', NULL),
	(1022, 1, 664, 1, 0, 0, '2018-03-24 14:16:10', '2018-03-24 14:16:10', NULL),
	(1023, 1, 665, 1, 0, 0, '2018-03-24 14:16:11', '2018-03-24 14:16:11', NULL),
	(1024, 1, 666, 1, 0, 0, '2018-03-24 14:16:11', '2018-03-24 14:16:11', NULL),
	(1025, 1, 667, 1, 0, 0, '2018-03-24 14:16:36', '2018-03-24 14:16:36', NULL),
	(1026, 1, 668, 1, 0, 0, '2018-03-24 14:16:36', '2018-03-24 14:16:36', NULL),
	(1027, 1, 669, 1, 0, 0, '2018-03-24 14:17:13', '2018-03-24 14:17:13', NULL),
	(1028, 1, 670, 1, 0, 0, '2018-03-24 14:17:13', '2018-03-24 14:17:13', NULL),
	(1029, 1, 671, 1, 0, 0, '2018-03-24 14:20:16', '2018-03-24 14:20:16', NULL),
	(1030, 1, 672, 1, 0, 0, '2018-03-24 14:20:16', '2018-03-24 14:20:16', NULL),
	(1031, 1, 673, 1, 0, 0, '2018-03-24 14:20:17', '2018-03-24 14:20:17', NULL),
	(1032, 1, 674, 1, 0, 0, '2018-03-24 14:23:38', '2018-03-24 14:23:38', NULL),
	(1033, 1, 675, 1, 0, 0, '2018-03-24 14:23:38', '2018-03-24 14:23:38', NULL),
	(1034, 1, 676, 1, 0, 0, '2018-03-24 14:28:35', '2018-03-24 14:28:35', NULL),
	(1035, 1, 677, 1, 0, 0, '2018-03-24 14:28:35', '2018-03-24 14:28:35', NULL),
	(1036, 1, 678, 1, 0, 0, '2018-03-24 14:30:20', '2018-03-24 14:30:20', NULL),
	(1037, 1, 679, 1, 0, 0, '2018-03-24 14:30:36', '2018-03-24 14:30:36', NULL),
	(1038, 1, 680, 1, 0, 0, '2018-03-24 14:30:37', '2018-03-24 14:30:37', NULL),
	(1039, 1, 681, 1, 0, 0, '2018-03-24 14:34:18', '2018-03-24 14:34:18', NULL),
	(1040, 1, 682, 1, 0, 0, '2018-03-24 14:34:34', '2018-03-24 14:34:34', NULL),
	(1041, 1, 683, 1, 0, 0, '2018-03-24 14:36:25', '2018-03-24 14:36:25', NULL),
	(1042, 1, 684, 1, 0, 0, '2018-03-24 14:39:50', '2018-03-24 14:39:50', NULL),
	(1043, 1, 685, 1, 0, 0, '2018-03-24 14:40:15', '2018-03-24 14:40:15', NULL),
	(1044, 1, 686, 1, 0, 0, '2018-03-24 14:41:07', '2018-03-24 14:41:07', NULL),
	(1045, 1, 687, 1, 0, 0, '2018-03-24 14:41:49', '2018-03-24 14:41:49', NULL),
	(1046, 1, 688, 1, 0, 0, '2018-03-24 14:42:04', '2018-03-24 14:42:04', NULL),
	(1047, 1, 689, 1, 0, 0, '2018-03-24 14:42:26', '2018-03-24 14:42:26', NULL),
	(1050, 1, 692, 1, 0, 0, '2018-03-24 18:58:57', '2018-03-24 18:58:57', NULL),
	(1053, 1, 695, 1, 0, 0, '2018-03-24 19:00:54', '2018-03-24 19:00:54', NULL),
	(1054, 1, 696, 1, 0, 0, '2018-03-24 19:07:08', '2018-03-24 19:07:08', NULL),
	(1055, 1, 656, 1, 0, 0, '2018-03-24 19:12:04', '2018-03-24 19:12:04', NULL),
	(1056, 1, 656, 1, 0, 0, '2018-03-24 19:12:22', '2018-03-24 19:12:22', NULL),
	(1057, 1, 656, 1, 0, 0, '2018-03-24 19:12:43', '2018-03-24 19:12:43', NULL),
	(1058, 1, 697, 1, 0, 0, '2018-03-25 11:44:59', '2018-03-25 11:44:59', NULL),
	(1060, 1, 699, 1, 0, 0, '2018-03-25 11:47:53', '2018-03-25 11:47:53', NULL),
	(1061, 1, 700, 1, 0, 0, '2018-03-25 11:55:20', '2018-03-25 11:55:20', NULL),
	(1062, 1, 701, 1, 0, 0, '2018-03-25 12:17:45', '2018-03-25 12:17:45', NULL),
	(1063, 1, 702, 1, 0, 0, '2018-03-25 12:31:29', '2018-03-25 12:31:29', NULL),
	(1065, 1, 704, 1, 0, 0, '2018-03-25 14:29:42', '2018-03-25 14:29:42', NULL),
	(1066, 1, 705, 1, 0, 0, '2018-03-25 18:02:16', '2018-03-25 18:02:16', NULL),
	(1067, 1, 706, 1, 0, 0, '2018-03-25 18:08:04', '2018-03-25 18:08:04', NULL),
	(1068, 1, 707, 1, 0, 0, '2018-03-25 18:09:50', '2018-03-25 18:09:50', NULL),
	(1069, 1, 708, 1, 0, 0, '2018-03-25 18:22:59', '2018-03-25 18:22:59', NULL),
	(1070, 1, 709, 1, 0, 0, '2018-03-25 18:49:41', '2018-03-25 18:49:41', NULL),
	(1071, 1, 710, 1, 0, 0, '2018-03-25 18:56:00', '2018-03-25 18:56:00', NULL),
	(1072, 1, 711, 1, 0, 0, '2018-03-25 19:48:03', '2018-03-25 19:48:03', NULL),
	(1073, 1, 712, 1, 0, 0, '2018-03-25 19:53:52', '2018-03-25 19:53:52', NULL),
	(1074, 1, 713, 1, 0, 0, '2018-03-25 19:56:51', '2018-03-25 19:56:51', NULL),
	(1075, 1, 714, 1, 0, 0, '2018-03-25 20:06:23', '2018-03-25 20:06:23', NULL),
	(1079, 1, 718, 1, 0, 0, '2018-03-26 18:58:19', '2018-03-26 18:58:19', NULL),
	(1080, 1, 719, 1, 0, 0, '2018-03-26 19:14:28', '2018-03-26 19:14:28', NULL),
	(1081, 1, 720, 1, 0, 0, '2018-03-28 14:26:04', '2018-03-28 14:26:04', NULL),
	(1085, 1, 723, 1, 0, 0, '2018-03-28 19:33:20', '2018-03-28 19:33:20', NULL),
	(1086, 1, 724, 1, 0, 0, '2018-03-28 19:33:48', '2018-03-28 19:33:48', NULL),
	(1087, 1, 725, 1, 0, 0, '2018-03-28 19:35:37', '2018-03-28 19:35:37', NULL),
	(1088, 1, 725, 2, 0, 0, '2018-03-28 19:35:37', '2018-03-28 19:35:37', NULL),
	(1089, 1, 726, 1, 0, 0, '2018-03-28 19:35:58', '2018-03-28 19:35:58', NULL),
	(1090, 1, 727, 1, 0, 0, '2018-03-28 19:36:12', '2018-03-28 19:36:12', NULL),
	(1091, 1, 728, 1, 0, 0, '2018-03-28 19:40:00', '2018-03-28 19:40:00', NULL),
	(1093, 1, 730, 1, 0, 0, '2018-03-28 19:40:51', '2018-03-28 19:40:51', NULL),
	(1094, 1, 731, 1, 0, 0, '2018-03-28 19:44:23', '2018-03-28 19:44:23', NULL),
	(1095, 1, 732, 1, 0, 0, '2018-03-28 19:44:40', '2018-03-28 19:44:40', NULL),
	(1096, 1, 733, 1, 0, 0, '2018-03-28 19:51:49', '2018-03-28 19:51:49', NULL),
	(1097, 1, 734, 1, 0, 0, '2018-03-28 19:53:16', '2018-03-28 19:53:16', NULL),
	(1098, 1, 735, 1, 0, 0, '2018-03-28 20:00:22', '2018-03-28 20:00:22', NULL),
	(1099, 1, 736, 1, 0, 0, '2018-03-28 20:00:42', '2018-03-28 20:00:42', NULL),
	(1100, 1, 737, 1, 0, 0, '2018-03-28 20:12:13', '2018-03-28 20:12:13', NULL),
	(1101, 1, 738, 1, 0, 0, '2018-03-28 20:12:29', '2018-03-28 20:12:29', NULL),
	(1102, 1, 739, 1, 0, 0, '2018-03-28 20:38:13', '2018-03-28 20:38:13', NULL),
	(1103, 1, 740, 1, 0, 0, '2018-03-28 21:32:56', '2018-03-28 21:32:56', NULL),
	(1104, 1, 741, 1, 0, 0, '2018-03-28 21:33:17', '2018-03-28 21:33:17', NULL),
	(1105, 1, 742, 1, 0, 0, '2018-03-28 21:33:35', '2018-03-28 21:33:35', NULL),
	(1106, 1, 743, 1, 0, 0, '2018-03-28 21:36:20', '2018-03-28 21:36:20', NULL),
	(1107, 1, 743, 1, 0, 0, '2018-03-28 21:36:41', '2018-03-28 21:36:41', NULL),
	(1111, 1, 747, 1, 0, 0, '2018-03-29 10:15:31', '2018-03-29 10:15:31', NULL),
	(1112, 1, 748, 1, 0, 0, '2018-03-29 10:15:44', '2018-03-29 10:15:44', NULL),
	(1113, 1, 749, 1, 0, 0, '2018-03-29 10:16:11', '2018-03-29 10:16:11', NULL),
	(1115, 1, 751, 1, 0, 0, '2018-03-29 10:20:48', '2018-03-29 10:20:48', NULL),
	(1116, 1, 752, 1, 0, 0, '2018-03-29 10:21:00', '2018-03-29 10:21:00', NULL),
	(1117, 1, 753, 1, 0, 0, '2018-03-29 10:21:31', '2018-03-29 10:21:31', NULL),
	(1118, 1, 754, 1, 0, 0, '2018-03-29 10:26:05', '2018-03-29 10:26:05', NULL),
	(1119, 1, 755, 1, 0, 0, '2018-03-29 10:26:15', '2018-03-29 10:26:15', NULL),
	(1121, 1, 757, 1, 0, 0, '2018-03-29 10:40:19', '2018-03-29 10:40:19', NULL),
	(1123, 1, 758, 1, 0, 0, '2018-03-29 10:48:14', '2018-03-29 10:48:14', NULL),
	(1124, 1, 759, 1, 0, 0, '2018-03-29 10:48:29', '2018-03-29 10:48:29', NULL),
	(1125, 1, 760, 1, 0, 0, '2018-03-29 11:10:18', '2018-03-29 11:10:18', NULL),
	(1126, 1, 761, 1, 0, 0, '2018-03-29 11:11:12', '2018-03-29 11:11:12', NULL),
	(1127, 1, 761, 1, 0, 0, '2018-03-29 11:11:31', '2018-03-29 11:11:31', NULL),
	(1128, 1, 762, 1, 0, 0, '2018-03-29 11:11:56', '2018-03-29 11:11:56', NULL),
	(1131, 1, 764, 1, 0, 0, '2018-03-29 11:15:18', '2018-03-29 11:15:18', NULL),
	(1132, 1, 765, 1, 0, 0, '2018-03-29 11:55:28', '2018-03-29 11:55:28', NULL),
	(1133, 1, 766, 1, 0, 0, '2018-03-29 12:00:40', '2018-03-29 12:00:40', NULL),
	(1134, 1, 766, 1, 0, 0, '2018-03-29 12:01:28', '2018-03-29 12:01:28', NULL),
	(1135, 1, 767, 1, 0, 0, '2018-03-29 12:02:14', '2018-03-29 12:02:14', NULL),
	(1139, 1, 770, 1, 0, 0, '2018-03-29 12:10:55', '2018-03-29 12:10:55', NULL),
	(1142, 1, 772, 1, 0, 0, '2018-03-29 12:11:53', '2018-03-29 12:11:53', NULL),
	(1143, 1, 772, 1, 0, 0, '2018-03-29 12:12:35', '2018-03-29 12:12:35', NULL),
	(1144, 1, 773, 1, 0, 0, '2018-03-29 12:15:11', '2018-03-29 12:15:11', NULL),
	(1146, 1, 775, 1, 0, 0, '2018-03-29 12:17:05', '2018-03-29 12:17:05', NULL),
	(1147, 1, 776, 1, 0, 0, '2018-03-29 12:26:49', '2018-03-29 12:26:49', NULL),
	(1148, 1, 777, 1, 0, 0, '2018-03-29 12:27:04', '2018-03-29 12:27:04', NULL),
	(1150, 1, 778, 1, 0, 0, '2018-03-29 12:30:41', '2018-03-29 12:30:41', NULL),
	(1151, 1, 779, 1, 0, 0, '2018-03-29 12:30:53', '2018-03-29 12:30:53', NULL),
	(1152, 1, 780, 1, 0, 0, '2018-03-29 12:31:22', '2018-03-29 12:31:22', NULL),
	(1153, 1, 781, 1, 0, 0, '2018-03-29 12:31:32', '2018-03-29 12:31:32', NULL),
	(1154, 1, 782, 1, 0, 1, '2018-03-29 12:33:26', '2018-03-29 20:59:55', NULL),
	(1155, 1, 783, 1, 0, 0, '2018-03-29 12:42:21', '2018-03-29 12:42:21', NULL),
	(1157, 1, 785, 1, 0, 1, '2018-03-29 13:45:51', '2018-03-29 20:59:54', NULL),
	(1158, 1, 786, 1, 0, 1, '2018-03-29 14:09:33', '2018-03-29 20:59:54', NULL),
	(1159, 1, 787, 1, 0, 1, '2018-03-29 14:12:02', '2018-03-29 20:59:52', NULL),
	(1160, 1, 788, 1, 0, 1, '2018-03-29 14:14:17', '2018-03-29 20:59:51', NULL),
	(1163, 1, 789, 2, 0, 0, '2018-03-29 19:58:53', '2018-03-29 19:58:53', NULL),
	(1164, 1, 790, 1, 0, 0, '2018-03-31 10:12:22', '2018-03-31 10:12:22', NULL),
	(1165, 1, 791, 1, 0, 0, '2018-03-31 10:13:19', '2018-03-31 10:13:19', NULL),
	(1166, 1, 792, 1, 0, 0, '2018-03-31 11:48:33', '2018-03-31 11:48:33', NULL),
	(1167, 1, 792, 1, 0, 0, '2018-03-31 11:49:26', '2018-03-31 11:49:26', NULL),
	(1168, 1, 793, 1, 0, 0, '2018-03-31 11:56:06', '2018-03-31 11:56:06', NULL),
	(1169, 1, 794, 1, 0, 0, '2018-03-31 11:56:47', '2018-03-31 11:56:47', NULL),
	(1170, 1, 795, 1, 0, 0, '2018-03-31 12:01:35', '2018-03-31 12:01:35', NULL),
	(1171, 1, 796, 1, 0, 0, '2018-03-31 12:10:16', '2018-03-31 12:10:16', NULL),
	(1173, 1, 798, 1, 0, 0, '2018-03-31 12:12:52', '2018-03-31 12:12:52', NULL),
	(1174, 1, 799, 1, 0, 0, '2018-03-31 12:18:12', '2018-03-31 12:18:12', NULL),
	(1175, 1, 800, 1, 0, 0, '2018-03-31 12:18:38', '2018-03-31 12:18:38', NULL),
	(1176, 1, 801, 1, 0, 0, '2018-03-31 12:19:27', '2018-03-31 12:19:27', NULL),
	(1177, 1, 802, 1, 0, 0, '2018-03-31 12:19:52', '2018-03-31 12:19:52', NULL),
	(1178, 1, 803, 1, 0, 0, '2018-03-31 12:29:46', '2018-03-31 12:29:46', NULL),
	(1179, 1, 804, 1, 0, 0, '2018-03-31 12:33:10', '2018-03-31 12:33:10', NULL),
	(1180, 1, 805, 1, 0, 0, '2018-03-31 12:50:52', '2018-03-31 12:50:52', NULL),
	(1181, 1, 806, 1, 0, 0, '2018-03-31 12:54:03', '2018-03-31 12:54:03', NULL),
	(1182, 1, 807, 1, 0, 0, '2018-03-31 13:45:41', '2018-03-31 13:45:41', NULL),
	(1183, 1, 808, 1, 0, 0, '2018-03-31 13:48:44', '2018-03-31 13:48:44', NULL),
	(1184, 1, 809, 1, 0, 0, '2018-03-31 13:50:20', '2018-03-31 13:50:20', NULL),
	(1185, 1, 810, 1, 0, 0, '2018-03-31 13:59:38', '2018-03-31 13:59:38', NULL),
	(1186, 1, 811, 1, 0, 0, '2018-03-31 14:04:00', '2018-03-31 14:04:00', NULL),
	(1187, 1, 812, 1, 0, 0, '2018-03-31 14:18:17', '2018-03-31 14:18:17', NULL),
	(1188, 1, 813, 1, 0, 0, '2018-03-31 14:19:13', '2018-03-31 14:19:13', NULL),
	(1189, 1, 814, 1, 0, 0, '2018-03-31 14:24:09', '2018-03-31 14:24:09', NULL),
	(1190, 1, 815, 1, 0, 0, '2018-03-31 14:25:25', '2018-03-31 14:25:25', NULL),
	(1191, 1, 816, 1, 0, 0, '2018-03-31 18:06:17', '2018-03-31 18:06:17', NULL),
	(1192, 1, 817, 1, 0, 0, '2018-03-31 18:21:42', '2018-03-31 18:21:42', NULL),
	(1193, 1, 818, 1, 0, 0, '2018-03-31 18:45:15', '2018-03-31 18:45:15', NULL),
	(1195, 1, 820, 1, 0, 0, '2018-03-31 18:47:18', '2018-03-31 18:47:18', NULL),
	(1196, 1, 821, 1, 0, 0, '2018-03-31 18:48:34', '2018-03-31 18:48:34', NULL),
	(1197, 1, 822, 1, 0, 0, '2018-03-31 18:53:11', '2018-03-31 18:53:11', NULL),
	(1198, 1, 823, 1, 0, 0, '2018-03-31 18:56:34', '2018-03-31 18:56:34', NULL),
	(1199, 1, 824, 1, 0, 0, '2018-03-31 18:57:28', '2018-03-31 18:57:28', NULL),
	(1200, 1, 825, 1, 0, 0, '2018-03-31 18:57:36', '2018-03-31 18:57:36', NULL),
	(1201, 1, 826, 1, 0, 0, '2018-03-31 19:00:38', '2018-03-31 19:00:38', NULL),
	(1202, 1, 827, 1, 0, 0, '2018-03-31 21:33:24', '2018-03-31 21:33:24', NULL),
	(1203, 1, 828, 2, 0, 0, '2018-03-31 21:34:27', '2018-03-31 21:34:27', NULL),
	(1204, 1, 829, 1, 0, 0, '2018-04-01 12:45:56', '2018-04-01 12:45:56', NULL),
	(1205, 1, 830, 1, 0, 0, '2018-04-05 19:59:59', '2018-04-05 19:59:59', NULL),
	(1206, 1, 831, 1, 0, 0, '2018-04-05 20:01:46', '2018-04-05 20:01:46', NULL),
	(1207, 1, 832, 1, 0, 0, '2018-04-07 09:38:04', '2018-04-07 09:38:04', NULL),
	(1208, 1, 833, 1, 0, 0, '2018-04-07 09:38:51', '2018-04-07 09:38:51', NULL),
	(1209, 1, 834, 1, 0, 0, '2018-04-07 09:41:41', '2018-04-07 09:41:41', NULL),
	(1210, 1, 835, 1, 0, 0, '2018-04-07 09:46:54', '2018-04-07 09:46:54', NULL),
	(1211, 1, 836, 1, 0, 0, '2018-04-07 09:49:41', '2018-04-07 09:49:41', NULL),
	(1212, 1, 837, 1, 0, 0, '2018-04-07 14:05:14', '2018-04-07 14:05:14', NULL),
	(1213, 1, 837, 2, 0, 0, '2018-04-07 14:05:15', '2018-04-07 14:05:15', NULL),
	(1214, 1, 838, 1, 0, 0, '2018-04-07 14:09:35', '2018-04-07 14:09:35', NULL),
	(1215, 1, 839, 1, 0, 0, '2018-04-08 10:14:11', '2018-04-08 10:14:11', NULL),
	(1216, 1, 839, 2, 0, 0, '2018-04-08 10:14:11', '2018-04-08 10:14:11', NULL),
	(1217, 1, 840, 1, 0, 0, '2018-04-08 19:49:26', '2018-04-08 19:49:26', NULL),
	(1218, 1, 841, 1, 0, 0, '2018-04-08 21:18:18', '2018-04-08 21:18:18', NULL),
	(1219, 1, 842, 1, 0, 0, '2018-04-08 21:21:05', '2018-04-08 21:21:05', NULL),
	(1220, 1, 843, 1, 0, 0, '2018-04-08 21:22:41', '2018-04-08 21:22:41', NULL),
	(1221, 1, 844, 1, 0, 0, '2018-04-08 21:38:49', '2018-04-08 21:38:49', NULL),
	(1222, 1, 702, 1, 0, 0, '2018-04-08 21:39:48', '2018-04-08 21:39:48', NULL),
	(1223, 1, 845, 1, 0, 0, '2018-04-08 21:48:55', '2018-04-08 21:48:55', NULL),
	(1224, 1, 846, 1, 0, 0, '2018-04-09 10:16:10', '2018-04-09 10:16:10', NULL),
	(1225, 1, 847, 1, 0, 0, '2018-04-09 10:16:18', '2018-04-09 10:16:18', NULL),
	(1226, 1, 848, 1, 0, 0, '2018-04-09 10:22:36', '2018-04-09 10:22:36', NULL),
	(1227, 1, 849, 1, 0, 0, '2018-04-09 10:22:54', '2018-04-09 10:22:54', NULL);

-- Dumping structure for table classylab.suborder_product_mapping
CREATE TABLE IF NOT EXISTS `suborder_product_mapping` (
  `SubOrderProductID` bigint(20) NOT NULL AUTO_INCREMENT,
  `SubOrderID` bigint(20) DEFAULT NULL,
  `ProductID` bigint(20) DEFAULT NULL,
  `ShopID` bigint(20) DEFAULT NULL,
  `Qty` decimal(11,4) DEFAULT NULL,
  `IsCanceled` tinyint(1) DEFAULT NULL,
  `Notes` varchar(500) COLLATE utf8_unicode_ci DEFAULT NULL,
  `created_at` datetime DEFAULT NULL,
  `updated_at` datetime DEFAULT NULL,
  `deleted_at` datetime DEFAULT NULL,
  PRIMARY KEY (`SubOrderProductID`)
) ENGINE=InnoDB AUTO_INCREMENT=4569 DEFAULT CHARSET=utf8 COLLATE=utf8_unicode_ci;

-- Dumping data for table classylab.suborder_product_mapping: ~3,953 rows (approximately)
DELETE FROM `suborder_product_mapping`;
INSERT INTO `suborder_product_mapping` (`SubOrderProductID`, `SubOrderID`, `ProductID`, `ShopID`, `Qty`, `IsCanceled`, `Notes`, `created_at`, `updated_at`, `deleted_at`) VALUES
	(23, 9, 1, 1, 1.0000, 0, '', '2018-02-01 19:23:11', '2018-02-01 19:23:11', NULL),
	(24, 9, 5, 1, 1.0000, 0, '', '2018-02-01 19:23:11', '2018-02-01 19:23:11', NULL),
	(25, 9, 9, 1, 4.0000, 0, '', '2018-02-01 19:23:11', '2018-02-01 19:23:11', NULL),
	(26, 9, 10, 1, 1.0000, 0, '', '2018-02-01 19:23:11', '2018-02-01 19:23:11', NULL),
	(27, 9, 6, 1, 6.0000, 0, '', '2018-02-01 19:23:11', '2018-02-01 19:23:11', NULL),
	(35, 12, 5, 1, 1.0000, 0, '', '2018-02-01 19:26:41', '2018-02-01 19:26:41', NULL),
	(36, 12, 6, 1, 6.0000, 0, '', '2018-02-01 19:26:41', '2018-02-01 19:26:41', NULL),
	(42, 16, 1, 1, 1.0000, 0, '', '2018-02-01 20:16:47', '2018-02-01 20:16:47', NULL),
	(43, 16, 5, 1, 1.0000, 0, '', '2018-02-01 20:16:47', '2018-02-01 20:16:47', NULL),
	(44, 16, 9, 1, 6.0000, 0, '', '2018-02-01 20:16:47', '2018-02-01 20:16:47', NULL),
	(45, 17, 9, 1, 1.0000, 0, '', '2018-02-01 20:16:57', '2018-02-01 20:16:57', NULL),
	(46, 17, 10, 1, 4.0000, 0, '', '2018-02-01 20:16:58', '2018-02-01 20:16:58', NULL),
	(47, 18, 37, 1, 1.0000, 0, '', '2018-02-01 20:25:55', '2018-02-01 20:25:55', NULL),
	(48, 18, 41, 1, 1.0000, 0, '', '2018-02-01 20:25:55', '2018-02-01 20:25:55', NULL),
	(49, 18, 45, 1, 5.0000, 0, '', '2018-02-01 20:25:55', '2018-02-01 20:25:55', NULL),
	(50, 19, 157, 1, 1.0000, 0, '', '2018-02-01 21:20:33', '2018-02-01 21:20:33', NULL),
	(51, 19, 167, 1, 9.0000, 0, '', '2018-02-01 21:20:33', '2018-02-01 21:20:33', NULL),
	(52, 20, 157, 1, 1.0000, 0, '', '2018-02-01 21:20:48', '2018-02-01 21:20:48', NULL),
	(53, 20, 167, 1, 4.0000, 0, '', '2018-02-01 21:20:48', '2018-02-01 21:20:48', NULL),
	(54, 21, 157, 1, 1.0000, 0, '', '2018-02-01 21:23:49', '2018-02-01 21:23:49', NULL),
	(55, 21, 167, 1, 3.0000, 0, '', '2018-02-01 21:23:50', '2018-02-01 21:23:50', NULL),
	(56, 22, 1, 1, 1.0000, 0, '', '2018-02-01 21:24:12', '2018-02-01 21:24:12', NULL),
	(57, 22, 5, 1, 1.0000, 0, '', '2018-02-01 21:24:12', '2018-02-01 21:24:12', NULL),
	(58, 22, 9, 1, 4.0000, 0, '', '2018-02-01 21:24:12', '2018-02-01 21:24:12', NULL),
	(59, 23, 9, 1, 4.0000, 0, '', '2018-02-01 21:24:24', '2018-02-01 21:24:24', NULL),
	(60, 23, 5, 1, 3.0000, 0, '', '2018-02-01 21:24:24', '2018-02-01 21:24:24', NULL),
	(61, 24, 167, 1, 7.0000, 0, '', '2018-02-01 21:25:53', '2018-02-01 21:25:53', NULL),
	(62, 25, 138, 1, 6.0000, 0, '', '2018-02-01 21:26:15', '2018-02-01 21:26:15', NULL),
	(63, 26, 157, 1, 1.0000, 0, '', '2018-02-01 21:28:31', '2018-02-01 21:28:31', NULL),
	(64, 26, 167, 1, 4.0000, 0, '', '2018-02-01 21:28:31', '2018-02-01 21:28:31', NULL),
	(65, 27, 37, 1, 1.0000, 1, '', '2018-02-01 21:28:43', '2018-03-24 10:01:19', NULL),
	(66, 27, 41, 1, 5.0000, 1, '', '2018-02-01 21:28:43', '2018-03-24 10:01:19', NULL),
	(67, 28, 1, 1, 1.0000, 1, '', '2018-02-01 21:29:42', '2018-03-24 10:01:20', NULL),
	(68, 28, 5, 1, 3.0000, 1, '', '2018-02-01 21:29:42', '2018-03-24 10:01:20', NULL),
	(71, 30, 42, 1, 6.0000, 0, '', '2018-02-01 21:30:18', '2018-02-01 21:30:18', NULL),
	(72, 31, 37, 1, 1.0000, 0, '', '2018-02-01 21:30:34', '2018-02-01 21:30:34', NULL),
	(73, 31, 41, 1, 6.0000, 0, '', '2018-02-01 21:30:34', '2018-02-01 21:30:34', NULL),
	(74, 32, 41, 1, 3.0000, 0, '', '2018-02-01 21:30:52', '2018-02-01 21:30:52', NULL),
	(75, 33, 49, 1, 3.0000, 0, '', '2018-02-01 21:31:05', '2018-02-01 21:31:05', NULL),
	(76, 34, 45, 1, 5.0000, 1, '', '2018-02-01 21:31:14', '2018-03-24 10:01:39', NULL),
	(77, 35, 1, 1, 1.0000, 0, '', '2018-02-01 21:34:34', '2018-02-01 21:34:34', NULL),
	(78, 35, 5, 1, 1.0000, 0, '', '2018-02-01 21:34:34', '2018-02-01 21:34:34', NULL),
	(79, 35, 9, 1, 4.0000, 0, '', '2018-02-01 21:34:34', '2018-02-01 21:34:34', NULL),
	(80, 36, 10, 1, 6.0000, 1, '', '2018-02-01 21:34:44', '2018-03-24 10:01:43', NULL),
	(81, 37, 9, 1, 4.0000, 0, '', '2018-02-01 21:34:54', '2018-02-01 21:34:54', NULL),
	(82, 38, 157, 1, 4.0000, 0, '', '2018-02-04 13:19:31', '2018-02-04 13:19:31', NULL),
	(83, 39, 1, 1, 1.0000, 0, '', '2018-02-04 13:19:55', '2018-02-04 13:19:55', NULL),
	(84, 39, 2, 1, 7.0000, 0, '', '2018-02-04 13:19:55', '2018-02-04 13:19:55', NULL),
	(85, 40, 5, 1, 1.0000, 0, '', '2018-02-04 13:21:02', '2018-02-04 13:21:02', NULL),
	(86, 40, 9, 1, 6.0000, 0, '', '2018-02-04 13:21:02', '2018-02-04 13:21:02', NULL),
	(87, 41, 37, 1, 1.0000, 0, '', '2018-02-04 13:23:14', '2018-02-04 13:23:14', NULL),
	(88, 41, 41, 1, 6.0000, 0, '', '2018-02-04 13:23:14', '2018-02-04 13:23:14', NULL),
	(89, 42, 1, 1, 1.0000, 0, '', '2018-02-04 13:25:14', '2018-02-04 13:25:14', NULL),
	(90, 42, 5, 1, 1.0000, 0, '', '2018-02-04 13:25:14', '2018-02-04 13:25:14', NULL),
	(91, 42, 9, 1, 5.0000, 0, '', '2018-02-04 13:25:14', '2018-02-04 13:25:14', NULL),
	(92, 43, 1, 1, 1.0000, 0, '', '2018-02-04 13:30:35', '2018-02-04 13:30:35', NULL),
	(93, 43, 5, 1, 1.0000, 0, '', '2018-02-04 13:30:36', '2018-02-04 13:30:36', NULL),
	(94, 43, 9, 1, 5.0000, 0, '', '2018-02-04 13:30:36', '2018-02-04 13:30:36', NULL),
	(95, 44, 1, 1, 1.0000, 0, '', '2018-02-04 13:32:29', '2018-02-04 13:32:29', NULL),
	(96, 44, 5, 1, 1.0000, 0, '', '2018-02-04 13:32:29', '2018-02-04 13:32:29', NULL),
	(97, 44, 9, 1, 5.0000, 0, '', '2018-02-04 13:32:29', '2018-02-04 13:32:29', NULL),
	(98, 45, 112, 1, 1.0000, 0, '', '2018-02-04 13:34:26', '2018-02-04 13:34:26', NULL),
	(99, 45, 113, 1, 4.0000, 0, '', '2018-02-04 13:34:26', '2018-02-04 13:34:26', NULL),
	(108, 49, 9, 1, 6.0000, 1, '', '2018-02-04 13:40:40', '2018-03-13 14:24:38', NULL),
	(109, 50, 19, 1, 1.0000, 0, '', '2018-02-04 19:50:04', '2018-02-04 19:50:04', NULL),
	(110, 50, 18, 1, 1.0000, 0, '', '2018-02-04 19:50:04', '2018-02-04 19:50:04', NULL),
	(111, 50, 22, 1, 1.0000, 0, '', '2018-02-04 19:50:04', '2018-02-04 19:50:04', NULL),
	(112, 50, 23, 1, 4.0000, 0, '', '2018-02-04 19:50:04', '2018-02-04 19:50:04', NULL),
	(113, 51, 1, 1, 1.0000, 0, '', '2018-02-04 19:51:37', '2018-02-04 19:51:37', NULL),
	(114, 51, 5, 1, 1.0000, 0, '', '2018-02-04 19:51:37', '2018-02-04 19:51:37', NULL),
	(115, 51, 9, 1, 5.0000, 0, '', '2018-02-04 19:51:37', '2018-02-04 19:51:37', NULL),
	(116, 52, 1, 1, 1.0000, 0, '', '2018-02-04 19:55:13', '2018-02-04 19:55:13', NULL),
	(117, 52, 5, 1, 1.0000, 0, '', '2018-02-04 19:55:13', '2018-02-04 19:55:13', NULL),
	(118, 52, 9, 1, 5.0000, 0, '', '2018-02-04 19:55:13', '2018-02-04 19:55:13', NULL),
	(119, 53, 1, 1, 1.0000, 0, '', '2018-02-06 20:30:17', '2018-02-06 20:30:17', NULL),
	(120, 53, 5, 1, 1.0000, 0, '', '2018-02-06 20:30:17', '2018-02-06 20:30:17', NULL),
	(121, 53, 9, 1, 5.0000, 0, '', '2018-02-06 20:30:17', '2018-02-06 20:30:17', NULL),
	(122, 54, 62, 1, 1.0000, 0, '', '2018-02-06 20:31:48', '2018-02-06 20:31:48', NULL),
	(123, 54, 61, 1, 1.0000, 0, '', '2018-02-06 20:31:48', '2018-02-06 20:31:48', NULL),
	(124, 54, 65, 1, 1.0000, 0, '', '2018-02-06 20:31:48', '2018-02-06 20:31:48', NULL),
	(125, 54, 69, 1, 3.0000, 0, '', '2018-02-06 20:31:48', '2018-02-06 20:31:48', NULL),
	(126, 55, 37, 1, 1.0000, 0, '', '2018-02-06 20:32:57', '2018-02-06 20:32:57', NULL),
	(127, 55, 41, 1, 5.0000, 0, '', '2018-02-06 20:32:57', '2018-02-06 20:32:57', NULL),
	(128, 56, 1, 1, 4.0000, 0, '', '2018-02-06 20:36:08', '2018-02-06 20:36:08', NULL),
	(129, 57, 157, 1, 3.0000, 0, '', '2018-02-06 20:38:09', '2018-02-06 20:38:09', NULL),
	(130, 58, 1, 1, 1.0000, 0, '', '2018-02-06 20:43:19', '2018-02-06 20:43:19', NULL),
	(131, 58, 5, 1, 1.0000, 0, '', '2018-02-06 20:43:19', '2018-02-06 20:43:19', NULL),
	(132, 58, 9, 1, 3.0000, 0, '', '2018-02-06 20:43:19', '2018-02-06 20:43:19', NULL),
	(133, 59, 1, 1, 1.0000, 0, '', '2018-02-06 21:02:06', '2018-02-06 21:02:06', NULL),
	(134, 59, 5, 1, 1.0000, 0, '', '2018-02-06 21:02:06', '2018-02-06 21:02:06', NULL),
	(135, 59, 9, 1, 6.0000, 0, '', '2018-02-06 21:02:06', '2018-02-06 21:02:06', NULL),
	(136, 60, 1, 1, 1.0000, 0, '', '2018-02-06 21:03:45', '2018-02-06 21:03:45', NULL),
	(137, 60, 5, 1, 1.0000, 0, '', '2018-02-06 21:03:45', '2018-02-06 21:03:45', NULL),
	(138, 60, 9, 1, 7.0000, 0, '', '2018-02-06 21:03:45', '2018-02-06 21:03:45', NULL),
	(139, 61, 1, 1, 1.0000, 0, '', '2018-02-06 21:08:06', '2018-02-06 21:08:06', NULL),
	(140, 61, 5, 1, 1.0000, 0, '', '2018-02-06 21:08:06', '2018-02-06 21:08:06', NULL),
	(141, 61, 9, 1, 5.0000, 0, '', '2018-02-06 21:08:06', '2018-02-06 21:08:06', NULL),
	(142, 62, 1, 1, 1.0000, 0, '', '2018-02-06 21:08:48', '2018-02-06 21:08:48', NULL),
	(143, 62, 5, 1, 1.0000, 0, '', '2018-02-06 21:08:48', '2018-02-06 21:08:48', NULL),
	(144, 62, 9, 1, 6.0000, 0, '', '2018-02-06 21:08:48', '2018-02-06 21:08:48', NULL),
	(145, 63, 1, 1, 1.0000, 0, '', '2018-02-06 21:09:54', '2018-02-06 21:09:54', NULL),
	(146, 63, 5, 1, 1.0000, 0, '', '2018-02-06 21:09:54', '2018-02-06 21:09:54', NULL),
	(147, 63, 9, 1, 4.0000, 0, '', '2018-02-06 21:09:54', '2018-02-06 21:09:54', NULL),
	(148, 64, 1, 1, 1.0000, 0, '', '2018-02-06 21:10:45', '2018-02-06 21:10:45', NULL),
	(149, 64, 5, 1, 1.0000, 0, '', '2018-02-06 21:10:45', '2018-02-06 21:10:45', NULL),
	(150, 64, 11, 1, 1.0000, 0, '', '2018-02-06 21:10:45', '2018-02-06 21:10:45', NULL),
	(151, 64, 15, 1, 4.0000, 0, '', '2018-02-06 21:10:45', '2018-02-06 21:10:45', NULL),
	(152, 65, 157, 1, 3.0000, 0, '', '2018-02-06 21:11:37', '2018-02-06 21:11:37', NULL),
	(153, 66, 1, 1, 1.0000, 0, '', '2018-02-06 21:12:16', '2018-02-06 21:12:16', NULL),
	(154, 66, 5, 1, 1.0000, 0, '', '2018-02-06 21:12:16', '2018-02-06 21:12:16', NULL),
	(155, 66, 9, 1, 4.0000, 0, '', '2018-02-06 21:12:16', '2018-02-06 21:12:16', NULL),
	(156, 67, 1, 1, 1.0000, 0, '', '2018-02-06 21:13:12', '2018-02-06 21:13:12', NULL),
	(157, 67, 5, 1, 4.0000, 0, '', '2018-02-06 21:13:12', '2018-02-06 21:13:12', NULL),
	(158, 68, 1, 1, 1.0000, 0, '', '2018-02-06 21:14:11', '2018-02-06 21:14:11', NULL),
	(159, 68, 5, 1, 1.0000, 0, '', '2018-02-06 21:14:11', '2018-02-06 21:14:11', NULL),
	(160, 69, 1, 1, 1.0000, 0, '', '2018-02-06 21:15:07', '2018-02-06 21:15:07', NULL),
	(161, 69, 5, 1, 1.0000, 0, '', '2018-02-06 21:15:07', '2018-02-06 21:15:07', NULL),
	(162, 69, 9, 1, 4.0000, 0, '', '2018-02-06 21:15:07', '2018-02-06 21:15:07', NULL),
	(163, 70, 1, 1, 1.0000, 0, '', '2018-02-06 21:15:52', '2018-02-06 21:15:52', NULL),
	(164, 70, 5, 1, 1.0000, 0, '', '2018-02-06 21:15:52', '2018-02-06 21:15:52', NULL),
	(165, 70, 9, 1, 4.0000, 0, '', '2018-02-06 21:15:52', '2018-02-06 21:15:52', NULL),
	(166, 71, 1, 1, 1.0000, 0, '', '2018-02-06 21:17:54', '2018-02-06 21:17:54', NULL),
	(167, 71, 5, 1, 1.0000, 0, '', '2018-02-06 21:17:54', '2018-02-06 21:17:54', NULL),
	(168, 71, 9, 1, 4.0000, 0, '', '2018-02-06 21:17:54', '2018-02-06 21:17:54', NULL),
	(169, 72, 1, 1, 1.0000, 0, '', '2018-02-06 21:19:30', '2018-02-06 21:19:30', NULL),
	(170, 72, 5, 1, 1.0000, 0, '', '2018-02-06 21:19:30', '2018-02-06 21:19:30', NULL),
	(171, 72, 9, 1, 4.0000, 0, '', '2018-02-06 21:19:30', '2018-02-06 21:19:30', NULL),
	(172, 73, 1, 1, 1.0000, 0, '', '2018-02-06 21:20:26', '2018-02-06 21:20:26', NULL),
	(173, 73, 5, 1, 1.0000, 0, '', '2018-02-06 21:20:26', '2018-02-06 21:20:26', NULL),
	(174, 73, 9, 1, 5.0000, 0, '', '2018-02-06 21:20:26', '2018-02-06 21:20:26', NULL),
	(175, 74, 1, 1, 5.0000, 0, '', '2018-02-06 21:20:49', '2018-02-06 21:20:49', NULL),
	(176, 75, 1, 1, 1.0000, 0, '', '2018-02-06 21:24:12', '2018-02-06 21:24:12', NULL),
	(177, 75, 5, 1, 1.0000, 0, '', '2018-02-06 21:24:12', '2018-02-06 21:24:12', NULL),
	(178, 75, 9, 1, 4.0000, 0, '', '2018-02-06 21:24:12', '2018-02-06 21:24:12', NULL),
	(179, 76, 1, 1, 1.0000, 0, '', '2018-02-06 21:25:45', '2018-02-06 21:25:45', NULL),
	(180, 76, 5, 1, 1.0000, 0, '', '2018-02-06 21:25:45', '2018-02-06 21:25:45', NULL),
	(181, 76, 9, 1, 5.0000, 0, '', '2018-02-06 21:25:46', '2018-02-06 21:25:46', NULL),
	(182, 77, 1, 1, 1.0000, 0, '', '2018-02-10 17:49:29', '2018-02-10 17:49:29', NULL),
	(183, 77, 5, 1, 3.0000, 0, '', '2018-02-10 17:49:29', '2018-02-10 17:49:29', NULL),
	(184, 78, 157, 1, 1.0000, 0, '', '2018-02-10 17:50:24', '2018-02-10 17:50:24', NULL),
	(185, 78, 167, 1, 5.0000, 0, '', '2018-02-10 17:50:24', '2018-02-10 17:50:24', NULL),
	(186, 79, 1, 1, 1.0000, 0, '', '2018-02-10 20:00:16', '2018-02-10 20:00:16', NULL),
	(187, 79, 5, 1, 1.0000, 0, '', '2018-02-10 20:00:16', '2018-02-10 20:00:16', NULL),
	(188, 79, 9, 1, 3.0000, 0, '', '2018-02-10 20:00:16', '2018-02-10 20:00:16', NULL),
	(189, 80, 2, 1, 1.0000, 0, '', '2018-02-10 20:05:06', '2018-02-10 20:05:06', NULL),
	(190, 80, 6, 1, 6.0000, 0, '', '2018-02-10 20:05:07', '2018-02-10 20:05:07', NULL),
	(191, 81, 1, 1, 1.0000, 0, '', '2018-02-10 20:44:16', '2018-02-10 20:44:16', NULL),
	(192, 81, 5, 1, 1.0000, 0, '', '2018-02-10 20:44:16', '2018-02-10 20:44:16', NULL),
	(193, 81, 6, 1, 1.0000, 0, '', '2018-02-10 20:44:16', '2018-02-10 20:44:16', NULL),
	(194, 81, 2, 1, 5.0000, 0, '', '2018-02-10 20:44:16', '2018-02-10 20:44:16', NULL),
	(195, 82, 71, 1, 1.0000, 0, '', '2018-02-10 20:44:16', '2018-02-10 20:44:16', NULL),
	(196, 82, 70, 1, 5.0000, 0, '', '2018-02-10 20:44:16', '2018-02-10 20:44:16', NULL),
	(197, 83, 275, 1, 1.0000, 0, '', '2018-02-10 20:44:16', '2018-02-10 20:44:16', NULL),
	(198, 83, 204, 1, 1.0000, 0, '', '2018-02-10 20:44:16', '2018-02-10 20:44:16', NULL),
	(199, 83, 203, 1, 3.0000, 0, '', '2018-02-10 20:44:16', '2018-02-10 20:44:16', NULL),
	(200, 84, 1, 1, 1.0000, 0, '', '2018-02-10 20:46:13', '2018-02-10 20:46:13', NULL),
	(201, 84, 5, 1, 1.0000, 0, '', '2018-02-10 20:46:13', '2018-02-10 20:46:13', NULL),
	(202, 84, 9, 1, 1.0000, 0, '', '2018-02-10 20:46:13', '2018-02-10 20:46:13', NULL),
	(203, 84, 6, 1, 4.0000, 0, '', '2018-02-10 20:46:13', '2018-02-10 20:46:13', NULL),
	(204, 85, 1, 1, 1.0000, 0, '', '2018-02-10 20:46:34', '2018-02-10 20:46:34', NULL),
	(205, 85, 5, 1, 1.0000, 0, '', '2018-02-10 20:46:35', '2018-02-10 20:46:35', NULL),
	(206, 86, 71, 1, 1.0000, 0, '', '2018-02-10 20:46:35', '2018-02-10 20:46:35', NULL),
	(207, 86, 111, 1, 1.0000, 0, '', '2018-02-10 20:46:35', '2018-02-10 20:46:35', NULL),
	(208, 86, 70, 1, 2.0000, 0, '', '2018-02-10 20:46:35', '2018-02-10 20:46:35', NULL),
	(209, 87, 203, 1, 1.0000, 0, '', '2018-02-10 20:46:35', '2018-02-10 20:46:35', NULL),
	(210, 87, 204, 1, 1.0000, 0, '', '2018-02-10 20:46:35', '2018-02-10 20:46:35', NULL),
	(211, 87, 275, 1, 1.0000, 0, '', '2018-02-10 20:46:35', '2018-02-10 20:46:35', NULL),
	(212, 88, 1, 1, 1.0000, 0, '', '2018-02-10 20:48:28', '2018-02-10 20:48:28', NULL),
	(213, 88, 5, 1, 1.0000, 0, '', '2018-02-10 20:48:28', '2018-02-10 20:48:28', NULL),
	(214, 88, 6, 1, 1.0000, 0, '', '2018-02-10 20:48:28', '2018-02-10 20:48:28', NULL),
	(215, 88, 2, 1, 4.0000, 0, '', '2018-02-10 20:48:28', '2018-02-10 20:48:28', NULL),
	(216, 89, 5, 1, 1.0000, 0, '', '2018-02-10 20:48:41', '2018-02-10 20:48:41', NULL),
	(217, 89, 9, 1, 1.0000, 0, '', '2018-02-10 20:48:41', '2018-02-10 20:48:41', NULL),
	(218, 89, 10, 1, 1.0000, 0, '', '2018-02-10 20:48:41', '2018-02-10 20:48:41', NULL),
	(219, 89, 6, 1, 4.0000, 0, '', '2018-02-10 20:48:42', '2018-02-10 20:48:42', NULL),
	(220, 90, 16, 1, 1.0000, 0, '', '2018-02-10 20:48:57', '2018-02-10 20:48:57', NULL),
	(221, 90, 17, 1, 1.0000, 0, '', '2018-02-10 20:48:57', '2018-02-10 20:48:57', NULL),
	(222, 91, 157, 1, 1.0000, 0, '', '2018-02-10 20:48:57', '2018-02-10 20:48:57', NULL),
	(223, 91, 167, 1, 5.0000, 0, '', '2018-02-10 20:48:57', '2018-02-10 20:48:57', NULL),
	(224, 92, 277, 1, 1.0000, 0, '', '2018-02-10 21:20:26', '2018-02-10 21:20:26', NULL),
	(225, 93, 1, 1, 1.0000, 0, '', '2018-02-10 21:36:07', '2018-02-10 21:36:07', NULL),
	(226, 93, 5, 1, 1.0000, 0, '', '2018-02-10 21:36:07', '2018-02-10 21:36:07', NULL),
	(227, 93, 9, 1, 4.0000, 0, '', '2018-02-10 21:36:07', '2018-02-10 21:36:07', NULL),
	(228, 94, 71, 1, 1.0000, 0, '', '2018-02-10 21:36:07', '2018-02-10 21:36:07', NULL),
	(229, 94, 70, 1, 3.0000, 0, '', '2018-02-10 21:36:07', '2018-02-10 21:36:07', NULL),
	(230, 95, 204, 1, 1.0000, 0, '', '2018-02-10 21:36:07', '2018-02-10 21:36:07', NULL),
	(231, 95, 203, 1, 4.0000, 0, '', '2018-02-10 21:36:07', '2018-02-10 21:36:07', NULL),
	(232, 96, 279, 1, 3.0000, 0, '', '2018-02-10 21:48:57', '2018-02-10 21:48:57', NULL),
	(233, 97, 9, 1, 1.0000, 0, '', '2018-02-12 18:55:56', '2018-02-12 18:55:56', NULL),
	(234, 97, 10, 1, 3.0000, 0, '', '2018-02-12 18:55:56', '2018-02-12 18:55:56', NULL),
	(235, 98, 11, 1, 1.0000, 0, '', '2018-02-12 19:14:06', '2018-02-12 19:14:06', NULL),
	(236, 98, 15, 1, 1.0000, 0, '', '2018-02-12 19:14:06', '2018-02-12 19:14:06', NULL),
	(237, 98, 163, 1, 1.0000, 0, '', '2018-02-12 19:14:06', '2018-02-12 19:14:06', NULL),
	(238, 98, 12, 1, 3.0000, 0, '', '2018-02-12 19:14:06', '2018-02-12 19:14:06', NULL),
	(239, 99, 1, 1, 1.0000, 0, '', '2018-02-12 19:27:18', '2018-02-12 19:27:18', NULL),
	(240, 99, 5, 1, 2.0000, 0, '', '2018-02-12 19:27:18', '2018-02-12 19:27:18', NULL),
	(241, 100, 1, 1, 1.0000, 0, '', '2018-02-12 19:30:46', '2018-02-12 19:30:46', NULL),
	(242, 100, 5, 1, 1.0000, 0, '', '2018-02-12 19:30:46', '2018-02-12 19:30:46', NULL),
	(243, 100, 6, 1, 1.0000, 0, '', '2018-02-12 19:30:46', '2018-02-12 19:30:46', NULL),
	(244, 100, 2, 1, 3.0000, 0, '', '2018-02-12 19:30:46', '2018-02-12 19:30:46', NULL),
	(245, 101, 112, 1, 1.0000, 0, '', '2018-02-13 12:56:33', '2018-02-13 12:56:33', NULL),
	(246, 101, 113, 1, 4.0000, 0, '', '2018-02-13 12:56:33', '2018-02-13 12:56:33', NULL),
	(247, 102, 1, 1, 1.0000, 0, '', '2018-02-13 13:37:28', '2018-02-13 13:37:28', NULL),
	(248, 102, 5, 1, 1.0000, 0, '', '2018-02-13 13:37:28', '2018-02-13 13:37:28', NULL),
	(249, 102, 9, 1, 3.0000, 0, '', '2018-02-13 13:37:28', '2018-02-13 13:37:28', NULL),
	(250, 103, 37, 1, 1.0000, 0, '', '2018-02-13 18:44:00', '2018-02-13 18:44:00', NULL),
	(251, 103, 41, 1, 1.0000, 0, '', '2018-02-13 18:44:00', '2018-02-13 18:44:00', NULL),
	(252, 103, 45, 1, 5.0000, 0, '', '2018-02-13 18:44:00', '2018-02-13 18:44:00', NULL),
	(253, 104, 1, 1, 1.0000, 0, '', '2018-02-13 18:45:12', '2018-02-13 18:45:12', NULL),
	(254, 104, 5, 1, 1.0000, 0, '', '2018-02-13 18:45:12', '2018-02-13 18:45:12', NULL),
	(255, 104, 9, 1, 6.0000, 0, '', '2018-02-13 18:45:12', '2018-02-13 18:45:12', NULL),
	(256, 105, 1, 1, 1.0000, 0, '', '2018-02-13 18:46:23', '2018-02-13 18:46:23', NULL),
	(257, 105, 5, 1, 1.0000, 0, '', '2018-02-13 18:46:23', '2018-02-13 18:46:23', NULL),
	(258, 106, 149, 1, 1.0000, 0, '', '2018-02-13 18:46:45', '2018-02-13 18:46:45', NULL),
	(259, 106, 153, 1, 4.0000, 0, '', '2018-02-13 18:46:45', '2018-02-13 18:46:45', NULL),
	(260, 107, 158, 1, 3.0000, 0, '', '2018-02-13 18:47:31', '2018-02-13 18:47:31', NULL),
	(261, 108, 1, 1, 1.0000, 1, '', '2018-02-13 18:47:51', '2018-03-13 14:24:12', NULL),
	(262, 108, 9, 1, 5.0000, 1, '', '2018-02-13 18:47:51', '2018-03-13 14:24:12', NULL),
	(263, 109, 1, 1, 1.0000, 0, '', '2018-02-13 18:49:03', '2018-02-13 18:49:03', NULL),
	(264, 109, 5, 1, 1.0000, 0, '', '2018-02-13 18:49:03', '2018-02-13 18:49:03', NULL),
	(265, 109, 9, 1, 5.0000, 0, '', '2018-02-13 18:49:03', '2018-02-13 18:49:03', NULL),
	(266, 110, 1, 1, 1.0000, 0, '', '2018-02-13 18:54:31', '2018-02-13 18:54:31', NULL),
	(267, 110, 5, 1, 1.0000, 0, '', '2018-02-13 18:54:31', '2018-02-13 18:54:31', NULL),
	(268, 110, 9, 1, 5.0000, 0, '', '2018-02-13 18:54:31', '2018-02-13 18:54:31', NULL),
	(269, 111, 112, 1, 1.0000, 0, '', '2018-02-13 18:54:44', '2018-02-13 18:54:44', NULL),
	(270, 111, 113, 1, 4.0000, 0, '', '2018-02-13 18:54:44', '2018-02-13 18:54:44', NULL),
	(271, 112, 1, 1, 1.0000, 0, '', '2018-02-13 18:54:58', '2018-02-13 18:54:58', NULL),
	(272, 112, 5, 1, 1.0000, 0, '', '2018-02-13 18:54:58', '2018-02-13 18:54:58', NULL),
	(273, 112, 9, 1, 3.0000, 0, '', '2018-02-13 18:54:58', '2018-02-13 18:54:58', NULL),
	(274, 113, 11, 1, 1.0000, 0, '', '2018-02-13 18:55:08', '2018-02-13 18:55:08', NULL),
	(275, 113, 15, 1, 1.0000, 0, '', '2018-02-13 18:55:08', '2018-02-13 18:55:08', NULL),
	(276, 114, 1, 1, 1.0000, 0, '', '2018-02-13 18:55:32', '2018-02-13 18:55:32', NULL),
	(277, 114, 5, 1, 1.0000, 0, '', '2018-02-13 18:55:32', '2018-02-13 18:55:32', NULL),
	(278, 114, 9, 1, 1.0000, 0, '', '2018-02-13 18:55:32', '2018-02-13 18:55:32', NULL),
	(279, 115, 1, 1, 1.0000, 0, '', '2018-02-13 18:55:42', '2018-02-13 18:55:42', NULL),
	(280, 115, 5, 1, 1.0000, 0, '', '2018-02-13 18:55:42', '2018-02-13 18:55:42', NULL),
	(281, 115, 9, 1, 4.0000, 0, '', '2018-02-13 18:55:42', '2018-02-13 18:55:42', NULL),
	(282, 116, 1, 1, 1.0000, 0, '', '2018-02-13 18:57:01', '2018-02-13 18:57:01', NULL),
	(283, 116, 5, 1, 1.0000, 0, '', '2018-02-13 18:57:01', '2018-02-13 18:57:01', NULL),
	(284, 116, 9, 1, 4.0000, 0, '', '2018-02-13 18:57:01', '2018-02-13 18:57:01', NULL),
	(285, 117, 1, 1, 1.0000, 0, '', '2018-02-13 18:57:35', '2018-02-13 18:57:35', NULL),
	(286, 117, 5, 1, 1.0000, 0, '', '2018-02-13 18:57:35', '2018-02-13 18:57:35', NULL),
	(287, 117, 9, 1, 5.0000, 0, '', '2018-02-13 18:57:35', '2018-02-13 18:57:35', NULL),
	(288, 118, 11, 1, 1.0000, 0, '', '2018-02-13 18:57:45', '2018-02-13 18:57:45', NULL),
	(289, 118, 15, 1, 1.0000, 0, '', '2018-02-13 18:57:45', '2018-02-13 18:57:45', NULL),
	(290, 118, 163, 1, 4.0000, 0, '', '2018-02-13 18:57:45', '2018-02-13 18:57:45', NULL),
	(291, 119, 1, 1, 1.0000, 0, '', '2018-02-13 19:00:54', '2018-02-13 19:00:54', NULL),
	(292, 119, 5, 1, 1.0000, 0, '', '2018-02-13 19:00:54', '2018-02-13 19:00:54', NULL),
	(293, 119, 9, 1, 6.0000, 0, '', '2018-02-13 19:00:54', '2018-02-13 19:00:54', NULL),
	(294, 120, 1, 1, 1.0000, 0, '', '2018-02-13 19:01:59', '2018-02-13 19:01:59', NULL),
	(295, 120, 9, 1, 1.0000, 0, '', '2018-02-13 19:01:59', '2018-02-13 19:01:59', NULL),
	(296, 120, 5, 1, 3.0000, 0, '', '2018-02-13 19:01:59', '2018-02-13 19:01:59', NULL),
	(297, 121, 37, 1, 1.0000, 0, '', '2018-02-13 19:02:07', '2018-02-13 19:02:07', NULL),
	(298, 121, 41, 1, 1.0000, 0, '', '2018-02-13 19:02:07', '2018-02-13 19:02:07', NULL),
	(299, 121, 45, 1, 3.0000, 0, '', '2018-02-13 19:02:07', '2018-02-13 19:02:07', NULL),
	(300, 122, 1, 1, 1.0000, 0, '', '2018-02-13 19:02:56', '2018-02-13 19:02:56', NULL),
	(301, 122, 5, 1, 1.0000, 0, '', '2018-02-13 19:02:56', '2018-02-13 19:02:56', NULL),
	(302, 122, 9, 1, 3.0000, 0, '', '2018-02-13 19:02:56', '2018-02-13 19:02:56', NULL),
	(303, 123, 1, 1, 1.0000, 0, '', '2018-02-13 19:04:04', '2018-02-13 19:04:04', NULL),
	(304, 123, 5, 1, 1.0000, 0, '', '2018-02-13 19:04:04', '2018-02-13 19:04:04', NULL),
	(305, 123, 9, 1, 5.0000, 0, '', '2018-02-13 19:04:04', '2018-02-13 19:04:04', NULL),
	(306, 124, 1, 1, 1.0000, 0, '', '2018-02-13 19:37:24', '2018-02-13 19:37:24', NULL),
	(307, 124, 5, 1, 1.0000, 0, '', '2018-02-13 19:37:24', '2018-02-13 19:37:24', NULL),
	(308, 124, 9, 1, 4.0000, 0, '', '2018-02-13 19:37:24', '2018-02-13 19:37:24', NULL),
	(309, 125, 1, 1, 1.0000, 0, '', '2018-02-13 19:44:02', '2018-02-13 19:44:02', NULL),
	(310, 125, 5, 1, 1.0000, 0, '', '2018-02-13 19:44:02', '2018-02-13 19:44:02', NULL),
	(311, 125, 9, 1, 1.0000, 0, '', '2018-02-13 19:44:02', '2018-02-13 19:44:02', NULL),
	(312, 125, 10, 1, 1.0000, 0, '', '2018-02-13 19:44:02', '2018-02-13 19:44:02', NULL),
	(313, 125, 6, 1, 1.0000, 0, '', '2018-02-13 19:44:02', '2018-02-13 19:44:02', NULL),
	(314, 125, 2, 1, 5.0000, 0, '', '2018-02-13 19:44:02', '2018-02-13 19:44:02', NULL),
	(315, 126, 11, 1, 1.0000, 0, '', '2018-02-13 19:44:35', '2018-02-13 19:44:35', NULL),
	(316, 126, 15, 1, 1.0000, 0, '', '2018-02-13 19:44:35', '2018-02-13 19:44:35', NULL),
	(317, 126, 163, 1, 1.0000, 0, '', '2018-02-13 19:44:35', '2018-02-13 19:44:35', NULL),
	(318, 126, 12, 1, 5.0000, 0, '', '2018-02-13 19:44:35', '2018-02-13 19:44:35', NULL),
	(319, 127, 1, 1, 1.0000, 0, '', '2018-02-15 11:56:19', '2018-02-15 11:56:19', NULL),
	(320, 127, 9, 1, 1.0000, 0, '', '2018-02-15 11:56:19', '2018-02-15 11:56:19', NULL),
	(321, 127, 5, 1, 4.0000, 0, '', '2018-02-15 11:56:19', '2018-02-15 11:56:19', NULL),
	(322, 128, 1, 1, 1.0000, 0, '', '2018-02-15 11:56:36', '2018-02-15 11:56:36', NULL),
	(323, 128, 5, 1, 1.0000, 0, '', '2018-02-15 11:56:36', '2018-02-15 11:56:36', NULL),
	(324, 128, 9, 1, 4.0000, 0, '', '2018-02-15 11:56:36', '2018-02-15 11:56:36', NULL),
	(325, 129, 1, 1, 1.0000, 1, '', '2018-02-15 14:31:05', '2018-03-13 14:29:11', NULL),
	(326, 129, 5, 1, 1.0000, 1, '', '2018-02-15 14:31:05', '2018-03-13 14:29:11', NULL),
	(327, 129, 9, 1, 1.0000, 1, '', '2018-02-15 14:31:05', '2018-03-13 14:29:11', NULL),
	(344, 135, 1, 1, 1.0000, 0, '', '2018-02-17 19:52:48', '2018-02-17 19:52:48', NULL),
	(345, 135, 3, 1, 1.0000, 0, '', '2018-02-17 19:52:48', '2018-02-17 19:52:48', NULL),
	(346, 135, 5, 1, 1.0000, 0, '', '2018-02-17 19:52:48', '2018-02-17 19:52:48', NULL),
	(347, 136, 5, 1, 1.0000, 0, '', '2018-02-17 20:45:02', '2018-02-17 20:45:02', NULL),
	(348, 136, 7, 1, 1.0000, 0, '', '2018-02-17 20:45:02', '2018-02-17 20:45:02', NULL),
	(349, 136, 8, 1, 1.0000, 0, '', '2018-02-17 20:45:03', '2018-02-17 20:45:03', NULL),
	(350, 136, 6, 1, 4.0000, 0, '', '2018-02-17 20:45:03', '2018-02-17 20:45:03', NULL),
	(351, 137, 1, 1, 1.0000, 0, '', '2018-02-17 20:59:34', '2018-02-17 20:59:34', NULL),
	(352, 137, 5, 1, 1.0000, 0, '', '2018-02-17 20:59:34', '2018-02-17 20:59:34', NULL),
	(353, 137, 9, 1, 4.0000, 0, '', '2018-02-17 20:59:34', '2018-02-17 20:59:34', NULL),
	(354, 138, 1, 1, 1.0000, 1, '', '2018-02-17 21:06:57', '2018-03-13 14:28:06', NULL),
	(355, 138, 5, 1, 1.0000, 1, '', '2018-02-17 21:06:57', '2018-03-13 14:28:06', NULL),
	(356, 138, 9, 1, 1.0000, 1, '', '2018-02-17 21:06:57', '2018-03-13 14:28:06', NULL),
	(357, 139, 126, 1, 1.0000, 1, '', '2018-02-17 21:06:57', '2018-03-13 14:28:06', NULL),
	(358, 139, 125, 1, 1.0000, 1, '', '2018-02-17 21:06:57', '2018-03-13 14:28:07', NULL),
	(359, 139, 204, 1, 1.0000, 1, '', '2018-02-17 21:06:57', '2018-03-13 14:28:07', NULL),
	(360, 139, 203, 1, 1.0000, 1, '', '2018-02-17 21:06:57', '2018-03-13 14:28:07', NULL),
	(361, 140, 1, 1, 1.0000, 1, '', '2018-02-18 11:11:52', '2018-03-13 14:29:15', NULL),
	(362, 140, 5, 1, 1.0000, 1, '', '2018-02-18 11:11:52', '2018-03-13 14:29:15', NULL),
	(363, 140, 9, 1, 3.0000, 1, '', '2018-02-18 11:11:52', '2018-03-13 14:29:15', NULL),
	(364, 141, 204, 1, 1.0000, 1, '', '2018-02-18 11:11:52', '2018-03-13 14:29:16', NULL),
	(365, 141, 203, 1, 1.0000, 1, '', '2018-02-18 11:11:52', '2018-03-13 14:29:16', NULL),
	(366, 141, 275, 1, 2.0000, 1, '', '2018-02-18 11:11:52', '2018-03-13 14:29:16', NULL),
	(367, 142, 1, 1, 1.0000, 0, '', '2018-02-18 11:12:58', '2018-02-18 11:12:58', NULL),
	(368, 142, 5, 1, 1.0000, 0, '', '2018-02-18 11:12:58', '2018-02-18 11:12:58', NULL),
	(369, 143, 204, 1, 1.0000, 0, '', '2018-02-18 11:12:58', '2018-02-18 11:12:58', NULL),
	(370, 143, 275, 1, 1.0000, 0, '', '2018-02-18 11:12:58', '2018-02-18 11:12:58', NULL),
	(371, 144, 1, 1, 1.0000, 0, '', '2018-02-18 11:13:52', '2018-02-18 11:13:52', NULL),
	(372, 144, 5, 1, 1.0000, 0, '', '2018-02-18 11:13:52', '2018-02-18 11:13:52', NULL),
	(373, 144, 9, 1, 5.0000, 0, '', '2018-02-18 11:13:53', '2018-02-18 11:13:53', NULL),
	(374, 145, 204, 1, 1.0000, 0, '', '2018-02-18 11:13:53', '2018-02-18 11:13:53', NULL),
	(375, 145, 203, 1, 4.0000, 0, '', '2018-02-18 11:13:53', '2018-02-18 11:13:53', NULL),
	(376, 146, 11, 1, 1.0000, 0, '', '2018-02-18 11:40:18', '2018-02-18 11:40:18', NULL),
	(377, 146, 15, 1, 1.0000, 0, '', '2018-02-18 11:40:18', '2018-02-18 11:40:18', NULL),
	(378, 146, 163, 1, 5.0000, 0, '', '2018-02-18 11:40:18', '2018-02-18 11:40:18', NULL),
	(379, 147, 1, 1, 1.0000, 0, '', '2018-02-18 19:54:14', '2018-02-18 19:54:14', NULL),
	(380, 147, 2, 1, 1.0000, 0, '', '2018-02-18 19:54:14', '2018-02-18 19:54:14', NULL),
	(381, 147, 6, 1, 4.0000, 0, '', '2018-02-18 19:54:14', '2018-02-18 19:54:14', NULL),
	(382, 148, 1, 1, 1.0000, 0, '', '2018-02-18 19:58:12', '2018-02-18 19:58:12', NULL),
	(383, 148, 5, 1, 1.0000, 0, '', '2018-02-18 19:58:12', '2018-02-18 19:58:12', NULL),
	(384, 148, 9, 1, 4.0000, 0, '', '2018-02-18 19:58:12', '2018-02-18 19:58:12', NULL),
	(391, 151, 1, 1, 1.0000, 1, '', '2018-02-18 20:18:44', '2018-03-13 14:26:10', NULL),
	(392, 151, 5, 1, 1.0000, 1, '', '2018-02-18 20:18:44', '2018-03-13 14:26:10', NULL),
	(393, 151, 9, 1, 5.0000, 1, '', '2018-02-18 20:18:44', '2018-03-13 14:26:10', NULL),
	(394, 152, 11, 1, 1.0000, 0, '', '2018-02-18 20:18:57', '2018-02-18 20:18:57', NULL),
	(395, 152, 15, 1, 1.0000, 0, '', '2018-02-18 20:18:57', '2018-02-18 20:18:57', NULL),
	(396, 152, 163, 1, 1.0000, 0, '', '2018-02-18 20:18:57', '2018-02-18 20:18:57', NULL),
	(397, 152, 12, 1, 4.0000, 0, '', '2018-02-18 20:18:57', '2018-02-18 20:18:57', NULL),
	(398, 153, 16, 1, 1.0000, 0, '', '2018-02-18 20:19:19', '2018-02-18 20:19:19', NULL),
	(399, 153, 17, 1, 1.0000, 0, '', '2018-02-18 20:19:19', '2018-02-18 20:19:19', NULL),
	(400, 154, 204, 1, 1.0000, 0, '', '2018-02-18 20:19:19', '2018-02-18 20:19:19', NULL),
	(401, 154, 203, 1, 1.0000, 0, '', '2018-02-18 20:19:19', '2018-02-18 20:19:19', NULL),
	(402, 154, 275, 1, 5.0000, 0, '', '2018-02-18 20:19:19', '2018-02-18 20:19:19', NULL),
	(403, 155, 1, 1, 1.0000, 0, '', '2018-02-18 20:21:48', '2018-02-18 20:21:48', NULL),
	(404, 155, 5, 1, 1.0000, 0, '', '2018-02-18 20:21:48', '2018-02-18 20:21:48', NULL),
	(405, 155, 9, 1, 6.0000, 0, '', '2018-02-18 20:21:48', '2018-02-18 20:21:48', NULL),
	(406, 156, 1, 1, 1.0000, 0, '', '2018-02-18 20:22:03', '2018-02-18 20:22:03', NULL),
	(407, 156, 5, 1, 1.0000, 0, '', '2018-02-18 20:22:03', '2018-02-18 20:22:03', NULL),
	(408, 156, 9, 1, 5.0000, 0, '', '2018-02-18 20:22:03', '2018-02-18 20:22:03', NULL),
	(409, 157, 1, 1, 1.0000, 0, '', '2018-02-18 20:22:22', '2018-02-18 20:22:22', NULL),
	(410, 157, 5, 1, 1.0000, 0, '', '2018-02-18 20:22:22', '2018-02-18 20:22:22', NULL),
	(411, 157, 9, 1, 1.0000, 0, '', '2018-02-18 20:22:22', '2018-02-18 20:22:22', NULL),
	(412, 157, 10, 1, 1.0000, 0, '', '2018-02-18 20:22:22', '2018-02-18 20:22:22', NULL),
	(413, 157, 6, 1, 6.0000, 0, '', '2018-02-18 20:22:22', '2018-02-18 20:22:22', NULL),
	(414, 158, 1, 1, 1.0000, 0, '', '2018-02-18 20:27:02', '2018-02-18 20:27:02', NULL),
	(415, 158, 5, 1, 1.0000, 0, '', '2018-02-18 20:27:02', '2018-02-18 20:27:02', NULL),
	(416, 158, 9, 1, 5.0000, 0, '', '2018-02-18 20:27:02', '2018-02-18 20:27:02', NULL),
	(417, 158, 10, 1, 1.0000, 0, '', '2018-02-18 20:27:02', '2018-02-18 20:27:02', NULL),
	(418, 158, 6, 1, 1.0000, 0, '', '2018-02-18 20:27:02', '2018-02-18 20:27:02', NULL),
	(419, 158, 2, 1, 5.0000, 0, '', '2018-02-18 20:27:02', '2018-02-18 20:27:02', NULL),
	(420, 159, 73, 1, 1.0000, 0, '', '2018-02-18 20:27:02', '2018-02-18 20:27:02', NULL),
	(421, 159, 77, 1, 1.0000, 0, '', '2018-02-18 20:27:02', '2018-02-18 20:27:02', NULL),
	(422, 159, 76, 1, 1.0000, 0, '', '2018-02-18 20:27:02', '2018-02-18 20:27:02', NULL),
	(423, 159, 72, 1, 1.0000, 0, '', '2018-02-18 20:27:02', '2018-02-18 20:27:02', NULL),
	(424, 159, 74, 1, 5.0000, 0, '', '2018-02-18 20:27:02', '2018-02-18 20:27:02', NULL),
	(425, 160, 204, 1, 1.0000, 0, '', '2018-02-18 20:27:02', '2018-02-18 20:27:02', NULL),
	(426, 160, 203, 1, 1.0000, 0, '', '2018-02-18 20:27:02', '2018-02-18 20:27:02', NULL),
	(427, 160, 275, 1, 8.0000, 0, '', '2018-02-18 20:27:02', '2018-02-18 20:27:02', NULL),
	(428, 161, 11, 1, 1.0000, 0, '', '2018-02-18 20:28:05', '2018-02-18 20:28:05', NULL),
	(429, 161, 15, 1, 1.0000, 0, '', '2018-02-18 20:28:05', '2018-02-18 20:28:05', NULL),
	(430, 161, 163, 1, 1.0000, 0, '', '2018-02-18 20:28:05', '2018-02-18 20:28:05', NULL),
	(431, 161, 12, 1, 6.0000, 0, '', '2018-02-18 20:28:05', '2018-02-18 20:28:05', NULL),
	(432, 162, 1, 1, 1.0000, 0, '', '2018-02-18 20:30:03', '2018-02-18 20:30:03', NULL),
	(433, 162, 5, 1, 1.0000, 0, '', '2018-02-18 20:30:03', '2018-02-18 20:30:03', NULL),
	(434, 162, 9, 1, 5.0000, 0, '', '2018-02-18 20:30:03', '2018-02-18 20:30:03', NULL),
	(435, 162, 6, 1, 1.0000, 0, '', '2018-02-18 20:30:03', '2018-02-18 20:30:03', NULL),
	(436, 162, 10, 1, 1.0000, 0, '', '2018-02-18 20:30:03', '2018-02-18 20:30:03', NULL),
	(437, 162, 2, 1, 4.0000, 0, '', '2018-02-18 20:30:03', '2018-02-18 20:30:03', NULL),
	(438, 163, 1, 1, 1.0000, 0, '', '2018-02-18 20:34:46', '2018-02-18 20:34:46', NULL),
	(439, 163, 5, 1, 1.0000, 0, '', '2018-02-18 20:34:46', '2018-02-18 20:34:46', NULL),
	(440, 163, 9, 1, 1.0000, 0, '', '2018-02-18 20:34:46', '2018-02-18 20:34:46', NULL),
	(441, 163, 10, 1, 1.0000, 0, '', '2018-02-18 20:34:46', '2018-02-18 20:34:46', NULL),
	(442, 163, 6, 1, 1.0000, 0, '', '2018-02-18 20:34:46', '2018-02-18 20:34:46', NULL),
	(443, 163, 2, 1, 6.0000, 0, '', '2018-02-18 20:34:46', '2018-02-18 20:34:46', NULL),
	(444, 164, 1, 1, 1.0000, 0, '', '2018-02-18 20:35:40', '2018-02-18 20:35:40', NULL),
	(445, 164, 5, 1, 1.0000, 0, '', '2018-02-18 20:35:40', '2018-02-18 20:35:40', NULL),
	(446, 164, 9, 1, 1.0000, 0, '', '2018-02-18 20:35:40', '2018-02-18 20:35:40', NULL),
	(447, 164, 10, 1, 1.0000, 0, '', '2018-02-18 20:35:40', '2018-02-18 20:35:40', NULL),
	(448, 164, 6, 1, 1.0000, 0, '', '2018-02-18 20:35:40', '2018-02-18 20:35:40', NULL),
	(449, 164, 2, 1, 1.0000, 0, '', '2018-02-18 20:35:40', '2018-02-18 20:35:40', NULL),
	(450, 164, 3, 1, 1.0000, 0, '', '2018-02-18 20:35:40', '2018-02-18 20:35:40', NULL),
	(451, 164, 7, 1, 1.0000, 0, '', '2018-02-18 20:35:40', '2018-02-18 20:35:40', NULL),
	(452, 164, 166, 1, 1.0000, 0, '', '2018-02-18 20:35:40', '2018-02-18 20:35:40', NULL),
	(453, 164, 8, 1, 1.0000, 0, '', '2018-02-18 20:35:40', '2018-02-18 20:35:40', NULL),
	(454, 164, 4, 1, 1.0000, 0, '', '2018-02-18 20:35:40', '2018-02-18 20:35:40', NULL),
	(455, 165, 79, 1, 2.0000, 0, '', '2018-02-18 20:35:40', '2018-02-18 20:35:40', NULL),
	(456, 165, 83, 1, 2.0000, 0, '', '2018-02-18 20:35:40', '2018-02-18 20:35:40', NULL),
	(457, 165, 86, 1, 2.0000, 0, '', '2018-02-18 20:35:40', '2018-02-18 20:35:40', NULL),
	(458, 165, 82, 1, 2.0000, 0, '', '2018-02-18 20:35:40', '2018-02-18 20:35:40', NULL),
	(459, 165, 78, 1, 2.0000, 0, '', '2018-02-18 20:35:40', '2018-02-18 20:35:40', NULL),
	(460, 165, 81, 1, 1.0000, 0, '', '2018-02-18 20:35:40', '2018-02-18 20:35:40', NULL),
	(461, 165, 84, 1, 1.0000, 0, '', '2018-02-18 20:35:40', '2018-02-18 20:35:40', NULL),
	(462, 165, 80, 1, 1.0000, 0, '', '2018-02-18 20:35:40', '2018-02-18 20:35:40', NULL),
	(463, 166, 275, 1, 1.0000, 0, '', '2018-02-18 20:35:40', '2018-02-18 20:35:40', NULL),
	(464, 166, 204, 1, 1.0000, 0, '', '2018-02-18 20:35:40', '2018-02-18 20:35:40', NULL),
	(465, 166, 203, 1, 1.0000, 0, '', '2018-02-18 20:35:40', '2018-02-18 20:35:40', NULL),
	(466, 167, 1, 1, 1.0000, 0, '', '2018-02-18 20:36:22', '2018-02-18 20:36:22', NULL),
	(467, 167, 5, 1, 1.0000, 0, '', '2018-02-18 20:36:22', '2018-02-18 20:36:22', NULL),
	(468, 167, 9, 1, 1.0000, 0, '', '2018-02-18 20:36:22', '2018-02-18 20:36:22', NULL),
	(469, 167, 10, 1, 1.0000, 0, '', '2018-02-18 20:36:22', '2018-02-18 20:36:22', NULL),
	(470, 167, 6, 1, 1.0000, 0, '', '2018-02-18 20:36:22', '2018-02-18 20:36:22', NULL),
	(471, 167, 2, 1, 1.0000, 0, '', '2018-02-18 20:36:22', '2018-02-18 20:36:22', NULL),
	(472, 167, 3, 1, 1.0000, 0, '', '2018-02-18 20:36:22', '2018-02-18 20:36:22', NULL),
	(473, 167, 7, 1, 1.0000, 0, '', '2018-02-18 20:36:23', '2018-02-18 20:36:23', NULL),
	(474, 167, 166, 1, 1.0000, 0, '', '2018-02-18 20:36:23', '2018-02-18 20:36:23', NULL),
	(475, 167, 8, 1, 1.0000, 0, '', '2018-02-18 20:36:23', '2018-02-18 20:36:23', NULL),
	(476, 167, 4, 1, 3.0000, 0, '', '2018-02-18 20:36:23', '2018-02-18 20:36:23', NULL),
	(477, 168, 1, 1, 1.0000, 0, '', '2018-02-18 20:37:11', '2018-02-18 20:37:11', NULL),
	(478, 168, 5, 1, 1.0000, 0, '', '2018-02-18 20:37:11', '2018-02-18 20:37:11', NULL),
	(479, 168, 9, 1, 1.0000, 0, '', '2018-02-18 20:37:11', '2018-02-18 20:37:11', NULL),
	(480, 168, 10, 1, 1.0000, 0, '', '2018-02-18 20:37:11', '2018-02-18 20:37:11', NULL),
	(481, 168, 166, 1, 1.0000, 0, '', '2018-02-18 20:37:11', '2018-02-18 20:37:11', NULL),
	(482, 168, 7, 1, 1.0000, 0, '', '2018-02-18 20:37:11', '2018-02-18 20:37:11', NULL),
	(483, 168, 3, 1, 6.0000, 0, '', '2018-02-18 20:37:11', '2018-02-18 20:37:11', NULL),
	(484, 169, 1, 1, 1.0000, 0, '', '2018-02-18 20:37:30', '2018-02-18 20:37:30', NULL),
	(485, 169, 5, 1, 1.0000, 0, '', '2018-02-18 20:37:30', '2018-02-18 20:37:30', NULL),
	(486, 169, 9, 1, 1.0000, 0, '', '2018-02-18 20:37:30', '2018-02-18 20:37:30', NULL),
	(487, 169, 6, 1, 1.0000, 0, '', '2018-02-18 20:37:30', '2018-02-18 20:37:30', NULL),
	(488, 169, 2, 1, 1.0000, 0, '', '2018-02-18 20:37:30', '2018-02-18 20:37:30', NULL),
	(489, 169, 3, 1, 1.0000, 0, '', '2018-02-18 20:37:30', '2018-02-18 20:37:30', NULL),
	(490, 169, 7, 1, 1.0000, 0, '', '2018-02-18 20:37:30', '2018-02-18 20:37:30', NULL),
	(491, 169, 166, 1, 6.0000, 0, '', '2018-02-18 20:37:30', '2018-02-18 20:37:30', NULL),
	(492, 170, 1, 1, 1.0000, 0, '', '2018-02-18 20:37:30', '2018-02-18 20:37:30', NULL),
	(493, 170, 5, 1, 1.0000, 0, '', '2018-02-18 20:37:30', '2018-02-18 20:37:30', NULL),
	(494, 170, 9, 1, 1.0000, 0, '', '2018-02-18 20:37:31', '2018-02-18 20:37:31', NULL),
	(495, 170, 6, 1, 1.0000, 0, '', '2018-02-18 20:37:31', '2018-02-18 20:37:31', NULL),
	(496, 170, 2, 1, 1.0000, 0, '', '2018-02-18 20:37:31', '2018-02-18 20:37:31', NULL),
	(497, 170, 3, 1, 1.0000, 0, '', '2018-02-18 20:37:31', '2018-02-18 20:37:31', NULL),
	(498, 170, 7, 1, 1.0000, 0, '', '2018-02-18 20:37:31', '2018-02-18 20:37:31', NULL),
	(499, 170, 166, 1, 6.0000, 0, '', '2018-02-18 20:37:31', '2018-02-18 20:37:31', NULL),
	(500, 170, 1, 1, 1.0000, 0, '', '2018-02-18 20:37:31', '2018-02-18 20:37:31', NULL),
	(501, 170, 5, 1, 1.0000, 0, '', '2018-02-18 20:37:31', '2018-02-18 20:37:31', NULL),
	(502, 170, 9, 1, 1.0000, 0, '', '2018-02-18 20:37:31', '2018-02-18 20:37:31', NULL),
	(503, 170, 6, 1, 1.0000, 0, '', '2018-02-18 20:37:31', '2018-02-18 20:37:31', NULL),
	(504, 170, 2, 1, 1.0000, 0, '', '2018-02-18 20:37:31', '2018-02-18 20:37:31', NULL),
	(505, 170, 3, 1, 1.0000, 0, '', '2018-02-18 20:37:31', '2018-02-18 20:37:31', NULL),
	(506, 170, 7, 1, 1.0000, 0, '', '2018-02-18 20:37:31', '2018-02-18 20:37:31', NULL),
	(507, 170, 166, 1, 6.0000, 0, '', '2018-02-18 20:37:31', '2018-02-18 20:37:31', NULL),
	(508, 171, 1, 1, 1.0000, 0, '', '2018-02-18 20:38:11', '2018-02-18 20:38:11', NULL),
	(509, 171, 5, 1, 1.0000, 0, '', '2018-02-18 20:38:11', '2018-02-18 20:38:11', NULL),
	(510, 171, 9, 1, 1.0000, 0, '', '2018-02-18 20:38:11', '2018-02-18 20:38:11', NULL),
	(511, 171, 10, 1, 1.0000, 0, '', '2018-02-18 20:38:11', '2018-02-18 20:38:11', NULL),
	(512, 171, 6, 1, 2.0000, 0, '', '2018-02-18 20:38:11', '2018-02-18 20:38:11', NULL),
	(513, 171, 2, 1, 1.0000, 0, '', '2018-02-18 20:38:11', '2018-02-18 20:38:11', NULL),
	(514, 171, 3, 1, 1.0000, 0, '', '2018-02-18 20:38:11', '2018-02-18 20:38:11', NULL),
	(515, 171, 7, 1, 1.0000, 0, '', '2018-02-18 20:38:11', '2018-02-18 20:38:11', NULL),
	(516, 171, 166, 1, 1.0000, 0, '', '2018-02-18 20:38:11', '2018-02-18 20:38:11', NULL),
	(517, 171, 8, 1, 1.0000, 0, '', '2018-02-18 20:38:11', '2018-02-18 20:38:11', NULL),
	(518, 171, 4, 1, 5.0000, 0, '', '2018-02-18 20:38:11', '2018-02-18 20:38:11', NULL),
	(519, 172, 1, 1, 1.0000, 0, '', '2018-02-18 20:38:11', '2018-02-18 20:38:11', NULL),
	(520, 172, 5, 1, 1.0000, 0, '', '2018-02-18 20:38:11', '2018-02-18 20:38:11', NULL),
	(521, 172, 9, 1, 1.0000, 0, '', '2018-02-18 20:38:11', '2018-02-18 20:38:11', NULL),
	(522, 172, 10, 1, 1.0000, 0, '', '2018-02-18 20:38:11', '2018-02-18 20:38:11', NULL),
	(523, 172, 6, 1, 2.0000, 0, '', '2018-02-18 20:38:12', '2018-02-18 20:38:12', NULL),
	(524, 172, 2, 1, 1.0000, 0, '', '2018-02-18 20:38:12', '2018-02-18 20:38:12', NULL),
	(525, 172, 3, 1, 1.0000, 0, '', '2018-02-18 20:38:12', '2018-02-18 20:38:12', NULL),
	(526, 172, 7, 1, 1.0000, 0, '', '2018-02-18 20:38:12', '2018-02-18 20:38:12', NULL),
	(527, 172, 166, 1, 1.0000, 0, '', '2018-02-18 20:38:12', '2018-02-18 20:38:12', NULL),
	(528, 172, 8, 1, 1.0000, 0, '', '2018-02-18 20:38:12', '2018-02-18 20:38:12', NULL),
	(529, 172, 4, 1, 5.0000, 0, '', '2018-02-18 20:38:12', '2018-02-18 20:38:12', NULL),
	(530, 172, 1, 1, 1.0000, 0, '', '2018-02-18 20:38:12', '2018-02-18 20:38:12', NULL),
	(531, 172, 5, 1, 1.0000, 0, '', '2018-02-18 20:38:12', '2018-02-18 20:38:12', NULL),
	(532, 172, 9, 1, 1.0000, 0, '', '2018-02-18 20:38:12', '2018-02-18 20:38:12', NULL),
	(533, 172, 10, 1, 1.0000, 0, '', '2018-02-18 20:38:12', '2018-02-18 20:38:12', NULL),
	(534, 172, 6, 1, 2.0000, 0, '', '2018-02-18 20:38:12', '2018-02-18 20:38:12', NULL),
	(535, 172, 2, 1, 1.0000, 0, '', '2018-02-18 20:38:12', '2018-02-18 20:38:12', NULL),
	(536, 172, 3, 1, 1.0000, 0, '', '2018-02-18 20:38:12', '2018-02-18 20:38:12', NULL),
	(537, 172, 7, 1, 1.0000, 0, '', '2018-02-18 20:38:12', '2018-02-18 20:38:12', NULL),
	(538, 172, 166, 1, 1.0000, 0, '', '2018-02-18 20:38:12', '2018-02-18 20:38:12', NULL),
	(539, 172, 8, 1, 1.0000, 0, '', '2018-02-18 20:38:12', '2018-02-18 20:38:12', NULL),
	(540, 172, 4, 1, 5.0000, 0, '', '2018-02-18 20:38:12', '2018-02-18 20:38:12', NULL),
	(541, 173, 124, 1, 1.0000, 0, '', '2018-02-18 20:39:55', '2018-02-18 20:39:55', NULL),
	(542, 173, 125, 1, 1.0000, 0, '', '2018-02-18 20:39:55', '2018-02-18 20:39:55', NULL),
	(543, 173, 126, 1, 1.0000, 0, '', '2018-02-18 20:39:55', '2018-02-18 20:39:55', NULL),
	(544, 173, 127, 1, 6.0000, 0, '', '2018-02-18 20:39:55', '2018-02-18 20:39:55', NULL),
	(545, 174, 1, 1, 1.0000, 0, '', '2018-02-18 20:44:23', '2018-02-18 20:44:23', NULL),
	(546, 174, 5, 1, 1.0000, 0, '', '2018-02-18 20:44:23', '2018-02-18 20:44:23', NULL),
	(547, 174, 10, 1, 1.0000, 0, '', '2018-02-18 20:44:23', '2018-02-18 20:44:23', NULL),
	(548, 174, 6, 1, 1.0000, 0, '', '2018-02-18 20:44:23', '2018-02-18 20:44:23', NULL),
	(549, 174, 2, 1, 1.0000, 0, '', '2018-02-18 20:44:23', '2018-02-18 20:44:23', NULL),
	(550, 174, 3, 1, 1.0000, 0, '', '2018-02-18 20:44:23', '2018-02-18 20:44:23', NULL),
	(551, 174, 7, 1, 1.0000, 0, '', '2018-02-18 20:44:23', '2018-02-18 20:44:23', NULL),
	(552, 174, 166, 1, 1.0000, 0, '', '2018-02-18 20:44:23', '2018-02-18 20:44:23', NULL),
	(553, 174, 8, 1, 1.0000, 0, '', '2018-02-18 20:44:23', '2018-02-18 20:44:23', NULL),
	(554, 174, 4, 1, 3.0000, 0, '', '2018-02-18 20:44:23', '2018-02-18 20:44:23', NULL),
	(555, 174, 11, 1, 1.0000, 0, '', '2018-02-18 20:44:23', '2018-02-18 20:44:23', NULL),
	(556, 174, 15, 1, 1.0000, 0, '', '2018-02-18 20:44:23', '2018-02-18 20:44:23', NULL),
	(557, 174, 163, 1, 1.0000, 0, '', '2018-02-18 20:44:23', '2018-02-18 20:44:23', NULL),
	(558, 174, 12, 1, 1.0000, 0, '', '2018-02-18 20:44:23', '2018-02-18 20:44:23', NULL),
	(559, 174, 13, 1, 1.0000, 0, '', '2018-02-18 20:44:23', '2018-02-18 20:44:23', NULL),
	(560, 174, 164, 1, 1.0000, 0, '', '2018-02-18 20:44:23', '2018-02-18 20:44:23', NULL),
	(561, 174, 165, 1, 1.0000, 0, '', '2018-02-18 20:44:23', '2018-02-18 20:44:23', NULL),
	(562, 174, 14, 1, 1.0000, 0, '', '2018-02-18 20:44:23', '2018-02-18 20:44:23', NULL),
	(563, 175, 95, 1, 1.0000, 0, '', '2018-02-18 20:44:23', '2018-02-18 20:44:23', NULL),
	(564, 175, 99, 1, 1.0000, 0, '', '2018-02-18 20:44:23', '2018-02-18 20:44:23', NULL),
	(565, 175, 100, 1, 1.0000, 0, '', '2018-02-18 20:44:23', '2018-02-18 20:44:23', NULL),
	(566, 175, 96, 1, 1.0000, 0, '', '2018-02-18 20:44:23', '2018-02-18 20:44:23', NULL),
	(567, 175, 94, 1, 1.0000, 0, '', '2018-02-18 20:44:23', '2018-02-18 20:44:23', NULL),
	(568, 175, 98, 1, 1.0000, 0, '', '2018-02-18 20:44:24', '2018-02-18 20:44:24', NULL),
	(569, 175, 102, 1, 1.0000, 0, '', '2018-02-18 20:44:24', '2018-02-18 20:44:24', NULL),
	(570, 175, 101, 1, 1.0000, 0, '', '2018-02-18 20:44:24', '2018-02-18 20:44:24', NULL),
	(571, 175, 97, 1, 1.0000, 0, '', '2018-02-18 20:44:24', '2018-02-18 20:44:24', NULL),
	(572, 175, 93, 1, 1.0000, 0, '', '2018-02-18 20:44:24', '2018-02-18 20:44:24', NULL),
	(573, 176, 138, 1, 1.0000, 0, '', '2018-02-18 20:44:24', '2018-02-18 20:44:24', NULL),
	(574, 176, 137, 1, 1.0000, 0, '', '2018-02-18 20:44:24', '2018-02-18 20:44:24', NULL),
	(575, 176, 136, 1, 1.0000, 0, '', '2018-02-18 20:44:24', '2018-02-18 20:44:24', NULL),
	(576, 176, 275, 1, 1.0000, 0, '', '2018-02-18 20:44:24', '2018-02-18 20:44:24', NULL),
	(577, 176, 204, 1, 1.0000, 0, '', '2018-02-18 20:44:24', '2018-02-18 20:44:24', NULL),
	(578, 176, 203, 1, 1.0000, 0, '', '2018-02-18 20:44:24', '2018-02-18 20:44:24', NULL),
	(579, 177, 1, 1, 1.0000, 0, '', '2018-02-18 20:45:44', '2018-02-18 20:45:44', NULL),
	(580, 177, 5, 1, 1.0000, 0, '', '2018-02-18 20:45:44', '2018-02-18 20:45:44', NULL),
	(581, 177, 9, 1, 1.0000, 0, '', '2018-02-18 20:45:44', '2018-02-18 20:45:44', NULL),
	(582, 177, 10, 1, 1.0000, 0, '', '2018-02-18 20:45:44', '2018-02-18 20:45:44', NULL),
	(583, 177, 6, 1, 1.0000, 0, '', '2018-02-18 20:45:44', '2018-02-18 20:45:44', NULL),
	(584, 177, 2, 1, 1.0000, 0, '', '2018-02-18 20:45:44', '2018-02-18 20:45:44', NULL),
	(585, 177, 3, 1, 1.0000, 0, '', '2018-02-18 20:45:44', '2018-02-18 20:45:44', NULL),
	(586, 177, 7, 1, 1.0000, 0, '', '2018-02-18 20:45:44', '2018-02-18 20:45:44', NULL),
	(587, 177, 166, 1, 1.0000, 0, '', '2018-02-18 20:45:44', '2018-02-18 20:45:44', NULL),
	(588, 177, 8, 1, 1.0000, 0, '', '2018-02-18 20:45:44', '2018-02-18 20:45:44', NULL),
	(589, 177, 4, 1, 1.0000, 0, '', '2018-02-18 20:45:44', '2018-02-18 20:45:44', NULL),
	(590, 178, 37, 1, 2.0000, 0, '', '2018-02-18 20:45:44', '2018-02-18 20:45:44', NULL),
	(591, 178, 41, 1, 1.0000, 0, '', '2018-02-18 20:45:44', '2018-02-18 20:45:44', NULL),
	(592, 178, 45, 1, 1.0000, 0, '', '2018-02-18 20:45:44', '2018-02-18 20:45:44', NULL),
	(593, 178, 49, 1, 1.0000, 0, '', '2018-02-18 20:45:44', '2018-02-18 20:45:44', NULL),
	(594, 178, 53, 1, 1.0000, 0, '', '2018-02-18 20:45:44', '2018-02-18 20:45:44', NULL),
	(595, 178, 57, 1, 1.0000, 0, '', '2018-02-18 20:45:44', '2018-02-18 20:45:44', NULL),
	(596, 178, 58, 1, 4.0000, 0, '', '2018-02-18 20:45:44', '2018-02-18 20:45:44', NULL),
	(597, 178, 54, 1, 3.0000, 0, '', '2018-02-18 20:45:44', '2018-02-18 20:45:44', NULL),
	(598, 178, 55, 1, 2.0000, 0, '', '2018-02-18 20:45:44', '2018-02-18 20:45:44', NULL),
	(599, 178, 59, 1, 4.0000, 0, '', '2018-02-18 20:45:45', '2018-02-18 20:45:45', NULL),
	(600, 178, 52, 1, 1.0000, 0, '', '2018-02-18 20:45:45', '2018-02-18 20:45:45', NULL),
	(601, 178, 48, 1, 2.0000, 0, '', '2018-02-18 20:45:45', '2018-02-18 20:45:45', NULL),
	(602, 178, 44, 1, 1.0000, 0, '', '2018-02-18 20:45:45', '2018-02-18 20:45:45', NULL),
	(603, 178, 40, 1, 1.0000, 0, '', '2018-02-18 20:45:45', '2018-02-18 20:45:45', NULL),
	(604, 179, 117, 1, 1.0000, 0, '', '2018-02-18 20:45:45', '2018-02-18 20:45:45', NULL),
	(605, 179, 121, 1, 1.0000, 0, '', '2018-02-18 20:45:45', '2018-02-18 20:45:45', NULL),
	(606, 179, 122, 1, 1.0000, 0, '', '2018-02-18 20:45:45', '2018-02-18 20:45:45', NULL),
	(607, 179, 118, 1, 1.0000, 0, '', '2018-02-18 20:45:45', '2018-02-18 20:45:45', NULL),
	(608, 179, 119, 1, 1.0000, 0, '', '2018-02-18 20:45:45', '2018-02-18 20:45:45', NULL),
	(609, 179, 123, 1, 1.0000, 0, '', '2018-02-18 20:45:45', '2018-02-18 20:45:45', NULL),
	(610, 179, 120, 1, 1.0000, 0, '', '2018-02-18 20:45:45', '2018-02-18 20:45:45', NULL),
	(611, 179, 116, 1, 1.0000, 0, '', '2018-02-18 20:45:45', '2018-02-18 20:45:45', NULL),
	(612, 180, 280, 1, 3.0000, 0, '', '2018-02-18 20:59:06', '2018-02-18 20:59:06', NULL),
	(613, 180, 1, 1, 1.0000, 0, '', '2018-02-18 20:59:06', '2018-02-18 20:59:06', NULL),
	(614, 180, 2, 1, 1.0000, 0, '', '2018-02-18 20:59:06', '2018-02-18 20:59:06', NULL),
	(615, 180, 11, 1, 1.0000, 0, '', '2018-02-18 20:59:06', '2018-02-18 20:59:06', NULL),
	(616, 180, 20, 1, 1.0000, 0, '', '2018-02-18 20:59:06', '2018-02-18 20:59:06', NULL),
	(617, 180, 19, 1, 1.0000, 0, '', '2018-02-18 20:59:06', '2018-02-18 20:59:06', NULL),
	(618, 180, 23, 1, 1.0000, 0, '', '2018-02-18 20:59:06', '2018-02-18 20:59:06', NULL),
	(619, 180, 22, 1, 1.0000, 0, '', '2018-02-18 20:59:06', '2018-02-18 20:59:06', NULL),
	(620, 180, 18, 1, 9.0000, 0, '', '2018-02-18 20:59:06', '2018-02-18 20:59:06', NULL),
	(621, 180, 25, 1, 3.0000, 0, '', '2018-02-18 20:59:06', '2018-02-18 20:59:06', NULL),
	(622, 180, 24, 1, 2.0000, 0, '', '2018-02-18 20:59:07', '2018-02-18 20:59:07', NULL),
	(623, 180, 28, 1, 6.0000, 0, '', '2018-02-18 20:59:07', '2018-02-18 20:59:07', NULL),
	(624, 180, 26, 1, 2.0000, 0, '', '2018-02-18 20:59:07', '2018-02-18 20:59:07', NULL),
	(625, 180, 27, 1, 1.0000, 0, '', '2018-02-18 20:59:07', '2018-02-18 20:59:07', NULL),
	(626, 181, 149, 1, 2.0000, 0, '', '2018-02-18 20:59:07', '2018-02-18 20:59:07', NULL),
	(627, 182, 1, 1, 1.0000, 0, '', '2018-02-18 21:28:14', '2018-02-18 21:28:14', NULL),
	(628, 182, 5, 1, 1.0000, 0, '', '2018-02-18 21:28:15', '2018-02-18 21:28:15', NULL),
	(629, 182, 9, 1, 1.0000, 0, '', '2018-02-18 21:28:15', '2018-02-18 21:28:15', NULL),
	(630, 182, 10, 1, 1.0000, 0, '', '2018-02-18 21:28:15', '2018-02-18 21:28:15', NULL),
	(631, 182, 6, 1, 1.0000, 0, '', '2018-02-18 21:28:15', '2018-02-18 21:28:15', NULL),
	(635, 184, 1, 1, 1.0000, 0, '', '2018-02-19 10:41:06', '2018-02-19 10:41:06', NULL),
	(636, 184, 5, 1, 1.0000, 0, '', '2018-02-19 10:41:06', '2018-02-19 10:41:06', NULL),
	(637, 184, 9, 1, 1.0000, 0, '', '2018-02-19 10:41:06', '2018-02-19 10:41:06', NULL),
	(638, 184, 10, 1, 7.0000, 0, '', '2018-02-19 10:41:06', '2018-02-19 10:41:06', NULL),
	(639, 185, 11, 1, 1.0000, 0, '', '2018-02-19 10:42:10', '2018-02-19 10:42:10', NULL),
	(640, 185, 15, 1, 1.0000, 0, '', '2018-02-19 10:42:10', '2018-02-19 10:42:10', NULL),
	(641, 185, 163, 1, 1.0000, 0, '', '2018-02-19 10:42:10', '2018-02-19 10:42:10', NULL),
	(642, 185, 12, 1, 6.0000, 0, '', '2018-02-19 10:42:10', '2018-02-19 10:42:10', NULL),
	(643, 186, 37, 1, 1.0000, 0, '', '2018-02-19 18:49:17', '2018-02-19 18:49:17', NULL),
	(644, 186, 41, 1, 1.0000, 0, '', '2018-02-19 18:49:17', '2018-02-19 18:49:17', NULL),
	(645, 186, 45, 1, 6.0000, 0, '', '2018-02-19 18:49:17', '2018-02-19 18:49:17', NULL),
	(646, 187, 1, 1, 1.0000, 0, '', '2018-02-19 19:04:09', '2018-02-19 19:04:09', NULL),
	(647, 187, 5, 1, 1.0000, 0, '', '2018-02-19 19:04:09', '2018-02-19 19:04:09', NULL),
	(648, 187, 9, 1, 2.0000, 0, '', '2018-02-19 19:04:09', '2018-02-19 19:04:09', NULL),
	(649, 187, 10, 1, 2.0000, 0, '', '2018-02-19 19:04:09', '2018-02-19 19:04:09', NULL),
	(650, 187, 6, 1, 10.0000, 0, '', '2018-02-19 19:04:09', '2018-02-19 19:04:09', NULL),
	(651, 188, 11, 1, 1.0000, 0, '', '2018-02-19 19:05:14', '2018-02-19 19:05:14', NULL),
	(652, 188, 15, 1, 1.0000, 0, '', '2018-02-19 19:05:14', '2018-02-19 19:05:14', NULL),
	(653, 188, 163, 1, 6.0000, 0, '', '2018-02-19 19:05:14', '2018-02-19 19:05:14', NULL),
	(654, 189, 5, 1, 1.0000, 0, '', '2018-02-19 19:05:33', '2018-02-19 19:05:33', NULL),
	(655, 189, 9, 1, 1.0000, 0, '', '2018-02-19 19:05:33', '2018-02-19 19:05:33', NULL),
	(656, 189, 10, 1, 1.0000, 0, '', '2018-02-19 19:05:33', '2018-02-19 19:05:33', NULL),
	(657, 189, 2, 1, 1.0000, 0, '', '2018-02-19 19:05:33', '2018-02-19 19:05:33', NULL),
	(658, 189, 6, 1, 6.0000, 0, '', '2018-02-19 19:05:33', '2018-02-19 19:05:33', NULL),
	(659, 190, 149, 1, 1.0000, 0, '', '2018-02-19 19:09:48', '2018-02-19 19:09:48', NULL),
	(660, 190, 153, 1, 1.0000, 0, '', '2018-02-19 19:09:48', '2018-02-19 19:09:48', NULL),
	(661, 190, 154, 1, 1.0000, 0, '', '2018-02-19 19:09:48', '2018-02-19 19:09:48', NULL),
	(662, 190, 150, 1, 5.0000, 0, '', '2018-02-19 19:09:48', '2018-02-19 19:09:48', NULL),
	(663, 191, 1, 1, 1.0000, 0, '', '2018-02-19 19:10:47', '2018-02-19 19:10:47', NULL),
	(664, 191, 5, 1, 1.0000, 0, '', '2018-02-19 19:10:47', '2018-02-19 19:10:47', NULL),
	(665, 191, 9, 1, 2.0000, 0, '', '2018-02-19 19:10:47', '2018-02-19 19:10:47', NULL),
	(666, 191, 10, 1, 2.0000, 0, '', '2018-02-19 19:10:47', '2018-02-19 19:10:47', NULL),
	(667, 191, 6, 1, 10.0000, 0, '', '2018-02-19 19:10:47', '2018-02-19 19:10:47', NULL),
	(668, 192, 1, 1, 2.0000, 0, '', '2018-02-19 19:10:55', '2018-02-19 19:10:55', NULL),
	(669, 192, 9, 1, 3.0000, 0, '', '2018-02-19 19:10:55', '2018-02-19 19:10:55', NULL),
	(670, 192, 5, 1, 2.0000, 0, '', '2018-02-19 19:10:55', '2018-02-19 19:10:55', NULL),
	(671, 192, 10, 1, 3.0000, 0, '', '2018-02-19 19:10:56', '2018-02-19 19:10:56', NULL),
	(672, 192, 6, 1, 11.0000, 0, '', '2018-02-19 19:10:56', '2018-02-19 19:10:56', NULL),
	(673, 193, 149, 1, 1.0000, 0, '', '2018-02-19 19:11:06', '2018-02-19 19:11:06', NULL),
	(674, 193, 153, 1, 1.0000, 0, '', '2018-02-19 19:11:06', '2018-02-19 19:11:06', NULL),
	(675, 193, 154, 1, 6.0000, 0, '', '2018-02-19 19:11:06', '2018-02-19 19:11:06', NULL),
	(676, 194, 149, 1, 1.0000, 0, '', '2018-02-19 19:11:35', '2018-02-19 19:11:35', NULL),
	(677, 194, 153, 1, 1.0000, 0, '', '2018-02-19 19:11:35', '2018-02-19 19:11:35', NULL),
	(678, 194, 154, 1, 6.0000, 0, '', '2018-02-19 19:11:35', '2018-02-19 19:11:35', NULL),
	(679, 195, 1, 1, 3.0000, 0, '', '2018-02-19 19:11:48', '2018-02-19 19:11:48', NULL),
	(680, 195, 5, 1, 3.0000, 0, '', '2018-02-19 19:11:48', '2018-02-19 19:11:48', NULL),
	(681, 195, 9, 1, 4.0000, 0, '', '2018-02-19 19:11:48', '2018-02-19 19:11:48', NULL),
	(682, 195, 10, 1, 4.0000, 0, '', '2018-02-19 19:11:48', '2018-02-19 19:11:48', NULL),
	(683, 195, 6, 1, 12.0000, 0, '', '2018-02-19 19:11:48', '2018-02-19 19:11:48', NULL),
	(684, 196, 46, 1, 8.0000, 0, '', '2018-02-19 19:18:38', '2018-02-19 19:18:38', NULL),
	(685, 197, 11, 1, 1.0000, 0, '', '2018-02-19 19:20:00', '2018-02-19 19:20:00', NULL),
	(686, 197, 15, 1, 1.0000, 0, '', '2018-02-19 19:20:00', '2018-02-19 19:20:00', NULL),
	(687, 197, 163, 1, 1.0000, 0, '', '2018-02-19 19:20:00', '2018-02-19 19:20:00', NULL),
	(688, 197, 12, 1, 7.0000, 0, '', '2018-02-19 19:20:00', '2018-02-19 19:20:00', NULL),
	(689, 198, 1, 1, 1.0000, 0, '', '2018-02-19 19:20:14', '2018-02-19 19:20:14', NULL),
	(690, 198, 5, 1, 1.0000, 0, '', '2018-02-19 19:20:14', '2018-02-19 19:20:14', NULL),
	(691, 198, 9, 1, 5.0000, 0, '', '2018-02-19 19:20:14', '2018-02-19 19:20:14', NULL),
	(692, 199, 1, 1, 1.0000, 0, '', '2018-02-19 19:24:00', '2018-02-19 19:24:00', NULL),
	(693, 199, 5, 1, 1.0000, 0, '', '2018-02-19 19:24:00', '2018-02-19 19:24:00', NULL),
	(694, 199, 9, 1, 1.0000, 0, '', '2018-02-19 19:24:00', '2018-02-19 19:24:00', NULL),
	(695, 199, 10, 1, 6.0000, 0, '', '2018-02-19 19:24:00', '2018-02-19 19:24:00', NULL),
	(696, 200, 1, 1, 1.0000, 0, '', '2018-02-19 19:24:11', '2018-02-19 19:24:11', NULL),
	(697, 200, 5, 1, 1.0000, 0, '', '2018-02-19 19:24:11', '2018-02-19 19:24:11', NULL),
	(698, 200, 9, 1, 1.0000, 0, '', '2018-02-19 19:24:11', '2018-02-19 19:24:11', NULL),
	(699, 200, 10, 1, 6.0000, 0, '', '2018-02-19 19:24:11', '2018-02-19 19:24:11', NULL),
	(700, 201, 1, 1, 1.0000, 0, '', '2018-02-19 19:32:18', '2018-02-19 19:32:18', NULL),
	(701, 201, 5, 1, 1.0000, 0, '', '2018-02-19 19:32:18', '2018-02-19 19:32:18', NULL),
	(702, 201, 9, 1, 1.0000, 0, '', '2018-02-19 19:32:18', '2018-02-19 19:32:18', NULL),
	(703, 201, 10, 1, 1.0000, 0, '', '2018-02-19 19:32:18', '2018-02-19 19:32:18', NULL),
	(704, 201, 6, 1, 7.0000, 0, '', '2018-02-19 19:32:18', '2018-02-19 19:32:18', NULL),
	(705, 202, 1, 1, 1.0000, 0, '', '2018-02-19 20:24:11', '2018-02-19 20:24:11', NULL),
	(706, 202, 5, 1, 1.0000, 0, '', '2018-02-19 20:24:11', '2018-02-19 20:24:11', NULL),
	(707, 202, 9, 1, 1.0000, 0, '', '2018-02-19 20:24:11', '2018-02-19 20:24:11', NULL),
	(708, 202, 10, 1, 1.0000, 0, '', '2018-02-19 20:24:11', '2018-02-19 20:24:11', NULL),
	(709, 202, 6, 1, 6.0000, 0, '', '2018-02-19 20:24:11', '2018-02-19 20:24:11', NULL),
	(710, 203, 1, 1, 1.0000, 0, '', '2018-02-19 20:25:05', '2018-02-19 20:25:05', NULL),
	(711, 203, 5, 1, 1.0000, 0, '', '2018-02-19 20:25:05', '2018-02-19 20:25:05', NULL),
	(712, 203, 9, 1, 6.0000, 0, '', '2018-02-19 20:25:05', '2018-02-19 20:25:05', NULL),
	(713, 204, 1, 1, 1.0000, 0, '', '2018-02-19 20:26:15', '2018-02-19 20:26:15', NULL),
	(714, 204, 5, 1, 1.0000, 0, '', '2018-02-19 20:26:15', '2018-02-19 20:26:15', NULL),
	(715, 204, 9, 1, 1.0000, 0, '', '2018-02-19 20:26:16', '2018-02-19 20:26:16', NULL),
	(716, 204, 10, 1, 1.0000, 0, '', '2018-02-19 20:26:16', '2018-02-19 20:26:16', NULL),
	(717, 204, 6, 1, 6.0000, 0, '', '2018-02-19 20:26:16', '2018-02-19 20:26:16', NULL),
	(718, 205, 12, 1, 1.0000, 0, '', '2018-02-19 20:27:15', '2018-02-19 20:27:15', NULL),
	(719, 205, 163, 1, 1.0000, 0, '', '2018-02-19 20:27:15', '2018-02-19 20:27:15', NULL),
	(720, 205, 15, 1, 1.0000, 0, '', '2018-02-19 20:27:15', '2018-02-19 20:27:15', NULL),
	(721, 205, 11, 1, 6.0000, 0, '', '2018-02-19 20:27:15', '2018-02-19 20:27:15', NULL),
	(722, 206, 1, 1, 1.0000, 0, '', '2018-02-19 20:41:32', '2018-02-19 20:41:32', NULL),
	(723, 206, 5, 1, 1.0000, 0, '', '2018-02-19 20:41:32', '2018-02-19 20:41:32', NULL),
	(724, 206, 9, 1, 1.0000, 0, '', '2018-02-19 20:41:32', '2018-02-19 20:41:32', NULL),
	(725, 206, 10, 1, 1.0000, 0, '', '2018-02-19 20:41:32', '2018-02-19 20:41:32', NULL),
	(726, 206, 166, 1, 1.0000, 0, '', '2018-02-19 20:41:33', '2018-02-19 20:41:33', NULL),
	(727, 206, 7, 1, 5.0000, 0, '', '2018-02-19 20:41:33', '2018-02-19 20:41:33', NULL),
	(728, 207, 1, 1, 1.0000, 0, '', '2018-02-19 20:56:53', '2018-02-19 20:56:53', NULL),
	(729, 207, 5, 1, 1.0000, 0, '', '2018-02-19 20:56:53', '2018-02-19 20:56:53', NULL),
	(730, 207, 9, 1, 4.0000, 0, '', '2018-02-19 20:56:53', '2018-02-19 20:56:53', NULL),
	(731, 208, 1, 1, 1.0000, 0, '', '2018-02-19 20:57:03', '2018-02-19 20:57:03', NULL),
	(732, 208, 5, 1, 1.0000, 0, '', '2018-02-19 20:57:03', '2018-02-19 20:57:03', NULL),
	(733, 208, 9, 1, 4.0000, 0, '', '2018-02-19 20:57:03', '2018-02-19 20:57:03', NULL),
	(734, 209, 1, 1, 1.0000, 0, '', '2018-02-19 20:59:38', '2018-02-19 20:59:38', NULL),
	(735, 209, 5, 1, 1.0000, 0, '', '2018-02-19 20:59:38', '2018-02-19 20:59:38', NULL),
	(736, 209, 9, 1, 6.0000, 0, '', '2018-02-19 20:59:38', '2018-02-19 20:59:38', NULL),
	(737, 210, 1, 1, 1.0000, 0, '', '2018-02-19 21:00:18', '2018-02-19 21:00:18', NULL),
	(738, 210, 5, 1, 1.0000, 0, '', '2018-02-19 21:00:18', '2018-02-19 21:00:18', NULL),
	(739, 210, 9, 1, 4.0000, 0, '', '2018-02-19 21:00:18', '2018-02-19 21:00:18', NULL),
	(740, 210, 1, 1, 1.0000, 0, '', '2018-02-19 21:00:18', '2018-02-19 21:00:18', NULL),
	(741, 210, 5, 1, 1.0000, 0, '', '2018-02-19 21:00:18', '2018-02-19 21:00:18', NULL),
	(742, 210, 9, 1, 4.0000, 0, '', '2018-02-19 21:00:18', '2018-02-19 21:00:18', NULL),
	(743, 211, 1, 1, 1.0000, 0, '', '2018-02-19 21:01:01', '2018-02-19 21:01:01', NULL),
	(744, 211, 5, 1, 1.0000, 0, '', '2018-02-19 21:01:01', '2018-02-19 21:01:01', NULL),
	(745, 211, 9, 1, 1.0000, 0, '', '2018-02-19 21:01:02', '2018-02-19 21:01:02', NULL),
	(746, 211, 10, 1, 1.0000, 0, '', '2018-02-19 21:01:02', '2018-02-19 21:01:02', NULL),
	(747, 211, 166, 1, 1.0000, 0, '', '2018-02-19 21:01:02', '2018-02-19 21:01:02', NULL),
	(748, 211, 7, 1, 5.0000, 0, '', '2018-02-19 21:01:02', '2018-02-19 21:01:02', NULL),
	(749, 212, 1, 1, 1.0000, 0, '', '2018-02-19 21:01:58', '2018-02-19 21:01:58', NULL),
	(750, 212, 5, 1, 1.0000, 0, '', '2018-02-19 21:01:58', '2018-02-19 21:01:58', NULL),
	(751, 212, 9, 1, 2.0000, 0, '', '2018-02-19 21:01:58', '2018-02-19 21:01:58', NULL),
	(752, 212, 6, 1, 1.0000, 0, '', '2018-02-19 21:01:58', '2018-02-19 21:01:58', NULL),
	(753, 212, 7, 1, 1.0000, 0, '', '2018-02-19 21:01:58', '2018-02-19 21:01:58', NULL),
	(754, 212, 166, 1, 4.0000, 0, '', '2018-02-19 21:01:58', '2018-02-19 21:01:58', NULL),
	(761, 214, 1, 1, 1.0000, 0, '', '2018-02-19 21:06:58', '2018-02-19 21:06:58', NULL),
	(762, 214, 5, 1, 1.0000, 0, '', '2018-02-19 21:06:59', '2018-02-19 21:06:59', NULL),
	(763, 214, 9, 1, 1.0000, 0, '', '2018-02-19 21:06:59', '2018-02-19 21:06:59', NULL),
	(764, 214, 10, 1, 1.0000, 0, '', '2018-02-19 21:06:59', '2018-02-19 21:06:59', NULL),
	(765, 214, 6, 1, 5.0000, 0, '', '2018-02-19 21:06:59', '2018-02-19 21:06:59', NULL),
	(766, 215, 1, 1, 2.0000, 0, '', '2018-02-19 21:11:11', '2018-02-19 21:11:11', NULL),
	(767, 215, 5, 1, 2.0000, 0, '', '2018-02-19 21:11:11', '2018-02-19 21:11:11', NULL),
	(768, 215, 9, 1, 2.0000, 0, '', '2018-02-19 21:11:11', '2018-02-19 21:11:11', NULL),
	(769, 215, 10, 1, 7.0000, 0, '', '2018-02-19 21:11:11', '2018-02-19 21:11:11', NULL),
	(770, 216, 1, 1, 4.0000, 0, '', '2018-02-19 21:12:38', '2018-02-19 21:12:38', NULL),
	(771, 216, 5, 1, 4.0000, 0, '', '2018-02-19 21:12:38', '2018-02-19 21:12:38', NULL),
	(772, 216, 9, 1, 7.0000, 0, '', '2018-02-19 21:12:38', '2018-02-19 21:12:38', NULL),
	(773, 217, 1, 1, 2.0000, 0, '', '2018-02-19 21:13:16', '2018-02-19 21:13:16', NULL),
	(774, 217, 10, 1, 7.0000, 0, '', '2018-02-19 21:13:16', '2018-02-19 21:13:16', NULL),
	(775, 217, 5, 1, 2.0000, 0, '', '2018-02-19 21:13:16', '2018-02-19 21:13:16', NULL),
	(776, 217, 9, 1, 2.0000, 0, '', '2018-02-19 21:13:17', '2018-02-19 21:13:17', NULL),
	(777, 218, 1, 1, 3.0000, 0, '', '2018-02-19 21:14:28', '2018-02-19 21:14:28', NULL),
	(778, 218, 5, 1, 3.0000, 0, '', '2018-02-19 21:14:28', '2018-02-19 21:14:28', NULL),
	(779, 218, 9, 1, 3.0000, 0, '', '2018-02-19 21:14:28', '2018-02-19 21:14:28', NULL),
	(780, 218, 10, 1, 8.0000, 0, '', '2018-02-19 21:14:28', '2018-02-19 21:14:28', NULL),
	(781, 219, 1, 1, 3.0000, 0, '', '2018-02-19 21:27:15', '2018-02-19 21:27:15', NULL),
	(782, 219, 5, 1, 3.0000, 0, '', '2018-02-19 21:27:15', '2018-02-19 21:27:15', NULL),
	(783, 219, 9, 1, 3.0000, 0, '', '2018-02-19 21:27:15', '2018-02-19 21:27:15', NULL),
	(784, 219, 10, 1, 8.0000, 0, '', '2018-02-19 21:27:15', '2018-02-19 21:27:15', NULL),
	(785, 220, 1, 1, 4.0000, 0, '', '2018-02-19 21:33:22', '2018-02-19 21:33:22', NULL),
	(786, 220, 5, 1, 4.0000, 0, '', '2018-02-19 21:33:22', '2018-02-19 21:33:22', NULL),
	(787, 220, 9, 1, 4.0000, 0, '', '2018-02-19 21:33:22', '2018-02-19 21:33:22', NULL),
	(788, 220, 10, 1, 9.0000, 0, '', '2018-02-19 21:33:22', '2018-02-19 21:33:22', NULL),
	(789, 221, 139, 1, 1.0000, 0, '', '2018-02-19 21:33:42', '2018-02-19 21:33:42', NULL),
	(790, 221, 143, 1, 6.0000, 0, '', '2018-02-19 21:33:42', '2018-02-19 21:33:42', NULL),
	(791, 222, 1, 1, 1.0000, 0, '', '2018-02-19 21:34:17', '2018-02-19 21:34:17', NULL),
	(792, 222, 5, 1, 1.0000, 0, '', '2018-02-19 21:34:17', '2018-02-19 21:34:17', NULL),
	(793, 222, 9, 1, 4.0000, 0, '', '2018-02-19 21:34:17', '2018-02-19 21:34:17', NULL),
	(794, 223, 9, 1, 1.0000, 0, '', '2018-02-19 21:34:54', '2018-02-19 21:34:54', NULL),
	(795, 223, 10, 1, 5.0000, 0, '', '2018-02-19 21:34:54', '2018-02-19 21:34:54', NULL),
	(796, 224, 1, 1, 5.0000, 0, '', '2018-02-19 21:36:23', '2018-02-19 21:36:23', NULL),
	(797, 224, 5, 1, 5.0000, 0, '', '2018-02-19 21:36:23', '2018-02-19 21:36:23', NULL),
	(798, 224, 9, 1, 5.0000, 0, '', '2018-02-19 21:36:23', '2018-02-19 21:36:23', NULL),
	(799, 224, 10, 1, 10.0000, 0, '', '2018-02-19 21:36:23', '2018-02-19 21:36:23', NULL),
	(800, 225, 37, 1, 1.0000, 0, '', '2018-02-19 21:36:51', '2018-02-19 21:36:51', NULL),
	(801, 225, 41, 1, 1.0000, 0, '', '2018-02-19 21:36:51', '2018-02-19 21:36:51', NULL),
	(802, 226, 37, 1, 1.0000, 0, '', '2018-02-19 21:37:02', '2018-02-19 21:37:02', NULL),
	(803, 226, 41, 1, 1.0000, 0, '', '2018-02-19 21:37:02', '2018-02-19 21:37:02', NULL),
	(804, 227, 1, 1, 1.0000, 0, '', '2018-02-19 21:38:57', '2018-02-19 21:38:57', NULL),
	(805, 227, 5, 1, 1.0000, 0, '', '2018-02-19 21:38:57', '2018-02-19 21:38:57', NULL),
	(806, 227, 9, 1, 1.0000, 0, '', '2018-02-19 21:38:57', '2018-02-19 21:38:57', NULL),
	(807, 227, 10, 1, 1.0000, 0, '', '2018-02-19 21:38:57', '2018-02-19 21:38:57', NULL),
	(808, 227, 6, 1, 5.0000, 0, '', '2018-02-19 21:38:57', '2018-02-19 21:38:57', NULL),
	(809, 228, 1, 1, 1.0000, 0, '', '2018-02-19 21:39:15', '2018-02-19 21:39:15', NULL),
	(810, 228, 5, 1, 1.0000, 0, '', '2018-02-19 21:39:15', '2018-02-19 21:39:15', NULL),
	(811, 228, 9, 1, 6.0000, 0, '', '2018-02-19 21:39:15', '2018-02-19 21:39:15', NULL),
	(812, 229, 149, 1, 1.0000, 0, '', '2018-02-19 21:39:15', '2018-02-19 21:39:15', NULL),
	(813, 229, 153, 1, 5.0000, 0, '', '2018-02-19 21:39:15', '2018-02-19 21:39:15', NULL),
	(824, 232, 1, 1, 1.0000, 0, '', '2018-02-20 10:36:49', '2018-02-20 10:36:49', NULL),
	(825, 232, 5, 1, 1.0000, 0, '', '2018-02-20 10:36:50', '2018-02-20 10:36:50', NULL),
	(826, 232, 9, 1, 1.0000, 0, '', '2018-02-20 10:36:50', '2018-02-20 10:36:50', NULL),
	(827, 232, 10, 1, 4.0000, 0, '', '2018-02-20 10:36:50', '2018-02-20 10:36:50', NULL),
	(828, 233, 1, 1, 1.0000, 0, '', '2018-02-20 10:37:03', '2018-02-20 10:37:03', NULL),
	(829, 233, 5, 1, 1.0000, 0, '', '2018-02-20 10:37:03', '2018-02-20 10:37:03', NULL),
	(832, 234, 9, 1, 5.0000, 0, '', '2018-02-20 10:37:47', '2018-02-20 10:37:47', NULL),
	(833, 235, 10, 1, 5.0000, 0, '', '2018-02-20 10:38:01', '2018-02-20 10:38:01', NULL),
	(834, 236, 103, 1, 1.0000, 0, '', '2018-02-20 10:38:58', '2018-02-20 10:38:58', NULL),
	(835, 236, 107, 1, 4.0000, 0, '', '2018-02-20 10:38:59', '2018-02-20 10:38:59', NULL),
	(836, 237, 11, 1, 1.0000, 0, '', '2018-02-20 10:39:17', '2018-02-20 10:39:17', NULL),
	(837, 237, 15, 1, 3.0000, 0, '', '2018-02-20 10:39:17', '2018-02-20 10:39:17', NULL),
	(838, 238, 157, 1, 1.0000, 0, '', '2018-02-20 10:39:17', '2018-02-20 10:39:17', NULL),
	(839, 239, 1, 1, 1.0000, 1, '', '2018-02-20 10:39:36', '2018-03-13 14:11:19', NULL),
	(840, 239, 5, 1, 1.0000, 1, '', '2018-02-20 10:39:36', '2018-03-13 14:11:19', NULL),
	(841, 239, 9, 1, 5.0000, 1, '', '2018-02-20 10:39:36', '2018-03-13 14:11:19', NULL),
	(842, 240, 149, 1, 1.0000, 1, '', '2018-02-20 10:39:57', '2018-03-13 14:11:19', NULL),
	(843, 240, 153, 1, 1.0000, 1, '', '2018-02-20 10:39:57', '2018-03-13 14:11:20', NULL),
	(844, 240, 154, 1, 4.0000, 1, '', '2018-02-20 10:39:57', '2018-03-13 14:11:20', NULL),
	(845, 241, 5, 1, 1.0000, 1, '', '2018-02-20 10:40:20', '2018-03-13 14:10:55', NULL),
	(846, 241, 9, 1, 1.0000, 1, '', '2018-02-20 10:40:20', '2018-03-13 14:10:56', NULL),
	(847, 241, 10, 1, 1.0000, 1, '', '2018-02-20 10:40:20', '2018-03-13 14:10:56', NULL),
	(848, 241, 6, 1, 4.0000, 1, '', '2018-02-20 10:40:20', '2018-03-13 14:10:56', NULL),
	(849, 242, 103, 1, 1.0000, 1, '', '2018-02-20 10:40:38', '2018-03-13 14:10:56', NULL),
	(850, 242, 107, 1, 1.0000, 1, '', '2018-02-20 10:40:38', '2018-03-13 14:10:56', NULL),
	(851, 242, 108, 1, 4.0000, 1, '', '2018-02-20 10:40:38', '2018-03-13 14:10:57', NULL),
	(852, 243, 1, 1, 1.0000, 0, '', '2018-02-20 10:46:25', '2018-02-20 10:46:25', NULL),
	(853, 243, 5, 1, 1.0000, 0, '', '2018-02-20 10:46:25', '2018-02-20 10:46:25', NULL),
	(854, 243, 9, 1, 1.0000, 0, '', '2018-02-20 10:46:25', '2018-02-20 10:46:25', NULL),
	(855, 243, 10, 1, 1.0000, 0, '', '2018-02-20 10:46:25', '2018-02-20 10:46:25', NULL),
	(856, 243, 6, 1, 5.0000, 0, '', '2018-02-20 10:46:25', '2018-02-20 10:46:25', NULL),
	(857, 244, 167, 1, 1.0000, 0, '', '2018-02-20 11:01:31', '2018-02-20 11:01:31', NULL),
	(858, 244, 157, 1, 4.0000, 0, '', '2018-02-20 11:01:31', '2018-02-20 11:01:31', NULL),
	(859, 245, 9, 1, 5.0000, 0, '', '2018-02-20 11:18:24', '2018-02-20 11:18:24', NULL),
	(860, 246, 37, 1, 1.0000, 0, '', '2018-02-20 11:18:39', '2018-02-20 11:18:39', NULL),
	(861, 246, 42, 1, 4.0000, 0, '', '2018-02-20 11:18:39', '2018-02-20 11:18:39', NULL),
	(862, 247, 46, 1, 4.0000, 0, '', '2018-02-20 11:18:49', '2018-02-20 11:18:49', NULL),
	(863, 248, 1, 1, 1.0000, 0, '', '2018-02-20 11:19:02', '2018-02-20 11:19:02', NULL),
	(864, 248, 5, 1, 4.0000, 0, '', '2018-02-20 11:19:02', '2018-02-20 11:19:02', NULL),
	(865, 249, 10, 1, 5.0000, 0, '', '2018-02-20 11:19:20', '2018-02-20 11:19:20', NULL),
	(866, 250, 37, 1, 1.0000, 0, '', '2018-02-20 11:19:49', '2018-02-20 11:19:49', NULL),
	(867, 250, 42, 1, 4.0000, 0, '', '2018-02-20 11:19:49', '2018-02-20 11:19:49', NULL),
	(868, 250, 46, 1, 4.0000, 0, '', '2018-02-20 11:19:49', '2018-02-20 11:19:49', NULL),
	(869, 251, 1, 1, 1.0000, 0, '', '2018-02-20 11:21:44', '2018-02-20 11:21:44', NULL),
	(870, 251, 5, 1, 1.0000, 0, '', '2018-02-20 11:21:44', '2018-02-20 11:21:44', NULL),
	(871, 252, 1, 1, 3.0000, 0, '', '2018-02-20 11:22:01', '2018-02-20 11:22:01', NULL),
	(872, 252, 5, 1, 1.0000, 0, '', '2018-02-20 11:22:01', '2018-02-20 11:22:01', NULL),
	(873, 253, 1, 1, 1.0000, 0, '', '2018-02-20 11:27:17', '2018-02-20 11:27:17', NULL),
	(874, 253, 5, 1, 1.0000, 0, '', '2018-02-20 11:27:17', '2018-02-20 11:27:17', NULL),
	(875, 254, 37, 1, 1.0000, 0, '', '2018-02-20 11:29:30', '2018-02-20 11:29:30', NULL),
	(876, 254, 41, 1, 5.0000, 0, '', '2018-02-20 11:29:30', '2018-02-20 11:29:30', NULL),
	(884, 258, 1, 1, 3.0000, 0, '', '2018-02-20 11:31:28', '2018-02-20 11:31:28', NULL),
	(885, 258, 5, 1, 3.0000, 0, '', '2018-02-20 11:31:28', '2018-02-20 11:31:28', NULL),
	(886, 258, 9, 1, 4.0000, 0, '', '2018-02-20 11:31:28', '2018-02-20 11:31:28', NULL),
	(887, 259, 9, 1, 4.0000, 0, '', '2018-02-20 11:31:49', '2018-02-20 11:31:49', NULL),
	(888, 259, 2, 1, 3.0000, 0, '', '2018-02-20 11:31:49', '2018-02-20 11:31:49', NULL),
	(892, 261, 12, 1, 1.0000, 0, '', '2018-02-20 14:06:19', '2018-02-20 14:06:19', NULL),
	(893, 261, 163, 1, 1.0000, 0, '', '2018-02-20 14:06:19', '2018-02-20 14:06:19', NULL),
	(894, 261, 164, 1, 5.0000, 0, '', '2018-02-20 14:06:19', '2018-02-20 14:06:19', NULL),
	(895, 261, 13, 1, 2.0000, 0, '', '2018-02-20 14:06:19', '2018-02-20 14:06:19', NULL),
	(900, 263, 1, 1, 1.0000, 0, '', '2018-02-20 14:07:38', '2018-02-20 14:07:38', NULL),
	(901, 263, 5, 1, 1.0000, 0, '', '2018-02-20 14:07:38', '2018-02-20 14:07:38', NULL),
	(902, 263, 9, 1, 4.0000, 0, '', '2018-02-20 14:07:38', '2018-02-20 14:07:38', NULL),
	(903, 263, 10, 1, 1.0000, 0, '', '2018-02-20 14:07:38', '2018-02-20 14:07:38', NULL),
	(904, 263, 6, 1, 1.0000, 0, '', '2018-02-20 14:07:38', '2018-02-20 14:07:38', NULL),
	(905, 263, 7, 1, 1.0000, 0, '', '2018-02-20 14:07:38', '2018-02-20 14:07:38', NULL),
	(906, 263, 166, 1, 4.0000, 0, '', '2018-02-20 14:07:38', '2018-02-20 14:07:38', NULL),
	(907, 264, 5, 1, 1.0000, 0, '', '2018-02-20 18:44:25', '2018-02-20 18:44:25', NULL),
	(908, 264, 1, 1, 1.0000, 0, '', '2018-02-20 18:44:25', '2018-02-20 18:44:25', NULL),
	(909, 264, 9, 1, 3.0000, 0, '', '2018-02-20 18:44:25', '2018-02-20 18:44:25', NULL),
	(910, 265, 1, 1, 1.0000, 0, '', '2018-02-20 18:48:25', '2018-02-20 18:48:25', NULL),
	(911, 265, 5, 1, 1.0000, 0, '', '2018-02-20 18:48:25', '2018-02-20 18:48:25', NULL),
	(912, 265, 9, 1, 1.0000, 0, '', '2018-02-20 18:48:25', '2018-02-20 18:48:25', NULL),
	(913, 265, 10, 1, 5.0000, 0, '', '2018-02-20 18:48:25', '2018-02-20 18:48:25', NULL),
	(919, 267, 11, 1, 1.0000, 0, '', '2018-02-20 18:51:09', '2018-02-20 18:51:09', NULL),
	(920, 267, 15, 1, 1.0000, 0, '', '2018-02-20 18:51:09', '2018-02-20 18:51:09', NULL),
	(921, 267, 163, 1, 1.0000, 0, '', '2018-02-20 18:51:09', '2018-02-20 18:51:09', NULL),
	(922, 267, 12, 1, 5.0000, 0, '', '2018-02-20 18:51:09', '2018-02-20 18:51:09', NULL),
	(923, 268, 1, 1, 1.0000, 0, '', '2018-02-20 18:51:23', '2018-02-20 18:51:23', NULL),
	(924, 268, 5, 1, 1.0000, 0, '', '2018-02-20 18:51:23', '2018-02-20 18:51:23', NULL),
	(925, 268, 9, 1, 1.0000, 0, '', '2018-02-20 18:51:24', '2018-02-20 18:51:24', NULL),
	(926, 268, 10, 1, 5.0000, 0, '', '2018-02-20 18:51:24', '2018-02-20 18:51:24', NULL),
	(931, 270, 11, 1, 1.0000, 0, '', '2018-02-20 18:52:33', '2018-02-20 18:52:33', NULL),
	(932, 270, 12, 1, 1.0000, 0, '', '2018-02-20 18:52:33', '2018-02-20 18:52:33', NULL),
	(933, 270, 164, 1, 1.0000, 0, '', '2018-02-20 18:52:33', '2018-02-20 18:52:33', NULL),
	(934, 270, 13, 1, 4.0000, 0, '', '2018-02-20 18:52:33', '2018-02-20 18:52:33', NULL),
	(935, 271, 1, 1, 1.0000, 0, '', '2018-02-20 18:53:15', '2018-02-20 18:53:15', NULL),
	(936, 271, 5, 1, 1.0000, 0, '', '2018-02-20 18:53:15', '2018-02-20 18:53:15', NULL),
	(937, 271, 9, 1, 1.0000, 0, '', '2018-02-20 18:53:15', '2018-02-20 18:53:15', NULL),
	(938, 271, 10, 1, 5.0000, 0, '', '2018-02-20 18:53:15', '2018-02-20 18:53:15', NULL),
	(939, 272, 1, 1, 1.0000, 0, '', '2018-02-20 19:01:42', '2018-02-20 19:01:42', NULL),
	(940, 272, 5, 1, 1.0000, 0, '', '2018-02-20 19:01:42', '2018-02-20 19:01:42', NULL),
	(941, 272, 9, 1, 1.0000, 0, '', '2018-02-20 19:01:42', '2018-02-20 19:01:42', NULL),
	(942, 272, 10, 1, 5.0000, 0, '', '2018-02-20 19:01:42', '2018-02-20 19:01:42', NULL),
	(943, 273, 11, 1, 1.0000, 0, '', '2018-02-20 19:01:52', '2018-02-20 19:01:52', NULL),
	(944, 273, 15, 1, 1.0000, 0, '', '2018-02-20 19:01:52', '2018-02-20 19:01:52', NULL),
	(945, 273, 163, 1, 1.0000, 0, '', '2018-02-20 19:01:52', '2018-02-20 19:01:52', NULL),
	(946, 273, 12, 1, 5.0000, 0, '', '2018-02-20 19:01:52', '2018-02-20 19:01:52', NULL),
	(947, 274, 16, 1, 1.0000, 0, '', '2018-02-20 19:04:07', '2018-02-20 19:04:07', NULL),
	(948, 274, 17, 1, 3.0000, 0, '', '2018-02-20 19:04:07', '2018-02-20 19:04:07', NULL),
	(949, 275, 1, 1, 1.0000, 0, '', '2018-02-20 19:05:03', '2018-02-20 19:05:03', NULL),
	(950, 275, 5, 1, 1.0000, 0, '', '2018-02-20 19:05:03', '2018-02-20 19:05:03', NULL),
	(951, 275, 9, 1, 1.0000, 0, '', '2018-02-20 19:05:03', '2018-02-20 19:05:03', NULL),
	(952, 275, 10, 1, 5.0000, 0, '', '2018-02-20 19:05:03', '2018-02-20 19:05:03', NULL),
	(953, 276, 1, 1, 1.0000, 0, '', '2018-02-20 19:06:37', '2018-02-20 19:06:37', NULL),
	(954, 276, 5, 1, 1.0000, 0, '', '2018-02-20 19:06:37', '2018-02-20 19:06:37', NULL),
	(955, 276, 9, 1, 1.0000, 0, '', '2018-02-20 19:06:37', '2018-02-20 19:06:37', NULL),
	(956, 276, 10, 1, 1.0000, 0, '', '2018-02-20 19:06:37', '2018-02-20 19:06:37', NULL),
	(957, 276, 6, 1, 5.0000, 0, '', '2018-02-20 19:06:37', '2018-02-20 19:06:37', NULL),
	(958, 277, 1, 1, 1.0000, 0, '', '2018-02-20 20:43:06', '2018-02-20 20:43:06', NULL),
	(959, 277, 5, 1, 1.0000, 0, '', '2018-02-20 20:43:06', '2018-02-20 20:43:06', NULL),
	(960, 277, 9, 1, 1.0000, 0, '', '2018-02-20 20:43:06', '2018-02-20 20:43:06', NULL),
	(961, 277, 10, 1, 1.0000, 0, '', '2018-02-20 20:43:06', '2018-02-20 20:43:06', NULL),
	(962, 277, 166, 1, 4.0000, 0, '', '2018-02-20 20:43:06', '2018-02-20 20:43:06', NULL),
	(963, 277, 7, 1, 5.0000, 0, '', '2018-02-20 20:43:06', '2018-02-20 20:43:06', NULL),
	(964, 278, 11, 1, 1.0000, 0, '', '2018-02-20 20:43:18', '2018-02-20 20:43:18', NULL),
	(965, 278, 15, 1, 1.0000, 0, '', '2018-02-20 20:43:18', '2018-02-20 20:43:18', NULL),
	(966, 278, 163, 1, 1.0000, 0, '', '2018-02-20 20:43:18', '2018-02-20 20:43:18', NULL),
	(967, 278, 164, 1, 1.0000, 0, '', '2018-02-20 20:43:18', '2018-02-20 20:43:18', NULL),
	(968, 278, 13, 1, 5.0000, 0, '', '2018-02-20 20:43:18', '2018-02-20 20:43:18', NULL),
	(969, 279, 1, 1, 1.0000, 0, '', '2018-02-20 20:46:08', '2018-02-20 20:46:08', NULL),
	(970, 279, 5, 1, 1.0000, 0, '', '2018-02-20 20:46:08', '2018-02-20 20:46:08', NULL),
	(971, 279, 9, 1, 1.0000, 0, '', '2018-02-20 20:46:08', '2018-02-20 20:46:08', NULL),
	(972, 279, 10, 1, 6.0000, 0, '', '2018-02-20 20:46:08', '2018-02-20 20:46:08', NULL),
	(973, 280, 19, 1, 1.0000, 0, '', '2018-02-20 20:46:17', '2018-02-20 20:46:17', NULL),
	(974, 280, 23, 1, 1.0000, 0, '', '2018-02-20 20:46:17', '2018-02-20 20:46:17', NULL),
	(975, 280, 20, 1, 5.0000, 0, '', '2018-02-20 20:46:17', '2018-02-20 20:46:17', NULL),
	(976, 281, 1, 1, 1.0000, 0, '', '2018-02-20 21:31:49', '2018-02-20 21:31:49', NULL),
	(977, 281, 5, 1, 1.0000, 0, '', '2018-02-20 21:31:49', '2018-02-20 21:31:49', NULL),
	(978, 281, 9, 1, 1.0000, 0, '', '2018-02-20 21:31:49', '2018-02-20 21:31:49', NULL),
	(979, 281, 10, 1, 7.0000, 0, '', '2018-02-20 21:31:49', '2018-02-20 21:31:49', NULL),
	(980, 282, 1, 1, 1.0000, 0, '', '2018-02-22 18:59:09', '2018-02-22 18:59:09', NULL),
	(981, 282, 5, 1, 2.0000, 0, '', '2018-02-22 18:59:09', '2018-02-22 18:59:09', NULL),
	(982, 282, 9, 1, 1.0000, 0, '', '2018-02-22 18:59:09', '2018-02-22 18:59:09', NULL),
	(983, 282, 10, 1, 3.0000, 0, '', '2018-02-22 18:59:09', '2018-02-22 18:59:09', NULL),
	(984, 283, 1, 1, 1.0000, 0, '', '2018-02-22 18:59:51', '2018-02-22 18:59:51', NULL),
	(985, 283, 5, 1, 1.0000, 0, '', '2018-02-22 18:59:51', '2018-02-22 18:59:51', NULL),
	(986, 283, 9, 1, 1.0000, 0, '', '2018-02-22 18:59:51', '2018-02-22 18:59:51', NULL),
	(987, 283, 10, 1, 1.0000, 0, '', '2018-02-22 18:59:51', '2018-02-22 18:59:51', NULL),
	(988, 283, 6, 1, 3.0000, 0, '', '2018-02-22 18:59:51', '2018-02-22 18:59:51', NULL),
	(989, 283, 2, 1, 2.0000, 0, '', '2018-02-22 18:59:51', '2018-02-22 18:59:51', NULL),
	(990, 283, 3, 1, 1.0000, 0, '', '2018-02-22 18:59:51', '2018-02-22 18:59:51', NULL),
	(991, 283, 7, 1, 1.0000, 0, '', '2018-02-22 18:59:51', '2018-02-22 18:59:51', NULL),
	(992, 283, 166, 1, 5.0000, 0, '', '2018-02-22 18:59:51', '2018-02-22 18:59:51', NULL),
	(993, 284, 15, 1, 1.0000, 0, '', '2018-02-22 19:04:56', '2018-02-22 19:04:56', NULL),
	(994, 284, 11, 1, 1.0000, 0, '', '2018-02-22 19:04:56', '2018-02-22 19:04:56', NULL),
	(995, 284, 12, 1, 1.0000, 0, '', '2018-02-22 19:04:56', '2018-02-22 19:04:56', NULL),
	(996, 284, 163, 1, 4.0000, 0, '', '2018-02-22 19:04:56', '2018-02-22 19:04:56', NULL),
	(997, 285, 1, 1, 3.0000, 0, '', '2018-02-22 19:08:37', '2018-02-22 19:08:37', NULL),
	(998, 286, 1, 1, 3.6500, 0, '', '2018-02-22 19:13:17', '2018-02-22 19:13:17', NULL),
	(999, 287, 1, 1, 3.6000, 0, '', '2018-02-22 19:14:47', '2018-02-22 19:14:47', NULL),
	(1000, 287, 9, 1, 4.0000, 0, '', '2018-02-22 19:14:47', '2018-02-22 19:14:47', NULL),
	(1003, 290, 1, 1, 1.0000, 0, '', '2018-02-22 19:26:28', '2018-02-22 19:26:28', NULL),
	(1004, 290, 5, 1, 1.0000, 0, '', '2018-02-22 19:26:28', '2018-02-22 19:26:28', NULL),
	(1005, 290, 9, 1, 1.0000, 0, '', '2018-02-22 19:26:28', '2018-02-22 19:26:28', NULL),
	(1006, 290, 10, 1, 4.0000, 0, '', '2018-02-22 19:26:28', '2018-02-22 19:26:28', NULL),
	(1007, 291, 9, 1, 5.6000, 0, '', '2018-02-22 19:38:38', '2018-02-22 19:38:38', NULL),
	(1008, 292, 163, 1, 4.3100, 0, '', '2018-02-22 19:39:20', '2018-02-22 19:39:20', NULL),
	(1009, 293, 1, 1, 1.5000, 0, '', '2018-02-22 19:53:51', '2018-02-22 19:53:51', NULL),
	(1010, 293, 5, 1, 1.9000, 0, '', '2018-02-22 19:53:51', '2018-02-22 19:53:51', NULL),
	(1011, 293, 9, 1, 4.1000, 0, '', '2018-02-22 19:53:51', '2018-02-22 19:53:51', NULL),
	(1013, 295, 1, 1, 1.8000, 0, '', '2018-02-22 20:18:22', '2018-02-22 20:18:22', NULL),
	(1014, 296, 1, 1, 4.1000, 0, '', '2018-02-22 20:20:39', '2018-02-22 20:20:39', NULL),
	(1015, 297, 1, 1, 1.0000, 0, '', '2018-02-24 10:28:14', '2018-02-24 10:28:14', NULL),
	(1016, 297, 5, 1, 1.0000, 0, '', '2018-02-24 10:28:14', '2018-02-24 10:28:14', NULL),
	(1017, 297, 9, 1, 5.0000, 0, '', '2018-02-24 10:28:14', '2018-02-24 10:28:14', NULL),
	(1018, 298, 328, 1, 6.0000, 0, '', '2018-02-25 19:50:05', '2018-02-25 19:50:05', NULL),
	(1019, 299, 113, 1, 6.0000, 0, '', '2018-02-25 19:50:05', '2018-02-25 19:50:05', NULL),
	(1020, 300, 11, 1, 1.0000, 0, '', '2018-02-25 19:53:59', '2018-02-25 19:53:59', NULL),
	(1021, 300, 163, 1, 1.0000, 0, '', '2018-02-25 19:53:59', '2018-02-25 19:53:59', NULL),
	(1022, 300, 12, 1, 5.0000, 0, '', '2018-02-25 19:53:59', '2018-02-25 19:53:59', NULL),
	(1023, 301, 2, 1, 1.0000, 0, '', '2018-02-27 12:24:44', '2018-02-27 12:24:44', NULL),
	(1024, 301, 6, 1, 3.0000, 0, '', '2018-02-27 12:24:44', '2018-02-27 12:24:44', NULL),
	(1025, 302, 2, 1, 4.0000, 0, '', '2018-02-27 12:26:13', '2018-02-27 12:26:13', NULL),
	(1026, 303, 2, 1, 1.0000, 1, '', '2018-02-27 12:26:36', '2018-03-13 14:12:52', NULL),
	(1027, 303, 3, 1, 3.0000, 1, '', '2018-02-27 12:26:36', '2018-03-13 14:12:52', NULL),
	(1028, 304, 2, 1, 3.0000, 0, '', '2018-02-27 12:30:16', '2018-02-27 12:30:16', NULL),
	(1029, 305, 2, 1, 1.0000, 0, '', '2018-02-27 12:32:04', '2018-02-27 12:32:04', NULL),
	(1030, 305, 6, 1, 5.0000, 0, '', '2018-02-27 12:32:04', '2018-02-27 12:32:04', NULL),
	(1036, 308, 2, 1, 1.0000, 0, '', '2018-02-28 12:40:49', '2018-02-28 12:40:49', NULL),
	(1037, 308, 3, 1, 3.0000, 0, '', '2018-02-28 12:40:49', '2018-02-28 12:40:49', NULL),
	(1040, 309, 13, 1, 1.0000, 0, '', '2018-03-01 19:30:03', '2018-03-01 19:30:03', NULL),
	(1041, 310, 6, 1, 5.0000, 1, '', '2018-03-01 19:32:59', '2018-03-13 14:28:13', NULL),
	(1042, 311, 139, 1, 1.0000, 1, '', '2018-03-01 19:33:10', '2018-03-13 14:28:13', NULL),
	(1044, 312, 63, 1, 1.0000, 1, '', '2018-03-01 19:33:30', '2018-03-13 14:28:13', NULL),
	(1045, 312, 64, 1, 3.0000, 1, '', '2018-03-01 19:33:30', '2018-03-13 14:28:13', NULL),
	(1046, 313, 6, 1, 5.0000, 1, '', '2018-03-01 19:33:47', '2018-03-13 14:28:14', NULL),
	(1047, 314, 139, 1, 1.0000, 1, '', '2018-03-01 19:33:48', '2018-03-13 14:28:14', NULL),
	(1048, 314, 63, 1, 1.0000, 1, '', '2018-03-01 19:33:48', '2018-03-13 14:28:14', NULL),
	(1049, 314, 64, 1, 3.0000, 1, '', '2018-03-01 19:33:48', '2018-03-13 14:28:14', NULL),
	(1050, 315, 7, 1, 1.0000, 0, '', '2018-03-01 20:20:30', '2018-03-01 20:20:30', NULL),
	(1051, 315, 6, 1, 6.0000, 0, '', '2018-03-01 20:20:30', '2018-03-01 20:20:30', NULL),
	(1052, 315, 4, 1, 1.0000, 0, '', '2018-03-01 20:20:30', '2018-03-01 20:20:30', NULL),
	(1053, 315, 8, 1, 5.0000, 0, '', '2018-03-01 20:20:30', '2018-03-01 20:20:30', NULL),
	(1054, 316, 1, 1, 1.0000, 0, '', '2018-03-05 13:47:05', '2018-03-05 13:47:05', NULL),
	(1055, 316, 2, 1, 1.0000, 0, '', '2018-03-05 13:47:05', '2018-03-05 13:47:05', NULL),
	(1056, 316, 3, 1, 1.0000, 0, '', '2018-03-05 13:47:05', '2018-03-05 13:47:05', NULL),
	(1057, 316, 5, 1, 4.0000, 0, '', '2018-03-05 13:47:05', '2018-03-05 13:47:05', NULL),
	(1058, 317, 1, 1, 2.0000, 0, '', '2018-03-05 13:47:32', '2018-03-05 13:47:32', NULL),
	(1059, 317, 4, 1, 1.0000, 0, '', '2018-03-05 13:47:32', '2018-03-05 13:47:32', NULL),
	(1060, 317, 3, 1, 1.0000, 0, '', '2018-03-05 13:47:32', '2018-03-05 13:47:32', NULL),
	(1061, 317, 2, 1, 3.0000, 0, '', '2018-03-05 13:47:32', '2018-03-05 13:47:32', NULL),
	(1062, 317, 5, 1, 4.0000, 0, '', '2018-03-05 13:47:32', '2018-03-05 13:47:32', NULL),
	(1063, 318, 1, 1, 1.0000, 0, '', '2018-03-05 14:08:35', '2018-03-05 14:08:35', NULL),
	(1064, 318, 2, 1, 1.0000, 0, '', '2018-03-05 14:08:35', '2018-03-05 14:08:35', NULL),
	(1065, 318, 3, 1, 1.3000, 0, '', '2018-03-05 14:08:35', '2018-03-05 14:08:35', NULL),
	(1066, 319, 1, 1, 1.3100, 0, '', '2018-03-05 14:22:03', '2018-03-05 14:22:03', NULL),
	(1067, 319, 2, 1, 3.1100, 0, '', '2018-03-05 14:22:03', '2018-03-05 14:22:03', NULL),
	(1068, 320, 1, 1, 1.6000, 0, '', '2018-03-05 19:07:47', '2018-03-05 19:07:47', NULL),
	(1069, 320, 3, 1, 1.0000, 0, '', '2018-03-05 19:07:48', '2018-03-05 19:07:48', NULL),
	(1070, 320, 2, 1, 1.0000, 0, '', '2018-03-05 19:07:48', '2018-03-05 19:07:48', NULL),
	(1071, 320, 5, 1, 3.0000, 0, '', '2018-03-05 19:07:48', '2018-03-05 19:07:48', NULL),
	(1072, 320, 6, 1, 3.3200, 0, '', '2018-03-05 19:07:48', '2018-03-05 19:07:48', NULL),
	(1073, 321, 1, 1, 2.0000, 0, '', '2018-03-05 19:12:54', '2018-03-05 19:12:54', NULL),
	(1074, 321, 2, 1, 1.3200, 0, '', '2018-03-05 19:12:54', '2018-03-05 19:12:54', NULL),
	(1075, 321, 3, 1, 1.0000, 0, '', '2018-03-05 19:12:54', '2018-03-05 19:12:54', NULL),
	(1076, 321, 5, 1, 5.0000, 0, '', '2018-03-05 19:12:54', '2018-03-05 19:12:54', NULL),
	(1083, 323, 2, 1, 1.0000, 0, '', '2018-03-05 19:34:51', '2018-03-05 19:34:51', NULL),
	(1084, 323, 1, 1, 1.0000, 0, '', '2018-03-05 19:34:52', '2018-03-05 19:34:52', NULL),
	(1085, 323, 5, 1, 2.0000, 0, '', '2018-03-05 19:34:52', '2018-03-05 19:34:52', NULL),
	(1086, 323, 6, 1, 3.0000, 0, '', '2018-03-05 19:34:52', '2018-03-05 19:34:52', NULL),
	(1087, 323, 3, 1, 1.0000, 0, '', '2018-03-05 19:34:52', '2018-03-05 19:34:52', NULL),
	(1088, 323, 4, 1, 2.0000, 0, '', '2018-03-05 19:34:52', '2018-03-05 19:34:52', NULL),
	(1092, 325, 9, 1, 1.0000, 0, '', '2018-03-05 20:42:12', '2018-03-05 20:42:12', NULL),
	(1093, 325, 10, 1, 1.0000, 0, '', '2018-03-05 20:42:12', '2018-03-05 20:42:12', NULL),
	(1094, 325, 6, 1, 1.0000, 0, '', '2018-03-05 20:42:12', '2018-03-05 20:42:12', NULL),
	(1095, 325, 5, 1, 3.0000, 0, '', '2018-03-05 20:42:12', '2018-03-05 20:42:12', NULL),
	(1096, 326, 1, 1, 1.0000, 0, '', '2018-03-05 20:44:37', '2018-03-05 20:44:37', NULL),
	(1097, 326, 2, 1, 1.0000, 0, '', '2018-03-05 20:44:37', '2018-03-05 20:44:37', NULL),
	(1098, 326, 3, 1, 4.0000, 0, '', '2018-03-05 20:44:37', '2018-03-05 20:44:37', NULL),
	(1099, 326, 5, 1, 3.0000, 0, '', '2018-03-05 20:44:37', '2018-03-05 20:44:37', NULL),
	(1100, 327, 1, 1, 1.0000, 0, '', '2018-03-05 20:53:25', '2018-03-05 20:53:25', NULL),
	(1101, 327, 3, 1, 1.0000, 0, '', '2018-03-05 20:53:25', '2018-03-05 20:53:25', NULL),
	(1102, 327, 2, 1, 1.0000, 0, '', '2018-03-05 20:53:25', '2018-03-05 20:53:25', NULL),
	(1103, 327, 5, 1, 3.0000, 0, '', '2018-03-05 20:53:25', '2018-03-05 20:53:25', NULL),
	(1109, 330, 1, 1, 1.0000, 0, '', '2018-03-05 21:00:03', '2018-03-05 21:00:03', NULL),
	(1110, 330, 2, 1, 1.0000, 0, '', '2018-03-05 21:00:03', '2018-03-05 21:00:03', NULL),
	(1111, 330, 3, 1, 3.0000, 0, '', '2018-03-05 21:00:03', '2018-03-05 21:00:03', NULL),
	(1112, 331, 1, 1, 2.0000, 0, '', '2018-03-05 21:02:19', '2018-03-05 21:02:19', NULL),
	(1113, 331, 2, 1, 1.0000, 0, '', '2018-03-05 21:02:19', '2018-03-05 21:02:19', NULL),
	(1114, 331, 3, 1, 1.0000, 0, '', '2018-03-05 21:02:19', '2018-03-05 21:02:19', NULL),
	(1115, 331, 5, 1, 4.0000, 0, '', '2018-03-05 21:02:19', '2018-03-05 21:02:19', NULL),
	(1116, 332, 11, 1, 1.0000, 0, '', '2018-03-05 21:03:50', '2018-03-05 21:03:50', NULL),
	(1117, 332, 12, 1, 1.0000, 0, '', '2018-03-05 21:03:50', '2018-03-05 21:03:50', NULL),
	(1118, 332, 13, 1, 1.0000, 0, '', '2018-03-05 21:03:50', '2018-03-05 21:03:50', NULL),
	(1119, 332, 14, 1, 3.0000, 0, '', '2018-03-05 21:03:50', '2018-03-05 21:03:50', NULL),
	(1120, 333, 37, 1, 1.0000, 0, '', '2018-03-05 21:06:49', '2018-03-05 21:06:49', NULL),
	(1121, 333, 38, 1, 1.0000, 0, '', '2018-03-05 21:06:49', '2018-03-05 21:06:49', NULL),
	(1123, 334, 1, 1, 1.0000, 0, '', '2018-03-05 21:11:17', '2018-03-05 21:11:17', NULL),
	(1124, 334, 2, 1, 1.0000, 0, '', '2018-03-05 21:11:17', '2018-03-05 21:11:17', NULL),
	(1125, 334, 3, 1, 1.0000, 0, '', '2018-03-05 21:11:17', '2018-03-05 21:11:17', NULL),
	(1126, 334, 4, 1, 4.0000, 0, '', '2018-03-05 21:11:17', '2018-03-05 21:11:17', NULL),
	(1127, 335, 1, 1, 1.0000, 0, '', '2018-03-05 21:19:51', '2018-03-05 21:19:51', NULL),
	(1128, 335, 3, 1, 1.0000, 0, '', '2018-03-05 21:19:52', '2018-03-05 21:19:52', NULL),
	(1129, 335, 2, 1, 1.0000, 0, '', '2018-03-05 21:19:52', '2018-03-05 21:19:52', NULL),
	(1130, 335, 5, 1, 2.0000, 0, '', '2018-03-05 21:19:52', '2018-03-05 21:19:52', NULL),
	(1131, 335, 6, 1, 2.0000, 0, '', '2018-03-05 21:19:52', '2018-03-05 21:19:52', NULL),
	(1132, 336, 1, 1, 1.0000, 0, '', '2018-03-05 21:21:57', '2018-03-05 21:21:57', NULL),
	(1133, 336, 2, 1, 1.0000, 0, '', '2018-03-05 21:21:57', '2018-03-05 21:21:57', NULL),
	(1134, 336, 3, 1, 1.0000, 0, '', '2018-03-05 21:21:57', '2018-03-05 21:21:57', NULL),
	(1135, 336, 5, 1, 3.0000, 0, '', '2018-03-05 21:21:57', '2018-03-05 21:21:57', NULL),
	(1136, 337, 1, 1, 1.0000, 0, '', '2018-03-05 21:22:10', '2018-03-05 21:22:10', NULL),
	(1137, 337, 2, 1, 1.0000, 0, '', '2018-03-05 21:22:10', '2018-03-05 21:22:10', NULL),
	(1138, 337, 3, 1, 1.0000, 0, '', '2018-03-05 21:22:10', '2018-03-05 21:22:10', NULL),
	(1139, 337, 5, 1, 3.0000, 0, '', '2018-03-05 21:22:10', '2018-03-05 21:22:10', NULL),
	(1140, 338, 1, 1, 2.0000, 0, '', '2018-03-05 21:28:21', '2018-03-05 21:28:21', NULL),
	(1141, 339, 1, 1, 1.0000, 0, '', '2018-03-05 21:28:57', '2018-03-05 21:28:57', NULL),
	(1142, 339, 2, 1, 1.0000, 0, '', '2018-03-05 21:28:57', '2018-03-05 21:28:57', NULL),
	(1143, 339, 3, 1, 1.0000, 0, '', '2018-03-05 21:28:57', '2018-03-05 21:28:57', NULL),
	(1144, 339, 4, 1, 3.0000, 0, '', '2018-03-05 21:28:57', '2018-03-05 21:28:57', NULL),
	(1145, 339, 5, 1, 5.0000, 0, '', '2018-03-05 21:28:57', '2018-03-05 21:28:57', NULL),
	(1146, 340, 1, 1, 1.0000, 0, '', '2018-03-05 21:29:09', '2018-03-05 21:29:09', NULL),
	(1147, 340, 2, 1, 1.0000, 0, '', '2018-03-05 21:29:09', '2018-03-05 21:29:09', NULL),
	(1148, 340, 3, 1, 1.0000, 0, '', '2018-03-05 21:29:09', '2018-03-05 21:29:09', NULL),
	(1149, 340, 4, 1, 3.0000, 0, '', '2018-03-05 21:29:09', '2018-03-05 21:29:09', NULL),
	(1150, 340, 5, 1, 5.0000, 0, '', '2018-03-05 21:29:09', '2018-03-05 21:29:09', NULL),
	(1151, 341, 1, 1, 1.0000, 0, '', '2018-03-05 21:35:58', '2018-03-05 21:35:58', NULL),
	(1152, 341, 2, 1, 1.0000, 0, '', '2018-03-05 21:35:58', '2018-03-05 21:35:58', NULL),
	(1153, 341, 3, 1, 1.0000, 0, '', '2018-03-05 21:35:58', '2018-03-05 21:35:58', NULL),
	(1154, 341, 5, 1, 3.0000, 0, '', '2018-03-05 21:35:58', '2018-03-05 21:35:58', NULL),
	(1155, 341, 6, 1, 5.0000, 0, '', '2018-03-05 21:35:58', '2018-03-05 21:35:58', NULL),
	(1156, 342, 1, 1, 6.0000, 0, '', '2018-03-05 21:36:38', '2018-03-05 21:36:38', NULL),
	(1157, 343, 1, 1, 1.0000, 0, '', '2018-03-05 21:44:13', '2018-03-05 21:44:13', NULL),
	(1158, 343, 2, 1, 1.0000, 0, '', '2018-03-05 21:44:13', '2018-03-05 21:44:13', NULL),
	(1159, 343, 3, 1, 1.0000, 0, '', '2018-03-05 21:44:13', '2018-03-05 21:44:13', NULL),
	(1160, 343, 4, 1, 1.0000, 0, '', '2018-03-05 21:44:13', '2018-03-05 21:44:13', NULL),
	(1161, 343, 5, 1, 1.0000, 0, '', '2018-03-05 21:44:14', '2018-03-05 21:44:14', NULL),
	(1162, 343, 6, 1, 2.0000, 0, '', '2018-03-05 21:44:14', '2018-03-05 21:44:14', NULL),
	(1163, 344, 1, 1, 2.0000, 0, '', '2018-03-06 10:44:40', '2018-03-06 10:44:40', NULL),
	(1164, 344, 2, 1, 2.0000, 0, '', '2018-03-06 10:44:40', '2018-03-06 10:44:40', NULL),
	(1165, 344, 3, 1, 2.0000, 0, '', '2018-03-06 10:44:40', '2018-03-06 10:44:40', NULL),
	(1166, 345, 1, 1, 2.0000, 0, '', '2018-03-06 10:44:55', '2018-03-06 10:44:55', NULL),
	(1167, 345, 2, 1, 2.0000, 0, '', '2018-03-06 10:44:55', '2018-03-06 10:44:55', NULL),
	(1168, 345, 3, 1, 2.0000, 0, '', '2018-03-06 10:44:55', '2018-03-06 10:44:55', NULL),
	(1184, 351, 1, 1, 4.0000, 0, '', '2018-03-06 11:02:33', '2018-03-06 11:02:33', NULL),
	(1185, 351, 2, 1, 4.0000, 0, '', '2018-03-06 11:02:33', '2018-03-06 11:02:33', NULL),
	(1186, 352, 1, 1, 4.0000, 0, '', '2018-03-06 11:02:43', '2018-03-06 11:02:43', NULL),
	(1187, 352, 2, 1, 4.0000, 0, '', '2018-03-06 11:02:43', '2018-03-06 11:02:43', NULL),
	(1188, 353, 1, 1, 2.0000, 0, '', '2018-03-06 11:04:31', '2018-03-06 11:04:31', NULL),
	(1189, 353, 2, 1, 2.0000, 0, '', '2018-03-06 11:04:31', '2018-03-06 11:04:31', NULL),
	(1190, 354, 1, 1, 2.0000, 0, '', '2018-03-06 11:04:41', '2018-03-06 11:04:41', NULL),
	(1191, 354, 2, 1, 2.0000, 0, '', '2018-03-06 11:04:41', '2018-03-06 11:04:41', NULL),
	(1192, 355, 1, 1, 2.0000, 0, '', '2018-03-06 11:07:47', '2018-03-06 11:07:47', NULL),
	(1193, 355, 2, 1, 2.0000, 0, '', '2018-03-06 11:07:47', '2018-03-06 11:07:47', NULL),
	(1194, 355, 3, 1, 3.0000, 0, '', '2018-03-06 11:07:47', '2018-03-06 11:07:47', NULL),
	(1195, 356, 1, 1, 2.0000, 0, '', '2018-03-06 11:08:16', '2018-03-06 11:08:16', NULL),
	(1196, 356, 2, 1, 2.0000, 0, '', '2018-03-06 11:08:16', '2018-03-06 11:08:16', NULL),
	(1197, 356, 3, 1, 3.0000, 0, '', '2018-03-06 11:08:16', '2018-03-06 11:08:16', NULL),
	(1202, 358, 1, 1, 1.0000, 0, '', '2018-03-06 11:16:17', '2018-03-06 11:16:17', NULL),
	(1203, 358, 2, 1, 1.0000, 0, '', '2018-03-06 11:16:17', '2018-03-06 11:16:17', NULL),
	(1204, 358, 3, 1, 1.0000, 0, '', '2018-03-06 11:16:17', '2018-03-06 11:16:17', NULL),
	(1205, 358, 4, 1, 1.0000, 0, '', '2018-03-06 11:16:17', '2018-03-06 11:16:17', NULL),
	(1206, 358, 5, 1, 1.0000, 0, '', '2018-03-06 11:16:17', '2018-03-06 11:16:17', NULL),
	(1207, 358, 6, 1, 2.0000, 0, '', '2018-03-06 11:16:17', '2018-03-06 11:16:17', NULL),
	(1208, 359, 1, 1, 2.0000, 0, '', '2018-03-06 11:17:23', '2018-03-06 11:17:23', NULL),
	(1209, 360, 1, 1, 1.0000, 0, '', '2018-03-06 11:19:27', '2018-03-06 11:19:27', NULL),
	(1210, 360, 2, 1, 3.3000, 0, '', '2018-03-06 11:19:27', '2018-03-06 11:19:27', NULL),
	(1211, 360, 3, 1, 1.0000, 0, '', '2018-03-06 11:19:27', '2018-03-06 11:19:27', NULL),
	(1212, 361, 1, 1, 1.0000, 0, '', '2018-03-06 11:19:38', '2018-03-06 11:19:38', NULL),
	(1213, 361, 2, 1, 3.3000, 0, '', '2018-03-06 11:19:38', '2018-03-06 11:19:38', NULL),
	(1214, 361, 3, 1, 1.0000, 0, '', '2018-03-06 11:19:38', '2018-03-06 11:19:38', NULL),
	(1215, 362, 1, 1, 1.5000, 0, '', '2018-03-06 11:24:51', '2018-03-06 11:24:51', NULL),
	(1216, 362, 2, 1, 1.2000, 0, '', '2018-03-06 11:24:51', '2018-03-06 11:24:51', NULL),
	(1217, 362, 3, 1, 1.9000, 0, '', '2018-03-06 11:24:51', '2018-03-06 11:24:51', NULL),
	(1218, 363, 1, 1, 1.7000, 0, '', '2018-03-06 11:27:17', '2018-03-06 11:27:17', NULL),
	(1219, 363, 2, 1, 1.6000, 0, '', '2018-03-06 11:27:17', '2018-03-06 11:27:17', NULL),
	(1220, 363, 3, 1, 1.1000, 0, '', '2018-03-06 11:27:17', '2018-03-06 11:27:17', NULL),
	(1221, 364, 1, 1, 3.7000, 0, '', '2018-03-06 11:27:41', '2018-03-06 11:27:41', NULL),
	(1222, 365, 1, 1, 1.9000, 0, '', '2018-03-06 11:29:49', '2018-03-06 11:29:49', NULL),
	(1223, 365, 3, 1, 1.0000, 0, '', '2018-03-06 11:29:50', '2018-03-06 11:29:50', NULL),
	(1224, 365, 2, 1, 1.1000, 0, '', '2018-03-06 11:29:50', '2018-03-06 11:29:50', NULL),
	(1225, 366, 1, 1, 4.2000, 0, '', '2018-03-06 11:30:12', '2018-03-06 11:30:12', NULL),
	(1226, 367, 1, 1, 2.1000, 0, '', '2018-03-06 11:31:26', '2018-03-06 11:31:26', NULL),
	(1227, 367, 2, 1, 2.0000, 0, '', '2018-03-06 11:31:26', '2018-03-06 11:31:26', NULL),
	(1228, 367, 3, 1, 2.3000, 0, '', '2018-03-06 11:31:26', '2018-03-06 11:31:26', NULL),
	(1229, 368, 1, 1, 2.1000, 0, '', '2018-03-06 11:31:42', '2018-03-06 11:31:42', NULL),
	(1230, 368, 2, 1, 2.0000, 0, '', '2018-03-06 11:31:42', '2018-03-06 11:31:42', NULL),
	(1231, 368, 3, 1, 2.3000, 0, '', '2018-03-06 11:31:42', '2018-03-06 11:31:42', NULL),
	(1232, 369, 1, 1, 2.6000, 0, '', '2018-03-06 11:37:34', '2018-03-06 11:37:34', NULL),
	(1233, 369, 2, 1, 2.0000, 0, '', '2018-03-06 11:37:35', '2018-03-06 11:37:35', NULL),
	(1234, 369, 3, 1, 2.1000, 0, '', '2018-03-06 11:37:35', '2018-03-06 11:37:35', NULL),
	(1235, 370, 2, 1, 1.9000, 0, '', '2018-03-06 11:39:30', '2018-03-06 11:39:30', NULL),
	(1236, 370, 1, 1, 2.1200, 0, '', '2018-03-06 11:39:30', '2018-03-06 11:39:30', NULL),
	(1237, 371, 1, 1, 2.0000, 0, '', '2018-03-06 11:57:38', '2018-03-06 11:57:38', NULL),
	(1238, 371, 2, 1, 2.0000, 0, '', '2018-03-06 11:57:38', '2018-03-06 11:57:38', NULL),
	(1239, 371, 3, 1, 2.0000, 0, '', '2018-03-06 11:57:38', '2018-03-06 11:57:38', NULL),
	(1240, 372, 1, 1, 1.0000, 0, '', '2018-03-06 11:59:15', '2018-03-06 11:59:15', NULL),
	(1241, 372, 2, 1, 1.0000, 0, '', '2018-03-06 11:59:15', '2018-03-06 11:59:15', NULL),
	(1242, 372, 3, 1, 1.0000, 0, '', '2018-03-06 11:59:15', '2018-03-06 11:59:15', NULL),
	(1243, 373, 1, 1, 1.0000, 0, '', '2018-03-06 12:08:42', '2018-03-06 12:08:42', NULL),
	(1244, 373, 2, 1, 1.0000, 0, '', '2018-03-06 12:08:42', '2018-03-06 12:08:42', NULL),
	(1245, 373, 3, 1, 1.0000, 0, '', '2018-03-06 12:08:42', '2018-03-06 12:08:42', NULL),
	(1246, 374, 1, 1, 1.0000, 0, '', '2018-03-06 12:13:58', '2018-03-06 12:13:58', NULL),
	(1247, 374, 2, 1, 1.0000, 0, '', '2018-03-06 12:13:58', '2018-03-06 12:13:58', NULL),
	(1248, 374, 3, 1, 1.0000, 0, '', '2018-03-06 12:13:58', '2018-03-06 12:13:58', NULL),
	(1249, 375, 1, 1, 1.0000, 0, '', '2018-03-06 12:14:13', '2018-03-06 12:14:13', NULL),
	(1250, 375, 2, 1, 1.0000, 0, '', '2018-03-06 12:14:13', '2018-03-06 12:14:13', NULL),
	(1251, 375, 3, 1, 1.0000, 0, '', '2018-03-06 12:14:13', '2018-03-06 12:14:13', NULL),
	(1252, 376, 1, 1, 2.0000, 0, '', '2018-03-06 12:20:07', '2018-03-06 12:20:07', NULL),
	(1253, 376, 2, 1, 2.0000, 0, '', '2018-03-06 12:20:07', '2018-03-06 12:20:07', NULL),
	(1254, 376, 3, 1, 2.0000, 0, '', '2018-03-06 12:20:07', '2018-03-06 12:20:07', NULL),
	(1255, 377, 1, 1, 1.0000, 0, '', '2018-03-06 12:25:31', '2018-03-06 12:25:31', NULL),
	(1256, 377, 2, 1, 2.0000, 0, '', '2018-03-06 12:25:31', '2018-03-06 12:25:31', NULL),
	(1257, 378, 1, 1, 1.0000, 0, '', '2018-03-06 12:25:45', '2018-03-06 12:25:45', NULL),
	(1258, 378, 2, 1, 2.0000, 0, '', '2018-03-06 12:25:45', '2018-03-06 12:25:45', NULL),
	(1262, 380, 2, 1, 1.0000, 0, '', '2018-03-06 12:31:49', '2018-03-06 12:31:49', NULL),
	(1263, 381, 1, 1, 1.0000, 0, '', '2018-03-06 12:42:52', '2018-03-06 12:42:52', NULL),
	(1264, 381, 2, 1, 1.0000, 0, '', '2018-03-06 12:42:52', '2018-03-06 12:42:52', NULL),
	(1265, 381, 3, 1, 3.0000, 0, '', '2018-03-06 12:42:52', '2018-03-06 12:42:52', NULL),
	(1266, 382, 1, 1, 1.0000, 0, '', '2018-03-06 12:43:01', '2018-03-06 12:43:01', NULL),
	(1267, 382, 2, 1, 1.0000, 0, '', '2018-03-06 12:43:02', '2018-03-06 12:43:02', NULL),
	(1268, 382, 3, 1, 3.0000, 0, '', '2018-03-06 12:43:02', '2018-03-06 12:43:02', NULL),
	(1269, 383, 1, 1, 1.0000, 0, '', '2018-03-06 13:05:24', '2018-03-06 13:05:24', NULL),
	(1270, 383, 2, 1, 1.0000, 0, '', '2018-03-06 13:05:24', '2018-03-06 13:05:24', NULL),
	(1271, 383, 3, 1, 1.0000, 0, '', '2018-03-06 13:05:24', '2018-03-06 13:05:24', NULL),
	(1272, 384, 1, 1, 1.0000, 0, '', '2018-03-06 13:05:33', '2018-03-06 13:05:33', NULL),
	(1273, 384, 2, 1, 1.0000, 0, '', '2018-03-06 13:05:33', '2018-03-06 13:05:33', NULL),
	(1274, 384, 3, 1, 1.0000, 0, '', '2018-03-06 13:05:33', '2018-03-06 13:05:33', NULL),
	(1275, 385, 1, 1, 1.0000, 0, '', '2018-03-06 13:07:45', '2018-03-06 13:07:45', NULL),
	(1276, 385, 2, 1, 1.0000, 0, '', '2018-03-06 13:07:45', '2018-03-06 13:07:45', NULL),
	(1277, 385, 3, 1, 1.0000, 0, '', '2018-03-06 13:07:45', '2018-03-06 13:07:45', NULL),
	(1278, 386, 1, 1, 1.0000, 0, '', '2018-03-06 13:08:02', '2018-03-06 13:08:02', NULL),
	(1279, 386, 2, 1, 1.0000, 0, '', '2018-03-06 13:08:02', '2018-03-06 13:08:02', NULL),
	(1280, 386, 3, 1, 1.0000, 0, '', '2018-03-06 13:08:02', '2018-03-06 13:08:02', NULL),
	(1281, 387, 1, 1, 2.0000, 0, '', '2018-03-06 13:12:11', '2018-03-06 13:12:11', NULL),
	(1282, 387, 2, 1, 2.0000, 0, '', '2018-03-06 13:12:11', '2018-03-06 13:12:11', NULL),
	(1283, 387, 3, 1, 1.0000, 0, '', '2018-03-06 13:12:11', '2018-03-06 13:12:11', NULL),
	(1284, 387, 5, 1, 3.0000, 0, '', '2018-03-06 13:12:11', '2018-03-06 13:12:11', NULL),
	(1285, 388, 1, 1, 2.0000, 0, '', '2018-03-06 13:12:28', '2018-03-06 13:12:28', NULL),
	(1286, 388, 2, 1, 2.0000, 0, '', '2018-03-06 13:12:28', '2018-03-06 13:12:28', NULL),
	(1287, 388, 3, 1, 1.0000, 0, '', '2018-03-06 13:12:28', '2018-03-06 13:12:28', NULL),
	(1288, 388, 5, 1, 3.0000, 0, '', '2018-03-06 13:12:28', '2018-03-06 13:12:28', NULL),
	(1289, 389, 1, 1, 1.5000, 0, '', '2018-03-06 13:15:31', '2018-03-06 13:15:31', NULL),
	(1290, 389, 2, 1, 1.2000, 0, '', '2018-03-06 13:15:31', '2018-03-06 13:15:31', NULL),
	(1291, 389, 3, 1, 1.9000, 0, '', '2018-03-06 13:15:31', '2018-03-06 13:15:31', NULL),
	(1292, 390, 1, 1, 3.0000, 0, '', '2018-03-06 13:15:56', '2018-03-06 13:15:56', NULL),
	(1293, 390, 2, 1, 2.4000, 0, '', '2018-03-06 13:15:56', '2018-03-06 13:15:56', NULL),
	(1294, 390, 3, 1, 3.8000, 0, '', '2018-03-06 13:15:56', '2018-03-06 13:15:56', NULL),
	(1295, 391, 1, 1, 1.0000, 1, '', '2018-03-06 13:48:15', '2018-03-06 13:49:47', NULL),
	(1296, 391, 2, 1, 1.0000, 1, '', '2018-03-06 13:48:15', '2018-03-06 13:51:23', NULL),
	(1297, 391, 3, 1, 1.0000, 1, '', '2018-03-06 13:48:15', '2018-03-06 13:49:05', NULL),
	(1298, 392, 1, 1, 1.0000, 1, '', '2018-03-06 13:57:51', '2018-03-06 14:01:09', NULL),
	(1299, 392, 2, 1, 1.0000, 1, '', '2018-03-06 13:57:51', '2018-03-06 14:02:02', NULL),
	(1300, 392, 3, 1, 1.0000, 0, '', '2018-03-06 13:57:51', '2018-03-06 13:57:51', NULL),
	(1301, 393, 1, 1, 1.0000, 0, '', '2018-03-06 14:06:50', '2018-03-06 14:06:50', NULL),
	(1302, 393, 2, 1, 1.0000, 0, '', '2018-03-06 14:06:50', '2018-03-06 14:06:50', NULL),
	(1303, 393, 3, 1, 1.0000, 0, '', '2018-03-06 14:06:50', '2018-03-06 14:06:50', NULL),
	(1304, 393, 5, 1, 1.0000, 0, '', '2018-03-06 14:06:50', '2018-03-06 14:06:50', NULL),
	(1305, 393, 6, 1, 4.0000, 0, '', '2018-03-06 14:06:50', '2018-03-06 14:06:50', NULL),
	(1306, 393, 9, 1, 1.0000, 0, '', '2018-03-06 14:06:50', '2018-03-06 14:06:50', NULL),
	(1307, 393, 10, 1, 3.0000, 0, '', '2018-03-06 14:06:50', '2018-03-06 14:06:50', NULL),
	(1308, 394, 1, 1, 1.0000, 0, '', '2018-03-06 14:07:06', '2018-03-06 14:07:06', NULL),
	(1309, 394, 2, 1, 1.0000, 0, '', '2018-03-06 14:07:06', '2018-03-06 14:07:06', NULL),
	(1310, 394, 3, 1, 1.0000, 0, '', '2018-03-06 14:07:06', '2018-03-06 14:07:06', NULL),
	(1311, 394, 5, 1, 1.0000, 0, '', '2018-03-06 14:07:06', '2018-03-06 14:07:06', NULL),
	(1312, 394, 6, 1, 4.0000, 0, '', '2018-03-06 14:07:06', '2018-03-06 14:07:06', NULL),
	(1313, 394, 9, 1, 1.0000, 0, '', '2018-03-06 14:07:06', '2018-03-06 14:07:06', NULL),
	(1314, 394, 10, 1, 3.0000, 0, '', '2018-03-06 14:07:06', '2018-03-06 14:07:06', NULL),
	(1315, 395, 11, 1, 1.0000, 0, '', '2018-03-06 19:11:02', '2018-03-06 19:11:02', NULL),
	(1316, 395, 12, 1, 1.0000, 0, '', '2018-03-06 19:11:02', '2018-03-06 19:11:02', NULL),
	(1317, 395, 14, 1, 1.0000, 0, '', '2018-03-06 19:11:02', '2018-03-06 19:11:02', NULL),
	(1318, 395, 13, 1, 2.0000, 0, '', '2018-03-06 19:11:02', '2018-03-06 19:11:02', NULL),
	(1319, 396, 1, 1, 1.0000, 0, '', '2018-03-06 19:12:33', '2018-03-06 19:12:33', NULL),
	(1320, 396, 2, 1, 1.0000, 0, '', '2018-03-06 19:12:33', '2018-03-06 19:12:33', NULL),
	(1321, 396, 3, 1, 1.0000, 0, '', '2018-03-06 19:12:33', '2018-03-06 19:12:33', NULL),
	(1322, 396, 5, 1, 1.0000, 0, '', '2018-03-06 19:12:33', '2018-03-06 19:12:33', NULL),
	(1323, 396, 6, 1, 3.0000, 0, '', '2018-03-06 19:12:33', '2018-03-06 19:12:33', NULL),
	(1324, 397, 103, 1, 1.0000, 0, '', '2018-03-06 19:12:58', '2018-03-06 19:12:58', NULL),
	(1325, 397, 104, 1, 1.0000, 0, '', '2018-03-06 19:12:58', '2018-03-06 19:12:58', NULL),
	(1326, 398, 1, 1, 1.0000, 0, '', '2018-03-06 19:14:00', '2018-03-06 19:14:00', NULL),
	(1327, 398, 2, 1, 1.0000, 0, '', '2018-03-06 19:14:00', '2018-03-06 19:14:00', NULL),
	(1328, 398, 3, 1, 1.0000, 0, '', '2018-03-06 19:14:00', '2018-03-06 19:14:00', NULL),
	(1329, 398, 5, 1, 1.0000, 0, '', '2018-03-06 19:14:00', '2018-03-06 19:14:00', NULL),
	(1330, 398, 6, 1, 2.0000, 0, '', '2018-03-06 19:14:00', '2018-03-06 19:14:00', NULL),
	(1331, 399, 2, 1, 1.0000, 0, '', '2018-03-06 19:22:09', '2018-03-06 19:22:09', NULL),
	(1332, 399, 1, 1, 1.0000, 0, '', '2018-03-06 19:22:09', '2018-03-06 19:22:09', NULL),
	(1333, 399, 5, 1, 1.0000, 0, '', '2018-03-06 19:22:09', '2018-03-06 19:22:09', NULL),
	(1334, 399, 6, 1, 3.0000, 0, '', '2018-03-06 19:22:09', '2018-03-06 19:22:09', NULL),
	(1335, 400, 11, 1, 1.0000, 0, '', '2018-03-06 19:28:26', '2018-03-06 19:28:26', NULL),
	(1336, 400, 12, 1, 1.0000, 0, '', '2018-03-06 19:28:26', '2018-03-06 19:28:26', NULL),
	(1337, 400, 13, 1, 1.0000, 0, '', '2018-03-06 19:28:26', '2018-03-06 19:28:26', NULL),
	(1338, 400, 14, 1, 4.0000, 0, '', '2018-03-06 19:28:26', '2018-03-06 19:28:26', NULL),
	(1339, 401, 1, 1, 1.0000, 0, '', '2018-03-06 19:30:27', '2018-03-06 19:30:27', NULL),
	(1340, 401, 2, 1, 1.0000, 0, '', '2018-03-06 19:30:27', '2018-03-06 19:30:27', NULL),
	(1341, 401, 3, 1, 4.0000, 0, '', '2018-03-06 19:30:27', '2018-03-06 19:30:27', NULL),
	(1342, 402, 103, 1, 1.0000, 0, '', '2018-03-06 19:32:40', '2018-03-06 19:32:40', NULL),
	(1343, 402, 104, 1, 1.0000, 0, '', '2018-03-06 19:32:40', '2018-03-06 19:32:40', NULL),
	(1344, 402, 105, 1, 3.0000, 0, '', '2018-03-06 19:32:40', '2018-03-06 19:32:40', NULL),
	(1345, 402, 106, 1, 3.0000, 0, '', '2018-03-06 19:32:40', '2018-03-06 19:32:40', NULL),
	(1346, 403, 1, 1, 1.0000, 0, '', '2018-03-06 19:44:46', '2018-03-06 19:44:46', NULL),
	(1347, 403, 2, 1, 1.0000, 0, '', '2018-03-06 19:44:46', '2018-03-06 19:44:46', NULL),
	(1348, 403, 3, 1, 3.0000, 0, '', '2018-03-06 19:44:46', '2018-03-06 19:44:46', NULL),
	(1349, 404, 1, 1, 1.0000, 0, '', '2018-03-06 19:45:44', '2018-03-06 19:45:44', NULL),
	(1350, 404, 2, 1, 1.0000, 0, '', '2018-03-06 19:45:44', '2018-03-06 19:45:44', NULL),
	(1351, 404, 3, 1, 3.0000, 0, '', '2018-03-06 19:45:44', '2018-03-06 19:45:44', NULL),
	(1352, 405, 1, 1, 1.0000, 0, '', '2018-03-06 19:46:41', '2018-03-06 19:46:41', NULL),
	(1353, 405, 2, 1, 1.0000, 0, '', '2018-03-06 19:46:41', '2018-03-06 19:46:41', NULL),
	(1354, 405, 3, 1, 1.0000, 0, '', '2018-03-06 19:46:41', '2018-03-06 19:46:41', NULL),
	(1355, 406, 2, 1, 1.0000, 0, '', '2018-03-06 19:47:13', '2018-03-06 19:47:13', NULL),
	(1356, 406, 1, 1, 1.0000, 0, '', '2018-03-06 19:47:13', '2018-03-06 19:47:13', NULL),
	(1357, 406, 5, 1, 1.0000, 0, '', '2018-03-06 19:47:13', '2018-03-06 19:47:13', NULL),
	(1358, 406, 6, 1, 1.0000, 0, '', '2018-03-06 19:47:13', '2018-03-06 19:47:13', NULL),
	(1359, 407, 37, 1, 1.0000, 0, '', '2018-03-06 19:47:50', '2018-03-06 19:47:50', NULL),
	(1360, 407, 38, 1, 1.0000, 0, '', '2018-03-06 19:47:50', '2018-03-06 19:47:50', NULL),
	(1361, 407, 39, 1, 1.0000, 0, '', '2018-03-06 19:47:50', '2018-03-06 19:47:50', NULL),
	(1362, 407, 40, 1, 3.0000, 0, '', '2018-03-06 19:47:50', '2018-03-06 19:47:50', NULL),
	(1363, 408, 1, 1, 1.0000, 0, '', '2018-03-06 19:48:20', '2018-03-06 19:48:20', NULL),
	(1364, 408, 2, 1, 1.0000, 0, '', '2018-03-06 19:48:20', '2018-03-06 19:48:20', NULL),
	(1365, 408, 3, 1, 1.0000, 0, '', '2018-03-06 19:48:20', '2018-03-06 19:48:20', NULL),
	(1366, 408, 4, 1, 1.0000, 0, '', '2018-03-06 19:48:20', '2018-03-06 19:48:20', NULL),
	(1367, 409, 1, 1, 1.0000, 0, '', '2018-03-06 19:48:42', '2018-03-06 19:48:42', NULL),
	(1368, 409, 3, 1, 2.0000, 0, '', '2018-03-06 19:48:42', '2018-03-06 19:48:42', NULL),
	(1369, 409, 4, 1, 1.0000, 0, '', '2018-03-06 19:48:42', '2018-03-06 19:48:42', NULL),
	(1370, 409, 2, 1, 3.0000, 0, '', '2018-03-06 19:48:42', '2018-03-06 19:48:42', NULL),
	(1371, 410, 103, 1, 1.0000, 0, '', '2018-03-06 19:50:27', '2018-03-06 19:50:27', NULL),
	(1372, 410, 104, 1, 1.0000, 0, '', '2018-03-06 19:50:27', '2018-03-06 19:50:27', NULL),
	(1373, 410, 105, 1, 3.0000, 0, '', '2018-03-06 19:50:27', '2018-03-06 19:50:27', NULL),
	(1374, 411, 1, 1, 2.0000, 0, '', '2018-03-06 19:57:41', '2018-03-06 19:57:41', NULL),
	(1375, 411, 3, 1, 1.0000, 0, '', '2018-03-06 19:57:41', '2018-03-06 19:57:41', NULL),
	(1376, 411, 2, 1, 1.0000, 0, '', '2018-03-06 19:57:41', '2018-03-06 19:57:41', NULL),
	(1377, 412, 1, 1, 2.0000, 0, '', '2018-03-06 20:00:32', '2018-03-06 20:00:32', NULL),
	(1378, 412, 2, 1, 1.0000, 0, '', '2018-03-06 20:00:32', '2018-03-06 20:00:32', NULL),
	(1379, 412, 3, 1, 1.0000, 0, '', '2018-03-06 20:00:32', '2018-03-06 20:00:32', NULL),
	(1380, 412, 4, 1, 2.0000, 0, '', '2018-03-06 20:00:32', '2018-03-06 20:00:32', NULL),
	(1381, 413, 1, 1, 1.0000, 0, '', '2018-03-06 20:04:02', '2018-03-06 20:04:02', NULL),
	(1382, 413, 5, 1, 1.0000, 0, '', '2018-03-06 20:04:02', '2018-03-06 20:04:02', NULL),
	(1383, 413, 6, 1, 4.0000, 0, '', '2018-03-06 20:04:03', '2018-03-06 20:04:03', NULL),
	(1384, 414, 11, 1, 1.0000, 0, '', '2018-03-06 20:04:39', '2018-03-06 20:04:39', NULL),
	(1385, 414, 12, 1, 1.0000, 0, '', '2018-03-06 20:04:39', '2018-03-06 20:04:39', NULL),
	(1386, 414, 13, 1, 1.0000, 0, '', '2018-03-06 20:04:39', '2018-03-06 20:04:39', NULL),
	(1387, 414, 14, 1, 4.0000, 0, '', '2018-03-06 20:04:39', '2018-03-06 20:04:39', NULL),
	(1388, 415, 1, 1, 1.0000, 0, '', '2018-03-06 20:18:45', '2018-03-06 20:18:45', NULL),
	(1389, 415, 3, 1, 2.0000, 0, '', '2018-03-06 20:18:45', '2018-03-06 20:18:45', NULL),
	(1390, 415, 4, 1, 1.0000, 0, '', '2018-03-06 20:18:45', '2018-03-06 20:18:45', NULL),
	(1391, 415, 2, 1, 3.0000, 0, '', '2018-03-06 20:18:45', '2018-03-06 20:18:45', NULL),
	(1392, 416, 37, 1, 1.0000, 0, '', '2018-03-06 20:48:31', '2018-03-06 20:48:31', NULL),
	(1393, 416, 38, 1, 1.0000, 0, '', '2018-03-06 20:48:31', '2018-03-06 20:48:31', NULL),
	(1394, 416, 39, 1, 1.0000, 0, '', '2018-03-06 20:48:31', '2018-03-06 20:48:31', NULL),
	(1395, 417, 1, 1, 1.0000, 0, '', '2018-03-06 20:49:45', '2018-03-06 20:49:45', NULL),
	(1396, 417, 2, 1, 1.0000, 0, '', '2018-03-06 20:49:46', '2018-03-06 20:49:46', NULL),
	(1397, 417, 3, 1, 3.0000, 0, '', '2018-03-06 20:49:46', '2018-03-06 20:49:46', NULL),
	(1398, 418, 1, 1, 4.0000, 0, '', '2018-03-06 20:51:57', '2018-03-06 20:51:57', NULL),
	(1399, 418, 2, 1, 4.0000, 0, '', '2018-03-06 20:51:57', '2018-03-06 20:51:57', NULL),
	(1400, 418, 3, 1, 4.0000, 0, '', '2018-03-06 20:51:57', '2018-03-06 20:51:57', NULL),
	(1401, 419, 1, 1, 1.0000, 0, '', '2018-03-06 20:53:16', '2018-03-06 20:53:16', NULL),
	(1402, 419, 2, 1, 1.0000, 0, '', '2018-03-06 20:53:16', '2018-03-06 20:53:16', NULL),
	(1403, 419, 3, 1, 3.0000, 0, '', '2018-03-06 20:53:16', '2018-03-06 20:53:16', NULL),
	(1404, 420, 1, 1, 2.0000, 0, '', '2018-03-06 20:53:44', '2018-03-06 20:53:44', NULL),
	(1405, 420, 2, 1, 2.0000, 0, '', '2018-03-06 20:53:44', '2018-03-06 20:53:44', NULL),
	(1406, 420, 3, 1, 2.0000, 0, '', '2018-03-06 20:53:44', '2018-03-06 20:53:44', NULL),
	(1407, 421, 1, 1, 4.0000, 0, '', '2018-03-06 20:54:03', '2018-03-06 20:54:03', NULL),
	(1408, 421, 2, 1, 4.0000, 0, '', '2018-03-06 20:54:03', '2018-03-06 20:54:03', NULL),
	(1409, 421, 3, 1, 4.0000, 0, '', '2018-03-06 20:54:03', '2018-03-06 20:54:03', NULL),
	(1410, 422, 103, 1, 2.0000, 0, '', '2018-03-06 20:55:17', '2018-03-06 20:55:17', NULL),
	(1411, 422, 104, 1, 1.0000, 0, '', '2018-03-06 20:55:17', '2018-03-06 20:55:17', NULL),
	(1412, 422, 105, 1, 3.0000, 0, '', '2018-03-06 20:55:17', '2018-03-06 20:55:17', NULL),
	(1413, 423, 1, 1, 8.0000, 0, '', '2018-03-06 20:55:38', '2018-03-06 20:55:38', NULL),
	(1414, 423, 2, 1, 8.0000, 0, '', '2018-03-06 20:55:38', '2018-03-06 20:55:38', NULL),
	(1415, 423, 3, 1, 8.0000, 0, '', '2018-03-06 20:55:38', '2018-03-06 20:55:38', NULL),
	(1416, 424, 1, 1, 4.0000, 0, '', '2018-03-06 21:02:41', '2018-03-06 21:02:41', NULL),
	(1417, 424, 2, 1, 4.0000, 0, '', '2018-03-06 21:02:41', '2018-03-06 21:02:41', NULL),
	(1418, 424, 3, 1, 6.0000, 0, '', '2018-03-06 21:02:41', '2018-03-06 21:02:41', NULL),
	(1419, 425, 1, 1, 1.0000, 0, '', '2018-03-06 21:27:05', '2018-03-06 21:27:05', NULL),
	(1420, 425, 2, 1, 1.0000, 0, '', '2018-03-06 21:27:05', '2018-03-06 21:27:05', NULL),
	(1421, 425, 3, 1, 1.0000, 0, '', '2018-03-06 21:27:05', '2018-03-06 21:27:05', NULL),
	(1422, 426, 1, 1, 1.0000, 0, '', '2018-03-07 10:15:47', '2018-03-07 10:15:47', NULL),
	(1423, 426, 2, 1, 1.0000, 0, '', '2018-03-07 10:15:47', '2018-03-07 10:15:47', NULL),
	(1424, 426, 3, 1, 1.0000, 0, '', '2018-03-07 10:15:47', '2018-03-07 10:15:47', NULL),
	(1425, 426, 4, 1, 3.0000, 0, '', '2018-03-07 10:15:47', '2018-03-07 10:15:47', NULL),
	(1426, 427, 2, 1, 2.0000, 0, '', '2018-03-07 10:25:22', '2018-03-07 10:25:22', NULL),
	(1427, 427, 3, 1, 1.0000, 0, '', '2018-03-07 10:25:22', '2018-03-07 10:25:22', NULL),
	(1428, 427, 5, 1, 2.0000, 0, '', '2018-03-07 10:25:22', '2018-03-07 10:25:22', NULL),
	(1429, 427, 6, 1, 1.0000, 0, '', '2018-03-07 10:25:22', '2018-03-07 10:25:22', NULL),
	(1430, 428, 2, 1, 2.0000, 0, '', '2018-03-07 10:26:00', '2018-03-07 10:26:00', NULL),
	(1431, 428, 3, 1, 1.0000, 0, '', '2018-03-07 10:26:00', '2018-03-07 10:26:00', NULL),
	(1432, 428, 5, 1, 2.0000, 0, '', '2018-03-07 10:26:00', '2018-03-07 10:26:00', NULL),
	(1433, 428, 6, 1, 1.0000, 0, '', '2018-03-07 10:26:00', '2018-03-07 10:26:00', NULL),
	(1434, 429, 1, 1, 1.0000, 0, '', '2018-03-07 10:27:43', '2018-03-07 10:27:43', NULL),
	(1435, 429, 2, 1, 1.0000, 0, '', '2018-03-07 10:27:43', '2018-03-07 10:27:43', NULL),
	(1436, 429, 3, 1, 1.0000, 0, '', '2018-03-07 10:27:43', '2018-03-07 10:27:43', NULL),
	(1437, 430, 1, 1, 1.0000, 0, '', '2018-03-07 10:41:21', '2018-03-07 10:41:21', NULL),
	(1438, 430, 2, 1, 1.0000, 0, '', '2018-03-07 10:41:21', '2018-03-07 10:41:21', NULL),
	(1439, 430, 3, 1, 1.0000, 0, '', '2018-03-07 10:41:21', '2018-03-07 10:41:21', NULL),
	(1440, 431, 1, 1, 1.0000, 0, '', '2018-03-07 10:47:05', '2018-03-07 10:47:05', NULL),
	(1441, 431, 2, 1, 1.0000, 0, '', '2018-03-07 10:47:05', '2018-03-07 10:47:05', NULL),
	(1442, 431, 3, 1, 1.0000, 0, '', '2018-03-07 10:47:05', '2018-03-07 10:47:05', NULL),
	(1443, 432, 1, 1, 1.0000, 0, '', '2018-03-07 11:07:57', '2018-03-07 11:07:57', NULL),
	(1444, 432, 2, 1, 1.0000, 0, '', '2018-03-07 11:07:57', '2018-03-07 11:07:57', NULL),
	(1445, 432, 3, 1, 1.0000, 0, '', '2018-03-07 11:07:57', '2018-03-07 11:07:57', NULL),
	(1446, 433, 1, 1, 1.0000, 0, '', '2018-03-07 11:10:13', '2018-03-07 11:10:13', NULL),
	(1447, 433, 2, 1, 1.0000, 0, '', '2018-03-07 11:10:13', '2018-03-07 11:10:13', NULL),
	(1448, 433, 3, 1, 1.0000, 0, '', '2018-03-07 11:10:13', '2018-03-07 11:10:13', NULL),
	(1449, 434, 1, 1, 1.0000, 0, '', '2018-03-07 11:21:55', '2018-03-07 11:21:55', NULL),
	(1450, 434, 5, 1, 3.0000, 0, '', '2018-03-07 11:21:55', '2018-03-07 11:21:55', NULL),
	(1451, 435, 1, 1, 1.0000, 0, '', '2018-03-07 11:26:34', '2018-03-07 11:26:34', NULL),
	(1452, 435, 2, 1, 1.0000, 0, '', '2018-03-07 11:26:34', '2018-03-07 11:26:34', NULL),
	(1453, 435, 3, 1, 1.0000, 0, '', '2018-03-07 11:26:34', '2018-03-07 11:26:34', NULL),
	(1454, 436, 1, 1, 1.0000, 0, '', '2018-03-07 11:30:27', '2018-03-07 11:30:27', NULL),
	(1455, 436, 3, 1, 1.0000, 0, '', '2018-03-07 11:30:27', '2018-03-07 11:30:27', NULL),
	(1456, 436, 2, 1, 1.0000, 0, '', '2018-03-07 11:30:27', '2018-03-07 11:30:27', NULL),
	(1457, 437, 1, 1, 1.0000, 0, '', '2018-03-07 11:42:07', '2018-03-07 11:42:07', NULL),
	(1458, 437, 3, 1, 1.0000, 0, '', '2018-03-07 11:42:08', '2018-03-07 11:42:08', NULL),
	(1459, 437, 2, 1, 1.0000, 0, '', '2018-03-07 11:42:08', '2018-03-07 11:42:08', NULL),
	(1460, 438, 1, 1, 1.0000, 0, '', '2018-03-07 11:56:09', '2018-03-07 11:56:09', NULL),
	(1461, 438, 2, 1, 1.0000, 0, '', '2018-03-07 11:56:09', '2018-03-07 11:56:09', NULL),
	(1462, 438, 3, 1, 1.0000, 0, '', '2018-03-07 11:56:09', '2018-03-07 11:56:09', NULL),
	(1463, 439, 2, 1, 1.0000, 0, '', '2018-03-07 12:03:40', '2018-03-07 12:03:40', NULL),
	(1464, 439, 1, 1, 1.0000, 0, '', '2018-03-07 12:03:40', '2018-03-07 12:03:40', NULL),
	(1465, 439, 3, 1, 1.0000, 0, '', '2018-03-07 12:03:40', '2018-03-07 12:03:40', NULL),
	(1466, 440, 1, 1, 1.0000, 0, '', '2018-03-07 12:05:49', '2018-03-07 12:05:49', NULL),
	(1467, 440, 2, 1, 1.0000, 0, '', '2018-03-07 12:05:49', '2018-03-07 12:05:49', NULL),
	(1468, 440, 3, 1, 1.0000, 0, '', '2018-03-07 12:05:50', '2018-03-07 12:05:50', NULL),
	(1469, 441, 1, 1, 1.0000, 0, '', '2018-03-07 12:19:20', '2018-03-07 12:19:20', NULL),
	(1470, 441, 2, 1, 1.0000, 0, '', '2018-03-07 12:19:20', '2018-03-07 12:19:20', NULL),
	(1471, 441, 3, 1, 1.0000, 0, '', '2018-03-07 12:19:20', '2018-03-07 12:19:20', NULL),
	(1472, 441, 4, 1, 1.0000, 0, '', '2018-03-07 12:19:20', '2018-03-07 12:19:20', NULL),
	(1473, 441, 5, 1, 1.0000, 0, '', '2018-03-07 12:19:20', '2018-03-07 12:19:20', NULL),
	(1474, 441, 6, 1, 1.0000, 0, '', '2018-03-07 12:19:20', '2018-03-07 12:19:20', NULL),
	(1475, 441, 9, 1, 1.0000, 0, '', '2018-03-07 12:19:20', '2018-03-07 12:19:20', NULL),
	(1476, 442, 2, 1, 1.0000, 0, '', '2018-03-07 13:54:13', '2018-03-07 13:54:13', NULL),
	(1477, 442, 3, 1, 1.0000, 0, '', '2018-03-07 13:54:13', '2018-03-07 13:54:13', NULL),
	(1478, 442, 1, 1, 1.0000, 0, '', '2018-03-07 13:54:13', '2018-03-07 13:54:13', NULL),
	(1479, 443, 2, 1, 1.0000, 0, '', '2018-03-07 14:09:56', '2018-03-07 14:09:56', NULL),
	(1480, 443, 3, 1, 1.0000, 0, '', '2018-03-07 14:09:56', '2018-03-07 14:09:56', NULL),
	(1481, 443, 4, 1, 1.0000, 0, '', '2018-03-07 14:09:56', '2018-03-07 14:09:56', NULL),
	(1482, 443, 1, 1, 1.0000, 0, '', '2018-03-07 14:09:56', '2018-03-07 14:09:56', NULL),
	(1483, 443, 5, 1, 1.0000, 0, '', '2018-03-07 14:09:56', '2018-03-07 14:09:56', NULL),
	(1484, 443, 6, 1, 3.0000, 0, '', '2018-03-07 14:09:56', '2018-03-07 14:09:56', NULL),
	(1485, 444, 70, 1, 2.0000, 0, '', '2018-03-07 14:10:07', '2018-03-07 14:10:07', NULL),
	(1486, 444, 71, 1, 2.0000, 0, '', '2018-03-07 14:10:07', '2018-03-07 14:10:07', NULL),
	(1487, 444, 111, 1, 1.0000, 0, '', '2018-03-07 14:10:07', '2018-03-07 14:10:07', NULL),
	(1488, 445, 1, 1, 1.0000, 0, '', '2018-03-07 14:23:42', '2018-03-07 14:23:42', NULL),
	(1489, 445, 2, 1, 1.0000, 0, '', '2018-03-07 14:23:42', '2018-03-07 14:23:42', NULL),
	(1490, 445, 4, 1, 1.0000, 0, '', '2018-03-07 14:23:42', '2018-03-07 14:23:42', NULL),
	(1491, 445, 3, 1, 1.0000, 0, '', '2018-03-07 14:23:42', '2018-03-07 14:23:42', NULL),
	(1492, 446, 1, 1, 1.0000, 0, '', '2018-03-07 14:35:50', '2018-03-07 14:35:50', NULL),
	(1493, 446, 2, 1, 1.0000, 0, '', '2018-03-07 14:35:50', '2018-03-07 14:35:50', NULL),
	(1494, 446, 3, 1, 1.0000, 0, '', '2018-03-07 14:35:50', '2018-03-07 14:35:50', NULL),
	(1495, 447, 1, 1, 1.0000, 0, '', '2018-03-07 14:37:36', '2018-03-07 14:37:36', NULL),
	(1496, 447, 3, 1, 1.0000, 0, '', '2018-03-07 14:37:36', '2018-03-07 14:37:36', NULL),
	(1497, 447, 2, 1, 1.0000, 0, '', '2018-03-07 14:37:36', '2018-03-07 14:37:36', NULL),
	(1498, 447, 5, 1, 1.0000, 0, '', '2018-03-07 14:37:36', '2018-03-07 14:37:36', NULL),
	(1499, 447, 6, 1, 2.0000, 0, '', '2018-03-07 14:37:36', '2018-03-07 14:37:36', NULL),
	(1500, 448, 1, 1, 1.0000, 0, '', '2018-03-07 14:39:27', '2018-03-07 14:39:27', NULL),
	(1501, 448, 2, 1, 1.0000, 0, '', '2018-03-07 14:39:27', '2018-03-07 14:39:27', NULL),
	(1502, 448, 3, 1, 1.0000, 0, '', '2018-03-07 14:39:27', '2018-03-07 14:39:27', NULL),
	(1503, 448, 5, 1, 1.0000, 0, '', '2018-03-07 14:39:27', '2018-03-07 14:39:27', NULL),
	(1504, 448, 6, 1, 1.0000, 0, '', '2018-03-07 14:39:28', '2018-03-07 14:39:28', NULL),
	(1505, 449, 1, 1, 1.0000, 0, '', '2018-03-07 14:41:35', '2018-03-07 14:41:35', NULL),
	(1506, 449, 3, 1, 2.0000, 0, '', '2018-03-07 14:41:35', '2018-03-07 14:41:35', NULL),
	(1507, 449, 4, 1, 1.0000, 0, '', '2018-03-07 14:41:35', '2018-03-07 14:41:35', NULL),
	(1508, 450, 1, 1, 1.0000, 0, '', '2018-03-07 14:44:08', '2018-03-07 14:44:08', NULL),
	(1509, 450, 2, 1, 1.0000, 0, '', '2018-03-07 14:44:08', '2018-03-07 14:44:08', NULL),
	(1510, 450, 3, 1, 1.0000, 0, '', '2018-03-07 14:44:08', '2018-03-07 14:44:08', NULL),
	(1511, 450, 5, 1, 1.0000, 0, '', '2018-03-07 14:44:08', '2018-03-07 14:44:08', NULL),
	(1512, 451, 1, 1, 1.0000, 0, '', '2018-03-08 10:24:17', '2018-03-08 10:24:17', NULL),
	(1513, 451, 3, 1, 1.0000, 0, '', '2018-03-08 10:24:17', '2018-03-08 10:24:17', NULL),
	(1514, 452, 1, 1, 1.0000, 0, '', '2018-03-08 10:39:14', '2018-03-08 10:39:14', NULL),
	(1515, 452, 2, 1, 1.0000, 0, '', '2018-03-08 10:39:14', '2018-03-08 10:39:14', NULL),
	(1516, 452, 3, 1, 1.0000, 0, '', '2018-03-08 10:39:14', '2018-03-08 10:39:14', NULL),
	(1517, 453, 1, 1, 1.0000, 0, '', '2018-03-08 10:41:13', '2018-03-08 10:41:13', NULL),
	(1518, 453, 6, 1, 1.0000, 0, '', '2018-03-08 10:41:13', '2018-03-08 10:41:13', NULL),
	(1519, 453, 5, 1, 1.0000, 0, '', '2018-03-08 10:41:13', '2018-03-08 10:41:13', NULL),
	(1520, 454, 49, 1, 1.0000, 0, '', '2018-03-08 10:55:50', '2018-03-08 10:55:50', NULL),
	(1521, 454, 50, 1, 1.0000, 0, '', '2018-03-08 10:55:50', '2018-03-08 10:55:50', NULL),
	(1522, 455, 1, 1, 1.0000, 0, '', '2018-03-08 11:07:24', '2018-03-08 11:07:24', NULL),
	(1523, 455, 2, 1, 1.0000, 0, '', '2018-03-08 11:07:24', '2018-03-08 11:07:24', NULL),
	(1524, 455, 3, 1, 1.0000, 0, '', '2018-03-08 11:07:24', '2018-03-08 11:07:24', NULL),
	(1525, 456, 2, 1, 1.0000, 0, '', '2018-03-08 11:15:21', '2018-03-08 11:15:21', NULL),
	(1526, 456, 1, 1, 1.0000, 0, '', '2018-03-08 11:15:22', '2018-03-08 11:15:22', NULL),
	(1527, 456, 4, 1, 1.0000, 0, '', '2018-03-08 11:15:22', '2018-03-08 11:15:22', NULL),
	(1528, 456, 3, 1, 1.0000, 0, '', '2018-03-08 11:15:22', '2018-03-08 11:15:22', NULL),
	(1529, 456, 5, 1, 1.0000, 0, '', '2018-03-08 11:15:22', '2018-03-08 11:15:22', NULL),
	(1530, 457, 1, 1, 1.0000, 0, '', '2018-03-08 11:27:31', '2018-03-08 11:27:31', NULL),
	(1531, 457, 2, 1, 1.0000, 0, '', '2018-03-08 11:27:31', '2018-03-08 11:27:31', NULL),
	(1532, 457, 3, 1, 1.0000, 0, '', '2018-03-08 11:27:31', '2018-03-08 11:27:31', NULL),
	(1533, 457, 5, 1, 1.0000, 0, '', '2018-03-08 11:27:32', '2018-03-08 11:27:32', NULL),
	(1534, 457, 6, 1, 1.0000, 0, '', '2018-03-08 11:27:32', '2018-03-08 11:27:32', NULL),
	(1535, 458, 1, 1, 1.0000, 0, '', '2018-03-10 11:54:54', '2018-03-10 11:54:54', NULL),
	(1536, 458, 3, 1, 1.0000, 0, '', '2018-03-10 11:54:54', '2018-03-10 11:54:54', NULL),
	(1537, 458, 2, 1, 1.0000, 0, '', '2018-03-10 11:54:54', '2018-03-10 11:54:54', NULL),
	(1538, 458, 4, 1, 1.0000, 0, '', '2018-03-10 11:54:54', '2018-03-10 11:54:54', NULL),
	(1539, 458, 5, 1, 1.0000, 0, '', '2018-03-10 11:54:54', '2018-03-10 11:54:54', NULL),
	(1540, 458, 6, 1, 1.0000, 0, '', '2018-03-10 11:54:54', '2018-03-10 11:54:54', NULL),
	(1541, 459, 1, 1, 1.0000, 0, '', '2018-03-10 14:28:23', '2018-03-10 14:28:23', NULL),
	(1542, 459, 2, 1, 1.0000, 0, '', '2018-03-10 14:28:24', '2018-03-10 14:28:24', NULL),
	(1543, 459, 3, 1, 1.0000, 0, '', '2018-03-10 14:28:24', '2018-03-10 14:28:24', NULL),
	(1544, 459, 4, 1, 1.0000, 0, '', '2018-03-10 14:28:24', '2018-03-10 14:28:24', NULL),
	(1545, 459, 5, 1, 1.0000, 0, '', '2018-03-10 14:28:24', '2018-03-10 14:28:24', NULL),
	(1546, 459, 6, 1, 2.0000, 0, '', '2018-03-10 14:28:24', '2018-03-10 14:28:24', NULL),
	(1547, 460, 1, 1, 1.0000, 1, '', '2018-03-11 10:55:27', '2018-03-11 21:07:33', NULL),
	(1548, 460, 2, 1, 1.0000, 0, '', '2018-03-11 10:55:27', '2018-03-11 10:55:27', NULL),
	(1549, 460, 3, 1, 1.0000, 0, '', '2018-03-11 10:55:27', '2018-03-11 10:55:27', NULL),
	(1550, 460, 4, 1, 1.0000, 0, '', '2018-03-11 10:55:27', '2018-03-11 10:55:27', NULL),
	(1551, 461, 11, 1, 1.0000, 0, '', '2018-03-11 13:06:45', '2018-03-11 13:06:45', NULL),
	(1552, 461, 12, 1, 1.0000, 0, '', '2018-03-11 13:06:45', '2018-03-11 13:06:45', NULL),
	(1553, 461, 13, 1, 1.0000, 0, '', '2018-03-11 13:06:45', '2018-03-11 13:06:45', NULL),
	(1554, 461, 15, 1, 3.0000, 0, '', '2018-03-11 13:06:45', '2018-03-11 13:06:45', NULL),
	(1555, 462, 1, 1, 1.0000, 0, '', '2018-03-11 19:34:23', '2018-03-11 19:34:23', NULL),
	(1556, 462, 2, 1, 1.0000, 0, '', '2018-03-11 19:34:23', '2018-03-11 19:34:23', NULL),
	(1557, 462, 3, 1, 1.0000, 0, '', '2018-03-11 19:34:23', '2018-03-11 19:34:23', NULL),
	(1558, 462, 4, 1, 3.0000, 0, '', '2018-03-11 19:34:23', '2018-03-11 19:34:23', NULL),
	(1559, 463, 9, 1, 1.0000, 0, '', '2018-03-11 19:43:24', '2018-03-11 19:43:24', NULL),
	(1560, 464, 103, 1, 2.0000, 0, '', '2018-03-11 19:43:25', '2018-03-11 19:43:25', NULL),
	(1561, 464, 104, 1, 2.0000, 0, '', '2018-03-11 19:43:25', '2018-03-11 19:43:25', NULL),
	(1562, 464, 105, 1, 2.0000, 0, '', '2018-03-11 19:43:25', '2018-03-11 19:43:25', NULL),
	(1563, 465, 11, 1, 1.0000, 0, '', '2018-03-11 21:25:32', '2018-03-11 21:25:32', NULL),
	(1564, 465, 12, 1, 1.0000, 0, '', '2018-03-11 21:25:32', '2018-03-11 21:25:32', NULL),
	(1565, 465, 13, 1, 1.0000, 0, '', '2018-03-11 21:25:32', '2018-03-11 21:25:32', NULL),
	(1566, 466, 1, 1, 1.0000, 0, '', '2018-03-12 12:22:52', '2018-03-12 12:22:52', NULL),
	(1567, 466, 2, 1, 1.0000, 0, '', '2018-03-12 12:22:52', '2018-03-12 12:22:52', NULL),
	(1568, 466, 3, 1, 3.0000, 0, '', '2018-03-12 12:22:52', '2018-03-12 12:22:52', NULL),
	(1569, 467, 1, 1, 1.0000, 0, 'dfgdfg', '2018-03-12 12:35:00', '2018-03-12 12:35:00', NULL),
	(1570, 467, 2, 1, 1.0000, 0, 'gjkjk', '2018-03-12 12:35:00', '2018-03-12 12:35:00', NULL),
	(1571, 467, 3, 1, 1.0000, 0, 'jkghjkhjkjk', '2018-03-12 12:35:00', '2018-03-12 12:35:00', NULL),
	(1576, 469, 11, 1, 1.0000, 0, 'fghfdghhg', '2018-03-12 13:07:34', '2018-03-12 13:07:34', NULL),
	(1577, 470, 63, 1, 1.0000, 0, '', '2018-03-12 13:07:34', '2018-03-12 13:07:34', NULL),
	(1578, 470, 64, 1, 1.0000, 0, 'ytretyrty', '2018-03-12 13:07:34', '2018-03-12 13:07:34', NULL),
	(1579, 470, 65, 1, 3.0000, 0, '', '2018-03-12 13:07:34', '2018-03-12 13:07:34', NULL),
	(1580, 471, 1, 1, 1.0000, 0, '', '2018-03-13 10:14:33', '2018-03-13 10:14:33', NULL),
	(1581, 471, 2, 1, 1.0000, 0, '', '2018-03-13 10:14:33', '2018-03-13 10:14:33', NULL),
	(1582, 471, 3, 1, 1.0000, 0, '', '2018-03-13 10:14:33', '2018-03-13 10:14:33', NULL),
	(1583, 471, 4, 1, 1.0000, 0, '', '2018-03-13 10:14:33', '2018-03-13 10:14:33', NULL),
	(1584, 471, 5, 1, 1.0000, 0, '', '2018-03-13 10:14:33', '2018-03-13 10:14:33', NULL),
	(1585, 471, 6, 1, 4.0000, 0, '', '2018-03-13 10:14:33', '2018-03-13 10:14:33', NULL),
	(1586, 472, 1, 1, 1.0000, 1, '', '2018-03-13 10:57:19', '2018-03-13 14:04:16', NULL),
	(1587, 472, 3, 1, 1.0000, 1, '', '2018-03-13 10:57:19', '2018-03-13 14:04:16', NULL),
	(1588, 472, 4, 1, 1.0000, 1, '', '2018-03-13 10:57:19', '2018-03-13 14:04:16', NULL),
	(1589, 472, 5, 1, 2.0000, 1, '', '2018-03-13 10:57:19', '2018-03-13 14:04:16', NULL),
	(1590, 473, 116, 1, 1.0000, 1, '', '2018-03-13 10:57:19', '2018-03-13 14:04:17', NULL),
	(1591, 473, 117, 1, 1.0000, 1, '', '2018-03-13 10:57:19', '2018-03-13 14:04:17', NULL),
	(1592, 473, 118, 1, 1.0000, 1, '', '2018-03-13 10:57:19', '2018-03-13 14:04:17', NULL),
	(1596, 475, 1, 1, 1.0000, 1, '', '2018-03-13 13:43:47', '2018-03-13 13:43:53', NULL),
	(1597, 475, 2, 1, 1.0000, 1, '', '2018-03-13 13:43:47', '2018-03-13 13:43:54', NULL),
	(1598, 475, 3, 1, 1.0000, 1, '', '2018-03-13 13:43:47', '2018-03-13 13:43:54', NULL),
	(1599, 475, 4, 1, 1.0000, 1, '', '2018-03-13 13:43:47', '2018-03-13 13:43:54', NULL),
	(1600, 475, 6, 1, 1.0000, 1, '', '2018-03-13 13:43:47', '2018-03-13 13:43:54', NULL),
	(1601, 475, 5, 1, 4.0000, 1, '', '2018-03-13 13:43:47', '2018-03-13 13:43:55', NULL),
	(1605, 477, 1, 1, 1.0000, 1, '', '2018-03-13 13:44:36', '2018-03-13 14:03:37', NULL),
	(1606, 477, 2, 1, 4.0000, 1, '', '2018-03-13 13:44:36', '2018-03-13 14:03:38', NULL),
	(1610, 479, 1, 1, 1.0000, 1, '', '2018-03-13 13:48:46', '2018-03-13 13:48:55', NULL),
	(1611, 479, 3, 1, 1.0000, 1, '', '2018-03-13 13:48:46', '2018-03-13 13:48:55', NULL),
	(1612, 479, 2, 1, 1.0000, 1, '', '2018-03-13 13:48:46', '2018-03-13 13:48:56', NULL),
	(1613, 479, 4, 1, 1.0000, 1, '', '2018-03-13 13:48:46', '2018-03-13 13:48:56', NULL),
	(1614, 479, 5, 1, 1.0000, 1, '', '2018-03-13 13:48:46', '2018-03-13 13:48:56', NULL),
	(1615, 479, 6, 1, 3.0000, 1, '', '2018-03-13 13:48:46', '2018-03-13 13:48:57', NULL),
	(1620, 481, 1, 1, 4.0000, 0, '', '2018-03-13 13:49:44', '2018-03-13 13:49:44', NULL),
	(1647, 488, 37, 1, 1.0000, 0, '', '2018-03-13 13:57:56', '2018-03-13 13:57:56', NULL),
	(1648, 488, 38, 1, 1.0000, 0, '', '2018-03-13 13:57:56', '2018-03-13 13:57:56', NULL),
	(1649, 488, 39, 1, 1.0000, 0, '', '2018-03-13 13:57:56', '2018-03-13 13:57:56', NULL),
	(1650, 488, 40, 1, 3.0000, 0, '', '2018-03-13 13:57:56', '2018-03-13 13:57:56', NULL),
	(1657, 491, 1, 1, 1.0000, 1, '', '2018-03-13 13:59:18', '2018-03-13 13:59:28', NULL),
	(1658, 491, 3, 1, 1.0000, 1, '', '2018-03-13 13:59:19', '2018-03-13 13:59:29', NULL),
	(1659, 491, 2, 1, 4.0000, 1, '', '2018-03-13 13:59:19', '2018-03-13 13:59:29', NULL),
	(1664, 493, 17, 1, 1.0000, 0, '', '2018-03-13 14:00:09', '2018-03-13 14:00:09', NULL),
	(1665, 494, 112, 1, 1.0000, 0, '', '2018-03-13 14:00:09', '2018-03-13 14:00:09', NULL),
	(1666, 494, 113, 1, 1.0000, 0, '', '2018-03-13 14:00:09', '2018-03-13 14:00:09', NULL),
	(1667, 494, 114, 1, 1.0000, 0, '', '2018-03-13 14:00:09', '2018-03-13 14:00:09', NULL),
	(1668, 495, 1, 1, 3.0000, 1, '', '2018-03-13 14:00:50', '2018-03-13 14:09:58', NULL),
	(1669, 495, 5, 1, 2.0000, 1, '', '2018-03-13 14:00:50', '2018-03-13 14:09:58', NULL),
	(1670, 496, 1, 1, 1.0000, 0, '', '2018-03-13 14:13:07', '2018-03-13 14:13:07', NULL),
	(1671, 496, 2, 1, 1.0000, 0, '', '2018-03-13 14:13:07', '2018-03-13 14:13:07', NULL),
	(1672, 496, 5, 1, 1.0000, 0, '', '2018-03-13 14:13:07', '2018-03-13 14:13:07', NULL),
	(1673, 496, 6, 1, 2.0000, 0, '', '2018-03-13 14:13:07', '2018-03-13 14:13:07', NULL),
	(1674, 496, 11, 1, 1.0000, 0, '', '2018-03-13 14:13:07', '2018-03-13 14:13:07', NULL),
	(1675, 496, 12, 1, 1.0000, 0, '', '2018-03-13 14:13:07', '2018-03-13 14:13:07', NULL),
	(1676, 496, 15, 1, 3.0000, 0, '', '2018-03-13 14:13:07', '2018-03-13 14:13:07', NULL),
	(1677, 497, 11, 1, 1.0000, 1, '', '2018-03-13 14:13:42', '2018-03-13 14:13:51', NULL),
	(1678, 497, 12, 1, 1.0000, 1, '', '2018-03-13 14:13:42', '2018-03-13 14:13:51', NULL),
	(1679, 497, 13, 1, 1.0000, 1, '', '2018-03-13 14:13:42', '2018-03-13 14:13:51', NULL),
	(1680, 497, 14, 1, 1.0000, 1, '', '2018-03-13 14:13:42', '2018-03-13 14:13:51', NULL),
	(1681, 497, 15, 1, 1.0000, 1, '', '2018-03-13 14:13:42', '2018-03-13 14:13:51', NULL),
	(1682, 497, 163, 1, 4.0000, 1, '', '2018-03-13 14:13:43', '2018-03-13 14:13:52', NULL),
	(1683, 498, 1, 1, 1.0000, 1, '', '2018-03-13 14:13:59', '2018-03-13 14:14:13', NULL),
	(1684, 498, 5, 1, 1.0000, 1, '', '2018-03-13 14:13:59', '2018-03-13 14:14:14', NULL),
	(1685, 498, 6, 1, 4.0000, 1, '', '2018-03-13 14:13:59', '2018-03-13 14:14:14', NULL),
	(1690, 500, 11, 1, 1.0000, 0, '', '2018-03-13 14:15:12', '2018-03-13 14:15:12', NULL),
	(1691, 500, 12, 1, 1.0000, 0, '', '2018-03-13 14:15:12', '2018-03-13 14:15:12', NULL),
	(1692, 500, 13, 1, 1.0000, 0, '', '2018-03-13 14:15:12', '2018-03-13 14:15:12', NULL),
	(1693, 500, 14, 1, 3.0000, 0, '', '2018-03-13 14:15:12', '2018-03-13 14:15:12', NULL),
	(1694, 501, 5, 1, 1.0000, 1, '', '2018-03-13 14:15:32', '2018-03-13 14:15:37', NULL),
	(1695, 501, 7, 1, 2.0000, 1, '', '2018-03-13 14:15:32', '2018-03-13 14:15:37', NULL),
	(1696, 501, 8, 1, 1.0000, 1, '', '2018-03-13 14:15:32', '2018-03-13 14:15:38', NULL),
	(1697, 501, 6, 1, 1.0000, 1, '', '2018-03-13 14:15:32', '2018-03-13 14:15:38', NULL),
	(1698, 502, 11, 1, 1.0000, 0, '', '2018-03-13 14:15:45', '2018-03-13 14:15:45', NULL),
	(1699, 502, 12, 1, 1.0000, 0, '', '2018-03-13 14:15:45', '2018-03-13 14:15:45', NULL),
	(1700, 502, 15, 1, 1.0000, 0, '', '2018-03-13 14:15:45', '2018-03-13 14:15:45', NULL),
	(1701, 502, 163, 1, 3.0000, 0, '', '2018-03-13 14:15:45', '2018-03-13 14:15:45', NULL),
	(1708, 505, 1, 1, 1.0000, 1, '', '2018-03-13 14:16:26', '2018-03-13 14:16:35', NULL),
	(1709, 505, 2, 1, 1.0000, 1, '', '2018-03-13 14:16:26', '2018-03-13 14:16:35', NULL),
	(1710, 505, 3, 1, 4.0000, 1, '', '2018-03-13 14:16:26', '2018-03-13 14:16:35', NULL),
	(1711, 506, 1, 1, 1.0000, 1, '', '2018-03-13 14:20:07', '2018-03-13 14:20:17', NULL),
	(1712, 506, 2, 1, 1.0000, 1, '', '2018-03-13 14:20:07', '2018-03-13 14:20:17', NULL),
	(1713, 506, 3, 1, 1.0000, 1, '', '2018-03-13 14:20:07', '2018-03-13 14:20:17', NULL),
	(1714, 506, 4, 1, 1.0000, 1, '', '2018-03-13 14:20:07', '2018-03-13 14:20:17', NULL),
	(1715, 506, 5, 1, 1.0000, 1, '', '2018-03-13 14:20:07', '2018-03-13 14:20:17', NULL),
	(1716, 506, 6, 1, 3.0000, 1, '', '2018-03-13 14:20:07', '2018-03-13 14:20:18', NULL),
	(1717, 507, 11, 1, 1.0000, 0, '', '2018-03-13 14:20:27', '2018-03-13 14:20:27', NULL),
	(1718, 507, 12, 1, 1.0000, 0, '', '2018-03-13 14:20:27', '2018-03-13 14:20:27', NULL),
	(1719, 508, 103, 1, 1.0000, 0, '', '2018-03-13 14:20:27', '2018-03-13 14:20:27', NULL),
	(1720, 508, 104, 1, 1.0000, 0, '', '2018-03-13 14:20:27', '2018-03-13 14:20:27', NULL),
	(1721, 508, 107, 1, 1.0000, 0, '', '2018-03-13 14:20:27', '2018-03-13 14:20:27', NULL),
	(1722, 508, 108, 1, 2.0000, 0, '', '2018-03-13 14:20:27', '2018-03-13 14:20:27', NULL),
	(1723, 509, 1, 1, 1.0000, 0, '', '2018-03-13 14:22:24', '2018-03-13 14:22:24', NULL),
	(1724, 509, 2, 1, 1.0000, 0, '', '2018-03-13 14:22:24', '2018-03-13 14:22:24', NULL),
	(1725, 510, 116, 1, 1.0000, 0, '', '2018-03-13 14:22:24', '2018-03-13 14:22:24', NULL),
	(1726, 510, 117, 1, 3.0000, 0, '', '2018-03-13 14:22:24', '2018-03-13 14:22:24', NULL),
	(1727, 511, 5, 1, 1.0000, 0, '', '2018-03-13 14:24:45', '2018-03-13 14:24:45', NULL),
	(1728, 511, 6, 1, 3.0000, 0, '', '2018-03-13 14:24:45', '2018-03-13 14:24:45', NULL),
	(1729, 512, 103, 1, 1.0000, 1, '', '2018-03-13 14:26:42', '2018-03-13 14:26:52', NULL),
	(1730, 512, 104, 1, 1.0000, 1, '', '2018-03-13 14:26:42', '2018-03-13 14:26:52', NULL),
	(1731, 512, 105, 1, 3.0000, 1, '', '2018-03-13 14:26:42', '2018-03-13 14:26:52', NULL),
	(1732, 513, 11, 1, 2.0000, 0, '', '2018-03-13 14:29:27', '2018-03-13 14:29:27', NULL),
	(1733, 513, 15, 1, 1.0000, 0, '', '2018-03-13 14:29:27', '2018-03-13 14:29:27', NULL),
	(1734, 513, 163, 1, 5.0000, 0, '', '2018-03-13 14:29:27', '2018-03-13 14:29:27', NULL),
	(1749, 517, 1, 1, 1.0000, 1, '', '2018-03-13 18:46:50', '2018-03-13 18:46:57', NULL),
	(1750, 517, 2, 1, 1.0000, 1, '', '2018-03-13 18:46:50', '2018-03-13 18:47:00', NULL),
	(1751, 517, 3, 1, 1.0000, 1, '', '2018-03-13 18:46:50', '2018-03-13 18:47:00', NULL),
	(1752, 517, 4, 1, 3.0000, 1, '', '2018-03-13 18:46:50', '2018-03-13 18:47:00', NULL),
	(1753, 518, 1, 1, 1.0000, 1, '', '2018-03-13 18:50:40', '2018-03-13 18:50:48', NULL),
	(1754, 518, 2, 1, 1.0000, 1, '', '2018-03-13 18:50:40', '2018-03-13 18:50:48', NULL),
	(1755, 518, 3, 1, 1.0000, 1, '', '2018-03-13 18:50:40', '2018-03-13 18:50:48', NULL),
	(1756, 518, 4, 1, 4.0000, 1, '', '2018-03-13 18:50:40', '2018-03-13 18:50:48', NULL),
	(1757, 519, 1, 1, 1.0000, 1, '', '2018-03-13 18:50:55', '2018-03-13 18:51:08', NULL),
	(1758, 519, 5, 1, 4.0000, 0, '', '2018-03-13 18:50:55', '2018-03-13 18:50:55', NULL),
	(1759, 520, 1, 1, 1.0000, 0, '', '2018-03-13 18:54:21', '2018-03-13 18:54:21', NULL),
	(1760, 520, 2, 1, 1.0000, 0, '', '2018-03-13 18:54:21', '2018-03-13 18:54:21', NULL),
	(1761, 520, 3, 1, 1.0000, 0, '', '2018-03-13 18:54:21', '2018-03-13 18:54:21', NULL),
	(1762, 520, 4, 1, 4.0000, 0, '', '2018-03-13 18:54:21', '2018-03-13 18:54:21', NULL),
	(1775, 524, 1, 1, 1.0000, 0, '', '2018-03-13 19:20:04', '2018-03-13 19:20:04', NULL),
	(1776, 524, 2, 1, 1.0000, 0, '', '2018-03-13 19:20:04', '2018-03-13 19:20:04', NULL),
	(1777, 524, 6, 1, 1.0000, 0, '', '2018-03-13 19:20:04', '2018-03-13 19:20:04', NULL),
	(1778, 524, 5, 1, 1.0000, 0, '', '2018-03-13 19:20:04', '2018-03-13 19:20:04', NULL),
	(1779, 524, 795, 1, 1.0000, 0, '', '2018-03-13 19:20:04', '2018-03-13 19:20:04', NULL),
	(1780, 525, 136, 1, 1.0000, 0, '', '2018-03-13 19:20:04', '2018-03-13 19:20:04', NULL),
	(1781, 525, 137, 1, 3.0000, 0, '', '2018-03-13 19:20:04', '2018-03-13 19:20:04', NULL),
	(1782, 526, 1, 1, 1.0000, 1, '', '2018-03-13 19:20:42', '2018-03-13 19:20:52', NULL),
	(1783, 526, 2, 1, 1.0000, 1, '', '2018-03-13 19:20:42', '2018-03-13 19:20:52', NULL),
	(1784, 526, 3, 1, 1.0000, 1, '', '2018-03-13 19:20:42', '2018-03-13 19:20:52', NULL),
	(1785, 526, 5, 1, 3.0000, 1, '', '2018-03-13 19:20:42', '2018-03-13 19:20:52', NULL),
	(1786, 527, 11, 1, 1.0000, 0, '', '2018-03-13 19:21:02', '2018-03-13 19:21:02', NULL),
	(1787, 527, 12, 1, 1.0000, 0, '', '2018-03-13 19:21:02', '2018-03-13 19:21:02', NULL),
	(1788, 527, 15, 1, 1.0000, 0, '', '2018-03-13 19:21:02', '2018-03-13 19:21:02', NULL),
	(1789, 527, 163, 1, 3.0000, 0, '', '2018-03-13 19:21:02', '2018-03-13 19:21:02', NULL),
	(1790, 528, 1, 1, 1.0000, 1, '', '2018-03-13 19:23:07', '2018-03-13 19:23:57', NULL),
	(1791, 528, 2, 1, 1.0000, 1, '', '2018-03-13 19:23:07', '2018-03-13 19:23:57', NULL),
	(1792, 528, 3, 1, 1.0000, 1, '', '2018-03-13 19:23:07', '2018-03-13 19:23:57', NULL),
	(1793, 528, 4, 1, 3.0000, 1, '', '2018-03-13 19:23:07', '2018-03-13 19:23:58', NULL),
	(1794, 529, 1, 1, 1.0000, 1, '', '2018-03-13 19:25:01', '2018-03-13 19:25:12', NULL),
	(1795, 529, 2, 1, 1.0000, 1, '', '2018-03-13 19:25:01', '2018-03-13 19:25:12', NULL),
	(1796, 529, 3, 1, 1.0000, 1, '', '2018-03-13 19:25:01', '2018-03-13 19:25:13', NULL),
	(1797, 529, 4, 1, 4.0000, 1, '', '2018-03-13 19:25:01', '2018-03-13 19:25:14', NULL),
	(1798, 530, 2, 1, 1.0000, 1, '', '2018-03-13 19:25:49', '2018-03-13 19:25:57', NULL),
	(1799, 530, 3, 1, 1.0000, 1, '', '2018-03-13 19:25:49', '2018-03-13 19:25:57', NULL),
	(1800, 530, 4, 1, 4.0000, 1, '', '2018-03-13 19:25:49', '2018-03-13 19:25:57', NULL),
	(1801, 530, 5, 1, 2.0000, 1, '', '2018-03-13 19:25:49', '2018-03-13 19:25:58', NULL),
	(1802, 531, 1, 1, 1.0000, 1, '', '2018-03-13 19:27:10', '2018-03-13 19:27:31', NULL),
	(1803, 531, 2, 1, 1.0000, 1, '', '2018-03-13 19:27:10', '2018-03-13 19:27:31', NULL),
	(1804, 531, 3, 1, 1.0000, 1, '', '2018-03-13 19:27:10', '2018-03-13 19:27:31', NULL),
	(1805, 531, 4, 1, 4.0000, 1, '', '2018-03-13 19:27:10', '2018-03-13 19:27:32', NULL),
	(1806, 532, 1, 1, 1.0000, 0, '', '2018-03-13 19:27:39', '2018-03-13 19:27:39', NULL),
	(1807, 532, 2, 1, 1.0000, 0, '', '2018-03-13 19:27:39', '2018-03-13 19:27:39', NULL),
	(1808, 532, 3, 1, 1.0000, 0, '', '2018-03-13 19:27:39', '2018-03-13 19:27:39', NULL),
	(1809, 532, 4, 1, 4.0000, 0, '', '2018-03-13 19:27:39', '2018-03-13 19:27:39', NULL),
	(1810, 533, 1, 1, 1.0000, 1, '', '2018-03-13 19:28:02', '2018-03-13 19:28:12', NULL),
	(1811, 533, 2, 1, 1.0000, 1, '', '2018-03-13 19:28:02', '2018-03-13 19:28:12', NULL),
	(1812, 533, 3, 1, 3.0000, 1, '', '2018-03-13 19:28:02', '2018-03-13 19:28:12', NULL),
	(1813, 534, 1, 1, 1.0000, 0, '', '2018-03-13 19:28:16', '2018-03-13 19:28:16', NULL),
	(1814, 534, 2, 1, 1.0000, 0, '', '2018-03-13 19:28:16', '2018-03-13 19:28:16', NULL),
	(1815, 534, 3, 1, 3.0000, 0, '', '2018-03-13 19:28:16', '2018-03-13 19:28:16', NULL),
	(1826, 537, 1, 1, 1.0000, 0, '', '2018-03-13 19:33:10', '2018-03-13 19:33:10', NULL),
	(1827, 537, 2, 1, 1.0000, 0, '', '2018-03-13 19:33:10', '2018-03-13 19:33:10', NULL),
	(1828, 537, 3, 1, 1.0000, 0, '', '2018-03-13 19:33:10', '2018-03-13 19:33:10', NULL),
	(1829, 537, 4, 1, 4.0000, 0, '', '2018-03-13 19:33:10', '2018-03-13 19:33:10', NULL),
	(1833, 539, 1, 1, 2.0000, 1, '', '2018-03-13 19:35:25', '2018-03-13 19:35:35', NULL),
	(1834, 539, 5, 1, 1.0000, 1, '', '2018-03-13 19:35:25', '2018-03-13 19:35:35', NULL),
	(1835, 539, 6, 1, 1.0000, 1, '', '2018-03-13 19:35:25', '2018-03-13 19:35:35', NULL),
	(1836, 539, 2, 1, 1.0000, 1, '', '2018-03-13 19:35:25', '2018-03-13 19:35:35', NULL),
	(1837, 539, 3, 1, 3.0000, 1, '', '2018-03-13 19:35:25', '2018-03-13 19:35:36', NULL),
	(1841, 541, 1, 1, 1.0000, 0, '', '2018-03-13 19:37:51', '2018-03-13 19:37:51', NULL),
	(1842, 541, 2, 1, 1.0000, 0, '', '2018-03-13 19:37:51', '2018-03-13 19:37:51', NULL),
	(1843, 541, 3, 1, 4.0000, 0, '', '2018-03-13 19:37:51', '2018-03-13 19:37:51', NULL),
	(1856, 544, 1, 1, 1.0000, 0, '', '2018-03-13 19:41:10', '2018-03-13 19:41:10', NULL),
	(1857, 544, 4, 1, 4.0000, 0, '', '2018-03-13 19:41:10', '2018-03-13 19:41:10', NULL),
	(1858, 544, 2, 1, 1.0000, 0, '', '2018-03-13 19:41:10', '2018-03-13 19:41:10', NULL),
	(1859, 544, 3, 1, 1.0000, 0, '', '2018-03-13 19:41:10', '2018-03-13 19:41:10', NULL),
	(1860, 544, 5, 1, 1.0000, 0, '', '2018-03-13 19:41:10', '2018-03-13 19:41:10', NULL),
	(1861, 544, 6, 1, 1.0000, 0, '', '2018-03-13 19:41:10', '2018-03-13 19:41:10', NULL),
	(1862, 544, 795, 1, 4.0000, 0, '', '2018-03-13 19:41:10', '2018-03-13 19:41:10', NULL),
	(1863, 544, 10, 1, 1.0000, 0, '', '2018-03-13 19:41:10', '2018-03-13 19:41:10', NULL),
	(1864, 544, 7, 1, 1.0000, 0, '', '2018-03-13 19:41:10', '2018-03-13 19:41:10', NULL),
	(1865, 544, 8, 1, 1.0000, 0, '', '2018-03-13 19:41:10', '2018-03-13 19:41:10', NULL),
	(1866, 545, 136, 1, 1.0000, 0, '', '2018-03-13 19:41:10', '2018-03-13 19:41:10', NULL),
	(1867, 545, 137, 1, 4.0000, 0, '', '2018-03-13 19:41:10', '2018-03-13 19:41:10', NULL),
	(1880, 548, 11, 1, 1.0000, 1, '', '2018-03-13 21:12:06', '2018-03-13 21:12:22', NULL),
	(1881, 548, 12, 1, 1.0000, 1, '', '2018-03-13 21:12:06', '2018-03-13 21:12:22', NULL),
	(1882, 548, 14, 1, 1.0000, 1, '', '2018-03-13 21:12:06', '2018-03-13 21:12:23', NULL),
	(1883, 548, 13, 1, 3.0000, 1, '', '2018-03-13 21:12:06', '2018-03-13 21:12:23', NULL),
	(1884, 546, 1, 1, 1.0000, 0, '', '2018-03-15 11:36:48', '2018-03-15 11:36:48', NULL),
	(1885, 546, 2, 1, 1.0000, 0, '', '2018-03-15 11:36:48', '2018-03-15 11:36:48', NULL),
	(1886, 546, 3, 1, 1.0000, 0, '', '2018-03-15 11:36:48', '2018-03-15 11:36:48', NULL),
	(1887, 546, 4, 1, 1.0000, 0, '', '2018-03-15 11:36:48', '2018-03-15 11:36:48', NULL),
	(1888, 546, 7, 1, 4.0000, 0, '', '2018-03-15 11:36:48', '2018-03-15 11:36:48', NULL),
	(1892, 548, 1, 1, 8.0000, 0, '', '2018-03-15 11:39:49', '2018-03-15 11:39:49', NULL),
	(1893, 548, 7, 1, 1.0000, 0, '', '2018-03-15 11:39:49', '2018-03-15 11:39:49', NULL),
	(1894, 548, 8, 1, 1.0000, 0, '', '2018-03-15 11:39:49', '2018-03-15 11:39:49', NULL),
	(1895, 548, 6, 1, 1.0000, 0, '', '2018-03-15 11:39:49', '2018-03-15 11:39:49', NULL),
	(1896, 548, 5, 1, 1.0000, 0, '', '2018-03-15 11:39:49', '2018-03-15 11:39:49', NULL),
	(1897, 548, 4, 1, 1.0000, 0, '', '2018-03-15 11:39:49', '2018-03-15 11:39:49', NULL),
	(1898, 549, 1, 1, 1.0000, 0, '', '2018-03-15 12:09:32', '2018-03-15 12:09:32', NULL),
	(1899, 549, 2, 1, 1.0000, 0, '', '2018-03-15 12:09:32', '2018-03-15 12:09:32', NULL),
	(1900, 549, 3, 1, 1.0000, 0, '', '2018-03-15 12:09:32', '2018-03-15 12:09:32', NULL),
	(1901, 550, 1, 1, 1.0000, 0, '', '2018-03-15 12:13:48', '2018-03-15 12:13:48', NULL),
	(1902, 550, 2, 1, 1.0000, 0, '', '2018-03-15 12:13:48', '2018-03-15 12:13:48', NULL),
	(1903, 550, 3, 1, 1.0000, 0, '', '2018-03-15 12:13:48', '2018-03-15 12:13:48', NULL),
	(1904, 551, 11, 1, 1.0000, 0, '', '2018-03-15 13:04:28', '2018-03-15 13:04:28', NULL),
	(1905, 551, 12, 1, 1.0000, 0, '', '2018-03-15 13:04:28', '2018-03-15 13:04:28', NULL),
	(1906, 551, 13, 1, 1.0000, 0, '', '2018-03-15 13:04:28', '2018-03-15 13:04:28', NULL),
	(1907, 551, 14, 1, 1.0000, 0, '', '2018-03-15 13:04:28', '2018-03-15 13:04:28', NULL),
	(1908, 551, 15, 1, 4.0000, 0, '', '2018-03-15 13:04:28', '2018-03-15 13:04:28', NULL),
	(1909, 552, 1, 1, 1.0000, 0, '', '2018-03-15 13:07:41', '2018-03-15 13:07:41', NULL),
	(1910, 552, 2, 1, 1.0000, 0, '', '2018-03-15 13:07:41', '2018-03-15 13:07:41', NULL),
	(1911, 552, 3, 1, 1.0000, 0, '', '2018-03-15 13:07:41', '2018-03-15 13:07:41', NULL),
	(1912, 552, 4, 1, 5.0000, 0, '', '2018-03-15 13:07:41', '2018-03-15 13:07:41', NULL),
	(1917, 554, 1, 1, 1.0000, 0, '', '2018-03-15 19:01:56', '2018-03-15 19:01:56', NULL),
	(1918, 554, 2, 1, 1.0000, 0, '', '2018-03-15 19:01:56', '2018-03-15 19:01:56', NULL),
	(1919, 554, 3, 1, 1.0000, 0, '', '2018-03-15 19:01:56', '2018-03-15 19:01:56', NULL),
	(1920, 554, 4, 1, 4.0000, 0, '', '2018-03-15 19:01:56', '2018-03-15 19:01:56', NULL),
	(1921, 555, 1, 1, 1.0000, 0, '', '2018-03-15 19:20:47', '2018-03-15 19:20:47', NULL),
	(1922, 555, 2, 1, 1.0000, 0, '', '2018-03-15 19:20:47', '2018-03-15 19:20:47', NULL),
	(1923, 555, 3, 1, 3.0000, 0, '', '2018-03-15 19:20:47', '2018-03-15 19:20:47', NULL),
	(1924, 556, 11, 1, 1.0000, 0, '', '2018-03-15 19:21:00', '2018-03-15 19:21:00', NULL),
	(1925, 556, 13, 1, 1.0000, 0, '', '2018-03-15 19:21:00', '2018-03-15 19:21:00', NULL),
	(1926, 556, 12, 1, 3.0000, 0, '', '2018-03-15 19:21:00', '2018-03-15 19:21:00', NULL),
	(1927, 557, 1, 1, 1.0000, 0, '', '2018-03-15 19:33:31', '2018-03-15 19:33:31', NULL),
	(1928, 557, 3, 1, 1.0000, 0, '', '2018-03-15 19:33:31', '2018-03-15 19:33:31', NULL),
	(1929, 557, 2, 1, 1.0000, 0, '', '2018-03-15 19:33:31', '2018-03-15 19:33:31', NULL),
	(1930, 557, 7, 1, 1.0000, 0, '', '2018-03-15 19:33:31', '2018-03-15 19:33:31', NULL),
	(1931, 557, 8, 1, 1.0000, 0, '', '2018-03-15 19:33:31', '2018-03-15 19:33:31', NULL),
	(1932, 557, 9, 1, 3.0000, 0, '', '2018-03-15 19:33:31', '2018-03-15 19:33:31', NULL),
	(1933, 558, 11, 1, 1.0000, 0, '', '2018-03-15 19:33:51', '2018-03-15 19:33:51', NULL),
	(1934, 558, 12, 1, 1.0000, 0, '', '2018-03-15 19:33:51', '2018-03-15 19:33:51', NULL),
	(1935, 558, 13, 1, 4.0000, 0, '', '2018-03-15 19:33:51', '2018-03-15 19:33:51', NULL),
	(1936, 559, 11, 1, 1.0000, 0, '', '2018-03-15 19:34:27', '2018-03-15 19:34:27', NULL),
	(1937, 559, 12, 1, 1.0000, 0, '', '2018-03-15 19:34:27', '2018-03-15 19:34:27', NULL),
	(1938, 559, 13, 1, 1.0000, 0, '', '2018-03-15 19:34:27', '2018-03-15 19:34:27', NULL),
	(1939, 559, 14, 1, 5.0000, 0, '', '2018-03-15 19:34:27', '2018-03-15 19:34:27', NULL),
	(1940, 560, 1, 1, 1.0000, 0, '', '2018-03-15 19:40:02', '2018-03-15 19:40:02', NULL),
	(1941, 560, 2, 1, 2.0000, 0, '', '2018-03-15 19:40:02', '2018-03-15 19:40:02', NULL),
	(1942, 560, 3, 1, 4.0000, 0, '', '2018-03-15 19:40:02', '2018-03-15 19:40:02', NULL),
	(1943, 561, 1, 1, 1.0000, 0, '', '2018-03-15 19:41:43', '2018-03-15 19:41:43', NULL),
	(1944, 561, 2, 1, 4.0000, 0, '', '2018-03-15 19:41:43', '2018-03-15 19:41:43', NULL),
	(1945, 561, 3, 1, 3.0000, 0, '', '2018-03-15 19:41:43', '2018-03-15 19:41:43', NULL),
	(1946, 562, 11, 1, 1.0000, 0, '', '2018-03-15 19:41:55', '2018-03-15 19:41:55', NULL),
	(1947, 562, 12, 1, 1.0000, 0, '', '2018-03-15 19:41:55', '2018-03-15 19:41:55', NULL),
	(1948, 562, 13, 1, 4.0000, 0, '', '2018-03-15 19:41:55', '2018-03-15 19:41:55', NULL),
	(1949, 563, 1, 1, 1.0000, 0, '', '2018-03-15 19:51:13', '2018-03-15 19:51:13', NULL),
	(1950, 563, 2, 1, 1.0000, 0, '', '2018-03-15 19:51:13', '2018-03-15 19:51:13', NULL),
	(1951, 563, 3, 1, 3.0000, 0, '', '2018-03-15 19:51:13', '2018-03-15 19:51:13', NULL),
	(1952, 564, 11, 1, 1.0000, 0, '', '2018-03-15 19:51:27', '2018-03-15 19:51:27', NULL),
	(1953, 564, 12, 1, 1.0000, 0, '', '2018-03-15 19:51:27', '2018-03-15 19:51:27', NULL),
	(1954, 564, 13, 1, 1.0000, 0, '', '2018-03-15 19:51:27', '2018-03-15 19:51:27', NULL),
	(1955, 564, 14, 1, 5.0000, 0, '', '2018-03-15 19:51:27', '2018-03-15 19:51:27', NULL),
	(1956, 565, 1, 1, 1.0000, 0, '', '2018-03-15 20:01:07', '2018-03-15 20:01:07', NULL),
	(1957, 565, 2, 1, 1.0000, 0, '', '2018-03-15 20:01:07', '2018-03-15 20:01:07', NULL),
	(1958, 565, 3, 1, 3.0000, 0, '', '2018-03-15 20:01:07', '2018-03-15 20:01:07', NULL),
	(1959, 565, 11, 1, 1.0000, 0, '', '2018-03-15 20:01:07', '2018-03-15 20:01:07', NULL),
	(1960, 565, 12, 1, 1.0000, 0, '', '2018-03-15 20:01:07', '2018-03-15 20:01:07', NULL),
	(1961, 565, 13, 1, 1.0000, 0, '', '2018-03-15 20:01:07', '2018-03-15 20:01:07', NULL),
	(1962, 565, 14, 1, 4.0000, 0, '', '2018-03-15 20:01:07', '2018-03-15 20:01:07', NULL),
	(1963, 565, 15, 1, 2.0000, 0, '', '2018-03-15 20:01:07', '2018-03-15 20:01:07', NULL),
	(1964, 565, 163, 1, 3.0000, 0, '', '2018-03-15 20:01:07', '2018-03-15 20:01:07', NULL),
	(1965, 566, 15, 1, 1.0000, 0, '', '2018-03-17 19:45:52', '2018-03-17 19:45:52', NULL),
	(1966, 566, 163, 1, 1.0000, 0, '', '2018-03-17 19:45:52', '2018-03-17 19:45:52', NULL),
	(1967, 566, 12, 1, 3.0000, 0, '', '2018-03-17 19:45:52', '2018-03-17 19:45:52', NULL),
	(1968, 567, 81, 1, 10.0000, 0, '', '2018-03-17 19:46:18', '2018-03-17 19:46:18', NULL),
	(1969, 567, 78, 1, 3.0000, 0, '', '2018-03-17 19:46:18', '2018-03-17 19:46:18', NULL),
	(1975, 569, 11, 1, 1.0000, 0, '', '2018-03-17 19:50:01', '2018-03-17 19:50:01', NULL),
	(1976, 569, 12, 1, 1.0000, 0, '', '2018-03-17 19:50:01', '2018-03-17 19:50:01', NULL),
	(1977, 569, 13, 1, 1.0000, 0, '', '2018-03-17 19:50:01', '2018-03-17 19:50:01', NULL),
	(1978, 569, 14, 1, 1.0000, 0, '', '2018-03-17 19:50:01', '2018-03-17 19:50:01', NULL),
	(1979, 569, 15, 1, 3.0000, 0, '', '2018-03-17 19:50:01', '2018-03-17 19:50:01', NULL),
	(1983, 571, 1, 1, 1.0000, 1, '', '2018-03-17 20:50:55', '2018-03-17 20:52:38', NULL),
	(1984, 571, 2, 1, 1.0000, 1, '', '2018-03-17 20:50:56', '2018-03-17 20:52:38', NULL),
	(1985, 571, 3, 1, 1.0000, 1, '', '2018-03-17 20:50:56', '2018-03-17 20:52:39', NULL),
	(1986, 571, 4, 1, 6.0000, 0, '', '2018-03-17 20:50:56', '2018-03-17 20:50:56', NULL),
	(1987, 572, 93, 1, 1.0000, 0, '', '2018-03-18 09:58:13', '2018-03-18 09:58:13', NULL),
	(1988, 572, 94, 1, 1.0000, 0, '', '2018-03-18 09:58:13', '2018-03-18 09:58:13', NULL),
	(1989, 572, 95, 1, 1.0000, 0, '', '2018-03-18 09:58:13', '2018-03-18 09:58:13', NULL),
	(1990, 573, 1, 1, 1.0000, 0, '', '2018-03-18 10:11:17', '2018-03-18 10:11:17', NULL),
	(1991, 573, 2, 1, 1.0000, 0, '', '2018-03-18 10:11:17', '2018-03-18 10:11:17', NULL),
	(1992, 573, 3, 1, 4.0000, 0, '', '2018-03-18 10:11:17', '2018-03-18 10:11:17', NULL),
	(1993, 574, 11, 1, 2.0000, 0, '', '2018-03-18 10:12:32', '2018-03-18 10:12:32', NULL),
	(1994, 574, 12, 1, 2.0000, 0, '', '2018-03-18 10:12:32', '2018-03-18 10:12:32', NULL),
	(1995, 574, 13, 1, 2.0000, 0, '', '2018-03-18 10:12:32', '2018-03-18 10:12:32', NULL),
	(1996, 574, 14, 1, 1.0000, 0, '', '2018-03-18 10:12:32', '2018-03-18 10:12:32', NULL),
	(1997, 574, 15, 1, 6.0000, 0, '', '2018-03-18 10:12:33', '2018-03-18 10:12:33', NULL),
	(1998, 574, 164, 1, 1.0000, 0, '', '2018-03-18 10:12:33', '2018-03-18 10:12:33', NULL),
	(1999, 574, 165, 1, 1.0000, 0, '', '2018-03-18 10:12:33', '2018-03-18 10:12:33', NULL),
	(2000, 575, 287, 1, 1.0000, 0, '', '2018-03-18 10:14:04', '2018-03-18 10:14:04', NULL),
	(2001, 575, 328, 1, 2.0000, 0, '', '2018-03-18 10:14:04', '2018-03-18 10:14:04', NULL),
	(2002, 575, 329, 1, 2.0000, 0, '', '2018-03-18 10:14:05', '2018-03-18 10:14:05', NULL),
	(2003, 575, 330, 1, 1.0000, 0, '', '2018-03-18 10:14:05', '2018-03-18 10:14:05', NULL),
	(2004, 575, 331, 1, 7.0000, 0, '', '2018-03-18 10:14:05', '2018-03-18 10:14:05', NULL),
	(2005, 575, 332, 1, 2.0000, 0, '', '2018-03-18 10:14:05', '2018-03-18 10:14:05', NULL),
	(2006, 576, 287, 1, 4.0000, 0, '', '2018-03-18 10:15:47', '2018-03-18 10:15:47', NULL),
	(2007, 576, 328, 1, 2.0000, 0, '', '2018-03-18 10:15:47', '2018-03-18 10:15:47', NULL),
	(2008, 576, 329, 1, 1.0000, 0, '', '2018-03-18 10:15:47', '2018-03-18 10:15:47', NULL),
	(2009, 576, 330, 1, 1.0000, 0, '', '2018-03-18 10:15:47', '2018-03-18 10:15:47', NULL),
	(2010, 576, 331, 1, 1.0000, 0, '', '2018-03-18 10:15:47', '2018-03-18 10:15:47', NULL),
	(2011, 577, 158, 1, 5.0000, 0, '', '2018-03-18 10:15:47', '2018-03-18 10:15:47', NULL),
	(2012, 577, 203, 1, 2.0000, 0, '', '2018-03-18 10:15:47', '2018-03-18 10:15:47', NULL),
	(2013, 577, 204, 1, 1.0000, 0, '', '2018-03-18 10:15:47', '2018-03-18 10:15:47', NULL),
	(2014, 577, 275, 1, 1.0000, 0, '', '2018-03-18 10:15:47', '2018-03-18 10:15:47', NULL),
	(2015, 577, 140, 1, 1.0000, 0, '', '2018-03-18 10:15:47', '2018-03-18 10:15:47', NULL),
	(2016, 577, 141, 1, 1.0000, 0, '', '2018-03-18 10:15:47', '2018-03-18 10:15:47', NULL),
	(2017, 578, 328, 1, 2.0000, 0, '', '2018-03-18 10:16:36', '2018-03-18 10:16:36', NULL),
	(2018, 578, 329, 1, 2.0000, 0, '', '2018-03-18 10:16:36', '2018-03-18 10:16:36', NULL),
	(2019, 578, 330, 1, 1.0000, 0, '', '2018-03-18 10:16:36', '2018-03-18 10:16:36', NULL),
	(2020, 579, 167, 1, 1.0000, 0, '', '2018-03-18 10:16:37', '2018-03-18 10:16:37', NULL),
	(2021, 579, 168, 1, 1.0000, 0, '', '2018-03-18 10:16:37', '2018-03-18 10:16:37', NULL),
	(2022, 579, 157, 1, 1.0000, 0, '', '2018-03-18 10:16:37', '2018-03-18 10:16:37', NULL),
	(2023, 579, 158, 1, 1.0000, 0, '', '2018-03-18 10:16:37', '2018-03-18 10:16:37', NULL),
	(2024, 579, 277, 1, 2.0000, 0, '', '2018-03-18 10:16:37', '2018-03-18 10:16:37', NULL),
	(2025, 579, 203, 1, 1.0000, 0, '', '2018-03-18 10:16:37', '2018-03-18 10:16:37', NULL),
	(2026, 579, 204, 1, 1.0000, 0, '', '2018-03-18 10:16:37', '2018-03-18 10:16:37', NULL),
	(2027, 579, 275, 1, 1.0000, 0, '', '2018-03-18 10:16:37', '2018-03-18 10:16:37', NULL),
	(2028, 579, 129, 1, 1.0000, 0, '', '2018-03-18 10:16:37', '2018-03-18 10:16:37', NULL),
	(2029, 580, 287, 1, 3.0000, 0, '', '2018-03-18 10:17:03', '2018-03-18 10:17:03', NULL),
	(2030, 581, 130, 1, 4.0000, 0, '', '2018-03-18 10:17:03', '2018-03-18 10:17:03', NULL),
	(2031, 581, 131, 1, 1.0000, 0, '', '2018-03-18 10:17:03', '2018-03-18 10:17:03', NULL),
	(2032, 581, 133, 1, 2.0000, 0, '', '2018-03-18 10:17:03', '2018-03-18 10:17:03', NULL),
	(2033, 581, 134, 1, 6.0000, 0, '', '2018-03-18 10:17:03', '2018-03-18 10:17:03', NULL),
	(2034, 581, 132, 1, 4.0000, 0, '', '2018-03-18 10:17:03', '2018-03-18 10:17:03', NULL),
	(2035, 582, 15, 1, 1.0000, 0, '', '2018-03-18 10:19:10', '2018-03-18 10:19:10', NULL),
	(2036, 582, 12, 1, 2.0000, 0, '', '2018-03-18 10:19:10', '2018-03-18 10:19:10', NULL),
	(2037, 582, 13, 1, 7.0000, 0, '', '2018-03-18 10:19:10', '2018-03-18 10:19:10', NULL),
	(2038, 582, 165, 1, 2.0000, 0, '', '2018-03-18 10:19:10', '2018-03-18 10:19:10', NULL),
	(2039, 583, 188, 1, 3.0000, 0, '', '2018-03-18 10:19:10', '2018-03-18 10:19:10', NULL),
	(2040, 584, 11, 1, 1.0000, 0, '', '2018-03-18 10:19:40', '2018-03-18 10:19:40', NULL),
	(2041, 584, 12, 1, 1.0000, 0, '', '2018-03-18 10:19:40', '2018-03-18 10:19:40', NULL),
	(2042, 584, 13, 1, 1.0000, 0, '', '2018-03-18 10:19:40', '2018-03-18 10:19:40', NULL),
	(2043, 584, 163, 1, 1.0000, 0, '', '2018-03-18 10:19:40', '2018-03-18 10:19:40', NULL),
	(2044, 584, 15, 1, 2.0000, 0, '', '2018-03-18 10:19:40', '2018-03-18 10:19:40', NULL),
	(2045, 584, 14, 1, 2.0000, 0, '', '2018-03-18 10:19:40', '2018-03-18 10:19:40', NULL),
	(2046, 584, 29, 1, 2.0000, 0, '', '2018-03-18 10:19:40', '2018-03-18 10:19:40', NULL),
	(2047, 584, 30, 1, 2.0000, 0, '', '2018-03-18 10:19:40', '2018-03-18 10:19:40', NULL),
	(2055, 586, 329, 1, 1.0000, 0, '', '2018-03-18 10:20:45', '2018-03-18 10:20:45', NULL),
	(2056, 586, 330, 1, 2.0000, 0, '', '2018-03-18 10:20:45', '2018-03-18 10:20:45', NULL),
	(2057, 586, 333, 1, 2.0000, 0, '', '2018-03-18 10:20:45', '2018-03-18 10:20:45', NULL),
	(2058, 586, 332, 1, 2.0000, 0, '', '2018-03-18 10:20:45', '2018-03-18 10:20:45', NULL),
	(2059, 586, 331, 1, 2.0000, 0, '', '2018-03-18 10:20:45', '2018-03-18 10:20:45', NULL),
	(2060, 586, 792, 1, 3.0000, 0, '', '2018-03-18 10:20:45', '2018-03-18 10:20:45', NULL),
	(2061, 587, 171, 1, 2.0000, 0, '', '2018-03-18 10:20:45', '2018-03-18 10:20:45', NULL),
	(2062, 588, 287, 1, 4.0000, 0, '', '2018-03-18 10:23:10', '2018-03-18 10:23:10', NULL),
	(2063, 588, 282, 1, 2.0000, 0, '', '2018-03-18 10:23:10', '2018-03-18 10:23:10', NULL),
	(2064, 588, 281, 1, 1.0000, 0, '', '2018-03-18 10:23:10', '2018-03-18 10:23:10', NULL),
	(2065, 588, 280, 1, 1.0000, 0, '', '2018-03-18 10:23:10', '2018-03-18 10:23:10', NULL),
	(2066, 588, 330, 1, 2.0000, 0, '', '2018-03-18 10:23:10', '2018-03-18 10:23:10', NULL),
	(2067, 588, 329, 1, 2.0000, 0, '', '2018-03-18 10:23:10', '2018-03-18 10:23:10', NULL),
	(2068, 588, 328, 1, 2.0000, 0, '', '2018-03-18 10:23:10', '2018-03-18 10:23:10', NULL),
	(2069, 588, 331, 1, 2.0000, 0, '', '2018-03-18 10:23:10', '2018-03-18 10:23:10', NULL),
	(2070, 589, 773, 1, 1.0000, 0, '', '2018-03-18 10:23:54', '2018-03-18 10:23:54', NULL),
	(2071, 589, 776, 1, 1.0000, 0, '', '2018-03-18 10:23:54', '2018-03-18 10:23:54', NULL),
	(2072, 589, 775, 1, 1.0000, 0, '', '2018-03-18 10:23:54', '2018-03-18 10:23:54', NULL),
	(2073, 589, 778, 1, 1.0000, 0, '', '2018-03-18 10:23:54', '2018-03-18 10:23:54', NULL),
	(2074, 590, 158, 1, 1.0000, 0, '', '2018-03-18 10:23:54', '2018-03-18 10:23:54', NULL),
	(2075, 591, 280, 1, 1.0000, 0, '', '2018-03-18 10:24:29', '2018-03-18 10:24:29', NULL),
	(2076, 591, 281, 1, 1.0000, 0, '', '2018-03-18 10:24:30', '2018-03-18 10:24:30', NULL),
	(2077, 591, 282, 1, 2.0000, 0, '', '2018-03-18 10:24:30', '2018-03-18 10:24:30', NULL),
	(2078, 591, 328, 1, 2.0000, 0, '', '2018-03-18 10:24:30', '2018-03-18 10:24:30', NULL),
	(2079, 591, 329, 1, 1.0000, 0, '', '2018-03-18 10:24:30', '2018-03-18 10:24:30', NULL),
	(2080, 591, 330, 1, 1.0000, 0, '', '2018-03-18 10:24:30', '2018-03-18 10:24:30', NULL),
	(2081, 591, 331, 1, 2.0000, 0, '', '2018-03-18 10:24:30', '2018-03-18 10:24:30', NULL),
	(2082, 592, 329, 1, 1.0000, 0, '', '2018-03-18 10:24:52', '2018-03-18 10:24:52', NULL),
	(2083, 592, 332, 1, 1.0000, 0, '', '2018-03-18 10:24:52', '2018-03-18 10:24:52', NULL),
	(2084, 592, 333, 1, 1.0000, 0, '', '2018-03-18 10:24:52', '2018-03-18 10:24:52', NULL),
	(2085, 592, 331, 1, 1.0000, 0, '', '2018-03-18 10:24:52', '2018-03-18 10:24:52', NULL),
	(2086, 592, 464, 1, 1.0000, 0, '', '2018-03-18 10:24:52', '2018-03-18 10:24:52', NULL),
	(2087, 592, 465, 1, 1.0000, 0, '', '2018-03-18 10:24:53', '2018-03-18 10:24:53', NULL),
	(2088, 592, 280, 1, 4.0000, 0, '', '2018-03-18 10:24:53', '2018-03-18 10:24:53', NULL),
	(2089, 592, 281, 1, 1.0000, 0, '', '2018-03-18 10:24:53', '2018-03-18 10:24:53', NULL),
	(2090, 593, 287, 1, 5.0000, 0, '', '2018-03-18 10:25:42', '2018-03-18 10:25:42', NULL),
	(2091, 593, 329, 1, 2.0000, 0, '', '2018-03-18 10:25:42', '2018-03-18 10:25:42', NULL),
	(2092, 593, 332, 1, 2.0000, 0, '', '2018-03-18 10:25:42', '2018-03-18 10:25:42', NULL),
	(2093, 593, 333, 1, 2.0000, 0, '', '2018-03-18 10:25:42', '2018-03-18 10:25:42', NULL),
	(2094, 593, 330, 1, 1.0000, 0, '', '2018-03-18 10:25:42', '2018-03-18 10:25:42', NULL),
	(2095, 593, 328, 1, 1.0000, 0, '', '2018-03-18 10:25:42', '2018-03-18 10:25:42', NULL),
	(2096, 593, 331, 1, 1.0000, 0, '', '2018-03-18 10:25:42', '2018-03-18 10:25:42', NULL),
	(2097, 594, 158, 1, 1.0000, 0, '', '2018-03-18 10:25:42', '2018-03-18 10:25:42', NULL),
	(2098, 595, 334, 1, 1.0000, 0, '', '2018-03-18 10:26:36', '2018-03-18 10:26:36', NULL),
	(2099, 595, 335, 1, 2.0000, 0, '', '2018-03-18 10:26:36', '2018-03-18 10:26:36', NULL),
	(2100, 595, 332, 1, 3.0000, 0, '', '2018-03-18 10:26:36', '2018-03-18 10:26:36', NULL),
	(2101, 595, 333, 1, 2.0000, 0, '', '2018-03-18 10:26:36', '2018-03-18 10:26:36', NULL),
	(2102, 595, 336, 1, 2.0000, 0, '', '2018-03-18 10:26:36', '2018-03-18 10:26:36', NULL),
	(2103, 595, 329, 1, 2.0000, 0, '', '2018-03-18 10:26:36', '2018-03-18 10:26:36', NULL),
	(2104, 595, 330, 1, 2.0000, 0, '', '2018-03-18 10:26:36', '2018-03-18 10:26:36', NULL),
	(2105, 595, 328, 1, 1.0000, 0, '', '2018-03-18 10:26:36', '2018-03-18 10:26:36', NULL),
	(2106, 595, 331, 1, 1.0000, 0, '', '2018-03-18 10:26:36', '2018-03-18 10:26:36', NULL),
	(2107, 596, 171, 1, 1.0000, 0, '', '2018-03-18 10:26:36', '2018-03-18 10:26:36', NULL),
	(2108, 597, 158, 1, 1.0000, 0, '', '2018-03-18 10:26:36', '2018-03-18 10:26:36', NULL),
	(2109, 597, 129, 1, 1.0000, 0, '', '2018-03-18 10:26:36', '2018-03-18 10:26:36', NULL),
	(2110, 597, 130, 1, 1.0000, 0, '', '2018-03-18 10:26:36', '2018-03-18 10:26:36', NULL),
	(2111, 598, 203, 1, 4.0000, 0, '', '2018-03-18 10:27:04', '2018-03-18 10:27:04', NULL),
	(2112, 598, 275, 1, 2.0000, 0, '', '2018-03-18 10:27:04', '2018-03-18 10:27:04', NULL),
	(2113, 598, 204, 1, 4.0000, 0, '', '2018-03-18 10:27:04', '2018-03-18 10:27:04', NULL),
	(2114, 599, 287, 1, 2.0000, 0, '', '2018-03-18 10:27:33', '2018-03-18 10:27:33', NULL),
	(2115, 599, 328, 1, 1.0000, 0, '', '2018-03-18 10:27:33', '2018-03-18 10:27:33', NULL),
	(2116, 599, 329, 1, 1.0000, 0, '', '2018-03-18 10:27:33', '2018-03-18 10:27:33', NULL),
	(2117, 599, 330, 1, 1.0000, 0, '', '2018-03-18 10:27:33', '2018-03-18 10:27:33', NULL),
	(2118, 599, 332, 1, 1.0000, 0, '', '2018-03-18 10:27:33', '2018-03-18 10:27:33', NULL),
	(2119, 599, 333, 1, 1.0000, 0, '', '2018-03-18 10:27:33', '2018-03-18 10:27:33', NULL),
	(2120, 599, 336, 1, 1.0000, 0, '', '2018-03-18 10:27:33', '2018-03-18 10:27:33', NULL),
	(2121, 600, 158, 1, 2.0000, 0, '', '2018-03-18 10:27:33', '2018-03-18 10:27:33', NULL),
	(2122, 601, 280, 1, 2.0000, 0, '', '2018-03-18 10:28:03', '2018-03-18 10:28:03', NULL),
	(2123, 601, 281, 1, 2.0000, 0, '', '2018-03-18 10:28:03', '2018-03-18 10:28:03', NULL),
	(2124, 601, 282, 1, 2.0000, 0, '', '2018-03-18 10:28:03', '2018-03-18 10:28:03', NULL),
	(2125, 601, 328, 1, 2.0000, 0, '', '2018-03-18 10:28:03', '2018-03-18 10:28:03', NULL),
	(2126, 601, 329, 1, 1.0000, 0, '', '2018-03-18 10:28:03', '2018-03-18 10:28:03', NULL),
	(2127, 601, 330, 1, 1.0000, 0, '', '2018-03-18 10:28:03', '2018-03-18 10:28:03', NULL),
	(2128, 602, 332, 1, 2.0000, 0, '', '2018-03-18 10:28:29', '2018-03-18 10:28:29', NULL),
	(2129, 602, 333, 1, 2.0000, 0, '', '2018-03-18 10:28:29', '2018-03-18 10:28:29', NULL),
	(2130, 603, 203, 1, 2.0000, 0, '', '2018-03-18 10:28:29', '2018-03-18 10:28:29', NULL),
	(2131, 603, 204, 1, 2.0000, 0, '', '2018-03-18 10:28:29', '2018-03-18 10:28:29', NULL),
	(2132, 603, 157, 1, 2.0000, 0, '', '2018-03-18 10:28:29', '2018-03-18 10:28:29', NULL),
	(2133, 603, 167, 1, 1.0000, 0, '', '2018-03-18 10:28:29', '2018-03-18 10:28:29', NULL),
	(2134, 604, 72, 1, 1.0000, 0, '', '2018-03-18 10:29:00', '2018-03-18 10:29:00', NULL),
	(2135, 604, 73, 1, 1.0000, 0, '', '2018-03-18 10:29:00', '2018-03-18 10:29:00', NULL),
	(2136, 604, 74, 1, 1.0000, 0, '', '2018-03-18 10:29:00', '2018-03-18 10:29:00', NULL),
	(2137, 604, 77, 1, 1.0000, 0, '', '2018-03-18 10:29:00', '2018-03-18 10:29:00', NULL),
	(2138, 604, 76, 1, 1.0000, 0, '', '2018-03-18 10:29:00', '2018-03-18 10:29:00', NULL),
	(2139, 604, 75, 1, 1.0000, 0, '', '2018-03-18 10:29:00', '2018-03-18 10:29:00', NULL),
	(2140, 605, 203, 1, 1.0000, 0, '', '2018-03-18 10:29:00', '2018-03-18 10:29:00', NULL),
	(2141, 605, 204, 1, 1.0000, 0, '', '2018-03-18 10:29:00', '2018-03-18 10:29:00', NULL),
	(2142, 605, 275, 1, 1.0000, 0, '', '2018-03-18 10:29:00', '2018-03-18 10:29:00', NULL),
	(2143, 606, 1, 1, 1.0000, 0, '', '2018-03-18 10:29:29', '2018-03-18 10:29:29', NULL),
	(2144, 606, 2, 1, 1.0000, 0, '', '2018-03-18 10:29:29', '2018-03-18 10:29:29', NULL),
	(2145, 606, 3, 1, 1.0000, 0, '', '2018-03-18 10:29:29', '2018-03-18 10:29:29', NULL),
	(2146, 606, 4, 1, 1.0000, 0, '', '2018-03-18 10:29:29', '2018-03-18 10:29:29', NULL),
	(2147, 606, 5, 1, 1.0000, 0, '', '2018-03-18 10:29:29', '2018-03-18 10:29:29', NULL),
	(2148, 606, 6, 1, 1.0000, 0, '', '2018-03-18 10:29:29', '2018-03-18 10:29:29', NULL),
	(2149, 606, 7, 1, 1.0000, 0, '', '2018-03-18 10:29:29', '2018-03-18 10:29:29', NULL),
	(2150, 606, 10, 1, 1.0000, 0, '', '2018-03-18 10:29:29', '2018-03-18 10:29:29', NULL),
	(2151, 606, 795, 1, 1.0000, 0, '', '2018-03-18 10:29:29', '2018-03-18 10:29:29', NULL),
	(2152, 606, 8, 1, 1.0000, 0, '', '2018-03-18 10:29:29', '2018-03-18 10:29:29', NULL),
	(2153, 606, 166, 1, 1.0000, 0, '', '2018-03-18 10:29:29', '2018-03-18 10:29:29', NULL),
	(2154, 606, 793, 1, 1.0000, 0, '', '2018-03-18 10:29:29', '2018-03-18 10:29:29', NULL),
	(2155, 607, 11, 1, 1.0000, 0, '', '2018-03-18 10:30:05', '2018-03-18 10:30:05', NULL),
	(2156, 607, 12, 1, 1.0000, 0, '', '2018-03-18 10:30:05', '2018-03-18 10:30:05', NULL),
	(2157, 607, 13, 1, 1.0000, 0, '', '2018-03-18 10:30:05', '2018-03-18 10:30:05', NULL),
	(2158, 607, 14, 1, 1.0000, 0, '', '2018-03-18 10:30:05', '2018-03-18 10:30:05', NULL),
	(2159, 607, 15, 1, 1.0000, 0, '', '2018-03-18 10:30:05', '2018-03-18 10:30:05', NULL),
	(2160, 607, 163, 1, 1.0000, 0, '', '2018-03-18 10:30:05', '2018-03-18 10:30:05', NULL),
	(2161, 607, 164, 1, 2.0000, 0, '', '2018-03-18 10:30:05', '2018-03-18 10:30:05', NULL),
	(2162, 607, 165, 1, 1.0000, 0, '', '2018-03-18 10:30:05', '2018-03-18 10:30:05', NULL),
	(2163, 607, 794, 1, 1.0000, 0, '', '2018-03-18 10:30:05', '2018-03-18 10:30:05', NULL),
	(2164, 608, 70, 1, 1.0000, 0, '', '2018-03-18 10:30:06', '2018-03-18 10:30:06', NULL),
	(2165, 608, 71, 1, 1.0000, 0, '', '2018-03-18 10:30:06', '2018-03-18 10:30:06', NULL),
	(2166, 608, 111, 1, 1.0000, 0, '', '2018-03-18 10:30:06', '2018-03-18 10:30:06', NULL),
	(2167, 609, 1, 1, 1.0000, 0, '', '2018-03-18 10:30:56', '2018-03-18 10:30:56', NULL),
	(2168, 609, 2, 1, 1.0000, 0, '', '2018-03-18 10:30:56', '2018-03-18 10:30:56', NULL),
	(2169, 609, 3, 1, 1.0000, 0, '', '2018-03-18 10:30:56', '2018-03-18 10:30:56', NULL),
	(2170, 609, 4, 1, 2.0000, 0, '', '2018-03-18 10:30:56', '2018-03-18 10:30:56', NULL),
	(2171, 609, 795, 1, 1.0000, 0, '', '2018-03-18 10:30:56', '2018-03-18 10:30:56', NULL),
	(2172, 610, 1, 1, 1.0000, 0, '', '2018-03-18 10:31:25', '2018-03-18 10:31:25', NULL),
	(2173, 610, 3, 1, 2.0000, 0, '', '2018-03-18 10:31:25', '2018-03-18 10:31:25', NULL),
	(2174, 610, 2, 1, 1.0000, 0, '', '2018-03-18 10:31:25', '2018-03-18 10:31:25', NULL),
	(2175, 610, 4, 1, 1.0000, 0, '', '2018-03-18 10:31:25', '2018-03-18 10:31:25', NULL),
	(2176, 610, 7, 1, 1.0000, 0, '', '2018-03-18 10:31:25', '2018-03-18 10:31:25', NULL),
	(2177, 610, 8, 1, 1.0000, 0, '', '2018-03-18 10:31:26', '2018-03-18 10:31:26', NULL),
	(2178, 611, 280, 1, 1.0000, 0, '', '2018-03-18 10:31:46', '2018-03-18 10:31:46', NULL),
	(2179, 611, 281, 1, 1.0000, 0, '', '2018-03-18 10:31:46', '2018-03-18 10:31:46', NULL),
	(2180, 611, 282, 1, 1.0000, 0, '', '2018-03-18 10:31:46', '2018-03-18 10:31:46', NULL),
	(2181, 611, 328, 1, 1.0000, 0, '', '2018-03-18 10:31:46', '2018-03-18 10:31:46', NULL),
	(2182, 611, 329, 1, 1.0000, 0, '', '2018-03-18 10:31:47', '2018-03-18 10:31:47', NULL),
	(2183, 611, 330, 1, 1.0000, 0, '', '2018-03-18 10:31:47', '2018-03-18 10:31:47', NULL),
	(2184, 611, 331, 1, 1.0000, 0, '', '2018-03-18 10:31:47', '2018-03-18 10:31:47', NULL),
	(2185, 611, 334, 1, 1.0000, 0, '', '2018-03-18 10:31:47', '2018-03-18 10:31:47', NULL),
	(2186, 612, 1, 1, 1.0000, 0, '', '2018-03-18 10:32:15', '2018-03-18 10:32:15', NULL),
	(2187, 612, 2, 1, 1.0000, 0, '', '2018-03-18 10:32:15', '2018-03-18 10:32:15', NULL),
	(2188, 612, 3, 1, 1.0000, 0, '', '2018-03-18 10:32:15', '2018-03-18 10:32:15', NULL),
	(2189, 612, 4, 1, 1.0000, 0, '', '2018-03-18 10:32:15', '2018-03-18 10:32:15', NULL),
	(2190, 612, 5, 1, 1.0000, 0, '', '2018-03-18 10:32:15', '2018-03-18 10:32:15', NULL),
	(2191, 612, 6, 1, 1.0000, 0, '', '2018-03-18 10:32:15', '2018-03-18 10:32:15', NULL),
	(2192, 613, 1, 1, 1.0000, 0, '', '2018-03-18 10:32:41', '2018-03-18 10:32:41', NULL),
	(2193, 613, 7, 1, 1.0000, 0, '', '2018-03-18 10:32:41', '2018-03-18 10:32:41', NULL),
	(2194, 613, 8, 1, 1.0000, 0, '', '2018-03-18 10:32:41', '2018-03-18 10:32:41', NULL),
	(2195, 613, 9, 1, 4.0000, 0, '', '2018-03-18 10:32:41', '2018-03-18 10:32:41', NULL),
	(2196, 614, 1, 1, 1.0000, 0, '', '2018-03-18 10:32:58', '2018-03-18 10:32:58', NULL),
	(2197, 614, 2, 1, 1.0000, 0, '', '2018-03-18 10:32:58', '2018-03-18 10:32:58', NULL),
	(2198, 614, 3, 1, 1.0000, 0, '', '2018-03-18 10:32:58', '2018-03-18 10:32:58', NULL),
	(2199, 614, 4, 1, 1.0000, 0, '', '2018-03-18 10:32:58', '2018-03-18 10:32:58', NULL),
	(2200, 614, 7, 1, 4.0000, 0, '', '2018-03-18 10:32:58', '2018-03-18 10:32:58', NULL),
	(2201, 615, 29, 1, 5.0000, 0, '', '2018-03-18 10:33:22', '2018-03-18 10:33:22', NULL),
	(2202, 615, 30, 1, 1.0000, 0, '', '2018-03-18 10:33:22', '2018-03-18 10:33:22', NULL),
	(2203, 615, 31, 1, 1.0000, 0, '', '2018-03-18 10:33:22', '2018-03-18 10:33:22', NULL),
	(2204, 615, 32, 1, 1.0000, 0, '', '2018-03-18 10:33:22', '2018-03-18 10:33:22', NULL),
	(2205, 615, 33, 1, 1.0000, 0, '', '2018-03-18 10:33:22', '2018-03-18 10:33:22', NULL),
	(2206, 615, 34, 1, 1.0000, 0, '', '2018-03-18 10:33:22', '2018-03-18 10:33:22', NULL),
	(2207, 615, 35, 1, 2.0000, 0, '', '2018-03-18 10:33:22', '2018-03-18 10:33:22', NULL),
	(2208, 616, 1, 1, 1.0000, 0, '', '2018-03-18 10:33:58', '2018-03-18 10:33:58', NULL),
	(2209, 616, 2, 1, 1.0000, 0, '', '2018-03-18 10:33:58', '2018-03-18 10:33:58', NULL),
	(2210, 616, 3, 1, 1.0000, 0, '', '2018-03-18 10:33:58', '2018-03-18 10:33:58', NULL),
	(2211, 616, 4, 1, 1.0000, 0, '', '2018-03-18 10:33:58', '2018-03-18 10:33:58', NULL),
	(2212, 616, 7, 1, 8.0000, 0, '', '2018-03-18 10:33:58', '2018-03-18 10:33:58', NULL),
	(2213, 616, 166, 1, 1.0000, 0, '', '2018-03-18 10:33:58', '2018-03-18 10:33:58', NULL),
	(2214, 616, 793, 1, 1.0000, 0, '', '2018-03-18 10:33:58', '2018-03-18 10:33:58', NULL),
	(2215, 616, 9, 1, 1.0000, 0, '', '2018-03-18 10:33:58', '2018-03-18 10:33:58', NULL),
	(2216, 616, 29, 1, 1.0000, 0, '', '2018-03-18 10:33:58', '2018-03-18 10:33:58', NULL),
	(2217, 616, 30, 1, 1.0000, 0, '', '2018-03-18 10:33:58', '2018-03-18 10:33:58', NULL),
	(2218, 616, 31, 1, 1.0000, 0, '', '2018-03-18 10:33:58', '2018-03-18 10:33:58', NULL),
	(2219, 616, 32, 1, 1.0000, 0, '', '2018-03-18 10:33:58', '2018-03-18 10:33:58', NULL),
	(2220, 616, 33, 1, 1.0000, 0, '', '2018-03-18 10:33:58', '2018-03-18 10:33:58', NULL),
	(2221, 616, 34, 1, 1.0000, 0, '', '2018-03-18 10:33:58', '2018-03-18 10:33:58', NULL),
	(2222, 616, 35, 1, 4.0000, 0, '', '2018-03-18 10:33:58', '2018-03-18 10:33:58', NULL),
	(2223, 616, 36, 1, 1.0000, 0, '', '2018-03-18 10:33:58', '2018-03-18 10:33:58', NULL),
	(2224, 617, 29, 1, 1.0000, 0, '', '2018-03-18 10:34:40', '2018-03-18 10:34:40', NULL),
	(2225, 617, 30, 1, 1.0000, 0, '', '2018-03-18 10:34:40', '2018-03-18 10:34:40', NULL),
	(2226, 617, 31, 1, 1.0000, 0, '', '2018-03-18 10:34:40', '2018-03-18 10:34:40', NULL),
	(2227, 617, 32, 1, 2.0000, 0, '', '2018-03-18 10:34:40', '2018-03-18 10:34:40', NULL),
	(2228, 617, 33, 1, 2.0000, 0, '', '2018-03-18 10:34:40', '2018-03-18 10:34:40', NULL),
	(2229, 617, 34, 1, 2.0000, 0, '', '2018-03-18 10:34:40', '2018-03-18 10:34:40', NULL),
	(2230, 617, 35, 1, 3.0000, 0, '', '2018-03-18 10:34:40', '2018-03-18 10:34:40', NULL),
	(2231, 617, 36, 1, 2.0000, 0, '', '2018-03-18 10:34:40', '2018-03-18 10:34:40', NULL),
	(2232, 618, 78, 1, 3.0000, 0, '', '2018-03-18 10:34:40', '2018-03-18 10:34:40', NULL),
	(2233, 618, 79, 1, 1.0000, 0, '', '2018-03-18 10:34:40', '2018-03-18 10:34:40', NULL),
	(2234, 618, 80, 1, 1.0000, 0, '', '2018-03-18 10:34:40', '2018-03-18 10:34:40', NULL),
	(2235, 618, 81, 1, 3.0000, 0, '', '2018-03-18 10:34:40', '2018-03-18 10:34:40', NULL),
	(2236, 618, 82, 1, 1.0000, 0, '', '2018-03-18 10:34:40', '2018-03-18 10:34:40', NULL),
	(2237, 618, 83, 1, 1.0000, 0, '', '2018-03-18 10:34:40', '2018-03-18 10:34:40', NULL),
	(2238, 618, 84, 1, 2.0000, 0, '', '2018-03-18 10:34:40', '2018-03-18 10:34:40', NULL),
	(2239, 619, 1, 1, 1.0000, 0, '', '2018-03-18 10:35:33', '2018-03-18 10:35:33', NULL),
	(2240, 619, 2, 1, 2.0000, 0, '', '2018-03-18 10:35:33', '2018-03-18 10:35:33', NULL),
	(2241, 619, 3, 1, 2.0000, 0, '', '2018-03-18 10:35:33', '2018-03-18 10:35:33', NULL),
	(2242, 619, 4, 1, 2.0000, 0, '', '2018-03-18 10:35:33', '2018-03-18 10:35:33', NULL),
	(2243, 619, 6, 1, 1.0000, 0, '', '2018-03-18 10:35:33', '2018-03-18 10:35:33', NULL),
	(2244, 619, 5, 1, 1.0000, 0, '', '2018-03-18 10:35:33', '2018-03-18 10:35:33', NULL),
	(2245, 619, 10, 1, 1.0000, 0, '', '2018-03-18 10:35:33', '2018-03-18 10:35:33', NULL),
	(2246, 619, 166, 1, 1.0000, 0, '', '2018-03-18 10:35:33', '2018-03-18 10:35:33', NULL),
	(2247, 619, 793, 1, 1.0000, 0, '', '2018-03-18 10:35:33', '2018-03-18 10:35:33', NULL),
	(2248, 620, 37, 1, 1.0000, 0, '', '2018-03-18 10:35:34', '2018-03-18 10:35:34', NULL),
	(2249, 620, 38, 1, 1.0000, 0, '', '2018-03-18 10:35:34', '2018-03-18 10:35:34', NULL),
	(2250, 620, 39, 1, 1.0000, 0, '', '2018-03-18 10:35:34', '2018-03-18 10:35:34', NULL),
	(2251, 620, 42, 1, 1.0000, 0, '', '2018-03-18 10:35:34', '2018-03-18 10:35:34', NULL),
	(2252, 620, 40, 1, 1.0000, 0, '', '2018-03-18 10:35:34', '2018-03-18 10:35:34', NULL),
	(2253, 620, 43, 1, 1.0000, 0, '', '2018-03-18 10:35:34', '2018-03-18 10:35:34', NULL),
	(2254, 621, 795, 1, 1.0000, 0, '', '2018-03-18 10:36:39', '2018-03-18 10:36:39', NULL),
	(2255, 621, 32, 1, 1.0000, 0, '', '2018-03-18 10:36:39', '2018-03-18 10:36:39', NULL),
	(2256, 621, 33, 1, 1.0000, 0, '', '2018-03-18 10:36:39', '2018-03-18 10:36:39', NULL),
	(2257, 621, 34, 1, 1.0000, 0, '', '2018-03-18 10:36:39', '2018-03-18 10:36:39', NULL),
	(2258, 621, 31, 1, 1.0000, 0, '', '2018-03-18 10:36:39', '2018-03-18 10:36:39', NULL),
	(2259, 621, 30, 1, 1.0000, 0, '', '2018-03-18 10:36:39', '2018-03-18 10:36:39', NULL),
	(2260, 621, 29, 1, 1.0000, 0, '', '2018-03-18 10:36:39', '2018-03-18 10:36:39', NULL),
	(2261, 621, 35, 1, 1.0000, 0, '', '2018-03-18 10:36:39', '2018-03-18 10:36:39', NULL),
	(2262, 621, 36, 1, 2.0000, 0, '', '2018-03-18 10:36:39', '2018-03-18 10:36:39', NULL),
	(2263, 621, 1, 1, 1.0000, 0, '', '2018-03-18 10:36:39', '2018-03-18 10:36:39', NULL),
	(2264, 621, 3, 1, 1.0000, 0, '', '2018-03-18 10:36:39', '2018-03-18 10:36:39', NULL),
	(2265, 621, 4, 1, 1.0000, 0, '', '2018-03-18 10:36:39', '2018-03-18 10:36:39', NULL),
	(2266, 621, 5, 1, 1.0000, 0, '', '2018-03-18 10:36:39', '2018-03-18 10:36:39', NULL),
	(2267, 621, 6, 1, 1.0000, 0, '', '2018-03-18 10:36:39', '2018-03-18 10:36:39', NULL),
	(2268, 621, 7, 1, 1.0000, 0, '', '2018-03-18 10:36:39', '2018-03-18 10:36:39', NULL),
	(2269, 622, 70, 1, 1.0000, 0, '', '2018-03-18 10:36:39', '2018-03-18 10:36:39', NULL),
	(2270, 622, 111, 1, 1.0000, 0, '', '2018-03-18 10:36:40', '2018-03-18 10:36:40', NULL),
	(2271, 622, 71, 1, 1.0000, 0, '', '2018-03-18 10:36:40', '2018-03-18 10:36:40', NULL),
	(2272, 622, 78, 1, 1.0000, 0, '', '2018-03-18 10:36:40', '2018-03-18 10:36:40', NULL),
	(2273, 622, 79, 1, 1.0000, 0, '', '2018-03-18 10:36:40', '2018-03-18 10:36:40', NULL),
	(2274, 622, 80, 1, 1.0000, 0, '', '2018-03-18 10:36:40', '2018-03-18 10:36:40', NULL),
	(2275, 622, 81, 1, 1.0000, 0, '', '2018-03-18 10:36:40', '2018-03-18 10:36:40', NULL),
	(2276, 622, 84, 1, 1.0000, 0, '', '2018-03-18 10:36:40', '2018-03-18 10:36:40', NULL),
	(2277, 623, 1, 1, 1.0000, 0, '', '2018-03-18 10:37:11', '2018-03-18 10:37:11', NULL),
	(2278, 623, 2, 1, 1.0000, 0, '', '2018-03-18 10:37:11', '2018-03-18 10:37:11', NULL),
	(2279, 623, 3, 1, 1.0000, 0, '', '2018-03-18 10:37:11', '2018-03-18 10:37:11', NULL),
	(2280, 623, 6, 1, 1.0000, 0, '', '2018-03-18 10:37:11', '2018-03-18 10:37:11', NULL),
	(2281, 623, 5, 1, 1.0000, 0, '', '2018-03-18 10:37:11', '2018-03-18 10:37:11', NULL),
	(2282, 623, 4, 1, 1.0000, 0, '', '2018-03-18 10:37:11', '2018-03-18 10:37:11', NULL),
	(2283, 623, 7, 1, 1.0000, 0, '', '2018-03-18 10:37:11', '2018-03-18 10:37:11', NULL),
	(2284, 623, 8, 1, 1.0000, 0, '', '2018-03-18 10:37:11', '2018-03-18 10:37:11', NULL),
	(2285, 623, 9, 1, 1.0000, 0, '', '2018-03-18 10:37:11', '2018-03-18 10:37:11', NULL),
	(2286, 623, 328, 1, 1.0000, 0, '', '2018-03-18 10:37:11', '2018-03-18 10:37:11', NULL),
	(2287, 623, 329, 1, 1.0000, 0, '', '2018-03-18 10:37:11', '2018-03-18 10:37:11', NULL),
	(2288, 623, 330, 1, 1.0000, 0, '', '2018-03-18 10:37:11', '2018-03-18 10:37:11', NULL),
	(2289, 623, 331, 1, 1.0000, 0, '', '2018-03-18 10:37:11', '2018-03-18 10:37:11', NULL),
	(2290, 623, 332, 1, 1.0000, 0, '', '2018-03-18 10:37:11', '2018-03-18 10:37:11', NULL),
	(2291, 623, 333, 1, 1.0000, 0, '', '2018-03-18 10:37:11', '2018-03-18 10:37:11', NULL),
	(2292, 624, 328, 1, 1.0000, 0, '', '2018-03-18 10:37:46', '2018-03-18 10:37:46', NULL),
	(2293, 624, 329, 1, 1.0000, 0, '', '2018-03-18 10:37:46', '2018-03-18 10:37:46', NULL),
	(2294, 624, 330, 1, 1.0000, 0, '', '2018-03-18 10:37:47', '2018-03-18 10:37:47', NULL),
	(2295, 624, 333, 1, 1.0000, 0, '', '2018-03-18 10:37:47', '2018-03-18 10:37:47', NULL),
	(2296, 624, 332, 1, 1.0000, 0, '', '2018-03-18 10:37:47', '2018-03-18 10:37:47', NULL),
	(2297, 624, 331, 1, 1.0000, 0, '', '2018-03-18 10:37:47', '2018-03-18 10:37:47', NULL),
	(2298, 624, 436, 1, 1.0000, 0, '', '2018-03-18 10:37:47', '2018-03-18 10:37:47', NULL),
	(2299, 624, 437, 1, 1.0000, 0, '', '2018-03-18 10:37:47', '2018-03-18 10:37:47', NULL),
	(2300, 624, 438, 1, 1.0000, 0, '', '2018-03-18 10:37:47', '2018-03-18 10:37:47', NULL),
	(2301, 624, 435, 1, 1.0000, 0, '', '2018-03-18 10:37:47', '2018-03-18 10:37:47', NULL),
	(2302, 624, 433, 1, 1.0000, 0, '', '2018-03-18 10:37:47', '2018-03-18 10:37:47', NULL),
	(2303, 624, 434, 1, 2.0000, 0, '', '2018-03-18 10:37:47', '2018-03-18 10:37:47', NULL),
	(2304, 624, 431, 1, 1.0000, 0, '', '2018-03-18 10:37:47', '2018-03-18 10:37:47', NULL),
	(2305, 624, 430, 1, 3.0000, 0, '', '2018-03-18 10:37:47', '2018-03-18 10:37:47', NULL),
	(2306, 625, 1, 1, 1.0000, 0, '', '2018-03-18 10:38:18', '2018-03-18 10:38:18', NULL),
	(2307, 625, 2, 1, 1.0000, 0, '', '2018-03-18 10:38:19', '2018-03-18 10:38:19', NULL),
	(2308, 625, 3, 1, 1.0000, 0, '', '2018-03-18 10:38:19', '2018-03-18 10:38:19', NULL),
	(2309, 625, 6, 1, 1.0000, 0, '', '2018-03-18 10:38:19', '2018-03-18 10:38:19', NULL),
	(2310, 625, 5, 1, 1.0000, 0, '', '2018-03-18 10:38:19', '2018-03-18 10:38:19', NULL),
	(2311, 625, 4, 1, 1.0000, 0, '', '2018-03-18 10:38:19', '2018-03-18 10:38:19', NULL),
	(2312, 625, 7, 1, 1.0000, 0, '', '2018-03-18 10:38:19', '2018-03-18 10:38:19', NULL),
	(2313, 625, 8, 1, 1.0000, 0, '', '2018-03-18 10:38:19', '2018-03-18 10:38:19', NULL),
	(2314, 625, 9, 1, 1.0000, 0, '', '2018-03-18 10:38:19', '2018-03-18 10:38:19', NULL),
	(2315, 625, 328, 1, 2.0000, 0, '', '2018-03-18 10:38:19', '2018-03-18 10:38:19', NULL),
	(2316, 625, 329, 1, 2.0000, 0, '', '2018-03-18 10:38:19', '2018-03-18 10:38:19', NULL),
	(2317, 625, 330, 1, 2.0000, 0, '', '2018-03-18 10:38:19', '2018-03-18 10:38:19', NULL),
	(2318, 625, 331, 1, 2.0000, 0, '', '2018-03-18 10:38:19', '2018-03-18 10:38:19', NULL),
	(2319, 625, 332, 1, 2.0000, 0, '', '2018-03-18 10:38:19', '2018-03-18 10:38:19', NULL),
	(2320, 625, 333, 1, 2.0000, 0, '', '2018-03-18 10:38:19', '2018-03-18 10:38:19', NULL),
	(2321, 625, 436, 1, 1.0000, 0, '', '2018-03-18 10:38:19', '2018-03-18 10:38:19', NULL),
	(2322, 625, 437, 1, 1.0000, 0, '', '2018-03-18 10:38:19', '2018-03-18 10:38:19', NULL),
	(2323, 625, 438, 1, 1.0000, 0, '', '2018-03-18 10:38:19', '2018-03-18 10:38:19', NULL),
	(2324, 625, 435, 1, 1.0000, 0, '', '2018-03-18 10:38:19', '2018-03-18 10:38:19', NULL),
	(2325, 625, 433, 1, 1.0000, 0, '', '2018-03-18 10:38:19', '2018-03-18 10:38:19', NULL),
	(2326, 625, 434, 1, 2.0000, 0, '', '2018-03-18 10:38:19', '2018-03-18 10:38:19', NULL),
	(2327, 625, 431, 1, 1.0000, 0, '', '2018-03-18 10:38:19', '2018-03-18 10:38:19', NULL),
	(2328, 625, 430, 1, 3.0000, 0, '', '2018-03-18 10:38:19', '2018-03-18 10:38:19', NULL),
	(2329, 626, 1, 1, 1.0000, 0, '', '2018-03-18 10:39:42', '2018-03-18 10:39:42', NULL),
	(2330, 626, 2, 1, 1.0000, 0, '', '2018-03-18 10:39:42', '2018-03-18 10:39:42', NULL),
	(2331, 626, 3, 1, 1.0000, 0, '', '2018-03-18 10:39:42', '2018-03-18 10:39:42', NULL),
	(2332, 626, 5, 1, 1.0000, 0, '', '2018-03-18 10:39:42', '2018-03-18 10:39:42', NULL),
	(2333, 626, 6, 1, 1.0000, 0, '', '2018-03-18 10:39:42', '2018-03-18 10:39:42', NULL),
	(2334, 626, 10, 1, 1.0000, 0, '', '2018-03-18 10:39:42', '2018-03-18 10:39:42', NULL),
	(2335, 626, 166, 1, 1.0000, 0, '', '2018-03-18 10:39:42', '2018-03-18 10:39:42', NULL),
	(2336, 626, 793, 1, 1.0000, 0, '', '2018-03-18 10:39:42', '2018-03-18 10:39:42', NULL),
	(2337, 626, 795, 1, 4.0000, 0, '', '2018-03-18 10:39:42', '2018-03-18 10:39:42', NULL),
	(2338, 627, 11, 1, 1.0000, 0, '', '2018-03-18 10:40:19', '2018-03-18 10:40:19', NULL),
	(2339, 627, 12, 1, 1.0000, 0, '', '2018-03-18 10:40:19', '2018-03-18 10:40:19', NULL),
	(2340, 627, 13, 1, 1.0000, 0, '', '2018-03-18 10:40:19', '2018-03-18 10:40:19', NULL),
	(2341, 627, 15, 1, 1.0000, 0, '', '2018-03-18 10:40:19', '2018-03-18 10:40:19', NULL),
	(2342, 627, 14, 1, 1.0000, 0, '', '2018-03-18 10:40:19', '2018-03-18 10:40:19', NULL),
	(2343, 627, 163, 1, 1.0000, 0, '', '2018-03-18 10:40:19', '2018-03-18 10:40:19', NULL),
	(2344, 627, 164, 1, 1.0000, 0, '', '2018-03-18 10:40:19', '2018-03-18 10:40:19', NULL),
	(2345, 627, 165, 1, 1.0000, 0, '', '2018-03-18 10:40:19', '2018-03-18 10:40:19', NULL),
	(2346, 628, 70, 1, 1.0000, 0, '', '2018-03-18 10:40:19', '2018-03-18 10:40:19', NULL),
	(2347, 628, 71, 1, 1.0000, 0, '', '2018-03-18 10:40:19', '2018-03-18 10:40:19', NULL),
	(2348, 628, 111, 1, 1.0000, 0, '', '2018-03-18 10:40:19', '2018-03-18 10:40:19', NULL),
	(2349, 628, 72, 1, 1.0000, 0, '', '2018-03-18 10:40:19', '2018-03-18 10:40:19', NULL),
	(2350, 628, 73, 1, 1.0000, 0, '', '2018-03-18 10:40:19', '2018-03-18 10:40:19', NULL),
	(2351, 628, 74, 1, 1.0000, 0, '', '2018-03-18 10:40:19', '2018-03-18 10:40:19', NULL),
	(2352, 628, 75, 1, 1.0000, 0, '', '2018-03-18 10:40:19', '2018-03-18 10:40:19', NULL),
	(2353, 628, 76, 1, 1.0000, 0, '', '2018-03-18 10:40:20', '2018-03-18 10:40:20', NULL),
	(2354, 628, 77, 1, 1.0000, 0, '', '2018-03-18 10:40:20', '2018-03-18 10:40:20', NULL),
	(2355, 629, 1, 1, 1.0000, 0, '', '2018-03-18 10:42:58', '2018-03-18 10:42:58', NULL),
	(2356, 629, 2, 1, 1.0000, 0, '', '2018-03-18 10:42:58', '2018-03-18 10:42:58', NULL),
	(2357, 629, 3, 1, 1.0000, 0, '', '2018-03-18 10:42:58', '2018-03-18 10:42:58', NULL),
	(2358, 629, 6, 1, 1.0000, 0, '', '2018-03-18 10:42:58', '2018-03-18 10:42:58', NULL),
	(2359, 629, 5, 1, 1.0000, 0, '', '2018-03-18 10:42:58', '2018-03-18 10:42:58', NULL),
	(2360, 629, 10, 1, 1.0000, 0, '', '2018-03-18 10:42:58', '2018-03-18 10:42:58', NULL),
	(2361, 629, 166, 1, 1.0000, 0, '', '2018-03-18 10:42:58', '2018-03-18 10:42:58', NULL),
	(2362, 629, 793, 1, 1.0000, 0, '', '2018-03-18 10:42:58', '2018-03-18 10:42:58', NULL),
	(2363, 629, 795, 1, 1.0000, 0, '', '2018-03-18 10:42:59', '2018-03-18 10:42:59', NULL),
	(2364, 629, 11, 1, 1.0000, 0, '', '2018-03-18 10:42:59', '2018-03-18 10:42:59', NULL),
	(2365, 629, 12, 1, 1.0000, 0, '', '2018-03-18 10:42:59', '2018-03-18 10:42:59', NULL),
	(2366, 629, 13, 1, 1.0000, 0, '', '2018-03-18 10:42:59', '2018-03-18 10:42:59', NULL),
	(2367, 629, 163, 1, 1.0000, 0, '', '2018-03-18 10:42:59', '2018-03-18 10:42:59', NULL),
	(2368, 629, 15, 1, 1.0000, 0, '', '2018-03-18 10:42:59', '2018-03-18 10:42:59', NULL),
	(2369, 629, 14, 1, 1.0000, 0, '', '2018-03-18 10:42:59', '2018-03-18 10:42:59', NULL),
	(2370, 629, 164, 1, 1.0000, 0, '', '2018-03-18 10:42:59', '2018-03-18 10:42:59', NULL),
	(2371, 629, 165, 1, 1.0000, 0, '', '2018-03-18 10:42:59', '2018-03-18 10:42:59', NULL),
	(2372, 629, 794, 1, 1.0000, 0, '', '2018-03-18 10:42:59', '2018-03-18 10:42:59', NULL),
	(2373, 630, 81, 1, 3.0000, 0, '', '2018-03-18 10:43:35', '2018-03-18 10:43:35', NULL),
	(2374, 630, 82, 1, 1.0000, 0, '', '2018-03-18 10:43:35', '2018-03-18 10:43:35', NULL),
	(2375, 630, 83, 1, 2.0000, 0, '', '2018-03-18 10:43:35', '2018-03-18 10:43:35', NULL),
	(2376, 630, 80, 1, 2.0000, 0, '', '2018-03-18 10:43:35', '2018-03-18 10:43:35', NULL),
	(2377, 630, 79, 1, 2.0000, 0, '', '2018-03-18 10:43:35', '2018-03-18 10:43:35', NULL),
	(2378, 630, 78, 1, 2.0000, 0, '', '2018-03-18 10:43:35', '2018-03-18 10:43:35', NULL),
	(2379, 630, 84, 1, 2.0000, 0, '', '2018-03-18 10:43:35', '2018-03-18 10:43:35', NULL),
	(2380, 630, 85, 1, 2.0000, 0, '', '2018-03-18 10:43:35', '2018-03-18 10:43:35', NULL),
	(2381, 630, 86, 1, 5.0000, 0, '', '2018-03-18 10:43:35', '2018-03-18 10:43:35', NULL),
	(2382, 631, 1, 1, 1.0000, 0, '', '2018-03-18 10:44:32', '2018-03-18 10:44:32', NULL),
	(2383, 631, 2, 1, 1.0000, 0, '', '2018-03-18 10:44:32', '2018-03-18 10:44:32', NULL),
	(2384, 631, 3, 1, 1.0000, 0, '', '2018-03-18 10:44:32', '2018-03-18 10:44:32', NULL),
	(2385, 631, 6, 1, 1.0000, 0, '', '2018-03-18 10:44:32', '2018-03-18 10:44:32', NULL),
	(2386, 631, 5, 1, 1.0000, 0, '', '2018-03-18 10:44:32', '2018-03-18 10:44:32', NULL),
	(2387, 631, 4, 1, 1.0000, 0, '', '2018-03-18 10:44:32', '2018-03-18 10:44:32', NULL),
	(2388, 631, 7, 1, 1.0000, 0, '', '2018-03-18 10:44:32', '2018-03-18 10:44:32', NULL),
	(2389, 631, 8, 1, 1.0000, 0, '', '2018-03-18 10:44:32', '2018-03-18 10:44:32', NULL),
	(2390, 631, 9, 1, 1.0000, 0, '', '2018-03-18 10:44:32', '2018-03-18 10:44:32', NULL),
	(2391, 631, 24, 1, 2.0000, 0, '', '2018-03-18 10:44:33', '2018-03-18 10:44:33', NULL),
	(2392, 631, 25, 1, 1.0000, 0, '', '2018-03-18 10:44:33', '2018-03-18 10:44:33', NULL),
	(2393, 631, 27, 1, 1.0000, 0, '', '2018-03-18 10:44:33', '2018-03-18 10:44:33', NULL),
	(2394, 631, 28, 1, 1.0000, 0, '', '2018-03-18 10:44:33', '2018-03-18 10:44:33', NULL),
	(2395, 632, 171, 1, 1.0000, 0, '', '2018-03-18 10:44:33', '2018-03-18 10:44:33', NULL),
	(2396, 633, 149, 1, 1.0000, 0, '', '2018-03-18 10:44:33', '2018-03-18 10:44:33', NULL),
	(2397, 633, 150, 1, 1.0000, 0, '', '2018-03-18 10:44:33', '2018-03-18 10:44:33', NULL),
	(2398, 633, 151, 1, 1.0000, 0, '', '2018-03-18 10:44:33', '2018-03-18 10:44:33', NULL),
	(2399, 633, 152, 1, 1.0000, 0, '', '2018-03-18 10:44:33', '2018-03-18 10:44:33', NULL),
	(2400, 633, 155, 1, 1.0000, 0, '', '2018-03-18 10:44:33', '2018-03-18 10:44:33', NULL),
	(2401, 633, 129, 1, 1.0000, 0, '', '2018-03-18 10:44:33', '2018-03-18 10:44:33', NULL),
	(2402, 633, 130, 1, 1.0000, 0, '', '2018-03-18 10:44:33', '2018-03-18 10:44:33', NULL),
	(2403, 633, 131, 1, 1.0000, 0, '', '2018-03-18 10:44:33', '2018-03-18 10:44:33', NULL),
	(2404, 633, 132, 1, 1.0000, 0, '', '2018-03-18 10:44:33', '2018-03-18 10:44:33', NULL),
	(2405, 633, 133, 1, 1.0000, 0, '', '2018-03-18 10:44:33', '2018-03-18 10:44:33', NULL),
	(2406, 634, 328, 1, 1.0000, 0, '', '2018-03-18 10:44:59', '2018-03-18 10:44:59', NULL),
	(2407, 634, 329, 1, 1.0000, 0, '', '2018-03-18 10:44:59', '2018-03-18 10:44:59', NULL),
	(2408, 634, 330, 1, 1.0000, 0, '', '2018-03-18 10:44:59', '2018-03-18 10:44:59', NULL),
	(2409, 634, 333, 1, 1.0000, 0, '', '2018-03-18 10:44:59', '2018-03-18 10:44:59', NULL),
	(2410, 634, 332, 1, 1.0000, 0, '', '2018-03-18 10:44:59', '2018-03-18 10:44:59', NULL),
	(2411, 634, 331, 1, 1.0000, 0, '', '2018-03-18 10:44:59', '2018-03-18 10:44:59', NULL),
	(2412, 634, 334, 1, 1.0000, 0, '', '2018-03-18 10:44:59', '2018-03-18 10:44:59', NULL),
	(2413, 635, 103, 1, 1.0000, 0, '', '2018-03-18 10:45:00', '2018-03-18 10:45:00', NULL),
	(2414, 635, 104, 1, 1.0000, 0, '', '2018-03-18 10:45:00', '2018-03-18 10:45:00', NULL),
	(2415, 635, 105, 1, 1.0000, 0, '', '2018-03-18 10:45:00', '2018-03-18 10:45:00', NULL),
	(2416, 635, 108, 1, 1.0000, 0, '', '2018-03-18 10:45:00', '2018-03-18 10:45:00', NULL),
	(2417, 635, 106, 1, 1.0000, 0, '', '2018-03-18 10:45:00', '2018-03-18 10:45:00', NULL),
	(2418, 635, 171, 1, 1.0000, 0, '', '2018-03-18 10:45:00', '2018-03-18 10:45:00', NULL),
	(2419, 636, 157, 1, 1.0000, 0, '', '2018-03-18 10:45:00', '2018-03-18 10:45:00', NULL),
	(2420, 636, 167, 1, 1.0000, 0, '', '2018-03-18 10:45:00', '2018-03-18 10:45:00', NULL),
	(2421, 637, 1, 1, 1.0000, 0, '', '2018-03-18 10:45:29', '2018-03-18 10:45:29', NULL),
	(2422, 637, 3, 1, 1.0000, 0, '', '2018-03-18 10:45:29', '2018-03-18 10:45:29', NULL),
	(2423, 637, 6, 1, 1.0000, 0, '', '2018-03-18 10:45:29', '2018-03-18 10:45:29', NULL),
	(2424, 637, 5, 1, 1.0000, 0, '', '2018-03-18 10:45:29', '2018-03-18 10:45:29', NULL),
	(2425, 637, 4, 1, 1.0000, 0, '', '2018-03-18 10:45:29', '2018-03-18 10:45:29', NULL),
	(2426, 637, 10, 1, 1.0000, 0, '', '2018-03-18 10:45:29', '2018-03-18 10:45:29', NULL),
	(2427, 637, 8, 1, 1.0000, 0, '', '2018-03-18 10:45:29', '2018-03-18 10:45:29', NULL),
	(2428, 637, 795, 1, 1.0000, 0, '', '2018-03-18 10:45:29', '2018-03-18 10:45:29', NULL),
	(2429, 637, 29, 1, 1.0000, 0, '', '2018-03-18 10:45:29', '2018-03-18 10:45:29', NULL),
	(2430, 637, 30, 1, 1.0000, 0, '', '2018-03-18 10:45:29', '2018-03-18 10:45:29', NULL),
	(2431, 637, 31, 1, 1.0000, 0, '', '2018-03-18 10:45:29', '2018-03-18 10:45:29', NULL),
	(2432, 637, 32, 1, 1.0000, 0, '', '2018-03-18 10:45:29', '2018-03-18 10:45:29', NULL),
	(2433, 637, 35, 1, 1.0000, 0, '', '2018-03-18 10:45:29', '2018-03-18 10:45:29', NULL),
	(2434, 637, 36, 1, 2.0000, 0, '', '2018-03-18 10:45:29', '2018-03-18 10:45:29', NULL),
	(2435, 638, 24, 1, 1.0000, 0, '', '2018-03-18 10:46:00', '2018-03-18 10:46:00', NULL),
	(2436, 638, 25, 1, 1.0000, 0, '', '2018-03-18 10:46:00', '2018-03-18 10:46:00', NULL),
	(2437, 638, 26, 1, 1.0000, 0, '', '2018-03-18 10:46:00', '2018-03-18 10:46:00', NULL),
	(2438, 638, 28, 1, 1.0000, 0, '', '2018-03-18 10:46:00', '2018-03-18 10:46:00', NULL),
	(2439, 638, 27, 1, 1.0000, 0, '', '2018-03-18 10:46:00', '2018-03-18 10:46:00', NULL),
	(2440, 638, 328, 1, 1.0000, 0, '', '2018-03-18 10:46:00', '2018-03-18 10:46:00', NULL),
	(2441, 638, 329, 1, 1.0000, 0, '', '2018-03-18 10:46:00', '2018-03-18 10:46:00', NULL),
	(2442, 638, 330, 1, 1.0000, 0, '', '2018-03-18 10:46:00', '2018-03-18 10:46:00', NULL),
	(2443, 638, 333, 1, 1.0000, 0, '', '2018-03-18 10:46:00', '2018-03-18 10:46:00', NULL),
	(2444, 638, 332, 1, 1.0000, 0, '', '2018-03-18 10:46:00', '2018-03-18 10:46:00', NULL),
	(2445, 638, 331, 1, 1.0000, 0, '', '2018-03-18 10:46:00', '2018-03-18 10:46:00', NULL),
	(2446, 638, 334, 1, 1.0000, 0, '', '2018-03-18 10:46:00', '2018-03-18 10:46:00', NULL),
	(2447, 638, 335, 1, 1.0000, 0, '', '2018-03-18 10:46:00', '2018-03-18 10:46:00', NULL),
	(2448, 638, 610, 1, 1.0000, 0, '', '2018-03-18 10:46:00', '2018-03-18 10:46:00', NULL),
	(2449, 638, 611, 1, 1.0000, 0, '', '2018-03-18 10:46:01', '2018-03-18 10:46:01', NULL),
	(2450, 638, 612, 1, 1.0000, 0, '', '2018-03-18 10:46:01', '2018-03-18 10:46:01', NULL),
	(2451, 638, 644, 1, 1.0000, 0, '', '2018-03-18 10:46:01', '2018-03-18 10:46:01', NULL),
	(2452, 638, 646, 1, 2.0000, 0, '', '2018-03-18 10:46:01', '2018-03-18 10:46:01', NULL),
	(2453, 639, 1, 1, 1.0000, 0, '', '2018-03-18 10:46:42', '2018-03-18 10:46:42', NULL),
	(2454, 639, 2, 1, 1.0000, 0, '', '2018-03-18 10:46:42', '2018-03-18 10:46:42', NULL),
	(2455, 639, 3, 1, 1.0000, 0, '', '2018-03-18 10:46:42', '2018-03-18 10:46:42', NULL),
	(2456, 639, 6, 1, 1.0000, 0, '', '2018-03-18 10:46:42', '2018-03-18 10:46:42', NULL),
	(2457, 639, 5, 1, 1.0000, 0, '', '2018-03-18 10:46:42', '2018-03-18 10:46:42', NULL),
	(2458, 639, 4, 1, 1.0000, 0, '', '2018-03-18 10:46:42', '2018-03-18 10:46:42', NULL),
	(2459, 639, 7, 1, 4.0000, 0, '', '2018-03-18 10:46:42', '2018-03-18 10:46:42', NULL),
	(2460, 639, 8, 1, 2.0000, 0, '', '2018-03-18 10:46:42', '2018-03-18 10:46:42', NULL),
	(2461, 639, 9, 1, 2.0000, 0, '', '2018-03-18 10:46:42', '2018-03-18 10:46:42', NULL),
	(2462, 640, 70, 1, 1.0000, 0, '', '2018-03-18 10:46:43', '2018-03-18 10:46:43', NULL),
	(2463, 640, 71, 1, 1.0000, 0, '', '2018-03-18 10:46:43', '2018-03-18 10:46:43', NULL),
	(2464, 640, 111, 1, 1.0000, 0, '', '2018-03-18 10:46:43', '2018-03-18 10:46:43', NULL),
	(2465, 640, 78, 1, 1.0000, 0, '', '2018-03-18 10:46:43', '2018-03-18 10:46:43', NULL),
	(2466, 640, 79, 1, 1.0000, 0, '', '2018-03-18 10:46:43', '2018-03-18 10:46:43', NULL),
	(2467, 641, 64, 1, 1.0000, 0, '', '2018-03-18 10:46:43', '2018-03-18 10:46:43', NULL),
	(2468, 641, 65, 1, 1.0000, 0, '', '2018-03-18 10:46:43', '2018-03-18 10:46:43', NULL),
	(2469, 641, 63, 1, 1.0000, 0, '', '2018-03-18 10:46:43', '2018-03-18 10:46:43', NULL),
	(2470, 641, 66, 1, 1.0000, 0, '', '2018-03-18 10:46:43', '2018-03-18 10:46:43', NULL),
	(2471, 641, 67, 1, 2.0000, 0, '', '2018-03-18 10:46:43', '2018-03-18 10:46:43', NULL),
	(2472, 641, 68, 1, 2.0000, 0, '', '2018-03-18 10:46:43', '2018-03-18 10:46:43', NULL),
	(2473, 641, 69, 1, 3.0000, 0, '', '2018-03-18 10:46:43', '2018-03-18 10:46:43', NULL),
	(2474, 642, 1, 1, 1.0000, 0, '', '2018-03-18 10:47:08', '2018-03-18 10:47:08', NULL),
	(2475, 642, 2, 1, 1.0000, 0, '', '2018-03-18 10:47:08', '2018-03-18 10:47:08', NULL),
	(2476, 642, 3, 1, 1.0000, 0, '', '2018-03-18 10:47:08', '2018-03-18 10:47:08', NULL),
	(2477, 642, 6, 1, 1.0000, 0, '', '2018-03-18 10:47:08', '2018-03-18 10:47:08', NULL),
	(2478, 642, 5, 1, 1.0000, 0, '', '2018-03-18 10:47:08', '2018-03-18 10:47:08', NULL),
	(2479, 642, 4, 1, 1.0000, 0, '', '2018-03-18 10:47:09', '2018-03-18 10:47:09', NULL),
	(2480, 642, 10, 1, 2.0000, 0, '', '2018-03-18 10:47:09', '2018-03-18 10:47:09', NULL),
	(2481, 642, 795, 1, 8.0000, 0, '', '2018-03-18 10:47:09', '2018-03-18 10:47:09', NULL),
	(2482, 642, 8, 1, 1.0000, 0, '', '2018-03-18 10:47:09', '2018-03-18 10:47:09', NULL),
	(2483, 643, 11, 1, 1.0000, 0, '', '2018-03-18 10:48:02', '2018-03-18 10:48:02', NULL),
	(2484, 643, 12, 1, 1.0000, 0, '', '2018-03-18 10:48:02', '2018-03-18 10:48:02', NULL),
	(2485, 643, 13, 1, 1.0000, 0, '', '2018-03-18 10:48:02', '2018-03-18 10:48:02', NULL),
	(2486, 643, 163, 1, 1.0000, 0, '', '2018-03-18 10:48:02', '2018-03-18 10:48:02', NULL),
	(2487, 643, 15, 1, 1.0000, 0, '', '2018-03-18 10:48:02', '2018-03-18 10:48:02', NULL),
	(2488, 643, 14, 1, 1.0000, 0, '', '2018-03-18 10:48:02', '2018-03-18 10:48:02', NULL),
	(2489, 643, 164, 1, 1.0000, 0, '', '2018-03-18 10:48:02', '2018-03-18 10:48:02', NULL),
	(2490, 643, 165, 1, 1.0000, 0, '', '2018-03-18 10:48:02', '2018-03-18 10:48:02', NULL),
	(2491, 643, 794, 1, 1.0000, 0, '', '2018-03-18 10:48:02', '2018-03-18 10:48:02', NULL),
	(2492, 644, 78, 1, 1.0000, 0, '', '2018-03-18 10:48:02', '2018-03-18 10:48:02', NULL),
	(2493, 644, 79, 1, 1.0000, 0, '', '2018-03-18 10:48:02', '2018-03-18 10:48:02', NULL),
	(2494, 644, 80, 1, 1.0000, 0, '', '2018-03-18 10:48:02', '2018-03-18 10:48:02', NULL),
	(2495, 644, 83, 1, 1.0000, 0, '', '2018-03-18 10:48:02', '2018-03-18 10:48:02', NULL),
	(2496, 644, 82, 1, 1.0000, 0, '', '2018-03-18 10:48:02', '2018-03-18 10:48:02', NULL),
	(2497, 644, 81, 1, 1.0000, 0, '', '2018-03-18 10:48:02', '2018-03-18 10:48:02', NULL),
	(2498, 644, 84, 1, 1.0000, 0, '', '2018-03-18 10:48:02', '2018-03-18 10:48:02', NULL),
	(2499, 644, 85, 1, 1.0000, 0, '', '2018-03-18 10:48:02', '2018-03-18 10:48:02', NULL),
	(2500, 644, 86, 1, 1.0000, 0, '', '2018-03-18 10:48:02', '2018-03-18 10:48:02', NULL),
	(2501, 645, 149, 1, 1.0000, 0, '', '2018-03-18 10:48:02', '2018-03-18 10:48:02', NULL),
	(2502, 645, 150, 1, 1.0000, 0, '', '2018-03-18 10:48:02', '2018-03-18 10:48:02', NULL),
	(2503, 645, 151, 1, 1.0000, 0, '', '2018-03-18 10:48:02', '2018-03-18 10:48:02', NULL),
	(2504, 645, 154, 1, 1.0000, 0, '', '2018-03-18 10:48:02', '2018-03-18 10:48:02', NULL),
	(2505, 645, 153, 1, 1.0000, 0, '', '2018-03-18 10:48:02', '2018-03-18 10:48:02', NULL),
	(2506, 645, 152, 1, 1.0000, 0, '', '2018-03-18 10:48:02', '2018-03-18 10:48:02', NULL),
	(2507, 645, 155, 1, 4.0000, 0, '', '2018-03-18 10:48:03', '2018-03-18 10:48:03', NULL),
	(2508, 646, 11, 1, 1.0000, 0, '', '2018-03-18 10:49:11', '2018-03-18 10:49:11', NULL),
	(2509, 646, 13, 1, 1.0000, 0, '', '2018-03-18 10:49:11', '2018-03-18 10:49:11', NULL),
	(2510, 646, 12, 1, 1.0000, 0, '', '2018-03-18 10:49:11', '2018-03-18 10:49:11', NULL),
	(2511, 646, 14, 1, 1.0000, 0, '', '2018-03-18 10:49:11', '2018-03-18 10:49:11', NULL),
	(2512, 646, 15, 1, 1.0000, 0, '', '2018-03-18 10:49:11', '2018-03-18 10:49:11', NULL),
	(2513, 646, 163, 1, 3.0000, 0, '', '2018-03-18 10:49:11', '2018-03-18 10:49:11', NULL),
	(2514, 646, 164, 1, 4.0000, 0, '', '2018-03-18 10:49:11', '2018-03-18 10:49:11', NULL),
	(2515, 646, 165, 1, 2.0000, 0, '', '2018-03-18 10:49:11', '2018-03-18 10:49:11', NULL),
	(2516, 646, 794, 1, 4.0000, 0, '', '2018-03-18 10:49:11', '2018-03-18 10:49:11', NULL),
	(2517, 647, 329, 1, 1.0000, 0, '', '2018-03-18 10:50:02', '2018-03-18 10:50:02', NULL),
	(2518, 647, 330, 1, 1.0000, 0, '', '2018-03-18 10:50:02', '2018-03-18 10:50:02', NULL),
	(2519, 647, 333, 1, 1.0000, 0, '', '2018-03-18 10:50:02', '2018-03-18 10:50:02', NULL),
	(2520, 647, 331, 1, 1.0000, 0, '', '2018-03-18 10:50:02', '2018-03-18 10:50:02', NULL),
	(2521, 647, 335, 1, 1.0000, 0, '', '2018-03-18 10:50:03', '2018-03-18 10:50:03', NULL),
	(2522, 647, 436, 1, 1.0000, 0, '', '2018-03-18 10:50:03', '2018-03-18 10:50:03', NULL),
	(2523, 647, 437, 1, 1.0000, 0, '', '2018-03-18 10:50:03', '2018-03-18 10:50:03', NULL),
	(2524, 647, 438, 1, 1.0000, 0, '', '2018-03-18 10:50:03', '2018-03-18 10:50:03', NULL),
	(2525, 647, 466, 1, 1.0000, 0, '', '2018-03-18 10:50:03', '2018-03-18 10:50:03', NULL),
	(2526, 647, 465, 1, 1.0000, 0, '', '2018-03-18 10:50:03', '2018-03-18 10:50:03', NULL),
	(2527, 647, 464, 1, 5.0000, 0, '', '2018-03-18 10:50:03', '2018-03-18 10:50:03', NULL),
	(2528, 648, 70, 1, 1.0000, 0, '', '2018-03-18 10:50:03', '2018-03-18 10:50:03', NULL),
	(2529, 648, 71, 1, 1.0000, 0, '', '2018-03-18 10:50:03', '2018-03-18 10:50:03', NULL),
	(2530, 648, 111, 1, 1.0000, 0, '', '2018-03-18 10:50:03', '2018-03-18 10:50:03', NULL),
	(2531, 649, 203, 1, 1.0000, 0, '', '2018-03-18 10:50:03', '2018-03-18 10:50:03', NULL),
	(2532, 649, 204, 1, 1.0000, 0, '', '2018-03-18 10:50:03', '2018-03-18 10:50:03', NULL),
	(2533, 649, 275, 1, 1.0000, 0, '', '2018-03-18 10:50:03', '2018-03-18 10:50:03', NULL),
	(2534, 650, 1, 1, 1.0000, 0, '', '2018-03-18 10:50:37', '2018-03-18 10:50:37', NULL),
	(2535, 650, 2, 1, 1.0000, 0, '', '2018-03-18 10:50:37', '2018-03-18 10:50:37', NULL),
	(2536, 650, 3, 1, 1.0000, 0, '', '2018-03-18 10:50:38', '2018-03-18 10:50:38', NULL),
	(2537, 650, 6, 1, 1.0000, 0, '', '2018-03-18 10:50:38', '2018-03-18 10:50:38', NULL),
	(2538, 650, 5, 1, 1.0000, 0, '', '2018-03-18 10:50:38', '2018-03-18 10:50:38', NULL),
	(2539, 650, 4, 1, 3.0000, 0, '', '2018-03-18 10:50:38', '2018-03-18 10:50:38', NULL),
	(2540, 651, 12, 1, 1.0000, 0, '', '2018-03-18 10:52:32', '2018-03-18 10:52:32', NULL),
	(2541, 652, 1, 1, 1.0000, 0, '', '2018-03-18 10:53:04', '2018-03-18 10:53:04', NULL),
	(2542, 652, 2, 1, 1.0000, 0, '', '2018-03-18 10:53:04', '2018-03-18 10:53:04', NULL),
	(2543, 652, 3, 1, 1.0000, 0, '', '2018-03-18 10:53:04', '2018-03-18 10:53:04', NULL),
	(2544, 652, 6, 1, 1.0000, 0, '', '2018-03-18 10:53:04', '2018-03-18 10:53:04', NULL),
	(2545, 652, 5, 1, 1.0000, 0, '', '2018-03-18 10:53:04', '2018-03-18 10:53:04', NULL),
	(2546, 652, 4, 1, 3.0000, 0, '', '2018-03-18 10:53:04', '2018-03-18 10:53:04', NULL),
	(2547, 652, 10, 1, 1.0000, 0, '', '2018-03-18 10:53:04', '2018-03-18 10:53:04', NULL),
	(2548, 652, 795, 1, 1.0000, 0, '', '2018-03-18 10:53:04', '2018-03-18 10:53:04', NULL),
	(2549, 653, 72, 1, 1.0000, 0, '', '2018-03-18 10:53:04', '2018-03-18 10:53:04', NULL),
	(2550, 653, 73, 1, 1.0000, 0, '', '2018-03-18 10:53:04', '2018-03-18 10:53:04', NULL),
	(2551, 653, 74, 1, 1.0000, 0, '', '2018-03-18 10:53:04', '2018-03-18 10:53:04', NULL),
	(2552, 653, 75, 1, 1.0000, 0, '', '2018-03-18 10:53:05', '2018-03-18 10:53:05', NULL),
	(2553, 653, 76, 1, 1.0000, 0, '', '2018-03-18 10:53:05', '2018-03-18 10:53:05', NULL),
	(2554, 653, 77, 1, 3.0000, 0, '', '2018-03-18 10:53:05', '2018-03-18 10:53:05', NULL),
	(2555, 654, 11, 1, 1.0000, 0, '', '2018-03-18 10:53:55', '2018-03-18 10:53:55', NULL),
	(2556, 654, 12, 1, 1.0000, 0, '', '2018-03-18 10:53:55', '2018-03-18 10:53:55', NULL),
	(2557, 654, 13, 1, 1.0000, 0, '', '2018-03-18 10:53:56', '2018-03-18 10:53:56', NULL),
	(2558, 654, 163, 1, 1.0000, 0, '', '2018-03-18 10:53:56', '2018-03-18 10:53:56', NULL),
	(2559, 654, 15, 1, 1.0000, 0, '', '2018-03-18 10:53:56', '2018-03-18 10:53:56', NULL),
	(2560, 654, 14, 1, 1.0000, 0, '', '2018-03-18 10:53:56', '2018-03-18 10:53:56', NULL),
	(2561, 654, 164, 1, 1.0000, 0, '', '2018-03-18 10:53:56', '2018-03-18 10:53:56', NULL),
	(2562, 654, 165, 1, 1.0000, 0, '', '2018-03-18 10:53:56', '2018-03-18 10:53:56', NULL),
	(2563, 654, 794, 1, 1.0000, 0, '', '2018-03-18 10:53:56', '2018-03-18 10:53:56', NULL),
	(2564, 655, 78, 1, 1.0000, 0, '', '2018-03-18 10:53:56', '2018-03-18 10:53:56', NULL),
	(2565, 655, 79, 1, 1.0000, 0, '', '2018-03-18 10:53:56', '2018-03-18 10:53:56', NULL),
	(2566, 655, 80, 1, 1.0000, 0, '', '2018-03-18 10:53:56', '2018-03-18 10:53:56', NULL),
	(2567, 655, 83, 1, 1.0000, 0, '', '2018-03-18 10:53:56', '2018-03-18 10:53:56', NULL),
	(2568, 655, 82, 1, 1.0000, 0, '', '2018-03-18 10:53:56', '2018-03-18 10:53:56', NULL),
	(2569, 655, 81, 1, 1.0000, 0, '', '2018-03-18 10:53:56', '2018-03-18 10:53:56', NULL),
	(2570, 655, 84, 1, 1.0000, 0, '', '2018-03-18 10:53:56', '2018-03-18 10:53:56', NULL),
	(2571, 655, 86, 1, 4.0000, 0, '', '2018-03-18 10:53:56', '2018-03-18 10:53:56', NULL),
	(2572, 656, 2, 1, 1.0000, 0, '', '2018-03-18 10:54:58', '2018-03-18 10:54:58', NULL),
	(2573, 656, 3, 1, 1.0000, 0, '', '2018-03-18 10:54:58', '2018-03-18 10:54:58', NULL),
	(2574, 656, 1, 1, 4.0000, 0, '', '2018-03-18 10:54:58', '2018-03-18 10:54:58', NULL),
	(2575, 656, 4, 1, 5.0000, 0, '', '2018-03-18 10:54:58', '2018-03-18 10:54:58', NULL),
	(2576, 656, 5, 1, 2.0000, 0, '', '2018-03-18 10:54:58', '2018-03-18 10:54:58', NULL),
	(2577, 656, 6, 1, 1.0000, 0, '', '2018-03-18 10:54:58', '2018-03-18 10:54:58', NULL),
	(2578, 656, 10, 1, 2.0000, 0, '', '2018-03-18 10:54:58', '2018-03-18 10:54:58', NULL),
	(2579, 656, 166, 1, 1.0000, 0, '', '2018-03-18 10:54:58', '2018-03-18 10:54:58', NULL),
	(2580, 656, 793, 1, 3.0000, 0, '', '2018-03-18 10:54:58', '2018-03-18 10:54:58', NULL),
	(2581, 656, 795, 1, 3.0000, 0, '', '2018-03-18 10:54:58', '2018-03-18 10:54:58', NULL),
	(2582, 656, 29, 1, 1.0000, 0, '', '2018-03-18 10:54:58', '2018-03-18 10:54:58', NULL),
	(2583, 656, 30, 1, 2.0000, 0, '', '2018-03-18 10:54:58', '2018-03-18 10:54:58', NULL),
	(2584, 656, 31, 1, 1.0000, 0, '', '2018-03-18 10:54:58', '2018-03-18 10:54:58', NULL),
	(2585, 656, 33, 1, 1.0000, 0, '', '2018-03-18 10:54:58', '2018-03-18 10:54:58', NULL),
	(2586, 656, 32, 1, 1.0000, 0, '', '2018-03-18 10:54:58', '2018-03-18 10:54:58', NULL),
	(2587, 656, 35, 1, 1.0000, 0, '', '2018-03-18 10:54:58', '2018-03-18 10:54:58', NULL),
	(2588, 657, 72, 1, 1.0000, 0, '', '2018-03-18 10:54:58', '2018-03-18 10:54:58', NULL),
	(2589, 657, 73, 1, 1.0000, 0, '', '2018-03-18 10:54:58', '2018-03-18 10:54:58', NULL),
	(2590, 657, 75, 1, 1.0000, 0, '', '2018-03-18 10:54:58', '2018-03-18 10:54:58', NULL),
	(2591, 657, 77, 1, 1.0000, 0, '', '2018-03-18 10:54:58', '2018-03-18 10:54:58', NULL),
	(2592, 657, 76, 1, 3.0000, 0, '', '2018-03-18 10:54:58', '2018-03-18 10:54:58', NULL),
	(2593, 657, 95, 1, 1.0000, 0, '', '2018-03-18 10:54:58', '2018-03-18 10:54:58', NULL),
	(2594, 657, 94, 1, 1.0000, 0, '', '2018-03-18 10:54:58', '2018-03-18 10:54:58', NULL),
	(2595, 657, 93, 1, 1.0000, 0, '', '2018-03-18 10:54:58', '2018-03-18 10:54:58', NULL),
	(2596, 657, 96, 1, 1.0000, 0, '', '2018-03-18 10:54:58', '2018-03-18 10:54:58', NULL),
	(2597, 657, 97, 1, 1.0000, 0, '', '2018-03-18 10:54:58', '2018-03-18 10:54:58', NULL),
	(2598, 657, 98, 1, 1.0000, 0, '', '2018-03-18 10:54:58', '2018-03-18 10:54:58', NULL),
	(2599, 657, 99, 1, 1.0000, 0, '', '2018-03-18 10:54:59', '2018-03-18 10:54:59', NULL),
	(2600, 657, 100, 1, 2.0000, 0, '', '2018-03-18 10:54:59', '2018-03-18 10:54:59', NULL),
	(2601, 657, 101, 1, 2.0000, 0, '', '2018-03-18 10:54:59', '2018-03-18 10:54:59', NULL),
	(2602, 658, 328, 1, 1.0000, 0, '', '2018-03-18 10:56:24', '2018-03-18 10:56:24', NULL),
	(2603, 658, 329, 1, 1.0000, 0, '', '2018-03-18 10:56:24', '2018-03-18 10:56:24', NULL),
	(2604, 658, 330, 1, 1.0000, 0, '', '2018-03-18 10:56:24', '2018-03-18 10:56:24', NULL),
	(2605, 658, 333, 1, 1.0000, 0, '', '2018-03-18 10:56:24', '2018-03-18 10:56:24', NULL),
	(2606, 658, 332, 1, 1.0000, 0, '', '2018-03-18 10:56:24', '2018-03-18 10:56:24', NULL),
	(2607, 658, 331, 1, 1.0000, 0, '', '2018-03-18 10:56:24', '2018-03-18 10:56:24', NULL),
	(2608, 658, 334, 1, 1.0000, 0, '', '2018-03-18 10:56:24', '2018-03-18 10:56:24', NULL),
	(2609, 658, 335, 1, 1.0000, 0, '', '2018-03-18 10:56:24', '2018-03-18 10:56:24', NULL),
	(2610, 658, 336, 1, 1.0000, 0, '', '2018-03-18 10:56:24', '2018-03-18 10:56:24', NULL),
	(2611, 658, 442, 1, 1.0000, 0, '', '2018-03-18 10:56:24', '2018-03-18 10:56:24', NULL),
	(2612, 658, 443, 1, 1.0000, 0, '', '2018-03-18 10:56:24', '2018-03-18 10:56:24', NULL),
	(2613, 658, 444, 1, 1.0000, 0, '', '2018-03-18 10:56:24', '2018-03-18 10:56:24', NULL),
	(2614, 658, 471, 1, 1.0000, 0, '', '2018-03-18 10:56:24', '2018-03-18 10:56:24', NULL),
	(2615, 658, 470, 1, 1.0000, 0, '', '2018-03-18 10:56:24', '2018-03-18 10:56:24', NULL),
	(2616, 658, 472, 1, 1.0000, 0, '', '2018-03-18 10:56:24', '2018-03-18 10:56:24', NULL),
	(2617, 658, 505, 1, 1.0000, 0, '', '2018-03-18 10:56:24', '2018-03-18 10:56:24', NULL),
	(2618, 658, 504, 1, 1.0000, 0, '', '2018-03-18 10:56:24', '2018-03-18 10:56:24', NULL),
	(2619, 658, 506, 1, 1.0000, 0, '', '2018-03-18 10:56:24', '2018-03-18 10:56:24', NULL),
	(2620, 658, 610, 1, 1.0000, 0, '', '2018-03-18 10:56:24', '2018-03-18 10:56:24', NULL),
	(2621, 658, 612, 1, 1.0000, 0, '', '2018-03-18 10:56:24', '2018-03-18 10:56:24', NULL),
	(2622, 658, 611, 1, 1.0000, 0, '', '2018-03-18 10:56:24', '2018-03-18 10:56:24', NULL),
	(2623, 659, 78, 1, 1.0000, 0, '', '2018-03-18 10:56:25', '2018-03-18 10:56:25', NULL),
	(2624, 659, 79, 1, 1.0000, 0, '', '2018-03-18 10:56:25', '2018-03-18 10:56:25', NULL),
	(2625, 659, 80, 1, 1.0000, 0, '', '2018-03-18 10:56:25', '2018-03-18 10:56:25', NULL),
	(2626, 659, 83, 1, 1.0000, 0, '', '2018-03-18 10:56:25', '2018-03-18 10:56:25', NULL),
	(2627, 659, 81, 1, 1.0000, 0, '', '2018-03-18 10:56:25', '2018-03-18 10:56:25', NULL),
	(2628, 659, 84, 1, 1.0000, 0, '', '2018-03-18 10:56:25', '2018-03-18 10:56:25', NULL),
	(2629, 660, 129, 1, 1.0000, 0, '', '2018-03-18 10:56:25', '2018-03-18 10:56:25', NULL),
	(2630, 660, 131, 1, 1.0000, 0, '', '2018-03-18 10:56:25', '2018-03-18 10:56:25', NULL),
	(2631, 660, 134, 1, 1.0000, 0, '', '2018-03-18 10:56:25', '2018-03-18 10:56:25', NULL),
	(2632, 660, 133, 1, 1.0000, 0, '', '2018-03-18 10:56:25', '2018-03-18 10:56:25', NULL),
	(2633, 660, 132, 1, 1.0000, 0, '', '2018-03-18 10:56:25', '2018-03-18 10:56:25', NULL),
	(2634, 660, 135, 1, 1.0000, 0, '', '2018-03-18 10:56:25', '2018-03-18 10:56:25', NULL),
	(2635, 660, 156, 1, 3.0000, 0, '', '2018-03-18 10:56:25', '2018-03-18 10:56:25', NULL),
	(2636, 661, 1, 1, 1.0000, 0, '', '2018-03-18 10:57:47', '2018-03-18 10:57:47', NULL),
	(2637, 661, 3, 1, 1.0000, 0, '', '2018-03-18 10:57:47', '2018-03-18 10:57:47', NULL),
	(2638, 661, 2, 1, 1.0000, 0, '', '2018-03-18 10:57:47', '2018-03-18 10:57:47', NULL),
	(2639, 661, 7, 1, 1.0000, 0, '', '2018-03-18 10:57:47', '2018-03-18 10:57:47', NULL),
	(2640, 661, 8, 1, 1.0000, 0, '', '2018-03-18 10:57:47', '2018-03-18 10:57:47', NULL),
	(2641, 661, 9, 1, 1.0000, 0, '', '2018-03-18 10:57:47', '2018-03-18 10:57:47', NULL),
	(2642, 661, 10, 1, 1.0000, 0, '', '2018-03-18 10:57:47', '2018-03-18 10:57:47', NULL),
	(2643, 662, 38, 1, 1.0000, 0, '', '2018-03-18 10:57:47', '2018-03-18 10:57:47', NULL),
	(2644, 662, 37, 1, 1.0000, 0, '', '2018-03-18 10:57:47', '2018-03-18 10:57:47', NULL),
	(2645, 662, 39, 1, 1.0000, 0, '', '2018-03-18 10:57:47', '2018-03-18 10:57:47', NULL),
	(2646, 662, 42, 1, 1.0000, 0, '', '2018-03-18 10:57:47', '2018-03-18 10:57:47', NULL),
	(2647, 662, 40, 1, 1.0000, 0, '', '2018-03-18 10:57:47', '2018-03-18 10:57:47', NULL),
	(2648, 662, 41, 1, 1.0000, 0, '', '2018-03-18 10:57:48', '2018-03-18 10:57:48', NULL),
	(2649, 662, 43, 1, 1.0000, 0, '', '2018-03-18 10:57:48', '2018-03-18 10:57:48', NULL),
	(2650, 662, 44, 1, 2.0000, 0, '', '2018-03-18 10:57:48', '2018-03-18 10:57:48', NULL),
	(2651, 662, 45, 1, 1.0000, 0, '', '2018-03-18 10:57:48', '2018-03-18 10:57:48', NULL),
	(2652, 663, 1, 1, 1.0000, 0, '', '2018-03-18 10:58:28', '2018-03-18 10:58:28', NULL),
	(2653, 663, 3, 1, 1.0000, 0, '', '2018-03-18 10:58:28', '2018-03-18 10:58:28', NULL),
	(2654, 663, 10, 1, 1.0000, 0, '', '2018-03-18 10:58:29', '2018-03-18 10:58:29', NULL),
	(2655, 663, 2, 1, 1.0000, 0, '', '2018-03-18 10:58:29', '2018-03-18 10:58:29', NULL),
	(2656, 663, 7, 1, 1.0000, 0, '', '2018-03-18 10:58:29', '2018-03-18 10:58:29', NULL),
	(2657, 663, 8, 1, 1.0000, 0, '', '2018-03-18 10:58:29', '2018-03-18 10:58:29', NULL),
	(2658, 663, 9, 1, 1.0000, 0, '', '2018-03-18 10:58:29', '2018-03-18 10:58:29', NULL),
	(2659, 664, 38, 1, 1.0000, 0, '', '2018-03-18 10:58:29', '2018-03-18 10:58:29', NULL),
	(2660, 664, 37, 1, 1.0000, 0, '', '2018-03-18 10:58:29', '2018-03-18 10:58:29', NULL),
	(2661, 664, 39, 1, 1.0000, 0, '', '2018-03-18 10:58:29', '2018-03-18 10:58:29', NULL),
	(2662, 664, 42, 1, 1.0000, 0, '', '2018-03-18 10:58:29', '2018-03-18 10:58:29', NULL),
	(2663, 664, 40, 1, 1.0000, 0, '', '2018-03-18 10:58:29', '2018-03-18 10:58:29', NULL),
	(2664, 664, 41, 1, 1.0000, 0, '', '2018-03-18 10:58:29', '2018-03-18 10:58:29', NULL),
	(2665, 664, 43, 1, 1.0000, 0, '', '2018-03-18 10:58:29', '2018-03-18 10:58:29', NULL),
	(2666, 664, 44, 1, 2.0000, 0, '', '2018-03-18 10:58:29', '2018-03-18 10:58:29', NULL),
	(2667, 664, 45, 1, 1.0000, 0, '', '2018-03-18 10:58:29', '2018-03-18 10:58:29', NULL),
	(2668, 665, 1, 1, 1.0000, 0, '', '2018-03-18 11:06:19', '2018-03-18 11:06:19', NULL),
	(2669, 665, 2, 1, 1.0000, 0, '', '2018-03-18 11:06:19', '2018-03-18 11:06:19', NULL),
	(2670, 665, 3, 1, 1.0000, 0, '', '2018-03-18 11:06:19', '2018-03-18 11:06:19', NULL),
	(2671, 665, 6, 1, 3.0000, 0, '', '2018-03-18 11:06:19', '2018-03-18 11:06:19', NULL),
	(2672, 665, 5, 1, 2.0000, 0, '', '2018-03-18 11:06:19', '2018-03-18 11:06:19', NULL),
	(2673, 665, 4, 1, 4.0000, 0, '', '2018-03-18 11:06:19', '2018-03-18 11:06:19', NULL),
	(2674, 666, 1, 1, 1.0000, 0, '', '2018-03-18 11:07:00', '2018-03-18 11:07:00', NULL),
	(2675, 666, 2, 1, 1.0000, 0, '', '2018-03-18 11:07:00', '2018-03-18 11:07:00', NULL),
	(2676, 666, 3, 1, 1.0000, 0, '', '2018-03-18 11:07:00', '2018-03-18 11:07:00', NULL),
	(2677, 666, 6, 1, 1.0000, 0, '', '2018-03-18 11:07:00', '2018-03-18 11:07:00', NULL),
	(2678, 666, 5, 1, 1.0000, 0, '', '2018-03-18 11:07:00', '2018-03-18 11:07:00', NULL),
	(2679, 666, 4, 1, 1.0000, 0, '', '2018-03-18 11:07:00', '2018-03-18 11:07:00', NULL),
	(2680, 666, 7, 1, 4.0000, 0, '', '2018-03-18 11:07:00', '2018-03-18 11:07:00', NULL),
	(2681, 666, 8, 1, 4.0000, 0, '', '2018-03-18 11:07:00', '2018-03-18 11:07:00', NULL),
	(2682, 667, 1, 1, 1.0000, 0, '', '2018-03-18 11:08:47', '2018-03-18 11:08:47', NULL),
	(2683, 667, 3, 1, 1.0000, 0, '', '2018-03-18 11:08:47', '2018-03-18 11:08:47', NULL),
	(2684, 667, 2, 1, 1.0000, 0, '', '2018-03-18 11:08:47', '2018-03-18 11:08:47', NULL),
	(2685, 667, 4, 1, 1.0000, 0, '', '2018-03-18 11:08:47', '2018-03-18 11:08:47', NULL),
	(2686, 667, 5, 1, 2.0000, 0, '', '2018-03-18 11:08:47', '2018-03-18 11:08:47', NULL),
	(2687, 667, 6, 1, 4.0000, 0, '', '2018-03-18 11:08:47', '2018-03-18 11:08:47', NULL),
	(2688, 668, 37, 1, 1.0000, 0, '', '2018-03-18 11:08:47', '2018-03-18 11:08:47', NULL),
	(2689, 668, 38, 1, 1.0000, 0, '', '2018-03-18 11:08:47', '2018-03-18 11:08:47', NULL),
	(2690, 668, 39, 1, 1.0000, 0, '', '2018-03-18 11:08:48', '2018-03-18 11:08:48', NULL),
	(2691, 668, 42, 1, 1.0000, 0, '', '2018-03-18 11:08:48', '2018-03-18 11:08:48', NULL),
	(2692, 668, 41, 1, 2.0000, 0, '', '2018-03-18 11:08:48', '2018-03-18 11:08:48', NULL),
	(2693, 668, 40, 1, 4.0000, 0, '', '2018-03-18 11:08:48', '2018-03-18 11:08:48', NULL),
	(2694, 668, 43, 1, 3.0000, 0, '', '2018-03-18 11:08:48', '2018-03-18 11:08:48', NULL),
	(2695, 669, 24, 1, 1.0000, 0, '', '2018-03-18 11:11:01', '2018-03-18 11:11:01', NULL),
	(2696, 669, 25, 1, 1.0000, 0, '', '2018-03-18 11:11:02', '2018-03-18 11:11:02', NULL),
	(2697, 669, 26, 1, 1.0000, 0, '', '2018-03-18 11:11:02', '2018-03-18 11:11:02', NULL),
	(2698, 669, 28, 1, 1.0000, 0, '', '2018-03-18 11:11:02', '2018-03-18 11:11:02', NULL),
	(2699, 669, 27, 1, 5.0000, 0, '', '2018-03-18 11:11:02', '2018-03-18 11:11:02', NULL),
	(2700, 670, 1, 1, 1.0000, 0, '', '2018-03-18 11:29:05', '2018-03-18 11:29:05', NULL),
	(2701, 670, 2, 1, 1.0000, 0, '', '2018-03-18 11:29:05', '2018-03-18 11:29:05', NULL),
	(2702, 670, 3, 1, 1.0000, 0, '', '2018-03-18 11:29:05', '2018-03-18 11:29:05', NULL),
	(2703, 671, 49, 1, 1.0000, 0, '', '2018-03-18 11:29:05', '2018-03-18 11:29:05', NULL),
	(2704, 671, 50, 1, 1.0000, 0, '', '2018-03-18 11:29:05', '2018-03-18 11:29:05', NULL),
	(2705, 671, 51, 1, 1.0000, 0, '', '2018-03-18 11:29:05', '2018-03-18 11:29:05', NULL),
	(2706, 671, 52, 1, 1.0000, 0, '', '2018-03-18 11:29:05', '2018-03-18 11:29:05', NULL),
	(2707, 672, 7, 1, 1.0000, 0, '', '2018-03-18 11:35:08', '2018-03-18 11:35:08', NULL),
	(2708, 672, 8, 1, 1.0000, 0, '', '2018-03-18 11:35:08', '2018-03-18 11:35:08', NULL),
	(2709, 672, 1, 1, 1.0000, 0, '', '2018-03-18 11:35:08', '2018-03-18 11:35:08', NULL),
	(2710, 672, 2, 1, 1.0000, 0, '', '2018-03-18 11:35:08', '2018-03-18 11:35:08', NULL),
	(2711, 672, 3, 1, 1.0000, 0, '', '2018-03-18 11:35:08', '2018-03-18 11:35:08', NULL),
	(2712, 673, 37, 1, 1.0000, 0, '', '2018-03-18 11:35:08', '2018-03-18 11:35:08', NULL),
	(2713, 673, 38, 1, 1.0000, 0, '', '2018-03-18 11:35:08', '2018-03-18 11:35:08', NULL),
	(2714, 673, 39, 1, 1.0000, 0, '', '2018-03-18 11:35:08', '2018-03-18 11:35:08', NULL),
	(2715, 674, 1, 1, 1.0000, 0, '', '2018-03-18 11:36:41', '2018-03-18 11:36:41', NULL),
	(2716, 674, 2, 1, 1.0000, 0, '', '2018-03-18 11:36:41', '2018-03-18 11:36:41', NULL),
	(2717, 674, 3, 1, 1.0000, 0, '', '2018-03-18 11:36:41', '2018-03-18 11:36:41', NULL),
	(2718, 675, 37, 1, 1.0000, 0, '', '2018-03-18 11:36:41', '2018-03-18 11:36:41', NULL),
	(2719, 675, 38, 1, 1.0000, 0, '', '2018-03-18 11:36:41', '2018-03-18 11:36:41', NULL),
	(2720, 675, 39, 1, 1.0000, 0, '', '2018-03-18 11:36:41', '2018-03-18 11:36:41', NULL),
	(2721, 676, 1, 1, 1.0000, 0, '', '2018-03-18 11:37:39', '2018-03-18 11:37:39', NULL),
	(2722, 676, 2, 1, 1.0000, 0, '', '2018-03-18 11:37:39', '2018-03-18 11:37:39', NULL),
	(2723, 676, 3, 1, 4.0000, 0, '', '2018-03-18 11:37:39', '2018-03-18 11:37:39', NULL),
	(2724, 677, 1, 1, 1.0000, 0, '', '2018-03-18 11:39:02', '2018-03-18 11:39:02', NULL),
	(2725, 677, 2, 1, 1.0000, 0, '', '2018-03-18 11:39:02', '2018-03-18 11:39:02', NULL),
	(2726, 677, 3, 1, 4.0000, 0, '', '2018-03-18 11:39:02', '2018-03-18 11:39:02', NULL),
	(2727, 678, 4, 1, 1.0000, 0, '', '2018-03-18 11:39:34', '2018-03-18 11:39:34', NULL),
	(2728, 678, 5, 1, 1.0000, 0, '', '2018-03-18 11:39:34', '2018-03-18 11:39:34', NULL),
	(2729, 678, 6, 1, 1.0000, 0, '', '2018-03-18 11:39:34', '2018-03-18 11:39:34', NULL),
	(2730, 679, 40, 1, 1.0000, 0, '', '2018-03-18 11:39:34', '2018-03-18 11:39:34', NULL),
	(2731, 679, 41, 1, 1.0000, 0, '', '2018-03-18 11:39:34', '2018-03-18 11:39:34', NULL),
	(2732, 679, 42, 1, 1.0000, 0, '', '2018-03-18 11:39:34', '2018-03-18 11:39:34', NULL),
	(2733, 679, 38, 1, 1.0000, 0, '', '2018-03-18 11:39:34', '2018-03-18 11:39:34', NULL),
	(2734, 679, 37, 1, 1.0000, 0, '', '2018-03-18 11:39:34', '2018-03-18 11:39:34', NULL),
	(2735, 680, 149, 1, 1.0000, 0, '', '2018-03-18 11:39:34', '2018-03-18 11:39:34', NULL),
	(2736, 680, 150, 1, 1.0000, 0, '', '2018-03-18 11:39:34', '2018-03-18 11:39:34', NULL),
	(2737, 680, 151, 1, 1.0000, 0, '', '2018-03-18 11:39:34', '2018-03-18 11:39:34', NULL),
	(2738, 681, 10, 1, 1.0000, 0, '', '2018-03-18 11:44:08', '2018-03-18 11:44:08', NULL),
	(2739, 681, 166, 1, 1.0000, 0, '', '2018-03-18 11:44:08', '2018-03-18 11:44:08', NULL),
	(2740, 681, 793, 1, 3.0000, 0, '', '2018-03-18 11:44:08', '2018-03-18 11:44:08', NULL),
	(2741, 682, 37, 1, 1.0000, 0, '', '2018-03-18 11:44:09', '2018-03-18 11:44:09', NULL),
	(2742, 682, 38, 1, 1.0000, 0, '', '2018-03-18 11:44:09', '2018-03-18 11:44:09', NULL),
	(2743, 682, 39, 1, 4.0000, 0, '', '2018-03-18 11:44:09', '2018-03-18 11:44:09', NULL),
	(2744, 683, 1, 1, 1.0000, 0, '', '2018-03-18 11:45:23', '2018-03-18 11:45:23', NULL),
	(2745, 683, 2, 1, 1.0000, 0, '', '2018-03-18 11:45:23', '2018-03-18 11:45:23', NULL),
	(2746, 683, 3, 1, 3.0000, 0, '', '2018-03-18 11:45:23', '2018-03-18 11:45:23', NULL),
	(2747, 684, 40, 1, 1.0000, 0, '', '2018-03-18 11:45:23', '2018-03-18 11:45:23', NULL),
	(2748, 684, 41, 1, 1.0000, 0, '', '2018-03-18 11:45:23', '2018-03-18 11:45:23', NULL),
	(2749, 684, 42, 1, 1.0000, 0, '', '2018-03-18 11:45:23', '2018-03-18 11:45:23', NULL),
	(2750, 685, 149, 1, 1.0000, 0, '', '2018-03-18 11:45:23', '2018-03-18 11:45:23', NULL),
	(2751, 685, 150, 1, 1.0000, 0, '', '2018-03-18 11:45:23', '2018-03-18 11:45:23', NULL),
	(2752, 685, 151, 1, 1.0000, 0, '', '2018-03-18 11:45:23', '2018-03-18 11:45:23', NULL),
	(2753, 685, 152, 1, 1.0000, 0, '', '2018-03-18 11:45:23', '2018-03-18 11:45:23', NULL),
	(2754, 685, 155, 1, 4.0000, 0, '', '2018-03-18 11:45:23', '2018-03-18 11:45:23', NULL),
	(2755, 686, 1, 1, 1.0000, 0, '', '2018-03-18 11:47:25', '2018-03-18 11:47:25', NULL),
	(2756, 686, 2, 1, 1.0000, 0, '', '2018-03-18 11:47:25', '2018-03-18 11:47:25', NULL),
	(2757, 686, 3, 1, 1.0000, 0, '', '2018-03-18 11:47:25', '2018-03-18 11:47:25', NULL),
	(2758, 687, 37, 1, 1.0000, 0, '', '2018-03-18 11:47:25', '2018-03-18 11:47:25', NULL),
	(2759, 687, 38, 1, 1.0000, 0, '', '2018-03-18 11:47:25', '2018-03-18 11:47:25', NULL),
	(2760, 687, 39, 1, 1.0000, 0, '', '2018-03-18 11:47:25', '2018-03-18 11:47:25', NULL),
	(2761, 688, 149, 1, 2.0000, 0, '', '2018-03-18 11:47:25', '2018-03-18 11:47:25', NULL),
	(2762, 688, 152, 1, 2.0000, 0, '', '2018-03-18 11:47:25', '2018-03-18 11:47:25', NULL),
	(2763, 688, 155, 1, 2.0000, 0, '', '2018-03-18 11:47:25', '2018-03-18 11:47:25', NULL),
	(2764, 689, 1, 1, 1.0000, 0, '', '2018-03-18 11:48:07', '2018-03-18 11:48:07', NULL),
	(2765, 689, 2, 1, 1.0000, 0, '', '2018-03-18 11:48:07', '2018-03-18 11:48:07', NULL),
	(2766, 690, 37, 1, 1.0000, 0, '', '2018-03-18 11:48:07', '2018-03-18 11:48:07', NULL),
	(2767, 690, 38, 1, 1.0000, 0, '', '2018-03-18 11:48:07', '2018-03-18 11:48:07', NULL),
	(2768, 691, 149, 1, 1.0000, 0, '', '2018-03-18 11:48:07', '2018-03-18 11:48:07', NULL),
	(2769, 691, 150, 1, 1.0000, 0, '', '2018-03-18 11:48:08', '2018-03-18 11:48:08', NULL),
	(2770, 692, 1, 1, 1.0000, 0, '', '2018-03-18 11:49:52', '2018-03-18 11:49:52', NULL),
	(2771, 692, 2, 1, 1.0000, 0, '', '2018-03-18 11:49:52', '2018-03-18 11:49:52', NULL),
	(2772, 692, 3, 1, 1.0000, 0, '', '2018-03-18 11:49:52', '2018-03-18 11:49:52', NULL),
	(2773, 692, 6, 1, 2.0000, 0, '', '2018-03-18 11:49:52', '2018-03-18 11:49:52', NULL),
	(2774, 692, 5, 1, 1.0000, 0, '', '2018-03-18 11:49:52', '2018-03-18 11:49:52', NULL),
	(2775, 692, 4, 1, 4.0000, 0, '', '2018-03-18 11:49:52', '2018-03-18 11:49:52', NULL),
	(2776, 693, 1, 1, 1.0000, 0, '', '2018-03-18 11:54:51', '2018-03-18 11:54:51', NULL),
	(2777, 693, 2, 1, 1.0000, 0, '', '2018-03-18 11:54:51', '2018-03-18 11:54:51', NULL),
	(2778, 693, 3, 1, 1.0000, 0, '', '2018-03-18 11:54:51', '2018-03-18 11:54:51', NULL),
	(2779, 694, 37, 1, 1.0000, 0, '', '2018-03-18 11:54:51', '2018-03-18 11:54:51', NULL),
	(2780, 694, 38, 1, 1.0000, 0, '', '2018-03-18 11:54:51', '2018-03-18 11:54:51', NULL),
	(2781, 695, 149, 1, 1.0000, 0, '', '2018-03-18 11:54:51', '2018-03-18 11:54:51', NULL),
	(2782, 695, 151, 1, 1.0000, 0, '', '2018-03-18 11:54:51', '2018-03-18 11:54:51', NULL),
	(2783, 695, 150, 1, 1.0000, 0, '', '2018-03-18 11:54:51', '2018-03-18 11:54:51', NULL),
	(2784, 696, 1, 1, 1.0000, 0, '', '2018-03-18 11:57:30', '2018-03-18 11:57:30', NULL),
	(2785, 696, 2, 1, 1.0000, 0, '', '2018-03-18 11:57:30', '2018-03-18 11:57:30', NULL),
	(2786, 696, 3, 1, 1.0000, 0, '', '2018-03-18 11:57:30', '2018-03-18 11:57:30', NULL),
	(2787, 697, 37, 1, 1.0000, 0, '', '2018-03-18 11:57:30', '2018-03-18 11:57:30', NULL),
	(2788, 697, 38, 1, 1.0000, 0, '', '2018-03-18 11:57:30', '2018-03-18 11:57:30', NULL),
	(2789, 698, 149, 1, 1.0000, 0, '', '2018-03-18 11:57:30', '2018-03-18 11:57:30', NULL),
	(2790, 698, 150, 1, 4.0000, 0, '', '2018-03-18 11:57:30', '2018-03-18 11:57:30', NULL),
	(2791, 699, 1, 1, 2.0000, 0, '', '2018-03-18 11:59:03', '2018-03-18 11:59:03', NULL),
	(2792, 699, 2, 1, 1.0000, 0, '', '2018-03-18 11:59:03', '2018-03-18 11:59:03', NULL),
	(2793, 699, 3, 1, 4.0000, 0, '', '2018-03-18 11:59:03', '2018-03-18 11:59:03', NULL),
	(2794, 700, 37, 1, 1.0000, 0, '', '2018-03-18 11:59:03', '2018-03-18 11:59:03', NULL),
	(2795, 700, 38, 1, 1.0000, 0, '', '2018-03-18 11:59:03', '2018-03-18 11:59:03', NULL),
	(2796, 700, 39, 1, 1.0000, 0, '', '2018-03-18 11:59:03', '2018-03-18 11:59:03', NULL),
	(2797, 701, 149, 1, 1.0000, 0, '', '2018-03-18 11:59:03', '2018-03-18 11:59:03', NULL),
	(2798, 701, 150, 1, 1.0000, 0, '', '2018-03-18 11:59:03', '2018-03-18 11:59:03', NULL),
	(2799, 701, 151, 1, 3.0000, 0, '', '2018-03-18 11:59:03', '2018-03-18 11:59:03', NULL),
	(2800, 702, 1, 1, 1.0000, 0, '', '2018-03-18 12:00:28', '2018-03-18 12:00:28', NULL),
	(2801, 702, 2, 1, 1.0000, 0, '', '2018-03-18 12:00:28', '2018-03-18 12:00:28', NULL),
	(2802, 702, 3, 1, 4.0000, 0, '', '2018-03-18 12:00:28', '2018-03-18 12:00:28', NULL),
	(2803, 703, 37, 1, 1.0000, 0, '', '2018-03-18 12:00:28', '2018-03-18 12:00:28', NULL),
	(2804, 703, 38, 1, 1.0000, 0, '', '2018-03-18 12:00:28', '2018-03-18 12:00:28', NULL),
	(2805, 703, 39, 1, 4.0000, 0, '', '2018-03-18 12:00:28', '2018-03-18 12:00:28', NULL),
	(2806, 704, 149, 1, 1.0000, 0, '', '2018-03-18 12:00:28', '2018-03-18 12:00:28', NULL),
	(2807, 704, 150, 1, 1.0000, 0, '', '2018-03-18 12:00:28', '2018-03-18 12:00:28', NULL),
	(2808, 704, 151, 1, 3.0000, 0, '', '2018-03-18 12:00:28', '2018-03-18 12:00:28', NULL),
	(2809, 705, 1, 1, 1.0000, 0, '', '2018-03-18 12:01:21', '2018-03-18 12:01:21', NULL),
	(2810, 705, 2, 1, 1.0000, 0, '', '2018-03-18 12:01:21', '2018-03-18 12:01:21', NULL),
	(2811, 705, 3, 1, 1.0000, 0, '', '2018-03-18 12:01:21', '2018-03-18 12:01:21', NULL),
	(2812, 706, 37, 1, 1.0000, 0, '', '2018-03-18 12:01:21', '2018-03-18 12:01:21', NULL),
	(2813, 706, 38, 1, 1.0000, 0, '', '2018-03-18 12:01:21', '2018-03-18 12:01:21', NULL),
	(2814, 706, 39, 1, 1.0000, 0, '', '2018-03-18 12:01:21', '2018-03-18 12:01:21', NULL),
	(2815, 707, 149, 1, 1.0000, 0, '', '2018-03-18 12:01:22', '2018-03-18 12:01:22', NULL),
	(2816, 707, 150, 1, 1.0000, 0, '', '2018-03-18 12:01:22', '2018-03-18 12:01:22', NULL),
	(2817, 707, 151, 1, 4.0000, 0, '', '2018-03-18 12:01:22', '2018-03-18 12:01:22', NULL),
	(2818, 708, 1, 1, 1.0000, 0, '', '2018-03-18 12:02:25', '2018-03-18 12:02:25', NULL),
	(2819, 708, 2, 1, 2.0000, 0, '', '2018-03-18 12:02:25', '2018-03-18 12:02:25', NULL),
	(2820, 709, 37, 1, 1.0000, 0, '', '2018-03-18 12:02:26', '2018-03-18 12:02:26', NULL),
	(2821, 709, 38, 1, 3.0000, 0, '', '2018-03-18 12:02:26', '2018-03-18 12:02:26', NULL),
	(2822, 710, 149, 1, 1.0000, 0, '', '2018-03-18 12:02:26', '2018-03-18 12:02:26', NULL),
	(2823, 710, 150, 1, 1.0000, 0, '', '2018-03-18 12:02:26', '2018-03-18 12:02:26', NULL),
	(2824, 710, 151, 1, 3.0000, 0, '', '2018-03-18 12:02:26', '2018-03-18 12:02:26', NULL),
	(2825, 711, 1, 1, 1.0000, 0, '', '2018-03-18 12:03:10', '2018-03-18 12:03:10', NULL),
	(2826, 711, 3, 1, 1.0000, 0, '', '2018-03-18 12:03:10', '2018-03-18 12:03:10', NULL),
	(2827, 711, 2, 1, 1.0000, 0, '', '2018-03-18 12:03:10', '2018-03-18 12:03:10', NULL),
	(2828, 712, 37, 1, 1.0000, 0, '', '2018-03-18 12:03:10', '2018-03-18 12:03:10', NULL),
	(2829, 712, 38, 1, 1.0000, 0, '', '2018-03-18 12:03:10', '2018-03-18 12:03:10', NULL),
	(2830, 712, 39, 1, 1.0000, 0, '', '2018-03-18 12:03:10', '2018-03-18 12:03:10', NULL),
	(2831, 713, 149, 1, 1.0000, 0, '', '2018-03-18 12:03:10', '2018-03-18 12:03:10', NULL),
	(2832, 713, 150, 1, 1.0000, 0, '', '2018-03-18 12:03:10', '2018-03-18 12:03:10', NULL),
	(2833, 713, 151, 1, 3.0000, 0, '', '2018-03-18 12:03:10', '2018-03-18 12:03:10', NULL),
	(2834, 714, 1, 1, 1.0000, 0, '', '2018-03-18 12:04:02', '2018-03-18 12:04:02', NULL),
	(2835, 714, 2, 1, 1.0000, 0, '', '2018-03-18 12:04:02', '2018-03-18 12:04:02', NULL),
	(2836, 714, 3, 1, 5.0000, 0, '', '2018-03-18 12:04:03', '2018-03-18 12:04:03', NULL),
	(2837, 715, 1, 1, 1.0000, 0, '', '2018-03-18 12:05:13', '2018-03-18 12:05:13', NULL),
	(2838, 715, 2, 1, 1.0000, 0, '', '2018-03-18 12:05:13', '2018-03-18 12:05:13', NULL),
	(2839, 715, 3, 1, 5.0000, 0, '', '2018-03-18 12:05:13', '2018-03-18 12:05:13', NULL),
	(2840, 716, 1, 1, 1.0000, 0, '', '2018-03-18 12:08:26', '2018-03-18 12:08:26', NULL),
	(2841, 716, 2, 1, 1.0000, 0, '', '2018-03-18 12:08:26', '2018-03-18 12:08:26', NULL),
	(2842, 716, 3, 1, 1.0000, 0, '', '2018-03-18 12:08:27', '2018-03-18 12:08:27', NULL),
	(2843, 717, 37, 1, 1.0000, 0, '', '2018-03-18 12:08:27', '2018-03-18 12:08:27', NULL),
	(2844, 717, 38, 1, 1.0000, 0, '', '2018-03-18 12:08:27', '2018-03-18 12:08:27', NULL),
	(2845, 717, 39, 1, 1.0000, 0, '', '2018-03-18 12:08:27', '2018-03-18 12:08:27', NULL),
	(2846, 718, 149, 1, 1.0000, 0, '', '2018-03-18 12:08:27', '2018-03-18 12:08:27', NULL),
	(2847, 718, 150, 1, 1.0000, 0, '', '2018-03-18 12:08:27', '2018-03-18 12:08:27', NULL),
	(2848, 718, 151, 1, 2.0000, 0, '', '2018-03-18 12:08:27', '2018-03-18 12:08:27', NULL),
	(2849, 719, 1, 1, 1.0000, 0, '', '2018-03-18 12:09:06', '2018-03-18 12:09:06', NULL),
	(2850, 719, 2, 1, 1.0000, 0, '', '2018-03-18 12:09:06', '2018-03-18 12:09:06', NULL),
	(2851, 719, 3, 1, 1.0000, 0, '', '2018-03-18 12:09:06', '2018-03-18 12:09:06', NULL),
	(2852, 720, 1, 1, 1.0000, 0, '', '2018-03-18 12:09:37', '2018-03-18 12:09:37', NULL),
	(2853, 720, 3, 1, 1.0000, 0, '', '2018-03-18 12:09:37', '2018-03-18 12:09:37', NULL),
	(2854, 720, 2, 1, 1.0000, 0, '', '2018-03-18 12:09:37', '2018-03-18 12:09:37', NULL),
	(2855, 720, 4, 1, 4.0000, 0, '', '2018-03-18 12:09:37', '2018-03-18 12:09:37', NULL),
	(2856, 721, 1, 1, 1.0000, 0, '', '2018-03-18 12:10:07', '2018-03-18 12:10:07', NULL),
	(2857, 721, 2, 1, 1.0000, 0, '', '2018-03-18 12:10:07', '2018-03-18 12:10:07', NULL),
	(2858, 721, 3, 1, 1.0000, 0, '', '2018-03-18 12:10:07', '2018-03-18 12:10:07', NULL),
	(2859, 722, 37, 1, 1.0000, 0, '', '2018-03-18 12:10:07', '2018-03-18 12:10:07', NULL),
	(2860, 722, 38, 1, 1.0000, 0, '', '2018-03-18 12:10:08', '2018-03-18 12:10:08', NULL),
	(2861, 722, 39, 1, 1.0000, 0, '', '2018-03-18 12:10:08', '2018-03-18 12:10:08', NULL),
	(2862, 723, 149, 1, 1.0000, 0, '', '2018-03-18 12:10:08', '2018-03-18 12:10:08', NULL),
	(2863, 723, 152, 1, 1.0000, 0, '', '2018-03-18 12:10:08', '2018-03-18 12:10:08', NULL),
	(2864, 723, 155, 1, 3.0000, 0, '', '2018-03-18 12:10:08', '2018-03-18 12:10:08', NULL),
	(2869, 725, 1, 1, 1.0000, 0, '', '2018-03-18 12:11:02', '2018-03-18 12:11:02', NULL),
	(2870, 725, 2, 1, 1.0000, 0, '', '2018-03-18 12:11:02', '2018-03-18 12:11:02', NULL),
	(2871, 725, 3, 1, 3.0000, 0, '', '2018-03-18 12:11:02', '2018-03-18 12:11:02', NULL),
	(2872, 726, 1, 1, 1.0000, 0, '', '2018-03-18 12:11:25', '2018-03-18 12:11:25', NULL),
	(2873, 726, 2, 1, 1.0000, 0, '', '2018-03-18 12:11:25', '2018-03-18 12:11:25', NULL),
	(2874, 727, 37, 1, 1.0000, 0, '', '2018-03-18 12:11:25', '2018-03-18 12:11:25', NULL),
	(2875, 727, 40, 1, 1.0000, 0, '', '2018-03-18 12:11:25', '2018-03-18 12:11:25', NULL),
	(2876, 728, 152, 1, 1.0000, 0, '', '2018-03-18 12:11:25', '2018-03-18 12:11:25', NULL),
	(2877, 728, 155, 1, 3.0000, 0, '', '2018-03-18 12:11:25', '2018-03-18 12:11:25', NULL),
	(2878, 729, 1, 1, 1.0000, 0, '', '2018-03-18 12:11:54', '2018-03-18 12:11:54', NULL),
	(2879, 729, 3, 1, 1.0000, 0, '', '2018-03-18 12:11:54', '2018-03-18 12:11:54', NULL),
	(2880, 730, 37, 1, 1.0000, 0, '', '2018-03-18 12:11:54', '2018-03-18 12:11:54', NULL),
	(2881, 730, 40, 1, 1.0000, 0, '', '2018-03-18 12:11:54', '2018-03-18 12:11:54', NULL),
	(2882, 731, 139, 1, 1.0000, 0, '', '2018-03-18 12:11:54', '2018-03-18 12:11:54', NULL),
	(2883, 731, 140, 1, 1.0000, 0, '', '2018-03-18 12:11:54', '2018-03-18 12:11:54', NULL),
	(2884, 732, 4, 1, 1.0000, 0, '', '2018-03-18 12:13:41', '2018-03-18 12:13:41', NULL),
	(2885, 732, 5, 1, 1.0000, 0, '', '2018-03-18 12:13:41', '2018-03-18 12:13:41', NULL),
	(2886, 732, 2, 1, 3.0000, 0, '', '2018-03-18 12:13:41', '2018-03-18 12:13:41', NULL),
	(2900, 737, 1, 1, 1.0000, 0, '', '2018-03-18 12:18:15', '2018-03-18 12:18:15', NULL),
	(2901, 737, 2, 1, 1.0000, 0, '', '2018-03-18 12:18:15', '2018-03-18 12:18:15', NULL),
	(2902, 737, 3, 1, 1.0000, 0, '', '2018-03-18 12:18:15', '2018-03-18 12:18:15', NULL),
	(2903, 738, 37, 1, 1.0000, 0, '', '2018-03-18 12:18:15', '2018-03-18 12:18:15', NULL),
	(2904, 738, 40, 1, 1.0000, 0, '', '2018-03-18 12:18:15', '2018-03-18 12:18:15', NULL),
	(2905, 739, 1, 1, 1.0000, 0, '', '2018-03-18 12:18:34', '2018-03-18 12:18:34', NULL),
	(2906, 739, 2, 1, 1.0000, 0, '', '2018-03-18 12:18:34', '2018-03-18 12:18:34', NULL),
	(2907, 739, 3, 1, 1.0000, 0, '', '2018-03-18 12:18:34', '2018-03-18 12:18:34', NULL),
	(2908, 740, 40, 1, 1.0000, 0, '', '2018-03-18 12:18:34', '2018-03-18 12:18:34', NULL),
	(2909, 740, 43, 1, 1.0000, 0, '', '2018-03-18 12:18:34', '2018-03-18 12:18:34', NULL),
	(2910, 740, 44, 1, 1.0000, 0, '', '2018-03-18 12:18:35', '2018-03-18 12:18:35', NULL),
	(2911, 740, 45, 1, 1.0000, 0, '', '2018-03-18 12:18:35', '2018-03-18 12:18:35', NULL),
	(2912, 741, 1, 1, 1.0000, 1, '', '2018-03-18 12:22:41', '2018-03-21 20:59:02', NULL),
	(2913, 741, 2, 1, 1.0000, 1, '', '2018-03-18 12:22:41', '2018-03-21 20:59:03', NULL),
	(2914, 741, 3, 1, 1.0000, 1, '', '2018-03-18 12:22:41', '2018-03-21 20:59:03', NULL),
	(2915, 742, 37, 1, 1.0000, 1, '', '2018-03-18 12:22:41', '2018-03-21 20:59:03', NULL),
	(2916, 742, 38, 1, 1.0000, 1, '', '2018-03-18 12:22:41', '2018-03-21 20:59:03', NULL),
	(2917, 742, 39, 1, 1.0000, 1, '', '2018-03-18 12:22:41', '2018-03-21 20:59:03', NULL),
	(2918, 743, 149, 1, 1.0000, 1, '', '2018-03-18 12:22:41', '2018-03-21 20:59:03', NULL),
	(2919, 743, 150, 1, 1.0000, 1, '', '2018-03-18 12:22:41', '2018-03-21 20:59:03', NULL),
	(2920, 744, 1, 1, 1.0000, 1, '', '2018-03-18 12:23:35', '2018-03-21 20:59:04', NULL),
	(2921, 744, 2, 1, 1.0000, 1, '', '2018-03-18 12:23:35', '2018-03-21 20:59:04', NULL),
	(2922, 744, 3, 1, 4.0000, 1, '', '2018-03-18 12:23:35', '2018-03-21 20:59:04', NULL),
	(2923, 745, 40, 1, 1.0000, 1, '', '2018-03-18 12:23:35', '2018-03-21 20:59:04', NULL),
	(2924, 745, 41, 1, 1.0000, 1, '', '2018-03-18 12:23:35', '2018-03-21 20:59:04', NULL),
	(2925, 745, 42, 1, 1.0000, 1, '', '2018-03-18 12:23:35', '2018-03-21 20:59:04', NULL),
	(2926, 745, 43, 1, 3.0000, 1, '', '2018-03-18 12:23:35', '2018-03-21 20:59:04', NULL),
	(2927, 746, 149, 1, 1.0000, 1, '', '2018-03-18 12:23:35', '2018-03-21 20:59:06', NULL),
	(2928, 746, 150, 1, 3.0000, 1, '', '2018-03-18 12:23:35', '2018-03-21 20:59:06', NULL),
	(2929, 747, 1, 1, 1.0000, 0, '', '2018-03-18 12:24:30', '2018-03-18 12:24:30', NULL),
	(2930, 747, 2, 1, 1.0000, 0, '', '2018-03-18 12:24:30', '2018-03-18 12:24:30', NULL),
	(2931, 748, 37, 1, 1.0000, 0, '', '2018-03-18 12:24:30', '2018-03-18 12:24:30', NULL),
	(2932, 748, 38, 1, 1.0000, 0, '', '2018-03-18 12:24:30', '2018-03-18 12:24:30', NULL),
	(2933, 749, 149, 1, 1.0000, 0, '', '2018-03-18 12:24:30', '2018-03-18 12:24:30', NULL),
	(2934, 749, 150, 1, 1.0000, 0, '', '2018-03-18 12:24:30', '2018-03-18 12:24:30', NULL),
	(2935, 750, 2, 1, 1.0000, 0, '', '2018-03-18 12:25:04', '2018-03-18 12:25:04', NULL),
	(2936, 750, 1, 1, 1.0000, 0, '', '2018-03-18 12:25:04', '2018-03-18 12:25:04', NULL),
	(2937, 751, 38, 1, 1.0000, 0, '', '2018-03-18 12:25:04', '2018-03-18 12:25:04', NULL),
	(2938, 751, 39, 1, 1.0000, 0, '', '2018-03-18 12:25:04', '2018-03-18 12:25:04', NULL),
	(2939, 752, 139, 1, 1.0000, 0, '', '2018-03-18 12:25:04', '2018-03-18 12:25:04', NULL),
	(2940, 752, 140, 1, 1.0000, 0, '', '2018-03-18 12:25:04', '2018-03-18 12:25:04', NULL),
	(2941, 753, 1, 1, 1.0000, 0, '', '2018-03-18 12:30:07', '2018-03-18 12:30:07', NULL),
	(2942, 753, 2, 1, 1.0000, 0, '', '2018-03-18 12:30:07', '2018-03-18 12:30:07', NULL),
	(2943, 753, 3, 1, 3.0000, 0, '', '2018-03-18 12:30:07', '2018-03-18 12:30:07', NULL),
	(2944, 754, 1, 1, 1.0000, 0, '', '2018-03-18 12:30:31', '2018-03-18 12:30:31', NULL),
	(2945, 754, 2, 1, 1.0000, 0, '', '2018-03-18 12:30:31', '2018-03-18 12:30:31', NULL),
	(2946, 755, 37, 1, 1.0000, 0, '', '2018-03-18 12:30:31', '2018-03-18 12:30:31', NULL),
	(2947, 755, 38, 1, 1.0000, 0, '', '2018-03-18 12:30:31', '2018-03-18 12:30:31', NULL),
	(2948, 756, 149, 1, 1.0000, 0, '', '2018-03-18 12:30:31', '2018-03-18 12:30:31', NULL),
	(2949, 756, 139, 1, 1.0000, 0, '', '2018-03-18 12:30:31', '2018-03-18 12:30:31', NULL),
	(2950, 757, 1, 1, 1.0000, 1, '', '2018-03-18 12:33:21', '2018-03-21 19:08:32', NULL),
	(2951, 757, 2, 1, 1.0000, 1, '', '2018-03-18 12:33:21', '2018-03-21 19:08:32', NULL),
	(2952, 757, 3, 1, 3.0000, 1, '', '2018-03-18 12:33:21', '2018-03-21 19:08:32', NULL),
	(2953, 758, 70, 1, 1.0000, 1, '', '2018-03-18 12:35:05', '2018-03-21 19:08:33', NULL),
	(2954, 758, 71, 1, 1.0000, 1, '', '2018-03-18 12:35:05', '2018-03-21 19:08:33', NULL),
	(2955, 758, 111, 1, 4.0000, 1, '', '2018-03-18 12:35:05', '2018-03-21 19:08:33', NULL),
	(2974, 766, 1, 1, 1.0000, 0, '', '2018-03-18 12:40:53', '2018-03-18 12:40:53', NULL),
	(2975, 766, 2, 1, 1.0000, 0, '', '2018-03-18 12:40:53', '2018-03-18 12:40:53', NULL),
	(2976, 766, 3, 1, 4.0000, 0, '', '2018-03-18 12:40:53', '2018-03-18 12:40:53', NULL),
	(2982, 770, 1, 1, 1.0000, 1, '', '2018-03-18 12:47:11', '2018-03-22 11:52:49', NULL),
	(2983, 770, 2, 1, 1.0000, 1, '', '2018-03-18 12:47:11', '2018-03-22 11:52:49', NULL),
	(2984, 770, 3, 1, 1.0000, 1, '', '2018-03-18 12:47:11', '2018-03-22 11:52:49', NULL),
	(2985, 771, 37, 1, 1.0000, 1, '', '2018-03-18 12:47:11', '2018-03-22 11:52:50', NULL),
	(2986, 771, 38, 1, 1.0000, 1, '', '2018-03-18 12:47:11', '2018-03-22 11:52:50', NULL),
	(2987, 771, 39, 1, 1.0000, 1, '', '2018-03-18 12:47:11', '2018-03-22 11:52:50', NULL),
	(2988, 772, 149, 1, 1.0000, 1, '', '2018-03-18 12:47:11', '2018-03-22 11:52:50', NULL),
	(2989, 772, 152, 1, 1.0000, 1, '', '2018-03-18 12:47:11', '2018-03-22 11:52:58', NULL),
	(2990, 773, 1, 1, 1.0000, 1, '', '2018-03-18 12:47:42', '2018-03-22 11:52:58', NULL),
	(2991, 773, 2, 1, 1.0000, 1, '', '2018-03-18 12:47:42', '2018-03-22 11:52:58', NULL),
	(2992, 774, 37, 1, 1.0000, 1, '', '2018-03-18 12:47:42', '2018-03-22 11:52:58', NULL),
	(2993, 774, 38, 1, 1.0000, 1, '', '2018-03-18 12:47:42', '2018-03-22 11:52:59', NULL),
	(2994, 774, 78, 1, 1.0000, 0, '', '2018-03-18 12:47:42', '2018-03-18 12:47:42', NULL),
	(2995, 774, 79, 1, 1.0000, 0, '', '2018-03-18 12:47:42', '2018-03-18 12:47:42', NULL),
	(3004, 779, 1, 1, 1.0000, 1, '', '2018-03-18 12:50:46', '2018-03-21 20:59:18', NULL),
	(3005, 779, 3, 1, 1.0000, 1, '', '2018-03-18 12:50:46', '2018-03-21 20:59:18', NULL),
	(3006, 779, 2, 1, 1.0000, 1, '', '2018-03-18 12:50:46', '2018-03-21 20:59:18', NULL),
	(3007, 780, 139, 1, 1.0000, 1, '', '2018-03-18 12:50:46', '2018-03-21 20:59:18', NULL),
	(3008, 780, 140, 1, 1.0000, 1, '', '2018-03-18 12:50:46', '2018-03-21 20:59:18', NULL),
	(3009, 781, 1, 1, 1.0000, 1, '', '2018-03-18 12:51:17', '2018-03-21 20:59:19', NULL),
	(3010, 782, 38, 1, 1.0000, 1, '', '2018-03-18 12:51:17', '2018-03-21 20:59:19', NULL),
	(3011, 783, 149, 1, 1.0000, 1, '', '2018-03-18 12:51:17', '2018-03-21 20:59:19', NULL),
	(3012, 783, 150, 1, 2.0000, 1, '', '2018-03-18 12:51:17', '2018-03-21 20:59:19', NULL),
	(3022, 790, 1, 1, 1.0000, 0, '', '2018-03-18 13:02:56', '2018-03-18 13:02:56', NULL),
	(3023, 790, 2, 1, 1.0000, 0, '', '2018-03-18 13:02:56', '2018-03-18 13:02:56', NULL),
	(3024, 791, 37, 1, 1.0000, 0, '', '2018-03-18 13:02:56', '2018-03-18 13:02:56', NULL),
	(3025, 792, 149, 1, 1.0000, 0, '', '2018-03-18 13:02:56', '2018-03-18 13:02:56', NULL),
	(3026, 793, 1, 1, 1.0000, 0, '', '2018-03-18 13:03:25', '2018-03-18 13:03:25', NULL),
	(3027, 794, 38, 1, 1.0000, 0, '', '2018-03-18 13:03:25', '2018-03-18 13:03:25', NULL),
	(3028, 795, 150, 1, 1.0000, 0, '', '2018-03-18 13:03:25', '2018-03-18 13:03:25', NULL),
	(3029, 795, 152, 1, 1.0000, 0, '', '2018-03-18 13:03:25', '2018-03-18 13:03:25', NULL),
	(3030, 796, 1, 1, 1.0000, 0, '', '2018-03-18 13:04:22', '2018-03-18 13:04:22', NULL),
	(3031, 797, 37, 1, 1.0000, 0, '', '2018-03-18 13:04:22', '2018-03-18 13:04:22', NULL),
	(3032, 798, 149, 1, 1.0000, 0, '', '2018-03-18 13:04:22', '2018-03-18 13:04:22', NULL),
	(3033, 799, 1, 1, 1.0000, 0, '', '2018-03-18 13:04:50', '2018-03-18 13:04:50', NULL),
	(3034, 799, 4, 1, 1.0000, 0, '', '2018-03-18 13:04:50', '2018-03-18 13:04:50', NULL),
	(3035, 800, 38, 1, 1.0000, 0, '', '2018-03-18 13:04:50', '2018-03-18 13:04:50', NULL),
	(3036, 801, 149, 1, 1.0000, 0, '', '2018-03-18 13:04:50', '2018-03-18 13:04:50', NULL),
	(3037, 802, 1, 1, 1.0000, 0, '', '2018-03-18 13:06:32', '2018-03-18 13:06:32', NULL),
	(3038, 802, 2, 1, 1.0000, 0, '', '2018-03-18 13:06:32', '2018-03-18 13:06:32', NULL),
	(3039, 802, 3, 1, 1.0000, 0, '', '2018-03-18 13:06:32', '2018-03-18 13:06:32', NULL),
	(3040, 803, 37, 1, 1.0000, 0, '', '2018-03-18 13:06:33', '2018-03-18 13:06:33', NULL),
	(3041, 804, 139, 1, 1.0000, 0, '', '2018-03-18 13:06:33', '2018-03-18 13:06:33', NULL),
	(3042, 805, 1, 1, 1.0000, 0, '', '2018-03-18 13:07:05', '2018-03-18 13:07:05', NULL),
	(3043, 805, 2, 1, 1.0000, 0, '', '2018-03-18 13:07:05', '2018-03-18 13:07:05', NULL),
	(3044, 806, 37, 1, 1.0000, 0, '', '2018-03-18 13:07:05', '2018-03-18 13:07:05', NULL),
	(3045, 806, 40, 1, 1.0000, 0, '', '2018-03-18 13:07:05', '2018-03-18 13:07:05', NULL),
	(3046, 807, 153, 1, 1.0000, 0, '', '2018-03-18 13:07:05', '2018-03-18 13:07:05', NULL),
	(3047, 807, 152, 1, 1.0000, 0, '', '2018-03-18 13:07:05', '2018-03-18 13:07:05', NULL),
	(3048, 808, 1, 1, 1.0000, 0, '', '2018-03-18 13:08:22', '2018-03-18 13:08:22', NULL),
	(3049, 808, 2, 1, 1.0000, 0, '', '2018-03-18 13:08:22', '2018-03-18 13:08:22', NULL),
	(3050, 809, 37, 1, 1.0000, 0, '', '2018-03-18 13:08:22', '2018-03-18 13:08:22', NULL),
	(3051, 809, 38, 1, 1.0000, 0, '', '2018-03-18 13:08:22', '2018-03-18 13:08:22', NULL),
	(3052, 810, 152, 1, 1.0000, 0, '', '2018-03-18 13:08:23', '2018-03-18 13:08:23', NULL),
	(3053, 810, 149, 1, 1.0000, 0, '', '2018-03-18 13:08:23', '2018-03-18 13:08:23', NULL),
	(3054, 811, 1, 1, 1.0000, 0, '', '2018-03-18 13:08:55', '2018-03-18 13:08:55', NULL),
	(3055, 811, 2, 1, 1.0000, 0, '', '2018-03-18 13:08:55', '2018-03-18 13:08:55', NULL),
	(3056, 812, 37, 1, 1.0000, 0, '', '2018-03-18 13:08:55', '2018-03-18 13:08:55', NULL),
	(3057, 812, 40, 1, 1.0000, 0, '', '2018-03-18 13:08:55', '2018-03-18 13:08:55', NULL),
	(3058, 813, 149, 1, 1.0000, 0, '', '2018-03-18 13:08:55', '2018-03-18 13:08:55', NULL),
	(3059, 813, 150, 1, 1.0000, 0, '', '2018-03-18 13:08:55', '2018-03-18 13:08:55', NULL),
	(3060, 814, 1, 1, 1.0000, 0, '', '2018-03-18 13:10:58', '2018-03-18 13:10:58', NULL),
	(3061, 814, 2, 1, 1.0000, 0, '', '2018-03-18 13:10:58', '2018-03-18 13:10:58', NULL),
	(3062, 814, 3, 1, 1.0000, 0, '', '2018-03-18 13:10:58', '2018-03-18 13:10:58', NULL),
	(3063, 815, 37, 1, 1.0000, 0, '', '2018-03-18 13:10:59', '2018-03-18 13:10:59', NULL),
	(3064, 816, 149, 1, 1.0000, 0, '', '2018-03-18 13:10:59', '2018-03-18 13:10:59', NULL),
	(3065, 817, 1, 1, 1.0000, 0, '', '2018-03-18 13:11:36', '2018-03-18 13:11:36', NULL),
	(3066, 818, 37, 1, 1.0000, 0, '', '2018-03-18 13:11:36', '2018-03-18 13:11:36', NULL),
	(3067, 818, 40, 1, 1.0000, 0, '', '2018-03-18 13:11:36', '2018-03-18 13:11:36', NULL),
	(3068, 819, 149, 1, 1.0000, 0, '', '2018-03-18 13:11:37', '2018-03-18 13:11:37', NULL),
	(3069, 819, 150, 1, 1.0000, 0, '', '2018-03-18 13:11:37', '2018-03-18 13:11:37', NULL),
	(3070, 820, 1, 1, 1.0000, 0, '', '2018-03-18 13:14:15', '2018-03-18 13:14:15', NULL),
	(3071, 820, 3, 1, 1.0000, 0, '', '2018-03-18 13:14:15', '2018-03-18 13:14:15', NULL),
	(3072, 820, 2, 1, 1.0000, 0, '', '2018-03-18 13:14:15', '2018-03-18 13:14:15', NULL),
	(3073, 821, 1, 1, 1.0000, 0, '', '2018-03-18 13:14:51', '2018-03-18 13:14:51', NULL),
	(3074, 822, 37, 1, 1.0000, 0, '', '2018-03-18 13:14:51', '2018-03-18 13:14:51', NULL),
	(3075, 822, 40, 1, 1.0000, 0, '', '2018-03-18 13:14:51', '2018-03-18 13:14:51', NULL),
	(3076, 823, 149, 1, 1.0000, 0, '', '2018-03-18 13:14:51', '2018-03-18 13:14:51', NULL),
	(3077, 823, 150, 1, 1.0000, 0, '', '2018-03-18 13:14:51', '2018-03-18 13:14:51', NULL),
	(3078, 824, 1, 1, 1.0000, 0, '', '2018-03-18 13:16:04', '2018-03-18 13:16:04', NULL),
	(3079, 825, 37, 1, 1.0000, 0, '', '2018-03-18 13:16:04', '2018-03-18 13:16:04', NULL),
	(3080, 826, 150, 1, 1.0000, 0, '', '2018-03-18 13:16:04', '2018-03-18 13:16:04', NULL),
	(3081, 827, 1, 1, 1.0000, 0, '', '2018-03-18 13:16:26', '2018-03-18 13:16:26', NULL),
	(3082, 828, 37, 1, 1.0000, 0, '', '2018-03-18 13:16:26', '2018-03-18 13:16:26', NULL),
	(3083, 829, 149, 1, 1.0000, 0, '', '2018-03-18 13:16:26', '2018-03-18 13:16:26', NULL),
	(3084, 829, 150, 1, 1.0000, 0, '', '2018-03-18 13:16:26', '2018-03-18 13:16:26', NULL),
	(3085, 830, 1, 1, 1.0000, 0, '', '2018-03-18 13:17:15', '2018-03-18 13:17:15', NULL),
	(3086, 830, 2, 1, 1.0000, 0, '', '2018-03-18 13:17:15', '2018-03-18 13:17:15', NULL),
	(3087, 831, 37, 1, 1.0000, 0, '', '2018-03-18 13:17:16', '2018-03-18 13:17:16', NULL),
	(3088, 831, 38, 1, 1.0000, 0, '', '2018-03-18 13:17:16', '2018-03-18 13:17:16', NULL),
	(3089, 832, 149, 1, 1.0000, 0, '', '2018-03-18 13:17:16', '2018-03-18 13:17:16', NULL),
	(3090, 832, 152, 1, 1.0000, 0, '', '2018-03-18 13:17:16', '2018-03-18 13:17:16', NULL),
	(3091, 833, 1, 1, 1.0000, 0, '', '2018-03-18 13:17:38', '2018-03-18 13:17:38', NULL),
	(3092, 833, 2, 1, 1.0000, 0, '', '2018-03-18 13:17:39', '2018-03-18 13:17:39', NULL),
	(3093, 834, 37, 1, 1.0000, 0, '', '2018-03-18 13:17:39', '2018-03-18 13:17:39', NULL),
	(3094, 834, 38, 1, 1.0000, 0, '', '2018-03-18 13:17:39', '2018-03-18 13:17:39', NULL),
	(3095, 835, 149, 1, 1.0000, 0, '', '2018-03-18 13:17:39', '2018-03-18 13:17:39', NULL),
	(3096, 835, 152, 1, 1.0000, 0, '', '2018-03-18 13:17:39', '2018-03-18 13:17:39', NULL),
	(3134, 851, 1, 1, 1.0000, 1, '', '2018-03-18 13:22:57', '2018-03-21 20:59:09', NULL),
	(3135, 851, 2, 1, 1.0000, 1, '', '2018-03-18 13:22:57', '2018-03-21 20:59:10', NULL),
	(3136, 851, 3, 1, 1.0000, 1, '', '2018-03-18 13:22:57', '2018-03-21 20:59:10', NULL),
	(3145, 855, 1, 1, 1.0000, 0, '', '2018-03-18 18:17:07', '2018-03-18 18:17:07', NULL),
	(3146, 855, 3, 1, 3.0000, 0, '', '2018-03-18 18:17:07', '2018-03-18 18:17:07', NULL),
	(3147, 855, 4, 1, 1.0000, 0, '', '2018-03-18 18:17:07', '2018-03-18 18:17:07', NULL),
	(3148, 855, 5, 1, 2.0000, 0, '', '2018-03-18 18:17:07', '2018-03-18 18:17:07', NULL),
	(3149, 856, 11, 1, 1.0000, 0, '', '2018-03-18 18:57:31', '2018-03-18 18:57:31', NULL),
	(3150, 856, 12, 1, 2.0000, 0, '', '2018-03-18 18:57:31', '2018-03-18 18:57:31', NULL),
	(3151, 856, 13, 1, 4.0000, 0, '', '2018-03-18 18:57:31', '2018-03-18 18:57:31', NULL),
	(3152, 856, 14, 1, 3.0000, 0, '', '2018-03-18 18:57:31', '2018-03-18 18:57:31', NULL),
	(3153, 856, 15, 1, 3.0000, 0, '', '2018-03-18 18:57:31', '2018-03-18 18:57:31', NULL),
	(3154, 856, 163, 1, 1.0000, 0, '', '2018-03-18 18:57:31', '2018-03-18 18:57:31', NULL),
	(3155, 856, 164, 1, 4.0000, 0, '', '2018-03-18 18:57:31', '2018-03-18 18:57:31', NULL),
	(3156, 857, 1, 1, 1.0000, 0, '', '2018-03-18 19:00:43', '2018-03-18 19:00:43', NULL),
	(3157, 857, 2, 1, 1.0000, 0, '', '2018-03-18 19:00:43', '2018-03-18 19:00:43', NULL),
	(3158, 857, 3, 1, 1.0000, 0, '', '2018-03-18 19:00:44', '2018-03-18 19:00:44', NULL),
	(3159, 857, 4, 1, 4.0000, 0, '', '2018-03-18 19:00:44', '2018-03-18 19:00:44', NULL),
	(3160, 857, 5, 1, 1.0000, 0, '', '2018-03-18 19:00:44', '2018-03-18 19:00:44', NULL),
	(3161, 857, 6, 1, 1.0000, 0, '', '2018-03-18 19:00:44', '2018-03-18 19:00:44', NULL),
	(3162, 858, 1, 1, 1.0000, 0, '', '2018-03-18 19:04:07', '2018-03-18 19:04:07', NULL),
	(3163, 858, 2, 1, 1.0000, 0, '', '2018-03-18 19:04:07', '2018-03-18 19:04:07', NULL),
	(3164, 858, 3, 1, 1.0000, 0, '', '2018-03-18 19:04:07', '2018-03-18 19:04:07', NULL),
	(3165, 858, 4, 1, 1.0000, 0, '', '2018-03-18 19:04:07', '2018-03-18 19:04:07', NULL),
	(3166, 858, 7, 1, 1.0000, 0, '', '2018-03-18 19:04:07', '2018-03-18 19:04:07', NULL),
	(3167, 858, 8, 1, 2.0000, 0, '', '2018-03-18 19:04:07', '2018-03-18 19:04:07', NULL),
	(3168, 858, 9, 1, 4.0000, 0, '', '2018-03-18 19:04:07', '2018-03-18 19:04:07', NULL),
	(3169, 859, 1, 1, 1.0000, 0, '', '2018-03-18 19:09:17', '2018-03-18 19:09:17', NULL),
	(3170, 859, 2, 1, 1.0000, 0, '', '2018-03-18 19:09:17', '2018-03-18 19:09:17', NULL),
	(3171, 859, 3, 1, 4.0000, 0, '', '2018-03-18 19:09:17', '2018-03-18 19:09:17', NULL),
	(3172, 860, 70, 1, 1.0000, 0, '', '2018-03-18 19:09:48', '2018-03-18 19:09:48', NULL),
	(3173, 860, 71, 1, 1.0000, 0, '', '2018-03-18 19:09:48', '2018-03-18 19:09:48', NULL),
	(3174, 860, 72, 1, 1.0000, 0, '', '2018-03-18 19:09:48', '2018-03-18 19:09:48', NULL),
	(3175, 860, 73, 1, 1.0000, 0, '', '2018-03-18 19:09:48', '2018-03-18 19:09:48', NULL),
	(3176, 860, 74, 1, 2.0000, 0, '', '2018-03-18 19:09:48', '2018-03-18 19:09:48', NULL),
	(3182, 862, 1, 1, 1.0000, 1, '', '2018-03-18 19:14:26', '2018-03-21 19:07:40', NULL),
	(3183, 862, 2, 1, 1.0000, 1, '', '2018-03-18 19:14:26', '2018-03-21 19:07:41', NULL),
	(3184, 862, 3, 1, 1.0000, 1, '', '2018-03-18 19:14:26', '2018-03-21 19:07:41', NULL),
	(3185, 862, 4, 1, 3.0000, 1, '', '2018-03-18 19:14:26', '2018-03-21 19:07:41', NULL),
	(3186, 862, 7, 1, 4.0000, 1, '', '2018-03-18 19:14:26', '2018-03-21 19:07:41', NULL),
	(3187, 863, 2, 1, 1.0000, 0, '', '2018-03-18 19:21:46', '2018-03-18 19:21:46', NULL),
	(3188, 863, 4, 1, 1.0000, 0, '', '2018-03-18 19:21:46', '2018-03-18 19:21:46', NULL),
	(3189, 863, 5, 1, 3.0000, 0, '', '2018-03-18 19:21:46', '2018-03-18 19:21:46', NULL),
	(3190, 864, 1, 1, 1.0000, 0, '', '2018-03-18 19:54:23', '2018-03-18 19:54:23', NULL),
	(3191, 864, 2, 1, 1.0000, 0, '', '2018-03-18 19:54:24', '2018-03-18 19:54:24', NULL),
	(3192, 864, 3, 1, 4.0000, 0, '', '2018-03-18 19:54:24', '2018-03-18 19:54:24', NULL),
	(3193, 865, 1, 1, 1.0000, 0, '', '2018-03-19 11:30:52', '2018-03-19 11:30:52', NULL),
	(3194, 865, 2, 1, 1.0000, 0, '', '2018-03-19 11:30:52', '2018-03-19 11:30:52', NULL),
	(3195, 865, 3, 1, 1.0000, 0, '', '2018-03-19 11:30:52', '2018-03-19 11:30:52', NULL),
	(3196, 865, 4, 1, 3.0000, 0, '', '2018-03-19 11:30:52', '2018-03-19 11:30:52', NULL),
	(3197, 865, 7, 1, 2.0000, 0, '', '2018-03-19 11:30:52', '2018-03-19 11:30:52', NULL),
	(3198, 865, 8, 1, 2.0000, 0, '', '2018-03-19 11:30:52', '2018-03-19 11:30:52', NULL),
	(3199, 866, 1, 1, 1.0000, 0, '', '2018-03-19 11:32:31', '2018-03-19 11:32:31', NULL),
	(3200, 866, 2, 1, 1.0000, 0, '', '2018-03-19 11:32:31', '2018-03-19 11:32:31', NULL),
	(3201, 867, 38, 1, 1.0000, 0, '', '2018-03-19 11:32:31', '2018-03-19 11:32:31', NULL),
	(3202, 867, 37, 1, 1.0000, 0, '', '2018-03-19 11:32:31', '2018-03-19 11:32:31', NULL),
	(3203, 868, 149, 1, 1.0000, 0, '', '2018-03-19 11:32:31', '2018-03-19 11:32:31', NULL),
	(3204, 868, 152, 1, 1.0000, 0, '', '2018-03-19 11:32:32', '2018-03-19 11:32:32', NULL),
	(3205, 868, 150, 1, 3.0000, 0, '', '2018-03-19 11:32:32', '2018-03-19 11:32:32', NULL),
	(3206, 869, 1, 1, 1.0000, 0, '', '2018-03-19 11:33:32', '2018-03-19 11:33:32', NULL),
	(3207, 869, 2, 1, 1.0000, 0, '', '2018-03-19 11:33:32', '2018-03-19 11:33:32', NULL),
	(3208, 869, 3, 1, 1.0000, 0, '', '2018-03-19 11:33:32', '2018-03-19 11:33:32', NULL),
	(3209, 869, 4, 1, 3.0000, 0, '', '2018-03-19 11:33:32', '2018-03-19 11:33:32', NULL),
	(3210, 869, 7, 1, 5.0000, 0, '', '2018-03-19 11:33:33', '2018-03-19 11:33:33', NULL),
	(3211, 870, 11, 1, 1.0000, 0, '', '2018-03-19 11:34:01', '2018-03-19 11:34:01', NULL),
	(3212, 870, 12, 1, 1.0000, 0, '', '2018-03-19 11:34:01', '2018-03-19 11:34:01', NULL),
	(3213, 871, 40, 1, 1.0000, 0, '', '2018-03-19 11:34:01', '2018-03-19 11:34:01', NULL),
	(3214, 871, 41, 1, 1.0000, 0, '', '2018-03-19 11:34:01', '2018-03-19 11:34:01', NULL),
	(3215, 872, 149, 1, 1.0000, 0, '', '2018-03-19 11:34:01', '2018-03-19 11:34:01', NULL),
	(3216, 872, 152, 1, 1.0000, 0, '', '2018-03-19 11:34:01', '2018-03-19 11:34:01', NULL),
	(3217, 872, 155, 1, 3.0000, 0, '', '2018-03-19 11:34:01', '2018-03-19 11:34:01', NULL),
	(3218, 873, 1, 1, 1.0000, 0, '', '2018-03-20 12:32:41', '2018-03-20 12:32:41', NULL),
	(3219, 873, 2, 1, 1.0000, 0, '', '2018-03-20 12:32:41', '2018-03-20 12:32:41', NULL),
	(3220, 873, 3, 1, 4.0000, 0, '', '2018-03-20 12:32:41', '2018-03-20 12:32:41', NULL),
	(3221, 874, 11, 1, 1.0000, 0, '', '2018-03-20 12:43:59', '2018-03-20 12:43:59', NULL),
	(3222, 874, 12, 1, 1.0000, 0, '', '2018-03-20 12:43:59', '2018-03-20 12:43:59', NULL),
	(3223, 874, 13, 1, 1.0000, 0, '', '2018-03-20 12:43:59', '2018-03-20 12:43:59', NULL),
	(3224, 874, 14, 1, 3.0000, 0, '', '2018-03-20 12:43:59', '2018-03-20 12:43:59', NULL),
	(3225, 874, 15, 1, 1.0000, 0, '', '2018-03-20 12:43:59', '2018-03-20 12:43:59', NULL),
	(3226, 874, 163, 1, 3.0000, 0, '', '2018-03-20 12:43:59', '2018-03-20 12:43:59', NULL),
	(3227, 875, 1, 1, 1.0000, 0, '', '2018-03-20 14:11:16', '2018-03-20 14:11:16', NULL),
	(3228, 875, 2, 1, 1.0000, 0, '', '2018-03-20 14:11:16', '2018-03-20 14:11:16', NULL),
	(3229, 875, 3, 1, 1.0000, 0, '', '2018-03-20 14:11:16', '2018-03-20 14:11:16', NULL),
	(3230, 875, 4, 1, 3.0000, 0, '', '2018-03-20 14:11:16', '2018-03-20 14:11:16', NULL),
	(3231, 875, 5, 1, 5.0000, 0, '', '2018-03-20 14:11:16', '2018-03-20 14:11:16', NULL),
	(3232, 875, 6, 1, 2.0000, 0, '', '2018-03-20 14:11:16', '2018-03-20 14:11:16', NULL),
	(3233, 875, 7, 1, 3.0000, 0, '', '2018-03-20 14:11:16', '2018-03-20 14:11:16', NULL),
	(3234, 875, 8, 1, 2.0000, 0, '', '2018-03-20 14:11:16', '2018-03-20 14:11:16', NULL),
	(3235, 876, 2, 1, 1.0000, 0, '', '2018-03-20 14:14:17', '2018-03-20 14:14:17', NULL),
	(3236, 876, 3, 1, 1.0000, 0, '', '2018-03-20 14:14:17', '2018-03-20 14:14:17', NULL),
	(3237, 876, 6, 1, 1.0000, 0, '', '2018-03-20 14:14:17', '2018-03-20 14:14:17', NULL),
	(3238, 876, 5, 1, 1.0000, 0, '', '2018-03-20 14:14:17', '2018-03-20 14:14:17', NULL),
	(3239, 876, 4, 1, 3.0000, 0, '', '2018-03-20 14:14:17', '2018-03-20 14:14:17', NULL),
	(3240, 877, 1, 1, 1.0000, 0, '', '2018-03-20 14:18:26', '2018-03-20 14:18:26', NULL),
	(3241, 877, 3, 1, 1.0000, 0, '', '2018-03-20 14:18:26', '2018-03-20 14:18:26', NULL),
	(3242, 877, 2, 1, 3.0000, 0, '', '2018-03-20 14:18:27', '2018-03-20 14:18:27', NULL),
	(3243, 877, 4, 1, 3.0000, 0, '', '2018-03-20 14:18:27', '2018-03-20 14:18:27', NULL),
	(3244, 878, 1, 1, 1.0000, 0, '', '2018-03-20 14:21:08', '2018-03-20 14:21:08', NULL),
	(3245, 878, 3, 1, 1.0000, 0, '', '2018-03-20 14:21:08', '2018-03-20 14:21:08', NULL),
	(3246, 878, 2, 1, 3.0000, 0, '', '2018-03-20 14:21:08', '2018-03-20 14:21:08', NULL),
	(3247, 878, 4, 1, 3.0000, 0, '', '2018-03-20 14:21:08', '2018-03-20 14:21:08', NULL),
	(3248, 878, 7, 1, 4.0000, 0, '', '2018-03-20 14:21:08', '2018-03-20 14:21:08', NULL),
	(3249, 879, 1, 1, 1.0000, 0, '', '2018-03-20 14:22:36', '2018-03-20 14:22:36', NULL),
	(3250, 879, 2, 1, 1.0000, 0, '', '2018-03-20 14:22:36', '2018-03-20 14:22:36', NULL),
	(3251, 879, 3, 1, 1.0000, 0, '', '2018-03-20 14:22:36', '2018-03-20 14:22:36', NULL),
	(3252, 879, 4, 1, 3.0000, 0, '', '2018-03-20 14:22:36', '2018-03-20 14:22:36', NULL),
	(3253, 879, 7, 1, 3.0000, 0, '', '2018-03-20 14:22:36', '2018-03-20 14:22:36', NULL),
	(3254, 880, 1, 1, 1.0000, 0, '', '2018-03-20 14:23:25', '2018-03-20 14:23:25', NULL),
	(3255, 880, 2, 1, 1.0000, 0, '', '2018-03-20 14:23:25', '2018-03-20 14:23:25', NULL),
	(3256, 880, 3, 1, 1.0000, 0, '', '2018-03-20 14:23:25', '2018-03-20 14:23:25', NULL),
	(3257, 880, 4, 1, 3.0000, 0, '', '2018-03-20 14:23:25', '2018-03-20 14:23:25', NULL),
	(3258, 880, 5, 1, 2.0000, 0, '', '2018-03-20 14:23:25', '2018-03-20 14:23:25', NULL),
	(3259, 881, 1, 1, 1.0000, 0, '', '2018-03-20 14:23:59', '2018-03-20 14:23:59', NULL),
	(3260, 881, 2, 1, 1.0000, 0, '', '2018-03-20 14:23:59', '2018-03-20 14:23:59', NULL),
	(3261, 882, 37, 1, 1.0000, 0, '', '2018-03-20 14:23:59', '2018-03-20 14:23:59', NULL),
	(3262, 882, 40, 1, 1.0000, 0, '', '2018-03-20 14:24:00', '2018-03-20 14:24:00', NULL),
	(3263, 883, 149, 1, 1.0000, 0, '', '2018-03-20 14:24:00', '2018-03-20 14:24:00', NULL),
	(3264, 883, 150, 1, 1.0000, 0, '', '2018-03-20 14:24:00', '2018-03-20 14:24:00', NULL),
	(3265, 884, 11, 1, 1.0000, 0, '', '2018-03-20 14:24:56', '2018-03-20 14:24:56', NULL),
	(3266, 884, 12, 1, 1.0000, 0, '', '2018-03-20 14:24:56', '2018-03-20 14:24:56', NULL),
	(3267, 885, 37, 1, 1.0000, 0, '', '2018-03-20 14:24:56', '2018-03-20 14:24:56', NULL),
	(3268, 885, 40, 1, 4.0000, 0, '', '2018-03-20 14:24:56', '2018-03-20 14:24:56', NULL),
	(3269, 886, 1, 1, 1.0000, 0, '', '2018-03-21 11:37:28', '2018-03-21 11:37:28', NULL),
	(3270, 886, 2, 1, 1.0000, 0, '', '2018-03-21 11:37:28', '2018-03-21 11:37:28', NULL),
	(3271, 886, 3, 1, 5.0000, 0, '', '2018-03-21 11:37:28', '2018-03-21 11:37:28', NULL),
	(3272, 887, 1, 1, 1.0000, 0, '', '2018-03-21 18:21:16', '2018-03-21 18:21:16', NULL),
	(3273, 887, 2, 1, 1.0000, 0, '', '2018-03-21 18:21:16', '2018-03-21 18:21:16', NULL),
	(3274, 887, 3, 1, 1.0000, 0, '', '2018-03-21 18:21:16', '2018-03-21 18:21:16', NULL),
	(3275, 887, 4, 1, 4.0000, 0, '', '2018-03-21 18:21:16', '2018-03-21 18:21:16', NULL),
	(3276, 887, 7, 1, 6.0000, 0, '', '2018-03-21 18:21:16', '2018-03-21 18:21:16', NULL),
	(3277, 888, 1, 1, 1.0000, 0, '', '2018-03-21 18:24:13', '2018-03-21 18:24:13', NULL),
	(3278, 888, 2, 1, 1.0000, 0, '', '2018-03-21 18:24:13', '2018-03-21 18:24:13', NULL),
	(3279, 888, 3, 1, 1.0000, 0, '', '2018-03-21 18:24:13', '2018-03-21 18:24:13', NULL),
	(3280, 888, 4, 1, 4.0000, 0, '', '2018-03-21 18:24:13', '2018-03-21 18:24:13', NULL),
	(3281, 888, 7, 1, 5.0000, 0, '', '2018-03-21 18:24:13', '2018-03-21 18:24:13', NULL),
	(3282, 889, 41, 1, 1.0000, 0, '', '2018-03-21 18:24:52', '2018-03-21 18:24:52', NULL),
	(3283, 889, 39, 1, 1.0000, 0, '', '2018-03-21 18:24:52', '2018-03-21 18:24:52', NULL),
	(3284, 889, 38, 1, 1.0000, 0, '', '2018-03-21 18:24:52', '2018-03-21 18:24:52', NULL),
	(3285, 889, 37, 1, 4.0000, 0, '', '2018-03-21 18:24:52', '2018-03-21 18:24:52', NULL),
	(3295, 893, 129, 1, 1.0000, 1, '', '2018-03-21 19:06:58', '2018-03-21 19:07:16', NULL),
	(3296, 893, 130, 1, 1.0000, 1, '', '2018-03-21 19:06:58', '2018-03-21 19:07:17', NULL),
	(3297, 893, 131, 1, 6.0000, 1, '', '2018-03-21 19:06:58', '2018-03-21 19:07:17', NULL),
	(3303, 895, 1, 1, 4.0000, 1, '', '2018-03-21 19:18:00', '2018-03-21 19:19:05', NULL),
	(3304, 895, 2, 1, 2.0000, 1, '', '2018-03-21 19:18:00', '2018-03-21 19:19:07', NULL),
	(3305, 895, 3, 1, 7.0000, 1, '', '2018-03-21 19:18:00', '2018-03-21 19:19:09', NULL),
	(3306, 895, 11, 1, 1.0000, 1, '', '2018-03-21 19:18:00', '2018-03-21 19:19:14', NULL),
	(3307, 895, 12, 1, 1.0000, 1, '', '2018-03-21 19:18:00', '2018-03-21 19:19:16', NULL),
	(3308, 895, 13, 1, 4.0000, 1, '', '2018-03-21 19:18:00', '2018-03-21 19:19:18', NULL),
	(3309, 896, 17, 1, 1.0000, 1, '', '2018-03-21 19:19:42', '2018-03-21 19:21:52', NULL),
	(3310, 896, 8, 1, 1.0000, 1, '', '2018-03-21 19:19:42', '2018-03-21 19:21:35', NULL),
	(3311, 896, 9, 1, 1.0000, 1, '', '2018-03-21 19:19:42', '2018-03-21 19:21:37', NULL),
	(3312, 896, 1, 1, 1.0000, 1, '', '2018-03-21 19:19:42', '2018-03-21 19:21:48', NULL),
	(3313, 896, 2, 1, 5.0000, 1, '', '2018-03-21 19:19:42', '2018-03-21 19:21:49', NULL),
	(3317, 898, 11, 1, 1.0000, 1, '', '2018-03-21 19:24:16', '2018-03-21 19:24:36', NULL),
	(3318, 898, 12, 1, 1.0000, 1, '', '2018-03-21 19:24:16', '2018-03-21 19:24:37', NULL),
	(3319, 898, 13, 1, 6.0000, 1, '', '2018-03-21 19:24:16', '2018-03-21 19:24:41', NULL),
	(3320, 899, 7, 1, 1.0000, 1, '', '2018-03-21 19:25:04', '2018-03-21 19:25:12', NULL),
	(3321, 899, 8, 1, 1.0000, 1, '', '2018-03-21 19:25:04', '2018-03-21 19:25:17', NULL),
	(3322, 899, 9, 1, 4.0000, 1, '', '2018-03-21 19:25:04', '2018-03-21 19:25:18', NULL),
	(3323, 899, 793, 1, 1.0000, 1, '', '2018-03-21 19:25:04', '2018-03-21 19:25:20', NULL),
	(3324, 899, 166, 1, 2.0000, 1, '', '2018-03-21 19:25:04', '2018-03-21 19:25:21', NULL),
