	(3325, 899, 10, 1, 4.0000, 1, '', '2018-03-21 19:25:04', '2018-03-21 19:25:23', NULL),
	(3326, 900, 11, 1, 1.0000, 1, '', '2018-03-21 19:25:44', '2018-03-21 19:25:51', NULL),
	(3327, 900, 12, 1, 1.0000, 1, '', '2018-03-21 19:25:44', '2018-03-21 19:25:52', NULL),
	(3328, 900, 13, 1, 6.0000, 1, '', '2018-03-21 19:25:44', '2018-03-21 19:25:54', NULL),
	(3329, 901, 4, 1, 1.0000, 1, '', '2018-03-21 19:27:42', '2018-03-21 19:28:08', NULL),
	(3330, 901, 5, 1, 5.0000, 1, '', '2018-03-21 19:27:42', '2018-03-21 19:28:06', NULL),
	(3331, 902, 1, 1, 1.0000, 1, '', '2018-03-21 19:28:56', '2018-03-21 19:29:18', NULL),
	(3332, 902, 2, 1, 1.0000, 1, '', '2018-03-21 19:28:56', '2018-03-21 19:29:19', NULL),
	(3333, 903, 37, 1, 1.0000, 1, '', '2018-03-21 19:28:56', '2018-03-21 19:29:42', NULL),
	(3334, 903, 38, 1, 1.0000, 1, '', '2018-03-21 19:28:56', '2018-03-21 19:29:42', NULL),
	(3335, 904, 149, 1, 1.0000, 1, '', '2018-03-21 19:28:56', '2018-03-21 19:29:38', NULL),
	(3336, 904, 150, 1, 1.0000, 1, '', '2018-03-21 19:28:56', '2018-03-21 19:29:39', NULL),
	(3337, 904, 151, 1, 3.0000, 1, '', '2018-03-21 19:28:56', '2018-03-21 19:29:40', NULL),
	(3338, 905, 1, 1, 1.0000, 1, '', '2018-03-21 19:30:12', '2018-03-21 19:31:04', NULL),
	(3339, 905, 2, 1, 1.0000, 1, '', '2018-03-21 19:30:12', '2018-03-21 19:31:05', NULL),
	(3340, 905, 3, 1, 5.0000, 1, '', '2018-03-21 19:30:12', '2018-03-21 19:30:36', NULL),
	(3341, 906, 11, 1, 1.0000, 1, '', '2018-03-21 19:31:24', '2018-03-21 19:31:48', NULL),
	(3342, 906, 12, 1, 1.0000, 1, '', '2018-03-21 19:31:24', '2018-03-21 19:31:42', NULL),
	(3343, 906, 13, 1, 6.0000, 1, '', '2018-03-21 19:31:24', '2018-03-21 19:31:49', NULL),
	(3347, 908, 11, 1, 1.0000, 1, '', '2018-03-21 19:32:46', '2018-03-21 19:33:01', NULL),
	(3348, 908, 12, 1, 1.0000, 1, '', '2018-03-21 19:32:46', '2018-03-21 19:33:02', NULL),
	(3349, 908, 13, 1, 3.0000, 1, '', '2018-03-21 19:32:46', '2018-03-21 19:33:03', NULL),
	(3350, 908, 1, 1, 1.0000, 1, '', '2018-03-21 19:32:46', '2018-03-21 19:33:04', NULL),
	(3351, 908, 2, 1, 1.0000, 1, '', '2018-03-21 19:32:46', '2018-03-21 19:33:05', NULL),
	(3352, 908, 3, 1, 3.0000, 1, '', '2018-03-21 19:32:46', '2018-03-21 19:33:06', NULL),
	(3358, 910, 1, 1, 1.0000, 1, '', '2018-03-21 19:48:38', '2018-03-21 19:48:52', NULL),
	(3359, 910, 2, 1, 2.0000, 1, '', '2018-03-21 19:48:38', '2018-03-21 19:49:00', NULL),
	(3360, 910, 3, 1, 3.0000, 1, '', '2018-03-21 19:48:38', '2018-03-21 19:49:06', NULL),
	(3361, 911, 1, 1, 1.0000, 1, '', '2018-03-21 19:51:11', '2018-03-21 19:51:30', NULL),
	(3362, 911, 3, 1, 1.0000, 1, '', '2018-03-21 19:51:11', '2018-03-21 19:51:34', NULL),
	(3363, 911, 2, 1, 6.0000, 1, '', '2018-03-21 19:51:11', '2018-03-21 19:51:40', NULL),
	(3364, 911, 4, 1, 1.0000, 1, '', '2018-03-21 19:51:11', '2018-03-21 19:51:43', NULL),
	(3365, 911, 5, 1, 4.0000, 1, '', '2018-03-21 19:51:12', '2018-03-21 19:51:45', NULL),
	(3366, 912, 1, 1, 1.0000, 1, '', '2018-03-21 20:02:35', '2018-03-21 20:02:47', NULL),
	(3367, 912, 2, 1, 1.0000, 1, '', '2018-03-21 20:02:35', '2018-03-21 20:02:49', NULL),
	(3368, 912, 3, 1, 7.0000, 1, '', '2018-03-21 20:02:35', '2018-03-21 20:02:50', NULL),
	(3369, 913, 10, 1, 1.0000, 0, '', '2018-03-21 20:03:30', '2018-03-21 20:03:30', NULL),
	(3370, 913, 166, 1, 1.0000, 0, '', '2018-03-21 20:03:30', '2018-03-21 20:03:30', NULL),
	(3371, 913, 9, 1, 1.0000, 0, '', '2018-03-21 20:03:30', '2018-03-21 20:03:30', NULL),
	(3372, 913, 8, 1, 3.0000, 0, '', '2018-03-21 20:03:30', '2018-03-21 20:03:30', NULL),
	(3376, 915, 11, 1, 1.0000, 0, '', '2018-03-21 20:06:56', '2018-03-21 20:06:56', NULL),
	(3377, 915, 12, 1, 1.0000, 0, '', '2018-03-21 20:06:56', '2018-03-21 20:06:56', NULL),
	(3378, 916, 1, 1, 1.0000, 0, '', '2018-03-21 20:32:59', '2018-03-21 20:32:59', NULL),
	(3379, 916, 2, 1, 4.0000, 0, '', '2018-03-21 20:32:59', '2018-03-21 20:32:59', NULL),
	(3380, 917, 2, 1, 1.0000, 0, '', '2018-03-21 20:51:11', '2018-03-21 20:51:11', NULL),
	(3381, 917, 1, 1, 6.0000, 0, '', '2018-03-21 20:51:11', '2018-03-21 20:51:11', NULL),
	(3382, 918, 1, 1, 1.0000, 0, '', '2018-03-21 20:51:55', '2018-03-21 20:51:55', NULL),
	(3383, 918, 3, 1, 5.0000, 0, '', '2018-03-21 20:51:55', '2018-03-21 20:51:55', NULL),
	(3384, 918, 2, 1, 5.0000, 0, '', '2018-03-21 20:51:55', '2018-03-21 20:51:55', NULL),
	(3385, 919, 1, 1, 1.0000, 0, '', '2018-03-21 20:52:18', '2018-03-21 20:52:18', NULL),
	(3386, 919, 2, 1, 5.0000, 0, '', '2018-03-21 20:52:18', '2018-03-21 20:52:18', NULL),
	(3389, 921, 1, 1, 1.0000, 0, '', '2018-03-21 20:52:49', '2018-03-21 20:52:49', NULL),
	(3390, 921, 2, 1, 1.0000, 0, '', '2018-03-21 20:52:49', '2018-03-21 20:52:49', NULL),
	(3391, 921, 3, 1, 4.0000, 0, '', '2018-03-21 20:52:49', '2018-03-21 20:52:49', NULL),
	(3392, 922, 149, 1, 1.0000, 0, '', '2018-03-21 20:52:49', '2018-03-21 20:52:49', NULL),
	(3393, 922, 150, 1, 1.0000, 0, '', '2018-03-21 20:52:49', '2018-03-21 20:52:49', NULL),
	(3394, 922, 151, 1, 5.0000, 0, '', '2018-03-21 20:52:49', '2018-03-21 20:52:49', NULL),
	(3395, 923, 7, 1, 1.0000, 1, '', '2018-03-21 20:53:29', '2018-03-21 20:54:58', NULL),
	(3396, 923, 8, 1, 1.0000, 1, '', '2018-03-21 20:53:29', '2018-03-21 20:54:58', NULL),
	(3397, 923, 9, 1, 6.0000, 1, '', '2018-03-21 20:53:29', '2018-03-21 20:54:59', NULL),
	(3402, 925, 29, 1, 1.0000, 0, '', '2018-03-21 20:57:15', '2018-03-21 20:57:15', NULL),
	(3403, 925, 31, 1, 2.0000, 0, '', '2018-03-21 20:57:15', '2018-03-21 20:57:15', NULL),
	(3404, 925, 30, 1, 6.0000, 0, '', '2018-03-21 20:57:15', '2018-03-21 20:57:15', NULL),
	(3405, 926, 11, 1, 1.0000, 0, '', '2018-03-21 20:57:45', '2018-03-21 20:57:45', NULL),
	(3406, 926, 12, 1, 1.0000, 0, '', '2018-03-21 20:57:45', '2018-03-21 20:57:45', NULL),
	(3407, 927, 11, 1, 1.0000, 0, '', '2018-03-21 20:58:15', '2018-03-21 20:58:15', NULL),
	(3408, 927, 12, 1, 1.0000, 0, '', '2018-03-21 20:58:15', '2018-03-21 20:58:15', NULL),
	(3409, 928, 70, 1, 1.0000, 0, '', '2018-03-21 20:58:15', '2018-03-21 20:58:15', NULL),
	(3410, 928, 71, 1, 5.0000, 0, '', '2018-03-21 20:58:15', '2018-03-21 20:58:15', NULL),
	(3411, 929, 11, 1, 1.0000, 0, '', '2018-03-21 20:58:25', '2018-03-21 20:58:25', NULL),
	(3412, 929, 12, 1, 1.0000, 0, '', '2018-03-21 20:58:25', '2018-03-21 20:58:25', NULL),
	(3413, 930, 70, 1, 1.0000, 0, '', '2018-03-21 20:58:25', '2018-03-21 20:58:25', NULL),
	(3414, 930, 71, 1, 5.0000, 0, '', '2018-03-21 20:58:25', '2018-03-21 20:58:25', NULL),
	(3429, 935, 1, 1, 1.0000, 0, '', '2018-03-21 21:08:14', '2018-03-21 21:08:14', NULL),
	(3430, 935, 3, 1, 1.0000, 0, '', '2018-03-21 21:08:14', '2018-03-21 21:08:14', NULL),
	(3431, 935, 2, 1, 1.0000, 0, '', '2018-03-21 21:08:14', '2018-03-21 21:08:14', NULL),
	(3432, 936, 37, 1, 1.0000, 0, '', '2018-03-21 21:08:14', '2018-03-21 21:08:14', NULL),
	(3433, 936, 38, 1, 1.0000, 0, '', '2018-03-21 21:08:14', '2018-03-21 21:08:14', NULL),
	(3434, 937, 63, 1, 1.0000, 0, '', '2018-03-21 21:08:14', '2018-03-21 21:08:14', NULL),
	(3435, 937, 66, 1, 4.0000, 0, '', '2018-03-21 21:08:14', '2018-03-21 21:08:14', NULL),
	(3461, 941, 37, 1, 1.0000, 0, '', '2018-03-21 21:11:42', '2018-03-21 21:11:42', NULL),
	(3462, 941, 38, 1, 1.0000, 0, '', '2018-03-21 21:11:42', '2018-03-21 21:11:42', NULL),
	(3463, 941, 39, 1, 1.0000, 0, '', '2018-03-21 21:11:43', '2018-03-21 21:11:43', NULL),
	(3464, 941, 42, 1, 1.0000, 0, '', '2018-03-21 21:11:43', '2018-03-21 21:11:43', NULL),
	(3465, 941, 41, 1, 1.0000, 0, '', '2018-03-21 21:11:43', '2018-03-21 21:11:43', NULL),
	(3466, 941, 40, 1, 1.0000, 0, '', '2018-03-21 21:11:43', '2018-03-21 21:11:43', NULL),
	(3467, 941, 49, 1, 1.0000, 0, '', '2018-03-21 21:11:43', '2018-03-21 21:11:43', NULL),
	(3468, 941, 50, 1, 1.0000, 0, '', '2018-03-21 21:11:43', '2018-03-21 21:11:43', NULL),
	(3469, 941, 51, 1, 2.0000, 0, '', '2018-03-21 21:11:43', '2018-03-21 21:11:43', NULL),
	(3470, 941, 57, 1, 1.0000, 0, '', '2018-03-21 21:11:43', '2018-03-21 21:11:43', NULL),
	(3471, 941, 56, 1, 1.0000, 0, '', '2018-03-21 21:11:43', '2018-03-21 21:11:43', NULL),
	(3472, 941, 55, 1, 1.0000, 0, '', '2018-03-21 21:11:43', '2018-03-21 21:11:43', NULL),
	(3473, 941, 58, 1, 1.0000, 0, '', '2018-03-21 21:11:43', '2018-03-21 21:11:43', NULL),
	(3474, 941, 59, 1, 2.0000, 0, '', '2018-03-21 21:11:43', '2018-03-21 21:11:43', NULL),
	(3475, 941, 60, 1, 2.0000, 0, '', '2018-03-21 21:11:43', '2018-03-21 21:11:43', NULL),
	(3488, 946, 11, 1, 1.0000, 1, '', '2018-03-22 11:16:54', '2018-03-22 11:17:24', NULL),
	(3489, 946, 12, 1, 4.0000, 1, '', '2018-03-22 11:16:54', '2018-03-22 11:17:33', NULL),
	(3501, 951, 78, 1, 1.0000, 0, '', '2018-03-22 11:53:18', '2018-03-22 11:53:18', NULL),
	(3502, 951, 79, 1, 1.0000, 0, '', '2018-03-22 11:53:18', '2018-03-22 11:53:18', NULL),
	(3545, 960, 1, 1, 1.0000, 1, '', '2018-03-22 14:45:03', '2018-03-22 14:45:12', NULL),
	(3546, 960, 2, 1, 1.0000, 1, '', '2018-03-22 14:45:03', '2018-03-22 14:45:14', NULL),
	(3547, 960, 3, 1, 5.0000, 1, '', '2018-03-22 14:45:03', '2018-03-22 14:45:14', NULL),
	(3548, 961, 1, 1, 1.0000, 1, '', '2018-03-22 14:52:17', '2018-03-22 14:52:42', NULL),
	(3549, 961, 2, 1, 1.0000, 1, '', '2018-03-22 14:52:18', '2018-03-22 14:52:43', NULL),
	(3550, 961, 3, 1, 5.0000, 1, '', '2018-03-22 14:52:18', '2018-03-22 14:52:44', NULL),
	(3551, 962, 7, 1, 1.0000, 1, '', '2018-03-22 14:59:32', '2018-03-22 14:59:47', NULL),
	(3552, 962, 8, 1, 1.0000, 1, '', '2018-03-22 14:59:32', '2018-03-22 14:59:49', NULL),
	(3553, 962, 9, 1, 5.0000, 1, '', '2018-03-22 14:59:32', '2018-03-22 14:59:51', NULL),
	(3554, 963, 1, 1, 1.0000, 1, '', '2018-03-22 15:05:29', '2018-03-22 15:05:37', NULL),
	(3555, 963, 2, 1, 1.0000, 1, '', '2018-03-22 15:05:29', '2018-03-22 15:05:46', NULL),
	(3556, 963, 3, 1, 4.0000, 1, '', '2018-03-22 15:05:29', '2018-03-22 15:05:47', NULL),
	(3557, 964, 4, 1, 1.0000, 1, '', '2018-03-22 15:07:51', '2018-03-22 15:08:13', NULL),
	(3558, 964, 5, 1, 1.0000, 1, '', '2018-03-22 15:07:52', '2018-03-22 15:08:13', NULL),
	(3559, 964, 2, 1, 1.0000, 1, '', '2018-03-22 15:07:52', '2018-03-22 15:08:14', NULL),
	(3560, 964, 3, 1, 4.0000, 1, '', '2018-03-22 15:07:52', '2018-03-22 15:08:15', NULL),
	(3564, 966, 4, 1, 1.0000, 1, '', '2018-03-22 15:14:36', '2018-03-22 15:27:17', NULL),
	(3565, 966, 5, 1, 1.0000, 1, '', '2018-03-22 15:14:36', '2018-03-22 15:27:18', NULL),
	(3566, 966, 6, 1, 4.0000, 1, '', '2018-03-22 15:14:36', '2018-03-22 15:27:19', NULL),
	(3567, 967, 1, 1, 1.0000, 1, '', '2018-03-22 15:18:41', '2018-03-22 15:27:00', NULL),
	(3568, 967, 3, 1, 3.0000, 1, '', '2018-03-22 15:18:41', '2018-03-22 15:27:01', NULL),
	(3569, 968, 1, 1, 1.0000, 1, '', '2018-03-22 15:23:04', '2018-03-22 15:23:32', NULL),
	(3570, 968, 2, 1, 3.0000, 1, '', '2018-03-22 15:23:05', '2018-03-22 15:23:37', NULL),
	(3571, 968, 3, 1, 4.0000, 1, '', '2018-03-22 15:23:05', '2018-03-22 15:23:39', NULL),
	(3572, 969, 4, 1, 1.0000, 1, '', '2018-03-22 15:24:51', '2018-03-22 15:24:59', NULL),
	(3573, 969, 5, 1, 1.0000, 1, '', '2018-03-22 15:24:51', '2018-03-22 15:25:00', NULL),
	(3574, 969, 6, 1, 5.0000, 1, '', '2018-03-22 15:24:51', '2018-03-22 15:25:02', NULL),
	(3575, 970, 1, 1, 1.0000, 1, '', '2018-03-22 15:25:39', '2018-03-22 15:25:56', NULL),
	(3576, 970, 2, 1, 1.0000, 1, '', '2018-03-22 15:25:39', '2018-03-22 15:25:57', NULL),
	(3577, 970, 3, 1, 4.0000, 1, '', '2018-03-22 15:25:39', '2018-03-22 15:25:58', NULL),
	(3578, 971, 1, 1, 1.0000, 1, '', '2018-03-22 15:26:42', '2018-03-22 15:26:49', NULL),
	(3579, 971, 2, 1, 1.0000, 1, '', '2018-03-22 15:26:42', '2018-03-22 15:26:50', NULL),
	(3580, 971, 3, 1, 4.0000, 1, '', '2018-03-22 15:26:42', '2018-03-22 15:26:52', NULL),
	(3581, 972, 4, 1, 1.0000, 1, '', '2018-03-22 18:15:38', '2018-03-22 18:15:50', NULL),
	(3582, 972, 5, 1, 1.0000, 1, '', '2018-03-22 18:15:38', '2018-03-22 18:15:51', NULL),
	(3583, 972, 6, 1, 5.0000, 1, '', '2018-03-22 18:15:38', '2018-03-22 18:15:52', NULL),
	(3584, 973, 11, 1, 1.0000, 1, '', '2018-03-22 18:16:11', '2018-03-22 18:16:38', NULL),
	(3585, 973, 12, 1, 1.0000, 1, '', '2018-03-22 18:16:11', '2018-03-22 18:16:39', NULL),
	(3586, 973, 13, 1, 6.0000, 1, '', '2018-03-22 18:16:11', '2018-03-22 18:16:40', NULL),
	(3587, 974, 10, 1, 1.0000, 1, '', '2018-03-22 18:16:24', '2018-03-22 18:16:45', NULL),
	(3588, 974, 166, 1, 1.0000, 1, '', '2018-03-22 18:16:24', '2018-03-22 18:16:46', NULL),
	(3589, 974, 793, 1, 5.0000, 1, '', '2018-03-22 18:16:24', '2018-03-22 18:16:47', NULL),
	(3590, 975, 7, 1, 1.0000, 1, '', '2018-03-22 18:19:54', '2018-03-22 18:20:12', NULL),
	(3591, 975, 8, 1, 1.0000, 1, '', '2018-03-22 18:19:54', '2018-03-22 18:20:13', NULL),
	(3592, 975, 9, 1, 3.0000, 1, '', '2018-03-22 18:19:54', '2018-03-22 18:20:14', NULL),
	(3593, 975, 166, 1, 1.0000, 1, '', '2018-03-22 18:19:54', '2018-03-22 18:20:15', NULL),
	(3594, 975, 10, 1, 4.0000, 1, '', '2018-03-22 18:19:54', '2018-03-22 18:20:17', NULL),
	(3601, 978, 11, 1, 1.0000, 1, '', '2018-03-22 18:43:38', '2018-03-22 18:44:57', NULL),
	(3602, 978, 12, 1, 5.0000, 1, '', '2018-03-22 18:43:38', '2018-03-22 18:44:58', NULL),
	(3603, 979, 821, 1, 1.0000, 0, '', '2018-03-22 19:00:06', '2018-03-22 19:00:06', NULL),
	(3604, 979, 3, 1, 1.0000, 0, '', '2018-03-22 19:00:06', '2018-03-22 19:00:06', NULL),
	(3605, 979, 24, 1, 1.0000, 0, '', '2018-03-22 19:00:06', '2018-03-22 19:00:06', NULL),
	(3606, 979, 25, 1, 1.0000, 0, '', '2018-03-22 19:00:06', '2018-03-22 19:00:06', NULL),
	(3607, 979, 26, 1, 4.0000, 0, '', '2018-03-22 19:00:06', '2018-03-22 19:00:06', NULL),
	(3608, 979, 27, 1, 2.0000, 0, '', '2018-03-22 19:00:06', '2018-03-22 19:00:06', NULL),
	(3609, 979, 28, 1, 4.0000, 0, '', '2018-03-22 19:00:06', '2018-03-22 19:00:06', NULL),
	(3610, 980, 1, 1, 1.0000, 0, '', '2018-03-22 19:03:18', '2018-03-22 19:03:18', NULL),
	(3611, 980, 3, 1, 3.0000, 0, '', '2018-03-22 19:03:18', '2018-03-22 19:03:18', NULL),
	(3612, 980, 2, 1, 2.0000, 0, '', '2018-03-22 19:03:18', '2018-03-22 19:03:18', NULL),
	(3613, 980, 4, 1, 2.0000, 0, '', '2018-03-22 19:03:18', '2018-03-22 19:03:18', NULL),
	(3614, 981, 37, 1, 1.0000, 0, '', '2018-03-22 19:03:18', '2018-03-22 19:03:18', NULL),
	(3615, 981, 40, 1, 5.0000, 0, '', '2018-03-22 19:03:18', '2018-03-22 19:03:18', NULL),
	(3616, 982, 139, 1, 1.0000, 0, '', '2018-03-22 19:03:18', '2018-03-22 19:03:18', NULL),
	(3617, 982, 140, 1, 1.0000, 0, '', '2018-03-22 19:03:18', '2018-03-22 19:03:18', NULL),
	(3618, 982, 149, 1, 1.0000, 0, '', '2018-03-22 19:03:18', '2018-03-22 19:03:18', NULL),
	(3619, 982, 150, 1, 3.0000, 0, '', '2018-03-22 19:03:19', '2018-03-22 19:03:19', NULL),
	(3620, 983, 1, 1, 1.0000, 0, '', '2018-03-22 19:05:52', '2018-03-22 19:05:52', NULL),
	(3621, 983, 3, 1, 1.0000, 0, '', '2018-03-22 19:05:52', '2018-03-22 19:05:52', NULL),
	(3622, 983, 2, 1, 3.0000, 0, '', '2018-03-22 19:05:53', '2018-03-22 19:05:53', NULL),
	(3623, 983, 7, 1, 1.0000, 0, '', '2018-03-22 19:05:53', '2018-03-22 19:05:53', NULL),
	(3624, 983, 8, 1, 4.0000, 0, '', '2018-03-22 19:05:53', '2018-03-22 19:05:53', NULL),
	(3625, 984, 37, 1, 1.0000, 0, '', '2018-03-22 19:05:53', '2018-03-22 19:05:53', NULL),
	(3626, 984, 38, 1, 1.0000, 0, '', '2018-03-22 19:05:53', '2018-03-22 19:05:53', NULL),
	(3627, 984, 39, 1, 4.0000, 0, '', '2018-03-22 19:05:53', '2018-03-22 19:05:53', NULL),
	(3628, 985, 1, 1, 1.0000, 0, '', '2018-03-22 19:09:14', '2018-03-22 19:09:14', NULL),
	(3629, 985, 2, 1, 1.0000, 0, '', '2018-03-22 19:09:14', '2018-03-22 19:09:14', NULL),
	(3630, 985, 3, 1, 3.0000, 0, '', '2018-03-22 19:09:15', '2018-03-22 19:09:15', NULL),
	(3631, 985, 4, 1, 1.0000, 0, '', '2018-03-22 19:09:15', '2018-03-22 19:09:15', NULL),
	(3632, 985, 5, 1, 6.0000, 0, '', '2018-03-22 19:09:15', '2018-03-22 19:09:15', NULL),
	(3633, 986, 24, 1, 1.0000, 0, '', '2018-03-22 19:09:41', '2018-03-22 19:09:41', NULL),
	(3634, 986, 25, 1, 1.0000, 0, '', '2018-03-22 19:09:41', '2018-03-22 19:09:41', NULL),
	(3635, 986, 26, 1, 5.0000, 0, '', '2018-03-22 19:09:41', '2018-03-22 19:09:41', NULL),
	(3636, 987, 24, 1, 1.0000, 1, '', '2018-03-22 19:10:11', '2018-03-22 19:11:10', NULL),
	(3637, 987, 25, 1, 1.0000, 1, '', '2018-03-22 19:10:11', '2018-03-22 19:11:11', NULL),
	(3638, 987, 26, 1, 4.0000, 1, '', '2018-03-22 19:10:11', '2018-03-22 19:11:12', NULL),
	(3639, 988, 2, 1, 1.0000, 0, 'Great', '2018-03-22 19:10:49', '2018-03-22 19:10:49', NULL),
	(3640, 988, 1, 1, 3.0000, 0, 'salty', '2018-03-22 19:10:49', '2018-03-22 19:10:49', NULL),
	(3641, 989, 1, 1, 1.0000, 1, '', '2018-03-24 09:50:45', '2018-03-24 09:51:23', NULL),
	(3642, 989, 2, 1, 1.0000, 1, '', '2018-03-24 09:50:45', '2018-03-24 09:51:24', NULL),
	(3643, 989, 3, 1, 5.0000, 1, '', '2018-03-24 09:50:45', '2018-03-24 09:51:25', NULL),
	(3644, 989, 4, 1, 1.0000, 1, '', '2018-03-24 09:50:45', '2018-03-24 09:51:50', NULL),
	(3645, 989, 5, 1, 2.0000, 1, '', '2018-03-24 09:50:46', '2018-03-24 09:51:52', NULL),
	(3646, 990, 1, 1, 1.0000, 1, '', '2018-03-24 09:52:08', '2018-03-24 10:02:11', NULL),
	(3647, 990, 2, 1, 1.0000, 1, '', '2018-03-24 09:52:08', '2018-03-24 10:02:12', NULL),
	(3648, 990, 3, 1, 3.0000, 1, '', '2018-03-24 09:52:08', '2018-03-24 10:02:12', NULL),
	(3649, 990, 7, 1, 1.0000, 1, '', '2018-03-24 09:52:08', '2018-03-24 10:02:12', NULL),
	(3650, 990, 8, 1, 1.0000, 1, '', '2018-03-24 09:52:08', '2018-03-24 10:02:12', NULL),
	(3651, 990, 9, 1, 2.0000, 1, '', '2018-03-24 09:52:08', '2018-03-24 10:02:13', NULL),
	(3652, 991, 28, 1, 1.0000, 0, '', '2018-03-24 09:54:35', '2018-03-24 09:54:35', NULL),
	(3653, 992, 1, 1, 2.0000, 0, '', '2018-03-24 09:58:01', '2018-03-24 09:58:01', NULL),
	(3654, 992, 2, 1, 1.0000, 0, '', '2018-03-24 09:58:01', '2018-03-24 09:58:01', NULL),
	(3655, 992, 3, 1, 4.0000, 0, '', '2018-03-24 09:58:01', '2018-03-24 09:58:01', NULL),
	(3656, 992, 4, 1, 3.0000, 0, '', '2018-03-24 09:58:01', '2018-03-24 09:58:01', NULL),
	(3657, 993, 1, 1, 1.0000, 0, '', '2018-03-24 09:58:30', '2018-03-24 09:58:30', NULL),
	(3658, 993, 2, 1, 1.0000, 0, '', '2018-03-24 09:58:30', '2018-03-24 09:58:30', NULL),
	(3659, 993, 3, 1, 5.0000, 0, '', '2018-03-24 09:58:30', '2018-03-24 09:58:30', NULL),
	(3660, 994, 1, 1, 1.0000, 0, '', '2018-03-24 10:00:24', '2018-03-24 10:00:24', NULL),
	(3661, 994, 2, 1, 1.0000, 0, '', '2018-03-24 10:00:24', '2018-03-24 10:00:24', NULL),
	(3662, 994, 3, 1, 2.0000, 0, '', '2018-03-24 10:00:24', '2018-03-24 10:00:24', NULL),
	(3663, 995, 37, 1, 1.0000, 0, '', '2018-03-24 10:00:24', '2018-03-24 10:00:24', NULL),
	(3664, 995, 40, 1, 3.0000, 0, '', '2018-03-24 10:00:24', '2018-03-24 10:00:24', NULL),
	(3665, 996, 152, 1, 1.0000, 0, '', '2018-03-24 10:00:24', '2018-03-24 10:00:24', NULL),
	(3666, 996, 153, 1, 1.0000, 0, '', '2018-03-24 10:00:24', '2018-03-24 10:00:24', NULL),
	(3667, 996, 150, 1, 1.0000, 0, '', '2018-03-24 10:00:24', '2018-03-24 10:00:24', NULL),
	(3668, 996, 151, 1, 5.0000, 0, '', '2018-03-24 10:00:24', '2018-03-24 10:00:24', NULL),
	(3669, 997, 11, 1, 1.0000, 0, '', '2018-03-24 10:02:33', '2018-03-24 10:02:33', NULL),
	(3670, 997, 12, 1, 1.0000, 0, '', '2018-03-24 10:02:33', '2018-03-24 10:02:33', NULL),
	(3671, 997, 13, 1, 5.0000, 0, '', '2018-03-24 10:02:33', '2018-03-24 10:02:33', NULL),
	(3672, 997, 14, 1, 2.0000, 0, '', '2018-03-24 10:02:33', '2018-03-24 10:02:33', NULL),
	(3673, 997, 164, 1, 5.0000, 0, '', '2018-03-24 10:02:34', '2018-03-24 10:02:34', NULL),
	(3674, 998, 11, 1, 1.0000, 0, '', '2018-03-24 10:09:43', '2018-03-24 10:09:43', NULL),
	(3675, 998, 12, 1, 1.0000, 0, '', '2018-03-24 10:09:43', '2018-03-24 10:09:43', NULL),
	(3676, 998, 13, 1, 5.0000, 0, '', '2018-03-24 10:09:43', '2018-03-24 10:09:43', NULL),
	(3677, 998, 14, 1, 1.0000, 0, '', '2018-03-24 10:09:43', '2018-03-24 10:09:43', NULL),
	(3678, 998, 15, 1, 1.0000, 0, '', '2018-03-24 10:09:43', '2018-03-24 10:09:43', NULL),
	(3679, 998, 164, 1, 5.0000, 0, '', '2018-03-24 10:09:43', '2018-03-24 10:09:43', NULL),
	(3680, 999, 1, 1, 1.0000, 0, '', '2018-03-24 10:10:47', '2018-03-24 10:10:47', NULL),
	(3681, 999, 2, 1, 1.0000, 0, '', '2018-03-24 10:10:48', '2018-03-24 10:10:48', NULL),
	(3682, 999, 3, 1, 5.0000, 0, '', '2018-03-24 10:10:48', '2018-03-24 10:10:48', NULL),
	(3683, 999, 4, 1, 2.0000, 0, '', '2018-03-24 10:10:48', '2018-03-24 10:10:48', NULL),
	(3684, 999, 7, 1, 5.0000, 0, '', '2018-03-24 10:10:48', '2018-03-24 10:10:48', NULL),
	(3685, 1000, 11, 1, 1.0000, 0, '', '2018-03-24 10:11:02', '2018-03-24 10:11:02', NULL),
	(3686, 1000, 12, 1, 1.0000, 0, '', '2018-03-24 10:11:02', '2018-03-24 10:11:02', NULL),
	(3687, 1000, 13, 1, 5.0000, 0, '', '2018-03-24 10:11:03', '2018-03-24 10:11:03', NULL),
	(3688, 1001, 95, 1, 1.0000, 0, '', '2018-03-24 10:11:03', '2018-03-24 10:11:03', NULL),
	(3689, 1001, 94, 1, 1.0000, 0, '', '2018-03-24 10:11:03', '2018-03-24 10:11:03', NULL),
	(3690, 1001, 93, 1, 6.0000, 0, '', '2018-03-24 10:11:03', '2018-03-24 10:11:03', NULL),
	(3691, 1001, 96, 1, 1.0000, 0, '', '2018-03-24 10:11:03', '2018-03-24 10:11:03', NULL),
	(3692, 1001, 99, 1, 5.0000, 0, '', '2018-03-24 10:11:03', '2018-03-24 10:11:03', NULL),
	(3698, 1003, 29, 1, 1.0000, 0, '', '2018-03-24 11:54:55', '2018-03-24 11:54:55', NULL),
	(3699, 1003, 30, 1, 1.0000, 0, '', '2018-03-24 11:54:55', '2018-03-24 11:54:55', NULL),
	(3700, 1003, 31, 1, 5.0000, 0, '', '2018-03-24 11:54:55', '2018-03-24 11:54:55', NULL),
	(3701, 1004, 11, 1, 1.0000, 0, '', '2018-03-24 11:55:18', '2018-03-24 11:55:18', NULL),
	(3702, 1004, 12, 1, 1.0000, 0, '', '2018-03-24 11:55:18', '2018-03-24 11:55:18', NULL),
	(3703, 1004, 13, 1, 8.0000, 0, '', '2018-03-24 11:55:18', '2018-03-24 11:55:18', NULL),
	(3704, 1005, 1, 1, 1.0000, 0, '', '2018-03-24 12:01:59', '2018-03-24 12:01:59', NULL),
	(3705, 1005, 2, 1, 1.0000, 0, '', '2018-03-24 12:01:59', '2018-03-24 12:01:59', NULL),
	(3706, 1005, 3, 1, 4.0000, 0, '', '2018-03-24 12:01:59', '2018-03-24 12:01:59', NULL),
	(3707, 1005, 4, 1, 3.0000, 0, '', '2018-03-24 12:01:59', '2018-03-24 12:01:59', NULL),
	(3708, 1005, 7, 1, 4.0000, 0, '', '2018-03-24 12:01:59', '2018-03-24 12:01:59', NULL),
	(3709, 1006, 1, 1, 2.0000, 0, '', '2018-03-24 12:05:23', '2018-03-24 12:05:23', NULL),
	(3710, 1006, 2, 1, 1.0000, 0, '', '2018-03-24 12:05:23', '2018-03-24 12:05:23', NULL),
	(3711, 1006, 3, 1, 4.0000, 0, '', '2018-03-24 12:05:23', '2018-03-24 12:05:23', NULL),
	(3712, 1006, 4, 1, 1.0000, 0, '', '2018-03-24 12:05:23', '2018-03-24 12:05:23', NULL),
	(3713, 1006, 7, 1, 5.0000, 0, '', '2018-03-24 12:05:23', '2018-03-24 12:05:23', NULL),
	(3714, 1007, 15, 1, 3.0000, 0, '', '2018-03-24 12:06:02', '2018-03-24 12:06:02', NULL),
	(3715, 1007, 164, 1, 1.0000, 0, '', '2018-03-24 12:06:02', '2018-03-24 12:06:02', NULL),
	(3716, 1007, 165, 1, 1.0000, 0, '', '2018-03-24 12:06:02', '2018-03-24 12:06:02', NULL),
	(3717, 1007, 794, 1, 4.0000, 0, '', '2018-03-24 12:06:02', '2018-03-24 12:06:02', NULL),
	(3718, 1007, 21, 1, 1.0000, 0, '', '2018-03-24 12:06:02', '2018-03-24 12:06:02', NULL),
	(3719, 1007, 22, 1, 1.0000, 0, '', '2018-03-24 12:06:02', '2018-03-24 12:06:02', NULL),
	(3720, 1007, 23, 1, 6.0000, 0, '', '2018-03-24 12:06:02', '2018-03-24 12:06:02', NULL),
	(3721, 1008, 70, 1, 1.0000, 0, '', '2018-03-24 12:06:02', '2018-03-24 12:06:02', NULL),
	(3722, 1008, 71, 1, 1.0000, 0, '', '2018-03-24 12:06:02', '2018-03-24 12:06:02', NULL),
	(3723, 1008, 111, 1, 1.0000, 0, '', '2018-03-24 12:06:02', '2018-03-24 12:06:02', NULL),
	(3724, 1009, 1, 1, 1.0000, 0, '', '2018-03-24 12:11:45', '2018-03-24 12:11:45', NULL),
	(3725, 1009, 2, 1, 1.0000, 0, '', '2018-03-24 12:11:45', '2018-03-24 12:11:45', NULL),
	(3726, 1009, 3, 1, 3.0000, 0, '', '2018-03-24 12:11:45', '2018-03-24 12:11:45', NULL),
	(3727, 1010, 1, 1, 1.0000, 0, '', '2018-03-24 12:12:35', '2018-03-24 12:12:35', NULL),
	(3728, 1010, 2, 1, 1.0000, 0, '', '2018-03-24 12:12:35', '2018-03-24 12:12:35', NULL),
	(3729, 1010, 3, 1, 5.0000, 0, '', '2018-03-24 12:12:35', '2018-03-24 12:12:35', NULL),
	(3730, 1011, 1, 1, 1.0000, 0, '', '2018-03-24 12:36:50', '2018-03-24 12:36:50', NULL),
	(3731, 1011, 2, 1, 1.0000, 0, '', '2018-03-24 12:36:50', '2018-03-24 12:36:50', NULL),
	(3732, 1011, 3, 1, 6.0000, 0, '', '2018-03-24 12:36:50', '2018-03-24 12:36:50', NULL),
	(3733, 1012, 1, 1, 1.0000, 0, '', '2018-03-24 12:36:50', '2018-03-24 12:36:50', NULL),
	(3734, 1012, 2, 1, 1.0000, 0, '', '2018-03-24 12:36:50', '2018-03-24 12:36:50', NULL),
	(3735, 1012, 3, 1, 6.0000, 0, '', '2018-03-24 12:36:50', '2018-03-24 12:36:50', NULL),
	(3736, 1012, 1, 1, 1.0000, 0, '', '2018-03-24 12:36:50', '2018-03-24 12:36:50', NULL),
	(3737, 1012, 2, 1, 1.0000, 0, '', '2018-03-24 12:36:50', '2018-03-24 12:36:50', NULL),
	(3738, 1012, 3, 1, 6.0000, 0, '', '2018-03-24 12:36:50', '2018-03-24 12:36:50', NULL),
	(3739, 1013, 1, 1, 1.0000, 0, '', '2018-03-24 12:38:43', '2018-03-24 12:38:43', NULL),
	(3740, 1013, 2, 1, 1.0000, 0, '', '2018-03-24 12:38:43', '2018-03-24 12:38:43', NULL),
	(3741, 1013, 3, 1, 2.0000, 0, '', '2018-03-24 12:38:43', '2018-03-24 12:38:43', NULL),
	(3742, 1013, 4, 1, 1.0000, 0, '', '2018-03-24 12:38:43', '2018-03-24 12:38:43', NULL),
	(3743, 1013, 7, 1, 5.0000, 0, '', '2018-03-24 12:38:43', '2018-03-24 12:38:43', NULL),
	(3744, 1014, 1, 1, 1.0000, 0, '', '2018-03-24 12:41:18', '2018-03-24 12:41:18', NULL),
	(3745, 1014, 2, 1, 1.0000, 0, '', '2018-03-24 12:41:18', '2018-03-24 12:41:18', NULL),
	(3746, 1014, 3, 1, 5.0000, 0, '', '2018-03-24 12:41:18', '2018-03-24 12:41:18', NULL),
	(3747, 1015, 1, 1, 1.0000, 0, '', '2018-03-24 12:48:00', '2018-03-24 12:48:00', NULL),
	(3748, 1015, 2, 1, 1.0000, 0, '', '2018-03-24 12:48:00', '2018-03-24 12:48:00', NULL),
	(3749, 1015, 3, 1, 4.0000, 0, '', '2018-03-24 12:48:00', '2018-03-24 12:48:00', NULL),
	(3750, 1015, 4, 1, 1.0000, 0, '', '2018-03-24 12:48:00', '2018-03-24 12:48:00', NULL),
	(3751, 1015, 7, 1, 4.0000, 0, '', '2018-03-24 12:48:00', '2018-03-24 12:48:00', NULL),
	(3752, 1016, 1, 1, 1.0000, 0, '', '2018-03-24 12:48:42', '2018-03-24 12:48:42', NULL),
	(3753, 1016, 2, 1, 1.0000, 0, '', '2018-03-24 12:48:42', '2018-03-24 12:48:42', NULL),
	(3754, 1016, 3, 1, 3.0000, 0, '', '2018-03-24 12:48:42', '2018-03-24 12:48:42', NULL),
	(3755, 1016, 4, 1, 5.0000, 0, '', '2018-03-24 12:48:42', '2018-03-24 12:48:42', NULL),
	(3756, 1017, 2, 1, 1.0000, 0, '', '2018-03-24 12:50:05', '2018-03-24 12:50:05', NULL),
	(3757, 1017, 3, 1, 4.0000, 0, '', '2018-03-24 12:50:05', '2018-03-24 12:50:05', NULL),
	(3758, 1018, 1, 1, 1.0000, 0, '', '2018-03-24 12:52:16', '2018-03-24 12:52:16', NULL),
	(3759, 1018, 2, 1, 1.0000, 0, '', '2018-03-24 12:52:16', '2018-03-24 12:52:16', NULL),
	(3760, 1018, 3, 1, 5.0000, 0, '', '2018-03-24 12:52:16', '2018-03-24 12:52:16', NULL),
	(3761, 1018, 4, 1, 4.0000, 0, '', '2018-03-24 12:52:16', '2018-03-24 12:52:16', NULL),
	(3765, 1020, 1, 1, 1.0000, 0, '', '2018-03-24 14:03:56', '2018-03-24 14:03:56', NULL),
	(3766, 1020, 2, 1, 1.0000, 0, '', '2018-03-24 14:03:56', '2018-03-24 14:03:56', NULL),
	(3767, 1020, 3, 1, 4.0000, 0, '', '2018-03-24 14:03:56', '2018-03-24 14:03:56', NULL),
	(3768, 1021, 1, 1, 1.0000, 0, '', '2018-03-24 14:07:23', '2018-03-24 14:07:23', NULL),
	(3769, 1021, 2, 1, 1.0000, 0, '', '2018-03-24 14:07:23', '2018-03-24 14:07:23', NULL),
	(3770, 1021, 3, 1, 4.0000, 0, '', '2018-03-24 14:07:23', '2018-03-24 14:07:23', NULL),
	(3771, 1022, 1, 1, 1.0000, 0, '', '2018-03-24 14:16:10', '2018-03-24 14:16:10', NULL),
	(3772, 1022, 2, 1, 1.0000, 0, '', '2018-03-24 14:16:10', '2018-03-24 14:16:10', NULL),
	(3773, 1022, 3, 1, 5.0000, 0, '', '2018-03-24 14:16:10', '2018-03-24 14:16:10', NULL),
	(3774, 1022, 4, 1, 2.0000, 0, '', '2018-03-24 14:16:11', '2018-03-24 14:16:11', NULL),
	(3775, 1022, 7, 1, 5.0000, 0, '', '2018-03-24 14:16:11', '2018-03-24 14:16:11', NULL),
	(3776, 1023, 1, 1, 1.0000, 0, '', '2018-03-24 14:16:11', '2018-03-24 14:16:11', NULL),
	(3777, 1023, 2, 1, 1.0000, 0, '', '2018-03-24 14:16:11', '2018-03-24 14:16:11', NULL),
	(3778, 1023, 3, 1, 5.0000, 0, '', '2018-03-24 14:16:11', '2018-03-24 14:16:11', NULL),
	(3779, 1023, 4, 1, 2.0000, 0, '', '2018-03-24 14:16:11', '2018-03-24 14:16:11', NULL),
	(3780, 1023, 7, 1, 5.0000, 0, '', '2018-03-24 14:16:11', '2018-03-24 14:16:11', NULL),
	(3781, 1023, 1, 1, 1.0000, 0, '', '2018-03-24 14:16:11', '2018-03-24 14:16:11', NULL),
	(3782, 1023, 2, 1, 1.0000, 0, '', '2018-03-24 14:16:11', '2018-03-24 14:16:11', NULL),
	(3783, 1023, 3, 1, 5.0000, 0, '', '2018-03-24 14:16:11', '2018-03-24 14:16:11', NULL),
	(3784, 1023, 4, 1, 2.0000, 0, '', '2018-03-24 14:16:11', '2018-03-24 14:16:11', NULL),
	(3785, 1023, 7, 1, 5.0000, 0, '', '2018-03-24 14:16:11', '2018-03-24 14:16:11', NULL),
	(3786, 1024, 1, 1, 1.0000, 0, '', '2018-03-24 14:16:11', '2018-03-24 14:16:11', NULL),
	(3787, 1024, 2, 1, 1.0000, 0, '', '2018-03-24 14:16:11', '2018-03-24 14:16:11', NULL),
	(3788, 1024, 3, 1, 5.0000, 0, '', '2018-03-24 14:16:11', '2018-03-24 14:16:11', NULL),
	(3789, 1024, 4, 1, 2.0000, 0, '', '2018-03-24 14:16:11', '2018-03-24 14:16:11', NULL),
	(3790, 1024, 7, 1, 5.0000, 0, '', '2018-03-24 14:16:11', '2018-03-24 14:16:11', NULL),
	(3791, 1024, 1, 1, 1.0000, 0, '', '2018-03-24 14:16:11', '2018-03-24 14:16:11', NULL),
	(3792, 1024, 2, 1, 1.0000, 0, '', '2018-03-24 14:16:11', '2018-03-24 14:16:11', NULL),
	(3793, 1024, 3, 1, 5.0000, 0, '', '2018-03-24 14:16:12', '2018-03-24 14:16:12', NULL),
	(3794, 1024, 4, 1, 2.0000, 0, '', '2018-03-24 14:16:12', '2018-03-24 14:16:12', NULL),
	(3795, 1024, 7, 1, 5.0000, 0, '', '2018-03-24 14:16:12', '2018-03-24 14:16:12', NULL),
	(3796, 1024, 1, 1, 1.0000, 0, '', '2018-03-24 14:16:12', '2018-03-24 14:16:12', NULL),
	(3797, 1024, 2, 1, 1.0000, 0, '', '2018-03-24 14:16:12', '2018-03-24 14:16:12', NULL),
	(3798, 1024, 3, 1, 5.0000, 0, '', '2018-03-24 14:16:12', '2018-03-24 14:16:12', NULL),
	(3799, 1024, 4, 1, 2.0000, 0, '', '2018-03-24 14:16:12', '2018-03-24 14:16:12', NULL),
	(3800, 1024, 7, 1, 5.0000, 0, '', '2018-03-24 14:16:12', '2018-03-24 14:16:12', NULL),
	(3801, 1025, 1, 1, 6.0000, 0, '', '2018-03-24 14:16:36', '2018-03-24 14:16:36', NULL),
	(3802, 1025, 3, 1, 1.0000, 0, '', '2018-03-24 14:16:36', '2018-03-24 14:16:36', NULL),
	(3803, 1025, 2, 1, 2.0000, 0, '', '2018-03-24 14:16:36', '2018-03-24 14:16:36', NULL),
	(3804, 1026, 1, 1, 6.0000, 0, '', '2018-03-24 14:16:36', '2018-03-24 14:16:36', NULL),
	(3805, 1026, 3, 1, 1.0000, 0, '', '2018-03-24 14:16:36', '2018-03-24 14:16:36', NULL),
	(3806, 1026, 2, 1, 2.0000, 0, '', '2018-03-24 14:16:36', '2018-03-24 14:16:36', NULL),
	(3807, 1026, 1, 1, 6.0000, 0, '', '2018-03-24 14:16:36', '2018-03-24 14:16:36', NULL),
	(3808, 1026, 3, 1, 1.0000, 0, '', '2018-03-24 14:16:36', '2018-03-24 14:16:36', NULL),
	(3809, 1026, 2, 1, 2.0000, 0, '', '2018-03-24 14:16:36', '2018-03-24 14:16:36', NULL),
	(3810, 1027, 1, 1, 1.0000, 0, '', '2018-03-24 14:17:13', '2018-03-24 14:17:13', NULL),
	(3811, 1027, 2, 1, 1.0000, 0, '', '2018-03-24 14:17:13', '2018-03-24 14:17:13', NULL),
	(3812, 1027, 3, 1, 6.0000, 0, '', '2018-03-24 14:17:13', '2018-03-24 14:17:13', NULL),
	(3813, 1028, 1, 1, 1.0000, 0, '', '2018-03-24 14:17:13', '2018-03-24 14:17:13', NULL),
	(3814, 1028, 2, 1, 1.0000, 0, '', '2018-03-24 14:17:13', '2018-03-24 14:17:13', NULL),
	(3815, 1028, 3, 1, 6.0000, 0, '', '2018-03-24 14:17:13', '2018-03-24 14:17:13', NULL),
	(3816, 1028, 1, 1, 1.0000, 0, '', '2018-03-24 14:17:13', '2018-03-24 14:17:13', NULL),
	(3817, 1028, 2, 1, 1.0000, 0, '', '2018-03-24 14:17:13', '2018-03-24 14:17:13', NULL),
	(3818, 1028, 3, 1, 6.0000, 0, '', '2018-03-24 14:17:13', '2018-03-24 14:17:13', NULL),
	(3819, 1029, 1, 1, 1.0000, 0, '', '2018-03-24 14:20:16', '2018-03-24 14:20:16', NULL),
	(3820, 1029, 2, 1, 1.0000, 0, '', '2018-03-24 14:20:16', '2018-03-24 14:20:16', NULL),
	(3821, 1029, 3, 1, 6.0000, 0, '', '2018-03-24 14:20:16', '2018-03-24 14:20:16', NULL),
	(3822, 1029, 29, 1, 1.0000, 0, '', '2018-03-24 14:20:16', '2018-03-24 14:20:16', NULL),
	(3823, 1029, 30, 1, 1.0000, 0, '', '2018-03-24 14:20:16', '2018-03-24 14:20:16', NULL),
	(3824, 1029, 31, 1, 4.0000, 0, '', '2018-03-24 14:20:16', '2018-03-24 14:20:16', NULL),
	(3825, 1030, 1, 1, 1.0000, 0, '', '2018-03-24 14:20:16', '2018-03-24 14:20:16', NULL),
	(3826, 1030, 2, 1, 1.0000, 0, '', '2018-03-24 14:20:17', '2018-03-24 14:20:17', NULL),
	(3827, 1030, 3, 1, 6.0000, 0, '', '2018-03-24 14:20:17', '2018-03-24 14:20:17', NULL),
	(3828, 1030, 29, 1, 1.0000, 0, '', '2018-03-24 14:20:17', '2018-03-24 14:20:17', NULL),
	(3829, 1030, 30, 1, 1.0000, 0, '', '2018-03-24 14:20:17', '2018-03-24 14:20:17', NULL),
	(3830, 1030, 31, 1, 4.0000, 0, '', '2018-03-24 14:20:17', '2018-03-24 14:20:17', NULL),
	(3831, 1030, 1, 1, 1.0000, 0, '', '2018-03-24 14:20:17', '2018-03-24 14:20:17', NULL),
	(3832, 1030, 2, 1, 1.0000, 0, '', '2018-03-24 14:20:17', '2018-03-24 14:20:17', NULL),
	(3833, 1030, 3, 1, 6.0000, 0, '', '2018-03-24 14:20:17', '2018-03-24 14:20:17', NULL),
	(3834, 1030, 29, 1, 1.0000, 0, '', '2018-03-24 14:20:17', '2018-03-24 14:20:17', NULL),
	(3835, 1030, 30, 1, 1.0000, 0, '', '2018-03-24 14:20:17', '2018-03-24 14:20:17', NULL),
	(3836, 1030, 31, 1, 4.0000, 0, '', '2018-03-24 14:20:17', '2018-03-24 14:20:17', NULL),
	(3837, 1031, 1, 1, 1.0000, 0, '', '2018-03-24 14:20:17', '2018-03-24 14:20:17', NULL),
	(3838, 1031, 2, 1, 1.0000, 0, '', '2018-03-24 14:20:17', '2018-03-24 14:20:17', NULL),
	(3839, 1031, 3, 1, 6.0000, 0, '', '2018-03-24 14:20:17', '2018-03-24 14:20:17', NULL),
	(3840, 1031, 29, 1, 1.0000, 0, '', '2018-03-24 14:20:17', '2018-03-24 14:20:17', NULL),
	(3841, 1031, 30, 1, 1.0000, 0, '', '2018-03-24 14:20:17', '2018-03-24 14:20:17', NULL),
	(3842, 1031, 31, 1, 4.0000, 0, '', '2018-03-24 14:20:17', '2018-03-24 14:20:17', NULL),
	(3843, 1031, 1, 1, 1.0000, 0, '', '2018-03-24 14:20:17', '2018-03-24 14:20:17', NULL),
	(3844, 1031, 2, 1, 1.0000, 0, '', '2018-03-24 14:20:17', '2018-03-24 14:20:17', NULL),
	(3845, 1031, 3, 1, 6.0000, 0, '', '2018-03-24 14:20:17', '2018-03-24 14:20:17', NULL),
	(3846, 1031, 29, 1, 1.0000, 0, '', '2018-03-24 14:20:17', '2018-03-24 14:20:17', NULL),
	(3847, 1031, 30, 1, 1.0000, 0, '', '2018-03-24 14:20:17', '2018-03-24 14:20:17', NULL),
	(3848, 1031, 31, 1, 4.0000, 0, '', '2018-03-24 14:20:17', '2018-03-24 14:20:17', NULL),
	(3849, 1031, 1, 1, 1.0000, 0, '', '2018-03-24 14:20:17', '2018-03-24 14:20:17', NULL),
	(3850, 1031, 2, 1, 1.0000, 0, '', '2018-03-24 14:20:17', '2018-03-24 14:20:17', NULL),
	(3851, 1031, 3, 1, 6.0000, 0, '', '2018-03-24 14:20:17', '2018-03-24 14:20:17', NULL),
	(3852, 1031, 29, 1, 1.0000, 0, '', '2018-03-24 14:20:17', '2018-03-24 14:20:17', NULL),
	(3853, 1031, 30, 1, 1.0000, 0, '', '2018-03-24 14:20:17', '2018-03-24 14:20:17', NULL),
	(3854, 1031, 31, 1, 4.0000, 0, '', '2018-03-24 14:20:18', '2018-03-24 14:20:18', NULL),
	(3855, 1032, 1, 1, 1.0000, 0, '', '2018-03-24 14:23:38', '2018-03-24 14:23:38', NULL),
	(3856, 1032, 2, 1, 1.0000, 0, '', '2018-03-24 14:23:38', '2018-03-24 14:23:38', NULL),
	(3857, 1032, 3, 1, 3.0000, 0, '', '2018-03-24 14:23:38', '2018-03-24 14:23:38', NULL),
	(3858, 1032, 4, 1, 1.0000, 0, '', '2018-03-24 14:23:38', '2018-03-24 14:23:38', NULL),
	(3859, 1032, 7, 1, 4.0000, 0, '', '2018-03-24 14:23:38', '2018-03-24 14:23:38', NULL),
	(3860, 1032, 8, 1, 3.0000, 0, '', '2018-03-24 14:23:38', '2018-03-24 14:23:38', NULL),
	(3861, 1033, 1, 1, 1.0000, 0, '', '2018-03-24 14:23:38', '2018-03-24 14:23:38', NULL),
	(3862, 1033, 2, 1, 1.0000, 0, '', '2018-03-24 14:23:38', '2018-03-24 14:23:38', NULL),
	(3863, 1033, 3, 1, 3.0000, 0, '', '2018-03-24 14:23:39', '2018-03-24 14:23:39', NULL),
	(3864, 1033, 4, 1, 1.0000, 0, '', '2018-03-24 14:23:39', '2018-03-24 14:23:39', NULL),
	(3865, 1033, 7, 1, 4.0000, 0, '', '2018-03-24 14:23:39', '2018-03-24 14:23:39', NULL),
	(3866, 1033, 8, 1, 3.0000, 0, '', '2018-03-24 14:23:39', '2018-03-24 14:23:39', NULL),
	(3867, 1033, 1, 1, 1.0000, 0, '', '2018-03-24 14:23:39', '2018-03-24 14:23:39', NULL),
	(3868, 1033, 2, 1, 1.0000, 0, '', '2018-03-24 14:23:39', '2018-03-24 14:23:39', NULL),
	(3869, 1033, 3, 1, 3.0000, 0, '', '2018-03-24 14:23:39', '2018-03-24 14:23:39', NULL),
	(3870, 1033, 4, 1, 1.0000, 0, '', '2018-03-24 14:23:39', '2018-03-24 14:23:39', NULL),
	(3871, 1033, 7, 1, 4.0000, 0, '', '2018-03-24 14:23:39', '2018-03-24 14:23:39', NULL),
	(3872, 1033, 8, 1, 3.0000, 0, '', '2018-03-24 14:23:39', '2018-03-24 14:23:39', NULL),
	(3873, 1034, 1, 1, 1.0000, 0, '', '2018-03-24 14:28:35', '2018-03-24 14:28:35', NULL),
	(3874, 1034, 2, 1, 1.0000, 0, '', '2018-03-24 14:28:35', '2018-03-24 14:28:35', NULL),
	(3875, 1034, 3, 1, 1.0000, 0, '', '2018-03-24 14:28:35', '2018-03-24 14:28:35', NULL),
	(3876, 1034, 4, 1, 4.0000, 0, '', '2018-03-24 14:28:35', '2018-03-24 14:28:35', NULL),
	(3877, 1035, 1, 1, 1.0000, 0, '', '2018-03-24 14:28:35', '2018-03-24 14:28:35', NULL),
	(3878, 1035, 2, 1, 1.0000, 0, '', '2018-03-24 14:28:35', '2018-03-24 14:28:35', NULL),
	(3879, 1035, 3, 1, 1.0000, 0, '', '2018-03-24 14:28:35', '2018-03-24 14:28:35', NULL),
	(3880, 1035, 4, 1, 4.0000, 0, '', '2018-03-24 14:28:35', '2018-03-24 14:28:35', NULL),
	(3881, 1035, 1, 1, 1.0000, 0, '', '2018-03-24 14:28:35', '2018-03-24 14:28:35', NULL),
	(3882, 1035, 2, 1, 1.0000, 0, '', '2018-03-24 14:28:35', '2018-03-24 14:28:35', NULL),
	(3883, 1035, 3, 1, 1.0000, 0, '', '2018-03-24 14:28:35', '2018-03-24 14:28:35', NULL),
	(3884, 1035, 4, 1, 4.0000, 0, '', '2018-03-24 14:28:35', '2018-03-24 14:28:35', NULL),
	(3885, 1036, 1, 1, 1.0000, 0, '', '2018-03-24 14:30:20', '2018-03-24 14:30:20', NULL),
	(3886, 1036, 2, 1, 1.0000, 0, '', '2018-03-24 14:30:20', '2018-03-24 14:30:20', NULL),
	(3887, 1036, 3, 1, 5.0000, 0, '', '2018-03-24 14:30:20', '2018-03-24 14:30:20', NULL),
	(3888, 1037, 1, 1, 1.0000, 0, '', '2018-03-24 14:30:36', '2018-03-24 14:30:36', NULL),
	(3889, 1037, 2, 1, 1.0000, 0, '', '2018-03-24 14:30:36', '2018-03-24 14:30:36', NULL),
	(3890, 1037, 3, 1, 6.0000, 0, '', '2018-03-24 14:30:36', '2018-03-24 14:30:36', NULL),
	(3891, 1038, 1, 1, 1.0000, 0, '', '2018-03-24 14:30:37', '2018-03-24 14:30:37', NULL),
	(3892, 1038, 2, 1, 1.0000, 0, '', '2018-03-24 14:30:37', '2018-03-24 14:30:37', NULL),
	(3893, 1038, 3, 1, 6.0000, 0, '', '2018-03-24 14:30:37', '2018-03-24 14:30:37', NULL),
	(3894, 1038, 1, 1, 1.0000, 0, '', '2018-03-24 14:30:37', '2018-03-24 14:30:37', NULL),
	(3895, 1038, 2, 1, 1.0000, 0, '', '2018-03-24 14:30:37', '2018-03-24 14:30:37', NULL),
	(3896, 1038, 3, 1, 6.0000, 0, '', '2018-03-24 14:30:37', '2018-03-24 14:30:37', NULL),
	(3897, 1039, 1, 1, 1.0000, 0, '', '2018-03-24 14:34:18', '2018-03-24 14:34:18', NULL),
	(3898, 1039, 2, 1, 1.0000, 0, '', '2018-03-24 14:34:18', '2018-03-24 14:34:18', NULL),
	(3899, 1039, 3, 1, 4.0000, 0, '', '2018-03-24 14:34:18', '2018-03-24 14:34:18', NULL),
	(3900, 1040, 1, 1, 1.0000, 0, '', '2018-03-24 14:34:34', '2018-03-24 14:34:34', NULL),
	(3901, 1040, 2, 1, 1.0000, 0, '', '2018-03-24 14:34:34', '2018-03-24 14:34:34', NULL),
	(3902, 1040, 3, 1, 5.0000, 0, '', '2018-03-24 14:34:34', '2018-03-24 14:34:34', NULL),
	(3903, 1040, 4, 1, 1.0000, 0, '', '2018-03-24 14:34:34', '2018-03-24 14:34:34', NULL),
	(3904, 1040, 7, 1, 5.0000, 0, '', '2018-03-24 14:34:34', '2018-03-24 14:34:34', NULL),
	(3905, 1041, 1, 1, 1.0000, 0, '', '2018-03-24 14:36:25', '2018-03-24 14:36:25', NULL),
	(3906, 1041, 2, 1, 1.0000, 0, '', '2018-03-24 14:36:25', '2018-03-24 14:36:25', NULL),
	(3907, 1041, 3, 1, 4.0000, 0, '', '2018-03-24 14:36:25', '2018-03-24 14:36:25', NULL),
	(3908, 1042, 1, 1, 1.0000, 0, '', '2018-03-24 14:39:50', '2018-03-24 14:39:50', NULL),
	(3909, 1042, 2, 1, 1.0000, 0, '', '2018-03-24 14:39:50', '2018-03-24 14:39:50', NULL),
	(3910, 1042, 3, 1, 3.0000, 0, '', '2018-03-24 14:39:50', '2018-03-24 14:39:50', NULL),
	(3911, 1043, 1, 1, 2.0000, 0, '', '2018-03-24 14:40:15', '2018-03-24 14:40:15', NULL),
	(3912, 1043, 2, 1, 1.0000, 0, '', '2018-03-24 14:40:15', '2018-03-24 14:40:15', NULL),
	(3913, 1043, 3, 1, 7.0000, 0, '', '2018-03-24 14:40:15', '2018-03-24 14:40:15', NULL),
	(3914, 1044, 1, 1, 1.0000, 0, '', '2018-03-24 14:41:07', '2018-03-24 14:41:07', NULL),
	(3915, 1044, 2, 1, 1.0000, 0, '', '2018-03-24 14:41:07', '2018-03-24 14:41:07', NULL),
	(3916, 1044, 3, 1, 1.0000, 0, '', '2018-03-24 14:41:07', '2018-03-24 14:41:07', NULL),
	(3917, 1044, 4, 1, 5.0000, 0, '', '2018-03-24 14:41:07', '2018-03-24 14:41:07', NULL),
	(3918, 1045, 1, 1, 1.0000, 0, '', '2018-03-24 14:41:49', '2018-03-24 14:41:49', NULL),
	(3919, 1045, 3, 1, 1.0000, 0, '', '2018-03-24 14:41:49', '2018-03-24 14:41:49', NULL),
	(3920, 1045, 2, 1, 1.0000, 0, '', '2018-03-24 14:41:49', '2018-03-24 14:41:49', NULL),
	(3921, 1045, 4, 1, 5.0000, 0, '', '2018-03-24 14:41:49', '2018-03-24 14:41:49', NULL),
	(3922, 1046, 1, 1, 1.0000, 0, '', '2018-03-24 14:42:04', '2018-03-24 14:42:04', NULL),
	(3923, 1046, 2, 1, 1.0000, 0, '', '2018-03-24 14:42:04', '2018-03-24 14:42:04', NULL),
	(3924, 1046, 3, 1, 1.0000, 0, '', '2018-03-24 14:42:04', '2018-03-24 14:42:04', NULL),
	(3925, 1047, 1, 1, 1.0000, 0, '', '2018-03-24 14:42:26', '2018-03-24 14:42:26', NULL),
	(3926, 1047, 2, 1, 1.0000, 0, '', '2018-03-24 14:42:26', '2018-03-24 14:42:26', NULL),
	(3927, 1047, 3, 1, 5.0000, 0, '', '2018-03-24 14:42:26', '2018-03-24 14:42:26', NULL),
	(3928, 1048, 1, 1, 1.0000, 1, '', '2018-03-24 14:42:41', '2018-03-25 14:29:15', NULL),
	(3929, 1048, 2, 1, 1.0000, 1, '', '2018-03-24 14:42:41', '2018-03-25 14:29:15', NULL),
	(3930, 1048, 3, 1, 1.0000, 1, '', '2018-03-24 14:42:41', '2018-03-25 14:29:15', NULL),
	(3931, 1048, 6, 1, 1.0000, 1, '', '2018-03-24 14:42:42', '2018-03-25 14:29:15', NULL),
	(3932, 1048, 5, 1, 3.0000, 1, '', '2018-03-24 14:42:42', '2018-03-25 14:29:15', NULL),
	(3933, 1048, 4, 1, 2.0000, 1, '', '2018-03-24 14:42:42', '2018-03-25 14:29:16', NULL),
	(3934, 1049, 1, 1, 1.0000, 1, '', '2018-03-24 14:46:25', '2018-03-24 18:59:20', NULL),
	(3935, 1049, 2, 1, 1.0000, 1, '', '2018-03-24 14:46:25', '2018-03-24 18:59:21', NULL),
	(3936, 1049, 3, 1, 4.0000, 1, '', '2018-03-24 14:46:25', '2018-03-24 18:59:21', NULL),
	(3937, 1049, 5, 1, 5.0000, 1, '', '2018-03-24 14:46:25', '2018-03-24 18:59:22', NULL),
	(3938, 1049, 6, 1, 3.0000, 1, '', '2018-03-24 14:46:25', '2018-03-24 18:59:24', NULL),
	(3939, 1050, 11, 1, 1.0000, 0, '', '2018-03-24 18:58:57', '2018-03-24 18:58:57', NULL),
	(3940, 1050, 12, 1, 1.0000, 0, '', '2018-03-24 18:58:57', '2018-03-24 18:58:57', NULL),
	(3941, 1050, 13, 1, 5.0000, 0, '', '2018-03-24 18:58:57', '2018-03-24 18:58:57', NULL),
	(3942, 1051, 1, 1, 1.0000, 1, '', '2018-03-24 18:59:11', '2018-03-29 21:02:17', NULL),
	(3943, 1051, 3, 1, 1.0000, 1, '', '2018-03-24 18:59:11', '2018-03-29 21:02:17', NULL),
	(3944, 1051, 2, 1, 4.0000, 1, '', '2018-03-24 18:59:11', '2018-03-29 21:02:18', NULL),
	(3945, 1051, 4, 1, 3.0000, 1, '', '2018-03-24 18:59:11', '2018-03-29 21:02:18', NULL),
	(3946, 1052, 1, 1, 1.0000, 1, '', '2018-03-24 18:59:38', '2018-03-29 21:03:01', NULL),
	(3947, 1052, 2, 1, 1.0000, 1, '', '2018-03-24 18:59:38', '2018-03-29 21:03:01', NULL),
	(3948, 1052, 3, 1, 6.0000, 1, '', '2018-03-24 18:59:38', '2018-03-29 21:03:01', NULL),
	(3949, 1053, 11, 1, 1.0000, 0, '', '2018-03-24 19:00:54', '2018-03-24 19:00:54', NULL),
	(3950, 1053, 12, 1, 1.0000, 0, '', '2018-03-24 19:00:54', '2018-03-24 19:00:54', NULL),
	(3951, 1053, 14, 1, 4.0000, 0, '', '2018-03-24 19:00:54', '2018-03-24 19:00:54', NULL),
	(3952, 1054, 1, 1, 1.0000, 0, '', '2018-03-24 19:07:08', '2018-03-24 19:07:08', NULL),
	(3953, 1054, 2, 1, 1.0000, 0, '', '2018-03-24 19:07:08', '2018-03-24 19:07:08', NULL),
	(3954, 1054, 3, 1, 5.0000, 0, '', '2018-03-24 19:07:08', '2018-03-24 19:07:08', NULL),
	(3955, 1055, 1, 1, 1.0000, 0, '', '2018-03-24 19:12:04', '2018-03-24 19:12:04', NULL),
	(3956, 1055, 2, 1, 1.0000, 0, '', '2018-03-24 19:12:04', '2018-03-24 19:12:04', NULL),
	(3957, 1055, 3, 1, 5.0000, 0, '', '2018-03-24 19:12:04', '2018-03-24 19:12:04', NULL),
	(3958, 1056, 1, 1, 2.0000, 0, '', '2018-03-24 19:12:22', '2018-03-24 19:12:22', NULL),
	(3959, 1056, 2, 1, 2.0000, 0, '', '2018-03-24 19:12:22', '2018-03-24 19:12:22', NULL),
	(3960, 1056, 3, 1, 10.0000, 0, '', '2018-03-24 19:12:22', '2018-03-24 19:12:22', NULL),
	(3961, 1057, 1, 1, 4.0000, 0, '', '2018-03-24 19:12:43', '2018-03-24 19:12:43', NULL),
	(3962, 1057, 2, 1, 4.0000, 0, '', '2018-03-24 19:12:43', '2018-03-24 19:12:43', NULL),
	(3963, 1057, 3, 1, 20.0000, 0, '', '2018-03-24 19:12:43', '2018-03-24 19:12:43', NULL),
	(3964, 1058, 1, 1, 5.0000, 0, '', '2018-03-25 11:44:59', '2018-03-25 11:44:59', NULL),
	(3965, 1059, 1, 1, 4.0000, 1, '', '2018-03-25 11:46:28', '2018-03-25 11:47:32', NULL),
	(3966, 1060, 1, 1, 4.0000, 0, '', '2018-03-25 11:47:53', '2018-03-25 11:47:53', NULL),
	(3967, 1061, 1, 1, 4.0000, 0, '', '2018-03-25 11:55:20', '2018-03-25 11:55:20', NULL),
	(3968, 1062, 1, 1, 4.0000, 0, '', '2018-03-25 12:17:45', '2018-03-25 12:17:45', NULL),
	(3969, 1063, 1, 1, 4.0000, 0, '', '2018-03-25 12:31:29', '2018-03-25 12:31:29', NULL),
	(3970, 1064, 1, 1, 1.0000, 1, '', '2018-03-25 13:12:09', '2018-03-29 21:02:34', NULL),
	(3971, 1065, 1, 1, 1.0000, 0, '', '2018-03-25 14:29:42', '2018-03-25 14:29:42', NULL),
	(3972, 1066, 1, 1, 2.0000, 0, '', '2018-03-25 18:02:16', '2018-03-25 18:02:16', NULL),
	(3973, 1067, 1, 1, 2.0000, 0, '', '2018-03-25 18:08:04', '2018-03-25 18:08:04', NULL),
	(3974, 1068, 1, 1, 2.0000, 0, '', '2018-03-25 18:09:50', '2018-03-25 18:09:50', NULL),
	(3975, 1069, 1, 1, 2.0000, 0, '', '2018-03-25 18:22:59', '2018-03-25 18:22:59', NULL),
	(3976, 1070, 1, 1, 1.0000, 0, '', '2018-03-25 18:49:41', '2018-03-25 18:49:41', NULL),
	(3977, 1071, 1, 1, 8.0000, 0, '', '2018-03-25 18:56:00', '2018-03-25 18:56:00', NULL),
	(3978, 1072, 1, 1, 8.0000, 0, '', '2018-03-25 19:48:03', '2018-03-25 19:48:03', NULL),
	(3979, 1073, 1, 1, 8.0000, 0, '', '2018-03-25 19:53:53', '2018-03-25 19:53:53', NULL),
	(3980, 1074, 1, 1, 8.0000, 0, '', '2018-03-25 19:56:51', '2018-03-25 19:56:51', NULL),
	(3981, 1075, 1, 1, 6.0000, 0, '', '2018-03-25 20:06:23', '2018-03-25 20:06:23', NULL),
	(3982, 1076, 1, 1, 1.0000, 1, '', '2018-03-25 20:35:03', '2018-03-29 21:02:09', NULL),
	(3983, 1076, 2, 1, 4.0000, 1, '', '2018-03-25 20:35:03', '2018-03-29 21:02:09', NULL),
	(3984, 1077, 1, 1, 5.0000, 1, '', '2018-03-25 20:35:27', '2018-03-29 21:02:00', NULL),
	(3985, 1078, 1, 1, 4.0000, 1, '', '2018-03-25 20:37:36', '2018-03-29 21:03:27', NULL),
	(3986, 1079, 1, 1, 1.0000, 0, '', '2018-03-26 18:58:19', '2018-03-26 18:58:19', NULL),
	(3987, 1079, 2, 1, 1.0000, 0, '', '2018-03-26 18:58:19', '2018-03-26 18:58:19', NULL),
	(3988, 1079, 3, 1, 4.0000, 0, '', '2018-03-26 18:58:19', '2018-03-26 18:58:19', NULL),
	(3989, 1079, 4, 1, 1.0000, 0, '', '2018-03-26 18:58:19', '2018-03-26 18:58:19', NULL),
	(3990, 1079, 7, 1, 5.0000, 0, '', '2018-03-26 18:58:19', '2018-03-26 18:58:19', NULL),
	(3991, 1080, 1, 1, 2.0000, 0, '', '2018-03-26 19:14:28', '2018-03-26 19:14:28', NULL),
	(3992, 1080, 2, 1, 1.0000, 0, '', '2018-03-26 19:14:28', '2018-03-26 19:14:28', NULL),
	(3993, 1080, 3, 1, 4.0000, 0, '', '2018-03-26 19:14:28', '2018-03-26 19:14:28', NULL),
	(3994, 1080, 4, 1, 4.0000, 0, '', '2018-03-26 19:14:28', '2018-03-26 19:14:28', NULL),
	(3995, 1080, 7, 1, 4.0000, 0, '', '2018-03-26 19:14:28', '2018-03-26 19:14:28', NULL),
	(3996, 1081, 1, 1, 1.0000, 0, '', '2018-03-28 14:26:04', '2018-03-28 14:26:04', NULL),
	(3997, 1081, 2, 1, 1.0000, 0, '', '2018-03-28 14:26:04', '2018-03-28 14:26:04', NULL),
	(3998, 1081, 3, 1, 4.0000, 0, '', '2018-03-28 14:26:04', '2018-03-28 14:26:04', NULL),
	(3999, 1081, 4, 1, 1.0000, 0, '', '2018-03-28 14:26:04', '2018-03-28 14:26:04', NULL),
	(4000, 1081, 5, 1, 4.0000, 0, '', '2018-03-28 14:26:04', '2018-03-28 14:26:04', NULL),
	(4001, 1081, 7, 1, 1.0000, 0, '', '2018-03-28 14:26:04', '2018-03-28 14:26:04', NULL),
	(4002, 1081, 8, 1, 4.0000, 0, '', '2018-03-28 14:26:04', '2018-03-28 14:26:04', NULL),
	(4003, 1082, 1, 1, 1.0000, 1, '', '2018-03-28 19:32:42', '2018-03-29 18:59:46', NULL),
	(4004, 1082, 2, 1, 1.0000, 1, '', '2018-03-28 19:32:42', '2018-03-29 18:59:46', NULL),
	(4005, 1082, 3, 1, 6.0000, 1, '', '2018-03-28 19:32:42', '2018-03-29 18:59:47', NULL),
	(4006, 1083, 1, 1, 1.0000, 1, '', '2018-03-28 19:33:03', '2018-03-29 21:02:54', NULL),
	(4007, 1083, 2, 1, 1.0000, 1, '', '2018-03-28 19:33:03', '2018-03-29 21:02:55', NULL),
	(4008, 1084, 37, 1, 1.0000, 1, '', '2018-03-28 19:33:03', '2018-03-29 21:02:55', NULL),
	(4009, 1084, 38, 1, 3.0000, 1, '', '2018-03-28 19:33:03', '2018-03-29 21:02:55', NULL),
	(4010, 1085, 1, 1, 1.0000, 0, '', '2018-03-28 19:33:20', '2018-03-28 19:33:20', NULL),
	(4011, 1085, 2, 1, 1.0000, 0, '', '2018-03-28 19:33:20', '2018-03-28 19:33:20', NULL),
	(4012, 1085, 4, 1, 3.0000, 0, '', '2018-03-28 19:33:20', '2018-03-28 19:33:20', NULL),
	(4013, 1086, 1, 1, 1.0000, 0, '', '2018-03-28 19:33:48', '2018-03-28 19:33:48', NULL),
	(4014, 1086, 2, 1, 4.0000, 0, '', '2018-03-28 19:33:48', '2018-03-28 19:33:48', NULL),
	(4015, 1087, 1, 1, 4.0000, 0, '', '2018-03-28 19:35:37', '2018-03-28 19:35:37', NULL),
	(4016, 1087, 2, 1, 2.0000, 0, '', '2018-03-28 19:35:37', '2018-03-28 19:35:37', NULL),
	(4017, 1087, 5, 1, 1.0000, 0, '', '2018-03-28 19:35:37', '2018-03-28 19:35:37', NULL),
	(4018, 1087, 4, 1, 1.0000, 0, '', '2018-03-28 19:35:37', '2018-03-28 19:35:37', NULL),
	(4019, 1087, 29, 1, 1.0000, 0, '', '2018-03-28 19:35:37', '2018-03-28 19:35:37', NULL),
	(4020, 1088, 37, 1, 1.0000, 0, '', '2018-03-28 19:35:37', '2018-03-28 19:35:37', NULL),
	(4021, 1088, 38, 1, 1.0000, 0, '', '2018-03-28 19:35:37', '2018-03-28 19:35:37', NULL),
	(4022, 1088, 41, 1, 1.0000, 0, '', '2018-03-28 19:35:37', '2018-03-28 19:35:37', NULL),
	(4023, 1089, 2, 1, 1.0000, 0, '', '2018-03-28 19:35:58', '2018-03-28 19:35:58', NULL),
	(4024, 1089, 3, 1, 1.0000, 0, '', '2018-03-28 19:35:58', '2018-03-28 19:35:58', NULL),
	(4025, 1089, 1, 1, 1.0000, 0, '', '2018-03-28 19:35:58', '2018-03-28 19:35:58', NULL),
	(4026, 1089, 4, 1, 2.0000, 0, '', '2018-03-28 19:35:58', '2018-03-28 19:35:58', NULL),
	(4027, 1090, 1, 1, 3.0000, 0, '', '2018-03-28 19:36:12', '2018-03-28 19:36:12', NULL),
	(4028, 1090, 2, 1, 2.0000, 0, '', '2018-03-28 19:36:12', '2018-03-28 19:36:12', NULL),
	(4029, 1090, 3, 1, 1.0000, 0, '', '2018-03-28 19:36:12', '2018-03-28 19:36:12', NULL),
	(4030, 1090, 5, 1, 1.0000, 0, '', '2018-03-28 19:36:12', '2018-03-28 19:36:12', NULL),
	(4031, 1090, 4, 1, 3.0000, 0, '', '2018-03-28 19:36:12', '2018-03-28 19:36:12', NULL),
	(4032, 1091, 1, 1, 1.0000, 0, '', '2018-03-28 19:40:00', '2018-03-28 19:40:00', NULL),
	(4033, 1091, 2, 1, 4.0000, 0, '', '2018-03-28 19:40:00', '2018-03-28 19:40:00', NULL),
	(4034, 1091, 4, 1, 3.0000, 0, '', '2018-03-28 19:40:00', '2018-03-28 19:40:00', NULL),
	(4035, 1092, 1, 1, 1.0000, 1, '', '2018-03-28 19:40:37', '2018-03-29 21:03:12', NULL),
	(4036, 1092, 2, 1, 4.0000, 1, '', '2018-03-28 19:40:37', '2018-03-29 21:03:12', NULL),
	(4037, 1092, 4, 1, 3.0000, 1, '', '2018-03-28 19:40:37', '2018-03-29 21:03:12', NULL),
	(4038, 1093, 11, 1, 1.0000, 0, '', '2018-03-28 19:40:51', '2018-03-28 19:40:51', NULL),
	(4039, 1093, 12, 1, 1.0000, 0, '', '2018-03-28 19:40:52', '2018-03-28 19:40:52', NULL),
	(4040, 1093, 13, 1, 4.0000, 0, '', '2018-03-28 19:40:52', '2018-03-28 19:40:52', NULL),
	(4041, 1094, 1, 1, 1.0000, 0, '', '2018-03-28 19:44:23', '2018-03-28 19:44:23', NULL),
	(4042, 1094, 3, 1, 1.0000, 0, '', '2018-03-28 19:44:23', '2018-03-28 19:44:23', NULL),
	(4043, 1094, 2, 1, 4.0000, 0, '', '2018-03-28 19:44:23', '2018-03-28 19:44:23', NULL),
	(4044, 1095, 1, 1, 1.0000, 0, '', '2018-03-28 19:44:40', '2018-03-28 19:44:40', NULL),
	(4045, 1095, 2, 1, 1.0000, 0, '', '2018-03-28 19:44:40', '2018-03-28 19:44:40', NULL),
	(4046, 1095, 3, 1, 4.0000, 0, '', '2018-03-28 19:44:40', '2018-03-28 19:44:40', NULL),
	(4047, 1096, 1, 1, 1.0000, 0, '', '2018-03-28 19:51:49', '2018-03-28 19:51:49', NULL),
	(4048, 1096, 2, 1, 1.0000, 0, '', '2018-03-28 19:51:49', '2018-03-28 19:51:49', NULL),
	(4049, 1096, 3, 1, 4.0000, 0, '', '2018-03-28 19:51:49', '2018-03-28 19:51:49', NULL),
	(4050, 1097, 1, 1, 1.0000, 0, '', '2018-03-28 19:53:16', '2018-03-28 19:53:16', NULL),
	(4051, 1097, 2, 1, 1.0000, 0, '', '2018-03-28 19:53:16', '2018-03-28 19:53:16', NULL),
	(4052, 1097, 3, 1, 4.0000, 0, '', '2018-03-28 19:53:16', '2018-03-28 19:53:16', NULL),
	(4053, 1098, 1, 1, 1.0000, 0, '', '2018-03-28 20:00:22', '2018-03-28 20:00:22', NULL),
	(4054, 1098, 2, 1, 1.0000, 0, '', '2018-03-28 20:00:22', '2018-03-28 20:00:22', NULL),
	(4055, 1098, 3, 1, 4.0000, 0, '', '2018-03-28 20:00:22', '2018-03-28 20:00:22', NULL),
	(4056, 1099, 1, 1, 1.0000, 0, '', '2018-03-28 20:00:42', '2018-03-28 20:00:42', NULL),
	(4057, 1099, 2, 1, 1.0000, 0, '', '2018-03-28 20:00:42', '2018-03-28 20:00:42', NULL),
	(4058, 1099, 3, 1, 5.0000, 0, '', '2018-03-28 20:00:42', '2018-03-28 20:00:42', NULL),
	(4059, 1100, 1, 1, 1.0000, 0, '346456fghdfgh', '2018-03-28 20:12:13', '2018-03-28 20:12:13', NULL),
	(4060, 1100, 2, 1, 1.0000, 0, 'yjutuyty', '2018-03-28 20:12:13', '2018-03-28 20:12:13', NULL),
	(4061, 1100, 3, 1, 5.0000, 0, 'yuertwe', '2018-03-28 20:12:13', '2018-03-28 20:12:13', NULL),
	(4062, 1101, 1, 1, 1.0000, 0, '', '2018-03-28 20:12:29', '2018-03-28 20:12:29', NULL),
	(4063, 1101, 2, 1, 1.0000, 0, '', '2018-03-28 20:12:29', '2018-03-28 20:12:29', NULL),
	(4064, 1101, 3, 1, 4.0000, 0, '', '2018-03-28 20:12:29', '2018-03-28 20:12:29', NULL),
	(4065, 1102, 1, 1, 1.0000, 0, '', '2018-03-28 20:38:14', '2018-03-28 20:38:14', NULL),
	(4066, 1102, 2, 1, 1.0000, 0, '', '2018-03-28 20:38:14', '2018-03-28 20:38:14', NULL),
	(4067, 1102, 3, 1, 4.0000, 0, '', '2018-03-28 20:38:14', '2018-03-28 20:38:14', NULL),
	(4068, 1103, 1, 1, 1.0000, 0, '', '2018-03-28 21:32:56', '2018-03-28 21:32:56', NULL),
	(4069, 1103, 2, 1, 2.0000, 0, '', '2018-03-28 21:32:56', '2018-03-28 21:32:56', NULL),
	(4070, 1103, 3, 1, 3.0000, 0, '', '2018-03-28 21:32:56', '2018-03-28 21:32:56', NULL),
	(4071, 1104, 11, 1, 2.0000, 0, '', '2018-03-28 21:33:17', '2018-03-28 21:33:17', NULL),
	(4072, 1104, 12, 1, 2.0000, 0, '', '2018-03-28 21:33:18', '2018-03-28 21:33:18', NULL),
	(4073, 1104, 15, 1, 2.0000, 0, '', '2018-03-28 21:33:18', '2018-03-28 21:33:18', NULL),
	(4074, 1104, 163, 1, 1.0000, 0, '', '2018-03-28 21:33:18', '2018-03-28 21:33:18', NULL),
	(4075, 1104, 13, 1, 1.0000, 0, '', '2018-03-28 21:33:18', '2018-03-28 21:33:18', NULL),
	(4076, 1104, 14, 1, 2.0000, 0, '', '2018-03-28 21:33:18', '2018-03-28 21:33:18', NULL),
	(4077, 1105, 12, 1, 3.0000, 0, '', '2018-03-28 21:33:35', '2018-03-28 21:33:35', NULL),
	(4078, 1105, 13, 1, 1.0000, 0, '', '2018-03-28 21:33:35', '2018-03-28 21:33:35', NULL),
	(4079, 1105, 163, 1, 1.0000, 0, '', '2018-03-28 21:33:35', '2018-03-28 21:33:35', NULL),
	(4080, 1105, 15, 1, 4.0000, 0, '', '2018-03-28 21:33:35', '2018-03-28 21:33:35', NULL),
	(4081, 1105, 14, 1, 4.0000, 0, '', '2018-03-28 21:33:35', '2018-03-28 21:33:35', NULL),
	(4082, 1105, 11, 1, 2.0000, 0, '', '2018-03-28 21:33:35', '2018-03-28 21:33:35', NULL),
	(4083, 1106, 1, 1, 2.0000, 0, '', '2018-03-28 21:36:20', '2018-03-28 21:36:20', NULL),
	(4084, 1106, 2, 1, 1.0000, 0, '', '2018-03-28 21:36:20', '2018-03-28 21:36:20', NULL),
	(4085, 1106, 3, 1, 1.0000, 0, '', '2018-03-28 21:36:20', '2018-03-28 21:36:20', NULL),
	(4086, 1106, 5, 1, 1.0000, 0, '', '2018-03-28 21:36:20', '2018-03-28 21:36:20', NULL),
	(4087, 1106, 4, 1, 1.0000, 0, '', '2018-03-28 21:36:20', '2018-03-28 21:36:20', NULL),
	(4088, 1107, 1, 1, 1.0000, 0, '', '2018-03-28 21:36:41', '2018-03-28 21:36:41', NULL),
	(4089, 1107, 2, 1, 1.0000, 0, '', '2018-03-28 21:36:42', '2018-03-28 21:36:42', NULL),
	(4090, 1107, 5, 1, 1.0000, 0, '', '2018-03-28 21:36:42', '2018-03-28 21:36:42', NULL),
	(4091, 1107, 4, 1, 1.0000, 0, '', '2018-03-28 21:36:42', '2018-03-28 21:36:42', NULL),
	(4092, 1107, 29, 1, 1.0000, 0, '', '2018-03-28 21:36:42', '2018-03-28 21:36:42', NULL),
	(4093, 1107, 30, 1, 1.0000, 0, '', '2018-03-28 21:36:42', '2018-03-28 21:36:42', NULL),
	(4098, 1110, 1, 1, 1.0000, 1, '', '2018-03-29 10:11:01', '2018-03-29 10:39:28', NULL),
	(4099, 1110, 3, 1, 1.0000, 1, '', '2018-03-29 10:11:01', '2018-03-29 10:39:29', NULL),
	(4100, 1110, 2, 1, 4.0000, 1, '', '2018-03-29 10:11:01', '2018-03-29 10:39:30', NULL),
	(4101, 1111, 1, 1, 1.0000, 0, '', '2018-03-29 10:15:31', '2018-03-29 10:15:31', NULL),
	(4102, 1111, 2, 1, 1.0000, 0, '', '2018-03-29 10:15:31', '2018-03-29 10:15:31', NULL),
	(4103, 1111, 3, 1, 5.0000, 0, '', '2018-03-29 10:15:31', '2018-03-29 10:15:31', NULL),
	(4104, 1112, 1, 1, 1.0000, 0, '', '2018-03-29 10:15:44', '2018-03-29 10:15:44', NULL),
	(4105, 1112, 2, 1, 3.0000, 0, '', '2018-03-29 10:15:44', '2018-03-29 10:15:44', NULL),
	(4106, 1112, 3, 1, 4.0000, 0, '', '2018-03-29 10:15:44', '2018-03-29 10:15:44', NULL),
	(4107, 1113, 11, 1, 1.0000, 0, '', '2018-03-29 10:16:11', '2018-03-29 10:16:11', NULL),
	(4108, 1113, 12, 1, 1.0000, 0, '', '2018-03-29 10:16:11', '2018-03-29 10:16:11', NULL),
	(4109, 1113, 13, 1, 5.0000, 0, '', '2018-03-29 10:16:11', '2018-03-29 10:16:11', NULL),
	(4110, 1114, 1, 1, 1.0000, 1, '', '2018-03-29 10:20:36', '2018-03-29 21:03:08', NULL),
	(4111, 1114, 2, 1, 1.0000, 1, '', '2018-03-29 10:20:36', '2018-03-29 21:03:08', NULL),
	(4112, 1114, 3, 1, 5.0000, 1, '', '2018-03-29 10:20:36', '2018-03-29 21:03:08', NULL),
	(4113, 1115, 11, 1, 1.0000, 0, '', '2018-03-29 10:20:48', '2018-03-29 10:20:48', NULL),
	(4114, 1115, 12, 1, 1.0000, 0, '', '2018-03-29 10:20:48', '2018-03-29 10:20:48', NULL),
	(4115, 1115, 13, 1, 3.0000, 0, '', '2018-03-29 10:20:48', '2018-03-29 10:20:48', NULL),
	(4116, 1116, 1, 1, 1.0000, 0, '', '2018-03-29 10:21:00', '2018-03-29 10:21:00', NULL),
	(4117, 1116, 4, 1, 1.0000, 0, '', '2018-03-29 10:21:00', '2018-03-29 10:21:00', NULL),
	(4118, 1116, 7, 1, 4.0000, 0, '', '2018-03-29 10:21:00', '2018-03-29 10:21:00', NULL),
	(4119, 1117, 17, 1, 4.0000, 0, '', '2018-03-29 10:21:31', '2018-03-29 10:21:31', NULL),
	(4120, 1118, 1, 1, 1.0000, 0, '', '2018-03-29 10:26:05', '2018-03-29 10:26:05', NULL),
	(4121, 1118, 2, 1, 1.0000, 0, '', '2018-03-29 10:26:05', '2018-03-29 10:26:05', NULL),
	(4122, 1118, 3, 1, 5.0000, 0, '', '2018-03-29 10:26:05', '2018-03-29 10:26:05', NULL),
	(4123, 1119, 11, 1, 1.0000, 0, '', '2018-03-29 10:26:15', '2018-03-29 10:26:15', NULL),
	(4124, 1119, 12, 1, 1.0000, 0, '', '2018-03-29 10:26:15', '2018-03-29 10:26:15', NULL),
	(4125, 1119, 13, 1, 4.0000, 0, '', '2018-03-29 10:26:15', '2018-03-29 10:26:15', NULL),
	(4130, 1121, 1, 1, 1.0000, 0, '', '2018-03-29 10:40:19', '2018-03-29 10:40:19', NULL),
	(4131, 1121, 4, 1, 1.0000, 0, '', '2018-03-29 10:40:19', '2018-03-29 10:40:19', NULL),
	(4132, 1121, 7, 1, 6.0000, 0, '', '2018-03-29 10:40:19', '2018-03-29 10:40:19', NULL),
	(4136, 1123, 1, 1, 1.0000, 0, '', '2018-03-29 10:48:14', '2018-03-29 10:48:14', NULL),
	(4137, 1123, 2, 1, 3.0000, 0, '', '2018-03-29 10:48:14', '2018-03-29 10:48:14', NULL),
	(4138, 1124, 11, 1, 1.0000, 0, '', '2018-03-29 10:48:29', '2018-03-29 10:48:29', NULL),
	(4139, 1124, 12, 1, 1.0000, 0, '', '2018-03-29 10:48:29', '2018-03-29 10:48:29', NULL),
	(4140, 1124, 13, 1, 5.0000, 0, '', '2018-03-29 10:48:29', '2018-03-29 10:48:29', NULL),
	(4141, 1124, 14, 1, 1.0000, 0, '', '2018-03-29 10:48:30', '2018-03-29 10:48:30', NULL),
	(4142, 1124, 15, 1, 4.0000, 0, '', '2018-03-29 10:48:30', '2018-03-29 10:48:30', NULL),
	(4143, 1125, 1, 1, 1.0000, 0, '', '2018-03-29 11:10:18', '2018-03-29 11:10:18', NULL),
	(4144, 1125, 2, 1, 3.0000, 0, '', '2018-03-29 11:10:18', '2018-03-29 11:10:18', NULL),
	(4145, 1126, 11, 1, 1.0000, 0, '', '2018-03-29 11:11:12', '2018-03-29 11:11:12', NULL),
	(4146, 1126, 12, 1, 4.0000, 0, '', '2018-03-29 11:11:12', '2018-03-29 11:11:12', NULL),
	(4147, 1127, 11, 1, 1.0000, 0, '', '2018-03-29 11:11:31', '2018-03-29 11:11:31', NULL),
	(4148, 1127, 14, 1, 4.0000, 0, '', '2018-03-29 11:11:31', '2018-03-29 11:11:31', NULL),
	(4149, 1128, 1, 1, 1.0000, 0, '', '2018-03-29 11:11:56', '2018-03-29 11:11:56', NULL),
	(4150, 1128, 2, 1, 5.0000, 0, '', '2018-03-29 11:11:56', '2018-03-29 11:11:56', NULL),
	(4151, 1129, 1, 1, 1.0000, 1, '', '2018-03-29 11:13:30', '2018-03-29 18:57:46', NULL),
	(4152, 1129, 2, 1, 4.0000, 1, '', '2018-03-29 11:13:30', '2018-03-29 18:57:46', NULL),
	(4153, 1130, 7, 1, 2.0000, 1, '', '2018-03-29 11:13:43', '2018-03-29 18:57:46', NULL),
	(4154, 1130, 8, 1, 4.0000, 1, '', '2018-03-29 11:13:43', '2018-03-29 18:57:47', NULL),
	(4155, 1131, 1, 1, 1.0000, 0, '', '2018-03-29 11:15:18', '2018-03-29 11:15:18', NULL),
	(4156, 1131, 4, 1, 5.0000, 0, '', '2018-03-29 11:15:18', '2018-03-29 11:15:18', NULL),
	(4157, 1132, 1, 1, 1.0000, 0, '', '2018-03-29 11:55:28', '2018-03-29 11:55:28', NULL),
	(4158, 1132, 2, 1, 1.0000, 0, '', '2018-03-29 11:55:28', '2018-03-29 11:55:28', NULL),
	(4159, 1132, 3, 1, 5.0000, 0, '', '2018-03-29 11:55:28', '2018-03-29 11:55:28', NULL),
	(4160, 1133, 1, 1, 1.0000, 0, '', '2018-03-29 12:00:40', '2018-03-29 12:00:40', NULL),
	(4161, 1133, 4, 1, 1.0000, 0, '', '2018-03-29 12:00:40', '2018-03-29 12:00:40', NULL),
	(4162, 1133, 7, 1, 4.0000, 0, '', '2018-03-29 12:00:40', '2018-03-29 12:00:40', NULL),
	(4163, 1134, 1, 1, 1.0000, 0, '', '2018-03-29 12:01:28', '2018-03-29 12:01:28', NULL),
	(4164, 1134, 4, 1, 4.0000, 0, '', '2018-03-29 12:01:29', '2018-03-29 12:01:29', NULL),
	(4165, 1135, 1, 1, 1.0000, 0, '', '2018-03-29 12:02:14', '2018-03-29 12:02:14', NULL),
	(4166, 1135, 2, 1, 1.0000, 0, '', '2018-03-29 12:02:14', '2018-03-29 12:02:14', NULL),
	(4167, 1135, 4, 1, 2.0000, 0, '', '2018-03-29 12:02:15', '2018-03-29 12:02:15', NULL),
	(4168, 1135, 5, 1, 2.0000, 0, '', '2018-03-29 12:02:15', '2018-03-29 12:02:15', NULL),
	(4169, 1135, 7, 1, 4.0000, 0, '', '2018-03-29 12:02:15', '2018-03-29 12:02:15', NULL),
	(4170, 1135, 8, 1, 4.0000, 0, '', '2018-03-29 12:02:15', '2018-03-29 12:02:15', NULL),
	(4183, 1139, 1, 1, 1.0000, 0, '', '2018-03-29 12:10:55', '2018-03-29 12:10:55', NULL),
	(4184, 1139, 2, 1, 1.0000, 0, '', '2018-03-29 12:10:55', '2018-03-29 12:10:55', NULL),
	(4185, 1139, 4, 1, 4.0000, 0, '', '2018-03-29 12:10:55', '2018-03-29 12:10:55', NULL),
	(4186, 1139, 7, 1, 4.0000, 0, '', '2018-03-29 12:10:55', '2018-03-29 12:10:55', NULL),
	(4187, 1140, 4, 1, 1.0000, 1, '', '2018-03-29 12:11:14', '2018-03-29 21:04:56', NULL),
	(4188, 1140, 5, 1, 5.0000, 1, '', '2018-03-29 12:11:14', '2018-03-29 21:04:56', NULL),
	(4189, 1141, 1, 1, 1.0000, 1, '', '2018-03-29 12:11:26', '2018-03-29 21:04:56', NULL),
	(4190, 1141, 4, 1, 4.0000, 1, '', '2018-03-29 12:11:26', '2018-03-29 21:04:56', NULL),
	(4191, 1142, 11, 1, 1.0000, 0, '', '2018-03-29 12:11:53', '2018-03-29 12:11:53', NULL),
	(4192, 1142, 12, 1, 4.0000, 0, '', '2018-03-29 12:11:53', '2018-03-29 12:11:53', NULL),
	(4193, 1143, 11, 1, 1.0000, 0, '', '2018-03-29 12:12:35', '2018-03-29 12:12:35', NULL),
	(4194, 1143, 14, 1, 5.0000, 0, '', '2018-03-29 12:12:35', '2018-03-29 12:12:35', NULL),
	(4195, 1144, 24, 1, 1.0000, 0, '', '2018-03-29 12:15:11', '2018-03-29 12:15:11', NULL),
	(4196, 1144, 25, 1, 1.0000, 0, '', '2018-03-29 12:15:11', '2018-03-29 12:15:11', NULL),
	(4197, 1144, 26, 1, 4.0000, 0, '', '2018-03-29 12:15:11', '2018-03-29 12:15:11', NULL),
	(4201, 1146, 1, 1, 1.0000, 0, '', '2018-03-29 12:17:05', '2018-03-29 12:17:05', NULL),
	(4202, 1146, 4, 1, 1.0000, 0, '', '2018-03-29 12:17:05', '2018-03-29 12:17:05', NULL),
	(4203, 1146, 5, 1, 4.0000, 0, '', '2018-03-29 12:17:05', '2018-03-29 12:17:05', NULL),
	(4204, 1147, 1, 1, 1.0000, 0, '', '2018-03-29 12:26:49', '2018-03-29 12:26:49', NULL),
	(4205, 1147, 2, 1, 1.0000, 0, '', '2018-03-29 12:26:49', '2018-03-29 12:26:49', NULL),
	(4206, 1147, 3, 1, 4.0000, 0, '', '2018-03-29 12:26:49', '2018-03-29 12:26:49', NULL),
	(4207, 1147, 4, 1, 1.0000, 0, '', '2018-03-29 12:26:49', '2018-03-29 12:26:49', NULL),
	(4208, 1147, 7, 1, 4.0000, 0, '', '2018-03-29 12:26:49', '2018-03-29 12:26:49', NULL),
	(4209, 1147, 8, 1, 4.0000, 0, '', '2018-03-29 12:26:49', '2018-03-29 12:26:49', NULL),
	(4210, 1148, 11, 1, 1.0000, 0, '', '2018-03-29 12:27:04', '2018-03-29 12:27:04', NULL),
	(4211, 1148, 12, 1, 1.0000, 0, '', '2018-03-29 12:27:04', '2018-03-29 12:27:04', NULL),
	(4212, 1148, 13, 1, 4.0000, 0, '', '2018-03-29 12:27:04', '2018-03-29 12:27:04', NULL),
	(4213, 1148, 14, 1, 4.0000, 0, '', '2018-03-29 12:27:04', '2018-03-29 12:27:04', NULL),
	(4221, 1150, 1, 1, 1.0000, 0, '', '2018-03-29 12:30:41', '2018-03-29 12:30:41', NULL),
	(4222, 1150, 2, 1, 1.0000, 0, '', '2018-03-29 12:30:41', '2018-03-29 12:30:41', NULL),
	(4223, 1150, 5, 1, 1.0000, 0, '', '2018-03-29 12:30:41', '2018-03-29 12:30:41', NULL),
	(4224, 1150, 4, 1, 1.0000, 0, '', '2018-03-29 12:30:41', '2018-03-29 12:30:41', NULL),
	(4225, 1150, 7, 1, 4.0000, 0, '', '2018-03-29 12:30:41', '2018-03-29 12:30:41', NULL),
	(4226, 1151, 18, 1, 1.0000, 0, '', '2018-03-29 12:30:53', '2018-03-29 12:30:53', NULL),
	(4227, 1151, 19, 1, 1.0000, 0, '', '2018-03-29 12:30:53', '2018-03-29 12:30:53', NULL),
	(4228, 1151, 20, 1, 4.0000, 0, '', '2018-03-29 12:30:53', '2018-03-29 12:30:53', NULL),
	(4229, 1151, 21, 1, 1.0000, 0, '', '2018-03-29 12:30:53', '2018-03-29 12:30:53', NULL),
	(4230, 1151, 22, 1, 4.0000, 0, '', '2018-03-29 12:30:53', '2018-03-29 12:30:53', NULL),
	(4231, 1152, 11, 1, 1.0000, 0, '', '2018-03-29 12:31:22', '2018-03-29 12:31:22', NULL),
	(4232, 1152, 14, 1, 1.0000, 0, '', '2018-03-29 12:31:22', '2018-03-29 12:31:22', NULL),
	(4233, 1152, 15, 1, 4.0000, 0, '', '2018-03-29 12:31:22', '2018-03-29 12:31:22', NULL),
	(4234, 1153, 1, 1, 1.0000, 0, '', '2018-03-29 12:31:32', '2018-03-29 12:31:32', NULL),
	(4235, 1153, 2, 1, 1.0000, 0, '', '2018-03-29 12:31:32', '2018-03-29 12:31:32', NULL),
	(4236, 1153, 4, 1, 2.0000, 0, '', '2018-03-29 12:31:32', '2018-03-29 12:31:32', NULL),
	(4237, 1153, 5, 1, 3.0000, 0, '', '2018-03-29 12:31:32', '2018-03-29 12:31:32', NULL),
	(4238, 1154, 11, 1, 1.0000, 0, '', '2018-03-29 12:33:26', '2018-03-29 12:33:26', NULL),
	(4239, 1154, 12, 1, 1.0000, 0, '', '2018-03-29 12:33:26', '2018-03-29 12:33:26', NULL),
	(4240, 1154, 15, 1, 1.0000, 0, '', '2018-03-29 12:33:26', '2018-03-29 12:33:26', NULL),
	(4241, 1154, 14, 1, 4.0000, 0, '', '2018-03-29 12:33:26', '2018-03-29 12:33:26', NULL),
	(4242, 1154, 164, 1, 4.0000, 0, '', '2018-03-29 12:33:26', '2018-03-29 12:33:26', NULL),
	(4243, 1155, 1, 1, 1.0000, 0, '', '2018-03-29 12:42:21', '2018-03-29 12:42:21', NULL),
	(4244, 1155, 2, 1, 1.0000, 0, '', '2018-03-29 12:42:21', '2018-03-29 12:42:21', NULL),
	(4245, 1155, 3, 1, 1.0000, 0, '', '2018-03-29 12:42:21', '2018-03-29 12:42:21', NULL),
	(4246, 1155, 4, 1, 5.0000, 0, '', '2018-03-29 12:42:21', '2018-03-29 12:42:21', NULL),
	(4247, 1156, 1, 1, 1.0000, 1, '', '2018-03-29 13:15:50', '2018-03-29 21:04:52', NULL),
	(4248, 1156, 2, 1, 1.0000, 1, '', '2018-03-29 13:15:50', '2018-03-29 21:04:53', NULL),
	(4249, 1156, 3, 1, 5.0000, 1, '', '2018-03-29 13:15:50', '2018-03-29 21:04:53', NULL),
	(4250, 1157, 1, 1, 1.0000, 0, '', '2018-03-29 13:45:51', '2018-03-29 13:45:51', NULL),
	(4251, 1157, 2, 1, 4.0000, 0, '', '2018-03-29 13:45:51', '2018-03-29 13:45:51', NULL),
	(4252, 1157, 4, 1, 1.0000, 0, '', '2018-03-29 13:45:51', '2018-03-29 13:45:51', NULL),
	(4253, 1157, 7, 1, 5.0000, 0, '', '2018-03-29 13:45:51', '2018-03-29 13:45:51', NULL),
	(4254, 1158, 36, 1, 1.0000, 0, '', '2018-03-29 14:09:33', '2018-03-29 14:09:33', NULL),
	(4255, 1158, 35, 1, 7.0000, 0, '', '2018-03-29 14:09:33', '2018-03-29 14:09:33', NULL),
	(4256, 1159, 1, 1, 1.0000, 0, '', '2018-03-29 14:12:03', '2018-03-29 14:12:03', NULL),
	(4257, 1159, 2, 1, 1.0000, 0, '', '2018-03-29 14:12:03', '2018-03-29 14:12:03', NULL),
	(4258, 1159, 3, 1, 5.0000, 0, '', '2018-03-29 14:12:03', '2018-03-29 14:12:03', NULL),
	(4259, 1160, 1, 1, 1.0000, 0, '', '2018-03-29 14:14:17', '2018-03-29 14:14:17', NULL),
	(4260, 1160, 2, 1, 1.0000, 0, '', '2018-03-29 14:14:17', '2018-03-29 14:14:17', NULL),
	(4261, 1160, 3, 1, 1.0000, 0, '', '2018-03-29 14:14:17', '2018-03-29 14:14:17', NULL),
	(4262, 1160, 4, 1, 1.0000, 0, '', '2018-03-29 14:14:17', '2018-03-29 14:14:17', NULL),
	(4263, 1160, 5, 1, 1.0000, 0, '', '2018-03-29 14:14:17', '2018-03-29 14:14:17', NULL),
	(4264, 1160, 8, 1, 5.0000, 0, '', '2018-03-29 14:14:17', '2018-03-29 14:14:17', NULL),
	(4265, 1160, 7, 1, 5.0000, 0, '', '2018-03-29 14:14:17', '2018-03-29 14:14:17', NULL),
	(4266, 1161, 1, 1, 1.0000, 1, '', '2018-03-29 19:08:52', '2018-03-29 21:02:42', NULL),
	(4267, 1161, 2, 1, 4.0000, 1, '', '2018-03-29 19:08:52', '2018-03-29 21:02:42', NULL),
	(4268, 1162, 1, 1, 1.0000, 1, '', '2018-03-29 19:09:04', '2018-03-29 21:03:13', NULL),
	(4269, 1162, 2, 1, 4.0000, 1, '', '2018-03-29 19:09:04', '2018-03-29 21:03:13', NULL),
	(4270, 1162, 4, 1, 3.0000, 1, '', '2018-03-29 19:09:04', '2018-03-29 21:03:13', NULL),
	(4271, 1163, 37, 1, 1.0000, 0, '', '2018-03-29 19:58:53', '2018-03-29 19:58:53', NULL),
	(4272, 1163, 38, 1, 1.0000, 0, '', '2018-03-29 19:58:53', '2018-03-29 19:58:53', NULL),
	(4273, 1163, 39, 1, 2.0000, 0, '', '2018-03-29 19:58:53', '2018-03-29 19:58:53', NULL),
	(4274, 1163, 42, 1, 2.0000, 0, '', '2018-03-29 19:58:53', '2018-03-29 19:58:53', NULL),
	(4275, 1163, 41, 1, 4.0000, 0, '', '2018-03-29 19:58:53', '2018-03-29 19:58:53', NULL),
	(4276, 1163, 40, 1, 4.0000, 0, '', '2018-03-29 19:58:53', '2018-03-29 19:58:53', NULL),
	(4277, 1163, 55, 1, 1.0000, 0, '', '2018-03-29 19:58:53', '2018-03-29 19:58:53', NULL),
	(4278, 1163, 56, 1, 1.0000, 0, '', '2018-03-29 19:58:53', '2018-03-29 19:58:53', NULL),
	(4279, 1163, 59, 1, 1.0000, 0, '', '2018-03-29 19:58:53', '2018-03-29 19:58:53', NULL),
	(4280, 1163, 58, 1, 7.0000, 0, '', '2018-03-29 19:58:53', '2018-03-29 19:58:53', NULL),
	(4281, 1164, 4, 1, 1.0000, 0, '', '2018-03-31 10:12:22', '2018-03-31 10:12:22', NULL),
	(4282, 1164, 5, 1, 5.0000, 0, '', '2018-03-31 10:12:22', '2018-03-31 10:12:22', NULL),
	(4283, 1165, 11, 1, 1.0000, 0, '', '2018-03-31 10:13:19', '2018-03-31 10:13:19', NULL),
	(4284, 1165, 12, 1, 2.0000, 0, '', '2018-03-31 10:13:19', '2018-03-31 10:13:19', NULL),
	(4285, 1165, 13, 1, 4.0000, 0, '', '2018-03-31 10:13:19', '2018-03-31 10:13:19', NULL),
	(4286, 1165, 15, 1, 1.0000, 0, '', '2018-03-31 10:13:19', '2018-03-31 10:13:19', NULL),
	(4287, 1165, 14, 1, 1.0000, 0, '', '2018-03-31 10:13:19', '2018-03-31 10:13:19', NULL),
	(4288, 1165, 164, 1, 1.0000, 0, '', '2018-03-31 10:13:19', '2018-03-31 10:13:19', NULL),
	(4289, 1165, 165, 1, 7.0000, 0, '', '2018-03-31 10:13:19', '2018-03-31 10:13:19', NULL),
	(4290, 1166, 1, 1, 1.0000, 0, '', '2018-03-31 11:48:33', '2018-03-31 11:48:33', NULL),
	(4291, 1166, 2, 1, 1.0000, 0, '', '2018-03-31 11:48:33', '2018-03-31 11:48:33', NULL),
	(4292, 1166, 3, 1, 5.0000, 0, '', '2018-03-31 11:48:33', '2018-03-31 11:48:33', NULL),
	(4293, 1166, 4, 1, 1.0000, 0, '', '2018-03-31 11:48:33', '2018-03-31 11:48:33', NULL),
	(4294, 1166, 5, 1, 1.0000, 0, '', '2018-03-31 11:48:33', '2018-03-31 11:48:33', NULL),
	(4295, 1166, 166, 1, 1.0000, 0, '', '2018-03-31 11:48:33', '2018-03-31 11:48:33', NULL),
	(4296, 1166, 10, 1, 4.0000, 0, '', '2018-03-31 11:48:34', '2018-03-31 11:48:34', NULL),
	(4297, 1167, 11, 1, 1.0000, 0, '', '2018-03-31 11:49:26', '2018-03-31 11:49:26', NULL),
	(4298, 1167, 12, 1, 1.0000, 0, '', '2018-03-31 11:49:26', '2018-03-31 11:49:26', NULL),
	(4299, 1167, 13, 1, 5.0000, 0, '', '2018-03-31 11:49:26', '2018-03-31 11:49:26', NULL),
	(4300, 1168, 1, 1, 1.0000, 0, '', '2018-03-31 11:56:06', '2018-03-31 11:56:06', NULL),
	(4301, 1168, 2, 1, 1.0000, 0, '', '2018-03-31 11:56:06', '2018-03-31 11:56:06', NULL),
	(4302, 1168, 3, 1, 4.0000, 0, '', '2018-03-31 11:56:06', '2018-03-31 11:56:06', NULL),
	(4303, 1168, 4, 1, 3.0000, 0, '', '2018-03-31 11:56:06', '2018-03-31 11:56:06', NULL),
	(4304, 1168, 795, 1, 1.0000, 0, '', '2018-03-31 11:56:06', '2018-03-31 11:56:06', NULL),
	(4305, 1168, 10, 1, 1.0000, 0, '', '2018-03-31 11:56:06', '2018-03-31 11:56:06', NULL),
	(4306, 1168, 166, 1, 5.0000, 0, '', '2018-03-31 11:56:06', '2018-03-31 11:56:06', NULL),
	(4307, 1169, 1, 1, 3.0000, 0, '', '2018-03-31 11:56:47', '2018-03-31 11:56:47', NULL),
	(4308, 1169, 4, 1, 1.0000, 0, '', '2018-03-31 11:56:47', '2018-03-31 11:56:47', NULL),
	(4309, 1169, 5, 1, 4.0000, 0, '', '2018-03-31 11:56:47', '2018-03-31 11:56:47', NULL),
	(4310, 1169, 2, 1, 4.0000, 0, '', '2018-03-31 11:56:47', '2018-03-31 11:56:47', NULL),
	(4311, 1169, 10, 1, 1.0000, 0, '', '2018-03-31 11:56:47', '2018-03-31 11:56:47', NULL),
	(4312, 1169, 166, 1, 4.0000, 0, '', '2018-03-31 11:56:47', '2018-03-31 11:56:47', NULL),
	(4313, 1169, 921, 1, 1.0000, 0, '', '2018-03-31 11:56:47', '2018-03-31 11:56:47', NULL),
	(4314, 1169, 795, 1, 4.0000, 0, '', '2018-03-31 11:56:47', '2018-03-31 11:56:47', NULL),
	(4315, 1170, 1, 1, 1.0000, 0, '', '2018-03-31 12:01:35', '2018-03-31 12:01:35', NULL),
	(4316, 1170, 2, 1, 1.0000, 0, '', '2018-03-31 12:01:35', '2018-03-31 12:01:35', NULL),
	(4317, 1170, 3, 1, 4.0000, 0, '', '2018-03-31 12:01:35', '2018-03-31 12:01:35', NULL),
	(4318, 1170, 4, 1, 1.0000, 0, '', '2018-03-31 12:01:35', '2018-03-31 12:01:35', NULL),
	(4319, 1170, 5, 1, 3.0000, 0, '', '2018-03-31 12:01:35', '2018-03-31 12:01:35', NULL),
	(4320, 1170, 10, 1, 1.0000, 0, '', '2018-03-31 12:01:35', '2018-03-31 12:01:35', NULL),
	(4321, 1170, 166, 1, 1.0000, 0, '', '2018-03-31 12:01:35', '2018-03-31 12:01:35', NULL),
	(4322, 1170, 921, 1, 1.0000, 0, '', '2018-03-31 12:01:35', '2018-03-31 12:01:35', NULL),
	(4323, 1170, 795, 1, 4.0000, 0, '', '2018-03-31 12:01:35', '2018-03-31 12:01:35', NULL),
	(4324, 1171, 1, 1, 1.0000, 0, '', '2018-03-31 12:10:16', '2018-03-31 12:10:16', NULL),
	(4325, 1171, 2, 1, 1.0000, 0, '', '2018-03-31 12:10:16', '2018-03-31 12:10:16', NULL),
	(4326, 1171, 3, 1, 5.0000, 0, '', '2018-03-31 12:10:16', '2018-03-31 12:10:16', NULL),
	(4336, 1173, 1, 1, 1.0000, 0, '', '2018-03-31 12:12:52', '2018-03-31 12:12:52', NULL),
	(4337, 1173, 2, 1, 1.0000, 0, '', '2018-03-31 12:12:52', '2018-03-31 12:12:52', NULL),
	(4338, 1173, 3, 1, 6.0000, 0, '', '2018-03-31 12:12:52', '2018-03-31 12:12:52', NULL),
	(4339, 1174, 1, 1, 1.0000, 0, '', '2018-03-31 12:18:12', '2018-03-31 12:18:12', NULL),
	(4340, 1174, 2, 1, 1.0000, 0, '', '2018-03-31 12:18:12', '2018-03-31 12:18:12', NULL),
	(4341, 1174, 3, 1, 5.0000, 0, '', '2018-03-31 12:18:12', '2018-03-31 12:18:12', NULL),
	(4342, 1175, 11, 1, 1.0000, 0, '', '2018-03-31 12:18:38', '2018-03-31 12:18:38', NULL),
	(4343, 1175, 12, 1, 1.0000, 0, '', '2018-03-31 12:18:38', '2018-03-31 12:18:38', NULL),
	(4344, 1175, 13, 1, 7.0000, 0, '', '2018-03-31 12:18:38', '2018-03-31 12:18:38', NULL),
	(4345, 1176, 11, 1, 1.0000, 0, '', '2018-03-31 12:19:27', '2018-03-31 12:19:27', NULL),
	(4346, 1176, 12, 1, 1.0000, 0, '', '2018-03-31 12:19:27', '2018-03-31 12:19:27', NULL),
	(4347, 1176, 13, 1, 5.0000, 0, '', '2018-03-31 12:19:27', '2018-03-31 12:19:27', NULL),
	(4348, 1177, 2, 1, 1.0000, 0, '', '2018-03-31 12:19:52', '2018-03-31 12:19:52', NULL),
	(4349, 1177, 1, 1, 3.0000, 0, '', '2018-03-31 12:19:52', '2018-03-31 12:19:52', NULL),
	(4350, 1177, 4, 1, 4.0000, 0, '', '2018-03-31 12:19:52', '2018-03-31 12:19:52', NULL),
	(4351, 1178, 1, 1, 1.0000, 0, '', '2018-03-31 12:29:46', '2018-03-31 12:29:46', NULL),
	(4352, 1178, 2, 1, 1.0000, 0, '', '2018-03-31 12:29:46', '2018-03-31 12:29:46', NULL),
	(4353, 1178, 3, 1, 5.0000, 0, '', '2018-03-31 12:29:46', '2018-03-31 12:29:46', NULL),
	(4354, 1179, 1, 1, 1.0000, 0, '', '2018-03-31 12:33:10', '2018-03-31 12:33:10', NULL),
	(4355, 1179, 2, 1, 1.0000, 0, '', '2018-03-31 12:33:10', '2018-03-31 12:33:10', NULL),
	(4356, 1179, 3, 1, 4.0000, 0, '', '2018-03-31 12:33:10', '2018-03-31 12:33:10', NULL),
	(4357, 1180, 1, 1, 1.0000, 0, '', '2018-03-31 12:50:52', '2018-03-31 12:50:52', NULL),
	(4358, 1180, 2, 1, 1.0000, 0, '', '2018-03-31 12:50:52', '2018-03-31 12:50:52', NULL),
	(4359, 1180, 3, 1, 4.0000, 0, '', '2018-03-31 12:50:52', '2018-03-31 12:50:52', NULL),
	(4360, 1181, 1, 1, 1.0000, 0, '', '2018-03-31 12:54:03', '2018-03-31 12:54:03', NULL),
	(4361, 1181, 2, 1, 1.0000, 0, '', '2018-03-31 12:54:03', '2018-03-31 12:54:03', NULL),
	(4362, 1181, 3, 1, 4.0000, 0, '', '2018-03-31 12:54:03', '2018-03-31 12:54:03', NULL),
	(4363, 1182, 1, 1, 1.0000, 0, '', '2018-03-31 13:45:42', '2018-03-31 13:45:42', NULL),
	(4364, 1182, 3, 1, 4.0000, 0, '', '2018-03-31 13:45:42', '2018-03-31 13:45:42', NULL),
	(4365, 1183, 1, 1, 1.0000, 0, '', '2018-03-31 13:48:44', '2018-03-31 13:48:44', NULL),
	(4366, 1183, 2, 1, 1.0000, 0, '', '2018-03-31 13:48:44', '2018-03-31 13:48:44', NULL),
	(4367, 1183, 3, 1, 4.0000, 0, '', '2018-03-31 13:48:44', '2018-03-31 13:48:44', NULL),
	(4368, 1184, 1, 1, 1.0000, 0, '', '2018-03-31 13:50:20', '2018-03-31 13:50:20', NULL),
	(4369, 1184, 2, 1, 1.0000, 0, '', '2018-03-31 13:50:20', '2018-03-31 13:50:20', NULL),
	(4370, 1184, 3, 1, 3.0000, 0, '', '2018-03-31 13:50:20', '2018-03-31 13:50:20', NULL),
	(4371, 1184, 5, 1, 1.0000, 0, '', '2018-03-31 13:50:20', '2018-03-31 13:50:20', NULL),
	(4372, 1184, 4, 1, 4.0000, 0, '', '2018-03-31 13:50:20', '2018-03-31 13:50:20', NULL),
	(4373, 1185, 1, 1, 1.0000, 0, '', '2018-03-31 13:59:38', '2018-03-31 13:59:38', NULL),
	(4374, 1185, 2, 1, 1.0000, 0, '', '2018-03-31 13:59:38', '2018-03-31 13:59:38', NULL),
	(4375, 1185, 3, 1, 1.0000, 0, '', '2018-03-31 13:59:38', '2018-03-31 13:59:38', NULL),
	(4376, 1185, 5, 1, 1.0000, 0, '', '2018-03-31 13:59:38', '2018-03-31 13:59:38', NULL),
	(4377, 1185, 4, 1, 1.0000, 0, '', '2018-03-31 13:59:39', '2018-03-31 13:59:39', NULL),
	(4378, 1185, 10, 1, 1.0000, 0, '', '2018-03-31 13:59:39', '2018-03-31 13:59:39', NULL),
	(4379, 1185, 166, 1, 6.0000, 0, '', '2018-03-31 13:59:39', '2018-03-31 13:59:39', NULL),
	(4380, 1186, 1, 1, 1.0000, 0, '', '2018-03-31 14:04:00', '2018-03-31 14:04:00', NULL),
	(4381, 1186, 2, 1, 1.0000, 0, '', '2018-03-31 14:04:00', '2018-03-31 14:04:00', NULL),
	(4382, 1186, 3, 1, 5.0000, 0, '', '2018-03-31 14:04:00', '2018-03-31 14:04:00', NULL),
	(4383, 1186, 4, 1, 1.0000, 0, '', '2018-03-31 14:04:00', '2018-03-31 14:04:00', NULL),
	(4384, 1186, 5, 1, 5.0000, 0, '', '2018-03-31 14:04:00', '2018-03-31 14:04:00', NULL),
	(4385, 1187, 1, 1, 1.0000, 0, '', '2018-03-31 14:18:17', '2018-03-31 14:18:17', NULL),
	(4386, 1187, 2, 1, 1.0000, 0, '', '2018-03-31 14:18:17', '2018-03-31 14:18:17', NULL),
	(4387, 1187, 3, 1, 4.0000, 0, '', '2018-03-31 14:18:17', '2018-03-31 14:18:17', NULL),
	(4388, 1188, 1, 1, 1.0000, 0, '', '2018-03-31 14:19:13', '2018-03-31 14:19:13', NULL),
	(4389, 1188, 2, 1, 1.0000, 0, '', '2018-03-31 14:19:13', '2018-03-31 14:19:13', NULL),
	(4390, 1188, 3, 1, 4.0000, 0, '', '2018-03-31 14:19:13', '2018-03-31 14:19:13', NULL),
	(4391, 1189, 1, 1, 1.0000, 0, '', '2018-03-31 14:24:09', '2018-03-31 14:24:09', NULL),
	(4392, 1189, 2, 1, 1.0000, 0, '', '2018-03-31 14:24:09', '2018-03-31 14:24:09', NULL),
	(4393, 1189, 3, 1, 5.0000, 0, '', '2018-03-31 14:24:09', '2018-03-31 14:24:09', NULL),
	(4394, 1189, 4, 1, 1.0000, 0, '', '2018-03-31 14:24:09', '2018-03-31 14:24:09', NULL),
	(4395, 1189, 5, 1, 3.0000, 0, '', '2018-03-31 14:24:09', '2018-03-31 14:24:09', NULL),
	(4396, 1190, 1, 1, 1.0000, 0, '', '2018-03-31 14:25:25', '2018-03-31 14:25:25', NULL),
	(4397, 1190, 2, 1, 1.0000, 0, '', '2018-03-31 14:25:25', '2018-03-31 14:25:25', NULL),
	(4398, 1190, 3, 1, 1.0000, 0, '', '2018-03-31 14:25:25', '2018-03-31 14:25:25', NULL),
	(4399, 1190, 5, 1, 1.0000, 0, '', '2018-03-31 14:25:25', '2018-03-31 14:25:25', NULL),
	(4400, 1190, 7, 1, 1.0000, 0, '', '2018-03-31 14:25:25', '2018-03-31 14:25:25', NULL),
	(4401, 1190, 10, 1, 5.0000, 0, '', '2018-03-31 14:25:25', '2018-03-31 14:25:25', NULL),
	(4402, 1191, 1, 1, 1.0000, 0, '', '2018-03-31 18:06:17', '2018-03-31 18:06:17', NULL),
	(4403, 1191, 2, 1, 1.0000, 0, '', '2018-03-31 18:06:17', '2018-03-31 18:06:17', NULL),
	(4404, 1191, 3, 1, 1.0000, 0, '', '2018-03-31 18:06:17', '2018-03-31 18:06:17', NULL),
	(4405, 1191, 4, 1, 1.0000, 0, '', '2018-03-31 18:06:17', '2018-03-31 18:06:17', NULL),
	(4406, 1191, 5, 1, 4.0000, 0, '', '2018-03-31 18:06:17', '2018-03-31 18:06:17', NULL),
	(4407, 1191, 7, 1, 1.0000, 0, '', '2018-03-31 18:06:17', '2018-03-31 18:06:17', NULL),
	(4408, 1191, 8, 1, 4.0000, 0, '', '2018-03-31 18:06:17', '2018-03-31 18:06:17', NULL),
	(4409, 1192, 1, 1, 1.0000, 0, '', '2018-03-31 18:21:42', '2018-03-31 18:21:42', NULL),
	(4410, 1192, 2, 1, 1.0000, 0, '', '2018-03-31 18:21:42', '2018-03-31 18:21:42', NULL),
	(4411, 1192, 3, 1, 1.0000, 0, '', '2018-03-31 18:21:42', '2018-03-31 18:21:42', NULL),
	(4412, 1192, 5, 1, 1.0000, 0, '', '2018-03-31 18:21:42', '2018-03-31 18:21:42', NULL),
	(4413, 1192, 4, 1, 4.0000, 0, '', '2018-03-31 18:21:42', '2018-03-31 18:21:42', NULL),
	(4414, 1192, 7, 1, 1.0000, 0, '', '2018-03-31 18:21:42', '2018-03-31 18:21:42', NULL),
	(4415, 1192, 8, 1, 4.0000, 0, '', '2018-03-31 18:21:42', '2018-03-31 18:21:42', NULL),
	(4416, 1193, 1, 1, 1.0000, 0, '', '2018-03-31 18:45:15', '2018-03-31 18:45:15', NULL),
	(4417, 1193, 2, 1, 1.0000, 0, '', '2018-03-31 18:45:15', '2018-03-31 18:45:15', NULL),
	(4418, 1193, 3, 1, 3.0000, 0, '', '2018-03-31 18:45:15', '2018-03-31 18:45:15', NULL),
	(4419, 1193, 4, 1, 1.0000, 0, '', '2018-03-31 18:45:15', '2018-03-31 18:45:15', NULL),
	(4420, 1193, 5, 1, 4.0000, 0, '', '2018-03-31 18:45:16', '2018-03-31 18:45:16', NULL),
	(4423, 1195, 1, 1, 1.0000, 0, '', '2018-03-31 18:47:18', '2018-03-31 18:47:18', NULL),
	(4424, 1195, 2, 1, 4.0000, 0, '', '2018-03-31 18:47:18', '2018-03-31 18:47:18', NULL),
	(4425, 1196, 1, 1, 1.0000, 0, '', '2018-03-31 18:48:34', '2018-03-31 18:48:34', NULL),
	(4426, 1196, 4, 1, 1.0000, 0, '', '2018-03-31 18:48:34', '2018-03-31 18:48:34', NULL),
	(4427, 1196, 7, 1, 4.0000, 0, '', '2018-03-31 18:48:34', '2018-03-31 18:48:34', NULL),
	(4428, 1197, 24, 1, 1.0000, 0, '', '2018-03-31 18:53:11', '2018-03-31 18:53:11', NULL),
	(4429, 1197, 25, 1, 1.0000, 0, '', '2018-03-31 18:53:11', '2018-03-31 18:53:11', NULL),
	(4430, 1197, 26, 1, 5.0000, 0, '', '2018-03-31 18:53:11', '2018-03-31 18:53:11', NULL),
	(4431, 1198, 1, 1, 1.0000, 0, '', '2018-03-31 18:56:34', '2018-03-31 18:56:34', NULL),
	(4432, 1198, 2, 1, 1.0000, 0, '', '2018-03-31 18:56:34', '2018-03-31 18:56:34', NULL),
	(4433, 1198, 3, 1, 4.0000, 0, '', '2018-03-31 18:56:34', '2018-03-31 18:56:34', NULL),
	(4434, 1198, 4, 1, 1.0000, 0, '', '2018-03-31 18:56:34', '2018-03-31 18:56:34', NULL),
	(4435, 1198, 5, 1, 4.0000, 0, '', '2018-03-31 18:56:34', '2018-03-31 18:56:34', NULL),
	(4436, 1199, 1, 1, 2.0000, 0, '', '2018-03-31 18:57:28', '2018-03-31 18:57:28', NULL),
	(4437, 1199, 2, 1, 1.0000, 0, '', '2018-03-31 18:57:28', '2018-03-31 18:57:28', NULL),
	(4438, 1199, 5, 1, 1.0000, 0, '', '2018-03-31 18:57:28', '2018-03-31 18:57:28', NULL),
	(4439, 1199, 4, 1, 4.0000, 0, '', '2018-03-31 18:57:28', '2018-03-31 18:57:28', NULL),
	(4440, 1200, 1, 1, 1.0000, 0, '', '2018-03-31 18:57:36', '2018-03-31 18:57:36', NULL),
	(4441, 1200, 2, 1, 4.0000, 0, '', '2018-03-31 18:57:36', '2018-03-31 18:57:36', NULL),
	(4442, 1201, 1, 1, 1.0000, 0, '', '2018-03-31 19:00:38', '2018-03-31 19:00:38', NULL),
	(4443, 1201, 2, 1, 1.0000, 0, '', '2018-03-31 19:00:38', '2018-03-31 19:00:38', NULL),
	(4444, 1201, 3, 1, 1.0000, 0, '', '2018-03-31 19:00:38', '2018-03-31 19:00:38', NULL),
	(4445, 1201, 6, 1, 1.0000, 0, '', '2018-03-31 19:00:38', '2018-03-31 19:00:38', NULL),
	(4446, 1201, 5, 1, 1.0000, 0, '', '2018-03-31 19:00:38', '2018-03-31 19:00:38', NULL),
	(4447, 1201, 4, 1, 1.0000, 0, '', '2018-03-31 19:00:38', '2018-03-31 19:00:38', NULL),
	(4448, 1201, 7, 1, 5.0000, 0, '', '2018-03-31 19:00:38', '2018-03-31 19:00:38', NULL),
	(4449, 1202, 1, 1, 1.0000, 0, '', '2018-03-31 21:33:25', '2018-03-31 21:33:25', NULL),
	(4450, 1202, 4, 1, 1.0000, 0, '', '2018-03-31 21:33:25', '2018-03-31 21:33:25', NULL),
	(4451, 1202, 5, 1, 5.0000, 0, '', '2018-03-31 21:33:25', '2018-03-31 21:33:25', NULL),
	(4452, 1203, 70, 1, 1.0000, 0, '', '2018-03-31 21:34:27', '2018-03-31 21:34:27', NULL),
	(4453, 1203, 71, 1, 1.0000, 0, '', '2018-03-31 21:34:27', '2018-03-31 21:34:27', NULL),
	(4454, 1203, 111, 1, 5.0000, 0, '', '2018-03-31 21:34:27', '2018-03-31 21:34:27', NULL),
	(4455, 1204, 1, 1, 1.0000, 0, '', '2018-04-01 12:45:56', '2018-04-01 12:45:56', NULL),
	(4456, 1204, 2, 1, 1.0000, 0, '', '2018-04-01 12:45:56', '2018-04-01 12:45:56', NULL),
	(4457, 1204, 3, 1, 4.0000, 0, '', '2018-04-01 12:45:56', '2018-04-01 12:45:56', NULL),
	(4458, 1204, 4, 1, 1.0000, 0, '', '2018-04-01 12:45:56', '2018-04-01 12:45:56', NULL),
	(4459, 1204, 5, 1, 4.0000, 0, '', '2018-04-01 12:45:56', '2018-04-01 12:45:56', NULL),
	(4460, 1204, 8, 1, 2.0000, 0, '', '2018-04-01 12:45:56', '2018-04-01 12:45:56', NULL),
	(4461, 1204, 7, 1, 3.0000, 0, '', '2018-04-01 12:45:57', '2018-04-01 12:45:57', NULL),
	(4462, 1205, 1, 1, 1.0000, 0, '', '2018-04-05 19:59:59', '2018-04-05 19:59:59', NULL),
	(4463, 1205, 5, 1, 1.0000, 0, '', '2018-04-05 19:59:59', '2018-04-05 19:59:59', NULL),
	(4464, 1205, 4, 1, 5.0000, 0, '', '2018-04-05 19:59:59', '2018-04-05 19:59:59', NULL),
	(4465, 1206, 1, 1, 1.0000, 0, '', '2018-04-05 20:01:46', '2018-04-05 20:01:46', NULL),
	(4466, 1206, 4, 1, 5.0000, 0, '', '2018-04-05 20:01:46', '2018-04-05 20:01:46', NULL),
	(4467, 1206, 7, 1, 4.0000, 0, '', '2018-04-05 20:01:46', '2018-04-05 20:01:46', NULL),
	(4468, 1206, 8, 1, 4.0000, 0, '', '2018-04-05 20:01:46', '2018-04-05 20:01:46', NULL),
	(4469, 1207, 1, 1, 1.0000, 0, '', '2018-04-07 09:38:04', '2018-04-07 09:38:04', NULL),
	(4470, 1207, 5, 1, 1.0000, 0, '', '2018-04-07 09:38:04', '2018-04-07 09:38:04', NULL),
	(4471, 1207, 4, 1, 1.0000, 0, '', '2018-04-07 09:38:04', '2018-04-07 09:38:04', NULL),
	(4472, 1207, 7, 1, 1.0000, 0, '', '2018-04-07 09:38:05', '2018-04-07 09:38:05', NULL),
	(4473, 1207, 8, 1, 6.0000, 0, '', '2018-04-07 09:38:05', '2018-04-07 09:38:05', NULL),
	(4474, 1208, 1, 1, 1.0000, 0, '', '2018-04-07 09:38:51', '2018-04-07 09:38:51', NULL),
	(4475, 1208, 2, 1, 1.0000, 0, '', '2018-04-07 09:38:51', '2018-04-07 09:38:51', NULL),
	(4476, 1208, 3, 1, 5.0000, 0, '', '2018-04-07 09:38:51', '2018-04-07 09:38:51', NULL),
	(4477, 1209, 1, 1, 1.0000, 0, '', '2018-04-07 09:41:41', '2018-04-07 09:41:41', NULL),
	(4478, 1209, 2, 1, 1.0000, 0, '', '2018-04-07 09:41:41', '2018-04-07 09:41:41', NULL),
	(4479, 1209, 3, 1, 5.0000, 0, '', '2018-04-07 09:41:41', '2018-04-07 09:41:41', NULL),
	(4480, 1210, 1, 1, 1.0000, 0, '', '2018-04-07 09:46:54', '2018-04-07 09:46:54', NULL),
	(4481, 1210, 2, 1, 1.0000, 0, '', '2018-04-07 09:46:54', '2018-04-07 09:46:54', NULL),
	(4482, 1210, 3, 1, 5.0000, 0, '', '2018-04-07 09:46:54', '2018-04-07 09:46:54', NULL),
	(4483, 1210, 5, 1, 1.0000, 0, '', '2018-04-07 09:46:54', '2018-04-07 09:46:54', NULL),
	(4484, 1210, 4, 1, 1.0000, 0, '', '2018-04-07 09:46:54', '2018-04-07 09:46:54', NULL),
	(4485, 1210, 7, 1, 4.0000, 0, '', '2018-04-07 09:46:54', '2018-04-07 09:46:54', NULL),
	(4486, 1211, 4, 1, 1.0000, 0, '', '2018-04-07 09:49:41', '2018-04-07 09:49:41', NULL),
	(4487, 1211, 5, 1, 1.0000, 0, '', '2018-04-07 09:49:41', '2018-04-07 09:49:41', NULL),
	(4488, 1211, 2, 1, 4.0000, 0, '', '2018-04-07 09:49:41', '2018-04-07 09:49:41', NULL),
	(4489, 1212, 11, 1, 2.0000, 0, '', '2018-04-07 14:05:14', '2018-04-07 14:05:14', NULL),
	(4490, 1212, 12, 1, 2.0000, 0, '', '2018-04-07 14:05:14', '2018-04-07 14:05:14', NULL),
	(4491, 1212, 13, 1, 2.0000, 0, '', '2018-04-07 14:05:15', '2018-04-07 14:05:15', NULL),
	(4492, 1212, 15, 1, 2.0000, 0, '', '2018-04-07 14:05:15', '2018-04-07 14:05:15', NULL),
	(4493, 1212, 14, 1, 2.0000, 0, '', '2018-04-07 14:05:15', '2018-04-07 14:05:15', NULL),
	(4494, 1212, 164, 1, 9.0000, 0, '', '2018-04-07 14:05:15', '2018-04-07 14:05:15', NULL),
	(4495, 1212, 165, 1, 5.0000, 0, '', '2018-04-07 14:05:15', '2018-04-07 14:05:15', NULL),
	(4496, 1212, 163, 1, 4.0000, 0, '', '2018-04-07 14:05:15', '2018-04-07 14:05:15', NULL),
	(4497, 1213, 72, 1, 1.0000, 0, '', '2018-04-07 14:05:15', '2018-04-07 14:05:15', NULL),
	(4498, 1213, 73, 1, 1.0000, 0, '', '2018-04-07 14:05:15', '2018-04-07 14:05:15', NULL),
	(4499, 1213, 74, 1, 1.0000, 0, '', '2018-04-07 14:05:15', '2018-04-07 14:05:15', NULL),
	(4500, 1213, 77, 1, 1.0000, 0, '', '2018-04-07 14:05:15', '2018-04-07 14:05:15', NULL),
	(4501, 1213, 76, 1, 1.0000, 0, '', '2018-04-07 14:05:15', '2018-04-07 14:05:15', NULL),
	(4502, 1213, 75, 1, 5.0000, 0, '', '2018-04-07 14:05:15', '2018-04-07 14:05:15', NULL),
	(4503, 1214, 1, 1, 1.0000, 0, '', '2018-04-07 14:09:35', '2018-04-07 14:09:35', NULL),
	(4504, 1214, 2, 1, 1.0000, 0, '', '2018-04-07 14:09:35', '2018-04-07 14:09:35', NULL),
	(4505, 1214, 3, 1, 1.0000, 0, '', '2018-04-07 14:09:35', '2018-04-07 14:09:35', NULL),
	(4506, 1214, 5, 1, 1.0000, 0, '', '2018-04-07 14:09:35', '2018-04-07 14:09:35', NULL),
	(4507, 1214, 4, 1, 1.0000, 0, '', '2018-04-07 14:09:35', '2018-04-07 14:09:35', NULL),
	(4508, 1214, 7, 1, 1.0000, 0, '', '2018-04-07 14:09:35', '2018-04-07 14:09:35', NULL),
	(4509, 1214, 8, 1, 7.0000, 0, '', '2018-04-07 14:09:35', '2018-04-07 14:09:35', NULL),
	(4510, 1215, 4, 1, 1.0000, 0, '', '2018-04-08 10:14:11', '2018-04-08 10:14:11', NULL),
	(4511, 1215, 5, 1, 2.0000, 0, '', '2018-04-08 10:14:11', '2018-04-08 10:14:11', NULL),
	(4512, 1215, 6, 1, 1.0000, 0, '', '2018-04-08 10:14:11', '2018-04-08 10:14:11', NULL),
	(4513, 1215, 8, 1, 1.0000, 0, '', '2018-04-08 10:14:11', '2018-04-08 10:14:11', NULL),
	(4514, 1215, 7, 1, 1.0000, 0, '', '2018-04-08 10:14:11', '2018-04-08 10:14:11', NULL),
	(4515, 1216, 70, 1, 1.0000, 0, '', '2018-04-08 10:14:11', '2018-04-08 10:14:11', NULL),
	(4516, 1216, 71, 1, 4.0000, 0, '', '2018-04-08 10:14:11', '2018-04-08 10:14:11', NULL),
	(4517, 1217, 1, 1, 1.0000, 0, '', '2018-04-08 19:49:27', '2018-04-08 19:49:27', NULL),
	(4518, 1217, 2, 1, 1.0000, 0, '', '2018-04-08 19:49:27', '2018-04-08 19:49:27', NULL),
	(4519, 1217, 3, 1, 1.0000, 0, '', '2018-04-08 19:49:27', '2018-04-08 19:49:27', NULL),
	(4520, 1217, 5, 1, 1.0000, 0, '', '2018-04-08 19:49:27', '2018-04-08 19:49:27', NULL),
	(4521, 1217, 4, 1, 1.0000, 0, '', '2018-04-08 19:49:27', '2018-04-08 19:49:27', NULL),
	(4522, 1217, 7, 1, 1.0000, 0, '', '2018-04-08 19:49:27', '2018-04-08 19:49:27', NULL),
	(4523, 1217, 8, 1, 7.0000, 0, '', '2018-04-08 19:49:27', '2018-04-08 19:49:27', NULL),
	(4524, 1218, 1, 1, 1.0000, 1, '', '2018-04-08 21:18:18', '2018-04-08 21:18:26', NULL),
	(4525, 1218, 2, 1, 1.0000, 1, '', '2018-04-08 21:18:18', '2018-04-08 21:18:26', NULL),
	(4526, 1218, 3, 1, 4.0000, 0, '', '2018-04-08 21:18:18', '2018-04-08 21:18:18', NULL),
	(4527, 1219, 1, 1, 1.0000, 1, '', '2018-04-08 21:21:05', '2018-04-08 21:21:11', NULL),
	(4528, 1219, 2, 1, 1.0000, 1, '', '2018-04-08 21:21:05', '2018-04-08 21:21:12', NULL),
	(4529, 1219, 3, 1, 5.0000, 1, '', '2018-04-08 21:21:05', '2018-04-08 21:21:12', NULL),
	(4530, 1219, 5, 1, 1.0000, 1, '', '2018-04-08 21:21:05', '2018-04-08 21:21:17', NULL),
	(4531, 1219, 4, 1, 1.0000, 0, '', '2018-04-08 21:21:05', '2018-04-08 21:21:05', NULL),
	(4532, 1219, 7, 1, 5.0000, 0, '', '2018-04-08 21:21:05', '2018-04-08 21:21:05', NULL),
	(4533, 1220, 1, 1, 1.0000, 0, '', '2018-04-08 21:22:41', '2018-04-08 21:22:41', NULL),
	(4534, 1220, 2, 1, 1.0000, 0, '', '2018-04-08 21:22:41', '2018-04-08 21:22:41', NULL),
	(4535, 1220, 3, 1, 5.0000, 0, '', '2018-04-08 21:22:41', '2018-04-08 21:22:41', NULL),
	(4536, 1221, 4, 1, 1.0000, 0, '', '2018-04-08 21:38:49', '2018-04-08 21:38:49', NULL),
	(4537, 1221, 5, 1, 2.0000, 0, '', '2018-04-08 21:38:49', '2018-04-08 21:38:49', NULL),
	(4538, 1221, 6, 1, 5.0000, 0, '', '2018-04-08 21:38:49', '2018-04-08 21:38:49', NULL),
	(4539, 1221, 7, 1, 1.0000, 0, '', '2018-04-08 21:38:49', '2018-04-08 21:38:49', NULL),
	(4540, 1221, 8, 1, 12.0000, 0, '', '2018-04-08 21:38:49', '2018-04-08 21:38:49', NULL),
	(4541, 1221, 2, 1, 4.0000, 0, '', '2018-04-08 21:38:50', '2018-04-08 21:38:50', NULL),
	(4542, 1222, 1, 1, 4.0000, 0, '', '2018-04-08 21:39:48', '2018-04-08 21:39:48', NULL),
	(4543, 1223, 1, 1, 2.0000, 0, '', '2018-04-08 21:48:55', '2018-04-08 21:48:55', NULL),
	(4544, 1223, 2, 1, 1.0000, 0, '', '2018-04-08 21:48:55', '2018-04-08 21:48:55', NULL),
	(4545, 1223, 3, 1, 3.0000, 0, '', '2018-04-08 21:48:55', '2018-04-08 21:48:55', NULL),
	(4546, 1223, 10, 1, 1.0000, 0, '', '2018-04-08 21:48:55', '2018-04-08 21:48:55', NULL),
	(4547, 1223, 166, 1, 5.0000, 0, '', '2018-04-08 21:48:55', '2018-04-08 21:48:55', NULL),
	(4548, 1224, 1, 1, 1.0000, 0, '', '2018-04-09 10:16:10', '2018-04-09 10:16:10', NULL),
	(4549, 1224, 2, 1, 1.0000, 0, '', '2018-04-09 10:16:10', '2018-04-09 10:16:10', NULL),
	(4550, 1224, 3, 1, 5.0000, 0, '', '2018-04-09 10:16:10', '2018-04-09 10:16:10', NULL),
	(4551, 1225, 4, 1, 1.0000, 0, '', '2018-04-09 10:16:18', '2018-04-09 10:16:18', NULL),
	(4552, 1225, 5, 1, 1.0000, 0, '', '2018-04-09 10:16:18', '2018-04-09 10:16:18', NULL),
	(4553, 1225, 6, 1, 6.0000, 0, '', '2018-04-09 10:16:18', '2018-04-09 10:16:18', NULL),
	(4554, 1226, 1, 1, 1.0000, 0, '', '2018-04-09 10:22:36', '2018-04-09 10:22:36', NULL),
	(4555, 1226, 2, 1, 1.0000, 0, '', '2018-04-09 10:22:36', '2018-04-09 10:22:36', NULL),
	(4556, 1226, 3, 1, 4.0000, 0, '', '2018-04-09 10:22:36', '2018-04-09 10:22:36', NULL),
	(4557, 1226, 4, 1, 1.0000, 0, '', '2018-04-09 10:22:37', '2018-04-09 10:22:37', NULL),
	(4558, 1226, 5, 1, 4.0000, 0, '', '2018-04-09 10:22:37', '2018-04-09 10:22:37', NULL),
	(4559, 1226, 166, 1, 1.0000, 0, '', '2018-04-09 10:22:37', '2018-04-09 10:22:37', NULL),
	(4560, 1226, 10, 1, 1.0000, 0, '', '2018-04-09 10:22:37', '2018-04-09 10:22:37', NULL),
	(4561, 1226, 795, 1, 4.0000, 0, '', '2018-04-09 10:22:37', '2018-04-09 10:22:37', NULL),
	(4562, 1227, 11, 1, 1.0000, 0, '', '2018-04-09 10:22:54', '2018-04-09 10:22:54', NULL),
	(4563, 1227, 12, 1, 1.0000, 0, '', '2018-04-09 10:22:54', '2018-04-09 10:22:54', NULL),
	(4564, 1227, 13, 1, 4.0000, 0, '', '2018-04-09 10:22:54', '2018-04-09 10:22:54', NULL),
	(4565, 1227, 15, 1, 1.0000, 0, '', '2018-04-09 10:22:54', '2018-04-09 10:22:54', NULL),
	(4566, 1227, 14, 1, 1.0000, 0, '', '2018-04-09 10:22:54', '2018-04-09 10:22:54', NULL),
	(4567, 1227, 164, 1, 1.0000, 0, '', '2018-04-09 10:22:54', '2018-04-09 10:22:54', NULL),
	(4568, 1227, 165, 1, 5.0000, 0, '', '2018-04-09 10:22:54', '2018-04-09 10:22:54', NULL);

-- Dumping structure for table classylab.tables
CREATE TABLE IF NOT EXISTS `tables` (
  `ID` bigint(20) NOT NULL AUTO_INCREMENT,
  `ShopID` bigint(20) DEFAULT NULL,
  `FloorID` bigint(20) DEFAULT NULL,
  `OrderID` bigint(20) NOT NULL,
  `InvoiceID` bigint(20) NOT NULL,
  `Name` varchar(250) COLLATE utf8_unicode_ci DEFAULT NULL,
  `Capacity` varchar(50) COLLATE utf8_unicode_ci DEFAULT NULL,
  `IsBooked` tinyint(1) DEFAULT NULL,
  `created_at` datetime DEFAULT NULL,
  `updated_at` datetime DEFAULT NULL,
  `deleted_at` datetime DEFAULT NULL,
  PRIMARY KEY (`ID`)
) ENGINE=InnoDB AUTO_INCREMENT=55 DEFAULT CHARSET=utf8 COLLATE=utf8_unicode_ci;

-- Dumping data for table classylab.tables: ~54 rows (approximately)
DELETE FROM `tables`;
INSERT INTO `tables` (`ID`, `ShopID`, `FloorID`, `OrderID`, `InvoiceID`, `Name`, `Capacity`, `IsBooked`, `created_at`, `updated_at`, `deleted_at`) VALUES
	(1, 1, 4, 0, 0, '1', '12', 0, '2017-11-29 21:28:02', '2018-01-31 13:13:44', NULL),
	(2, 1, 1, 0, 0, '2', '', 0, '2017-11-29 21:28:06', '2018-04-09 10:23:22', NULL),
	(3, 1, 1, 0, 0, '3', '', 0, '2017-11-29 21:28:09', '2018-04-08 21:39:14', NULL),
	(4, 1, 1, 845, 0, '4', '', 1, '2017-11-29 21:28:12', '2018-04-08 21:48:55', NULL),
	(5, 1, 1, 0, 0, '5', '', 0, '2017-11-29 21:28:15', '2018-04-08 21:39:30', NULL),
	(6, 1, 1, 0, 0, '6', '', 0, '2017-11-29 21:28:17', '2018-03-31 12:33:22', NULL),
	(7, 1, 1, 0, 0, '7', '', 0, '2017-11-29 21:28:20', '2018-03-29 21:04:56', NULL),
	(8, 1, 1, 0, 0, '8', '', 0, '2017-11-29 21:28:23', '2018-03-31 12:21:35', NULL),
	(9, 1, 1, 0, 0, '9', '', 0, '2017-11-29 21:28:25', '2018-04-08 21:39:58', NULL),
	(10, 1, 3, 0, 0, '10', '', 0, '2017-11-29 21:28:28', '2018-04-08 21:23:04', NULL),
	(11, 1, 1, 0, 0, '11', '', 0, '2017-11-29 21:28:32', '2018-03-29 21:03:13', NULL),
	(12, 1, 1, 655, 1957, '12', '', 1, '2017-11-29 21:28:35', '2018-03-24 12:39:22', NULL),
	(13, 1, 1, 0, 0, '13', '', 0, '2017-11-29 21:28:38', '2018-03-22 18:16:47', NULL),
	(14, 1, 1, 0, 0, '14', '', 0, '2017-11-29 21:28:42', '2018-03-29 21:05:09', NULL),
	(15, 1, 1, 0, 0, '15', '', 0, '2017-11-29 21:28:48', '2018-03-29 21:03:08', NULL),
	(16, 1, 1, 0, 0, '16', '', 0, '2017-11-29 21:28:50', '2018-03-31 14:11:12', NULL),
	(17, 1, 1, 0, 0, '17', '', 0, '2017-11-29 21:28:53', '2018-03-29 21:04:53', NULL),
	(18, 1, 2, 659, 1961, '18', '', 1, '2017-11-29 21:28:56', '2018-03-24 12:50:14', NULL),
	(19, 1, 2, 0, 0, '19', '', 0, '2017-11-29 21:28:59', '2018-03-22 15:23:39', NULL),
	(20, 1, 2, 0, 0, '20', '', 0, '2017-11-29 21:29:01', '2018-03-31 18:22:36', NULL),
	(21, 1, 2, 0, 0, '21', '', 0, '2017-11-29 21:29:05', '2018-03-13 14:09:58', NULL),
	(22, 1, 2, 0, 0, '22', '', 0, '2017-11-29 21:29:09', '2018-04-08 21:23:25', NULL),
	(23, 1, 2, 830, 0, '23', '', 1, '2017-11-29 21:29:12', '2018-04-05 19:59:59', NULL),
	(24, 1, 2, 0, 0, '24', '', 0, '2017-11-29 21:29:15', '2018-03-21 20:59:10', NULL),
	(25, 1, 2, 660, 1962, '25', '', 1, '2017-11-29 21:29:18', '2018-03-24 12:52:27', NULL),
	(26, 1, 2, 805, 2038, '26', '', 1, '2017-11-29 21:29:20', '2018-03-31 12:51:03', NULL),
	(27, 1, 2, 0, 0, '27', '', 0, '2017-11-29 21:29:24', '2018-03-29 21:02:00', NULL),
	(28, 1, 2, 658, 1960, '28', '', 1, '2017-11-29 21:29:26', '2018-03-24 12:49:11', NULL),
	(29, 1, 2, 0, 0, '29', '', 0, '2017-11-29 21:29:29', '2018-03-22 18:20:17', NULL),
	(30, 1, 2, 0, 0, '30', '', 0, '2017-11-29 21:29:32', '2018-03-13 14:24:38', NULL),
	(31, 1, 2, 0, 0, '31', '', 0, '2017-11-29 21:29:35', '2018-03-29 14:11:27', NULL),
	(32, 1, 2, 0, 0, '32', '', 0, '2017-11-29 21:29:38', '2018-03-28 21:37:13', NULL),
	(33, 1, 2, 0, 0, '33', '', 0, '2017-11-29 21:29:41', '2018-03-21 20:59:24', NULL),
	(34, 1, 2, 0, 0, '34', NULL, 0, '2018-01-29 20:39:54', '2018-03-13 14:28:14', NULL),
	(35, 1, 3, 0, 0, '35', '', 0, '2017-11-29 21:29:47', '2018-04-08 21:21:38', NULL),
	(36, 1, 3, 0, 0, '36', '', 0, '2017-11-29 21:29:50', '2018-03-31 13:50:31', NULL),
	(37, 1, 3, 812, 2049, '37', '', 1, '2017-11-29 21:29:54', '2018-03-31 14:18:25', NULL),
	(38, 1, 3, 0, 0, '38', '', 0, '2017-11-29 21:29:57', '2018-03-13 19:19:48', NULL),
	(39, 1, 3, 0, 0, '39', '', 0, '2017-11-29 21:30:00', '2018-03-24 10:01:20', NULL),
	(40, 1, 3, 0, 0, '40', '', 0, '2017-11-29 21:30:03', '2018-03-29 21:02:35', NULL),
	(41, 1, 3, 0, 0, '41', '', 0, '2017-11-29 21:30:06', '2018-03-24 10:01:29', NULL),
	(42, 1, 3, 701, 1974, '42', '', 1, '2017-11-29 21:30:09', '2018-03-25 12:18:02', NULL),
	(43, 1, 3, 0, 0, '43', '', 0, '2017-11-29 21:30:12', '2018-03-24 10:01:43', NULL),
	(44, 1, 3, 0, 0, '44', '', 0, '2017-11-29 21:30:15', '2018-03-29 21:03:27', NULL),
	(45, 1, 3, 0, 0, '45', '', 0, '2017-11-29 21:30:18', '2018-03-29 21:02:55', NULL),
	(46, 1, 3, 0, 0, '46', '', 0, '2017-11-29 21:30:21', '2018-03-24 10:02:08', NULL),
	(47, 1, 3, 0, 0, '47', '', 0, '2017-11-29 21:30:24', '2018-03-24 10:02:03', NULL),
	(48, 1, 3, 0, 0, '48', '', 0, '2017-11-29 21:30:26', '2018-03-24 10:01:59', NULL),
	(49, 1, 3, 0, 0, '49', '', 0, '2017-11-29 21:30:29', '2018-03-24 10:01:49', NULL),
	(50, 1, 3, 0, 0, '50', '', 0, '2017-11-29 21:30:32', '2018-03-29 21:02:18', NULL),
	(51, 1, 1, 0, 0, 'Table-1', '13', 0, '2018-02-13 12:50:36', '2018-03-18 14:34:17', NULL),
	(52, 1, 2, 0, 0, '71', '12', 0, '2018-02-13 12:54:43', '2018-03-13 14:28:40', NULL),
	(53, 1, 1, 0, 0, 'Table-Great', '11', 0, '2018-02-13 13:18:55', '2018-02-19 10:44:37', NULL),
	(54, 1, 4, 0, 0, 'Left Rear', '12', 0, '2018-02-13 14:14:21', '2018-02-13 14:14:21', NULL);

-- Dumping structure for table classylab.tax_code
CREATE TABLE IF NOT EXISTS `tax_code` (
  `TaxCodeID` bigint(20) NOT NULL AUTO_INCREMENT,
  `TaxCode` varchar(50) CHARACTER SET utf8 COLLATE utf8_unicode_ci DEFAULT NULL,
  `TaxPercent` decimal(11,4) DEFAULT '0.0000',
  `Inactive` tinyint(1) DEFAULT '0',
  `created_at` datetime DEFAULT NULL,
  `updated_at` datetime DEFAULT NULL,
  `deleted_at` datetime DEFAULT NULL,
  PRIMARY KEY (`TaxCodeID`)
) ENGINE=InnoDB AUTO_INCREMENT=3 DEFAULT CHARSET=latin1;

-- Dumping data for table classylab.tax_code: ~2 rows (approximately)
DELETE FROM `tax_code`;
INSERT INTO `tax_code` (`TaxCodeID`, `TaxCode`, `TaxPercent`, `Inactive`, `created_at`, `updated_at`, `deleted_at`) VALUES
	(1, 'No Tax', 0.0000, 0, '2017-11-29 21:32:23', '2017-11-29 21:32:23', NULL),
	(2, 'Food Sales Tax', 15.0000, 0, '2017-11-29 21:33:07', '2017-11-29 21:33:07', NULL);

-- Dumping structure for table classylab.terminal
CREATE TABLE IF NOT EXISTS `terminal` (
  `ID` bigint(20) NOT NULL AUTO_INCREMENT,
  `ShopID` bigint(20) DEFAULT NULL,
  `FloorID` bigint(20) DEFAULT NULL,
  `Name` varchar(250) COLLATE utf8_unicode_ci DEFAULT NULL,
  `IsOpen` tinyint(1) DEFAULT NULL,
  `created_at` datetime DEFAULT NULL,
  `updated_at` datetime DEFAULT NULL,
  `deleted_at` datetime DEFAULT NULL,
  PRIMARY KEY (`ID`)
) ENGINE=InnoDB AUTO_INCREMENT=4 DEFAULT CHARSET=utf8 COLLATE=utf8_unicode_ci;

-- Dumping data for table classylab.terminal: ~3 rows (approximately)
DELETE FROM `terminal`;
INSERT INTO `terminal` (`ID`, `ShopID`, `FloorID`, `Name`, `IsOpen`, `created_at`, `updated_at`, `deleted_at`) VALUES
	(1, 1, 1, 'Terminal 1', 1, '2018-07-10 18:26:35', '2018-07-10 18:26:35', NULL),
	(2, 1, 1, 'Terminal 1', 1, '2018-07-23 18:36:46', '2018-07-23 18:36:46', NULL),
	(3, 1, 1, 'Terminal 1', 1, '2018-07-23 18:43:31', '2018-07-23 18:43:31', NULL);

-- Dumping structure for table classylab.user
CREATE TABLE IF NOT EXISTS `user` (
  `UserID` bigint(20) NOT NULL,
  `ShopID` bigint(20) DEFAULT NULL,
  `KitchenID` bigint(20) DEFAULT '0',
  `Phone` varchar(50) CHARACTER SET utf8 COLLATE utf8_unicode_ci DEFAULT NULL,
  `FirstName` varchar(200) CHARACTER SET utf8 COLLATE utf8_unicode_ci DEFAULT NULL,
  `LastName` varchar(200) CHARACTER SET utf8 COLLATE utf8_unicode_ci DEFAULT NULL,
  `Address` text CHARACTER SET utf8 COLLATE utf8_unicode_ci,
  `City` varchar(50) CHARACTER SET utf8 COLLATE utf8_unicode_ci DEFAULT NULL,
  `Province` varchar(50) CHARACTER SET utf8 COLLATE utf8_unicode_ci DEFAULT NULL,
  `ZipCode` varchar(50) CHARACTER SET utf8 COLLATE utf8_unicode_ci DEFAULT NULL,
  `Country` varchar(50) CHARACTER SET utf8 COLLATE utf8_unicode_ci DEFAULT NULL,
  `DateOfBirth` date DEFAULT NULL,
  `UserImg` varchar(500) CHARACTER SET utf8 COLLATE utf8_unicode_ci DEFAULT NULL,
  `created_at` datetime DEFAULT NULL,
  `updated_at` datetime DEFAULT NULL,
  `deleted_at` datetime DEFAULT NULL,
  PRIMARY KEY (`UserID`)
) ENGINE=InnoDB DEFAULT CHARSET=latin1;

-- Dumping data for table classylab.user: ~2 rows (approximately)
DELETE FROM `user`;
INSERT INTO `user` (`UserID`, `ShopID`, `KitchenID`, `Phone`, `FirstName`, `LastName`, `Address`, `City`, `Province`, `ZipCode`, `Country`, `DateOfBirth`, `UserImg`, `created_at`, `updated_at`, `deleted_at`) VALUES
	(1, 1, 1, '01614 777 555', 'Mehedi', 'Jaman', 'Khulna', 'Khulna', 'Khulna', '9000', 'Bangladesh', '2018-07-23', NULL, '2018-07-23 18:43:31', '2018-07-23 18:43:31', NULL),
	(2, 1, 0, '01712007766', 'rezwan', 'fahad', 'khulna', 'khulna', 'khulna', '3100', 'Bangladesh', '1986-10-22', NULL, '2018-08-08 17:29:58', '2018-08-08 17:29:58', NULL);

-- Dumping structure for table classylab.user_role
CREATE TABLE IF NOT EXISTS `user_role` (
  `UserRoleCategoryID` bigint(22) NOT NULL AUTO_INCREMENT,
  `RoleCategoryID` bigint(22) DEFAULT NULL,
  `UserID` bigint(22) DEFAULT NULL,
  `created_at` datetime DEFAULT NULL,
  `updated_at` datetime DEFAULT NULL,
  `deleted_at` datetime DEFAULT NULL,
  PRIMARY KEY (`UserRoleCategoryID`)
) ENGINE=InnoDB AUTO_INCREMENT=147 DEFAULT CHARSET=latin1;

-- Dumping data for table classylab.user_role: ~146 rows (approximately)
DELETE FROM `user_role`;
INSERT INTO `user_role` (`UserRoleCategoryID`, `RoleCategoryID`, `UserID`, `created_at`, `updated_at`, `deleted_at`) VALUES
	(1, 145, 1, '2018-07-23 18:43:48', '2018-07-23 18:43:48', NULL),
	(2, 1, 2, '2018-08-08 17:36:40', '2018-08-08 17:36:40', NULL),
	(3, 2, 2, '2018-08-08 17:36:40', '2018-08-08 17:36:40', NULL),
	(4, 3, 2, '2018-08-08 17:36:40', '2018-08-08 17:36:40', NULL),
	(5, 4, 2, '2018-08-08 17:36:40', '2018-08-08 17:36:40', NULL),
	(6, 5, 2, '2018-08-08 17:36:40', '2018-08-08 17:36:40', NULL),
	(7, 6, 2, '2018-08-08 17:36:40', '2018-08-08 17:36:40', NULL),
	(8, 7, 2, '2018-08-08 17:36:40', '2018-08-08 17:36:40', NULL),
	(9, 8, 2, '2018-08-08 17:36:40', '2018-08-08 17:36:40', NULL),
	(10, 9, 2, '2018-08-08 17:36:40', '2018-08-08 17:36:40', NULL),
	(11, 10, 2, '2018-08-08 17:36:40', '2018-08-08 17:36:40', NULL),
	(12, 11, 2, '2018-08-08 17:36:40', '2018-08-08 17:36:40', NULL),
	(13, 12, 2, '2018-08-08 17:36:40', '2018-08-08 17:36:40', NULL),
	(14, 13, 2, '2018-08-08 17:36:41', '2018-08-08 17:36:41', NULL),
	(15, 14, 2, '2018-08-08 17:36:41', '2018-08-08 17:36:41', NULL),
	(16, 15, 2, '2018-08-08 17:36:41', '2018-08-08 17:36:41', NULL),
	(17, 16, 2, '2018-08-08 17:36:41', '2018-08-08 17:36:41', NULL),
	(18, 17, 2, '2018-08-08 17:36:41', '2018-08-08 17:36:41', NULL),
	(19, 18, 2, '2018-08-08 17:36:41', '2018-08-08 17:36:41', NULL),
	(20, 19, 2, '2018-08-08 17:36:41', '2018-08-08 17:36:41', NULL),
	(21, 20, 2, '2018-08-08 17:36:41', '2018-08-08 17:36:41', NULL),
	(22, 21, 2, '2018-08-08 17:36:41', '2018-08-08 17:36:41', NULL),
	(23, 22, 2, '2018-08-08 17:36:41', '2018-08-08 17:36:41', NULL),
	(24, 23, 2, '2018-08-08 17:36:41', '2018-08-08 17:36:41', NULL),
	(25, 24, 2, '2018-08-08 17:36:41', '2018-08-08 17:36:41', NULL),
	(26, 25, 2, '2018-08-08 17:36:41', '2018-08-08 17:36:41', NULL),
	(27, 26, 2, '2018-08-08 17:36:41', '2018-08-08 17:36:41', NULL),
	(28, 27, 2, '2018-08-08 17:36:41', '2018-08-08 17:36:41', NULL),
	(29, 28, 2, '2018-08-08 17:36:41', '2018-08-08 17:36:41', NULL),
	(30, 29, 2, '2018-08-08 17:36:41', '2018-08-08 17:36:41', NULL),
	(31, 30, 2, '2018-08-08 17:36:41', '2018-08-08 17:36:41', NULL),
	(32, 31, 2, '2018-08-08 17:36:41', '2018-08-08 17:36:41', NULL),
	(33, 32, 2, '2018-08-08 17:36:41', '2018-08-08 17:36:41', NULL),
	(34, 33, 2, '2018-08-08 17:36:41', '2018-08-08 17:36:41', NULL),
	(35, 34, 2, '2018-08-08 17:36:41', '2018-08-08 17:36:41', NULL),
	(36, 35, 2, '2018-08-08 17:36:41', '2018-08-08 17:36:41', NULL),
	(37, 36, 2, '2018-08-08 17:36:41', '2018-08-08 17:36:41', NULL),
	(38, 37, 2, '2018-08-08 17:36:41', '2018-08-08 17:36:41', NULL),
	(39, 38, 2, '2018-08-08 17:36:41', '2018-08-08 17:36:41', NULL),
	(40, 39, 2, '2018-08-08 17:36:41', '2018-08-08 17:36:41', NULL),
	(41, 40, 2, '2018-08-08 17:36:41', '2018-08-08 17:36:41', NULL),
	(42, 41, 2, '2018-08-08 17:36:41', '2018-08-08 17:36:41', NULL),
	(43, 42, 2, '2018-08-08 17:36:41', '2018-08-08 17:36:41', NULL),
	(44, 43, 2, '2018-08-08 17:36:41', '2018-08-08 17:36:41', NULL),
	(45, 44, 2, '2018-08-08 17:36:41', '2018-08-08 17:36:41', NULL),
	(46, 45, 2, '2018-08-08 17:36:41', '2018-08-08 17:36:41', NULL),
	(47, 46, 2, '2018-08-08 17:36:41', '2018-08-08 17:36:41', NULL),
	(48, 47, 2, '2018-08-08 17:36:42', '2018-08-08 17:36:42', NULL),
	(49, 48, 2, '2018-08-08 17:36:42', '2018-08-08 17:36:42', NULL),
	(50, 49, 2, '2018-08-08 17:36:42', '2018-08-08 17:36:42', NULL),
	(51, 50, 2, '2018-08-08 17:36:42', '2018-08-08 17:36:42', NULL),
	(52, 51, 2, '2018-08-08 17:36:42', '2018-08-08 17:36:42', NULL),
	(53, 52, 2, '2018-08-08 17:36:42', '2018-08-08 17:36:42', NULL),
	(54, 53, 2, '2018-08-08 17:36:42', '2018-08-08 17:36:42', NULL),
	(55, 54, 2, '2018-08-08 17:36:42', '2018-08-08 17:36:42', NULL),
	(56, 55, 2, '2018-08-08 17:36:42', '2018-08-08 17:36:42', NULL),
	(57, 56, 2, '2018-08-08 17:36:42', '2018-08-08 17:36:42', NULL),
	(58, 57, 2, '2018-08-08 17:36:42', '2018-08-08 17:36:42', NULL),
	(59, 58, 2, '2018-08-08 17:36:42', '2018-08-08 17:36:42', NULL),
	(60, 59, 2, '2018-08-08 17:36:42', '2018-08-08 17:36:42', NULL),
	(61, 60, 2, '2018-08-08 17:36:42', '2018-08-08 17:36:42', NULL),
	(62, 61, 2, '2018-08-08 17:36:42', '2018-08-08 17:36:42', NULL),
	(63, 62, 2, '2018-08-08 17:36:42', '2018-08-08 17:36:42', NULL),
	(64, 63, 2, '2018-08-08 17:36:42', '2018-08-08 17:36:42', NULL),
	(65, 64, 2, '2018-08-08 17:36:42', '2018-08-08 17:36:42', NULL),
	(66, 65, 2, '2018-08-08 17:36:42', '2018-08-08 17:36:42', NULL),
	(67, 66, 2, '2018-08-08 17:36:42', '2018-08-08 17:36:42', NULL),
	(68, 67, 2, '2018-08-08 17:36:42', '2018-08-08 17:36:42', NULL),
	(69, 68, 2, '2018-08-08 17:36:42', '2018-08-08 17:36:42', NULL),
	(70, 69, 2, '2018-08-08 17:36:42', '2018-08-08 17:36:42', NULL),
	(71, 70, 2, '2018-08-08 17:36:42', '2018-08-08 17:36:42', NULL),
	(72, 71, 2, '2018-08-08 17:36:42', '2018-08-08 17:36:42', NULL),
	(73, 72, 2, '2018-08-08 17:36:42', '2018-08-08 17:36:42', NULL),
	(74, 73, 2, '2018-08-08 17:36:42', '2018-08-08 17:36:42', NULL),
	(75, 74, 2, '2018-08-08 17:36:42', '2018-08-08 17:36:42', NULL),
	(76, 75, 2, '2018-08-08 17:36:42', '2018-08-08 17:36:42', NULL),
	(77, 76, 2, '2018-08-08 17:36:42', '2018-08-08 17:36:42', NULL),
	(78, 77, 2, '2018-08-08 17:36:43', '2018-08-08 17:36:43', NULL),
	(79, 78, 2, '2018-08-08 17:36:43', '2018-08-08 17:36:43', NULL),
	(80, 79, 2, '2018-08-08 17:36:43', '2018-08-08 17:36:43', NULL),
	(81, 80, 2, '2018-08-08 17:36:43', '2018-08-08 17:36:43', NULL),
	(82, 81, 2, '2018-08-08 17:36:43', '2018-08-08 17:36:43', NULL),
	(83, 82, 2, '2018-08-08 17:36:43', '2018-08-08 17:36:43', NULL),
	(84, 83, 2, '2018-08-08 17:36:43', '2018-08-08 17:36:43', NULL),
	(85, 84, 2, '2018-08-08 17:36:43', '2018-08-08 17:36:43', NULL),
	(86, 85, 2, '2018-08-08 17:36:43', '2018-08-08 17:36:43', NULL),
	(87, 86, 2, '2018-08-08 17:36:43', '2018-08-08 17:36:43', NULL),
	(88, 87, 2, '2018-08-08 17:36:43', '2018-08-08 17:36:43', NULL),
	(89, 88, 2, '2018-08-08 17:36:43', '2018-08-08 17:36:43', NULL),
	(90, 89, 2, '2018-08-08 17:36:43', '2018-08-08 17:36:43', NULL),
	(91, 90, 2, '2018-08-08 17:36:43', '2018-08-08 17:36:43', NULL),
	(92, 91, 2, '2018-08-08 17:36:43', '2018-08-08 17:36:43', NULL),
	(93, 92, 2, '2018-08-08 17:36:43', '2018-08-08 17:36:43', NULL),
	(94, 93, 2, '2018-08-08 17:36:43', '2018-08-08 17:36:43', NULL),
	(95, 94, 2, '2018-08-08 17:36:43', '2018-08-08 17:36:43', NULL),
	(96, 95, 2, '2018-08-08 17:36:43', '2018-08-08 17:36:43', NULL),
	(97, 96, 2, '2018-08-08 17:36:43', '2018-08-08 17:36:43', NULL),
	(98, 97, 2, '2018-08-08 17:36:43', '2018-08-08 17:36:43', NULL),
	(99, 98, 2, '2018-08-08 17:36:43', '2018-08-08 17:36:43', NULL),
	(100, 99, 2, '2018-08-08 17:36:43', '2018-08-08 17:36:43', NULL),
	(101, 100, 2, '2018-08-08 17:36:43', '2018-08-08 17:36:43', NULL),
	(102, 101, 2, '2018-08-08 17:36:43', '2018-08-08 17:36:43', NULL),
	(103, 102, 2, '2018-08-08 17:36:43', '2018-08-08 17:36:43', NULL),
	(104, 103, 2, '2018-08-08 17:36:43', '2018-08-08 17:36:43', NULL),
	(105, 104, 2, '2018-08-08 17:36:43', '2018-08-08 17:36:43', NULL),
	(106, 105, 2, '2018-08-08 17:36:43', '2018-08-08 17:36:43', NULL),
	(107, 106, 2, '2018-08-08 17:36:43', '2018-08-08 17:36:43', NULL),
	(108, 107, 2, '2018-08-08 17:36:44', '2018-08-08 17:36:44', NULL),
	(109, 108, 2, '2018-08-08 17:36:44', '2018-08-08 17:36:44', NULL),
	(110, 109, 2, '2018-08-08 17:36:44', '2018-08-08 17:36:44', NULL),
	(111, 110, 2, '2018-08-08 17:36:44', '2018-08-08 17:36:44', NULL),
	(112, 111, 2, '2018-08-08 17:36:44', '2018-08-08 17:36:44', NULL),
	(113, 112, 2, '2018-08-08 17:36:44', '2018-08-08 17:36:44', NULL),
	(114, 113, 2, '2018-08-08 17:36:44', '2018-08-08 17:36:44', NULL),
	(115, 114, 2, '2018-08-08 17:36:44', '2018-08-08 17:36:44', NULL),
	(116, 115, 2, '2018-08-08 17:36:44', '2018-08-08 17:36:44', NULL),
	(117, 116, 2, '2018-08-08 17:36:44', '2018-08-08 17:36:44', NULL),
	(118, 117, 2, '2018-08-08 17:36:44', '2018-08-08 17:36:44', NULL),
	(119, 118, 2, '2018-08-08 17:36:44', '2018-08-08 17:36:44', NULL),
	(120, 119, 2, '2018-08-08 17:36:44', '2018-08-08 17:36:44', NULL),
	(121, 120, 2, '2018-08-08 17:36:44', '2018-08-08 17:36:44', NULL),
	(122, 121, 2, '2018-08-08 17:36:44', '2018-08-08 17:36:44', NULL),
	(123, 122, 2, '2018-08-08 17:36:44', '2018-08-08 17:36:44', NULL),
	(124, 123, 2, '2018-08-08 17:36:44', '2018-08-08 17:36:44', NULL),
	(125, 124, 2, '2018-08-08 17:36:44', '2018-08-08 17:36:44', NULL),
	(126, 125, 2, '2018-08-08 17:36:44', '2018-08-08 17:36:44', NULL),
	(127, 126, 2, '2018-08-08 17:36:44', '2018-08-08 17:36:44', NULL),
	(128, 127, 2, '2018-08-08 17:36:44', '2018-08-08 17:36:44', NULL),
	(129, 128, 2, '2018-08-08 17:36:44', '2018-08-08 17:36:44', NULL),
	(130, 129, 2, '2018-08-08 17:36:44', '2018-08-08 17:36:44', NULL),
	(131, 130, 2, '2018-08-08 17:36:44', '2018-08-08 17:36:44', NULL),
	(132, 131, 2, '2018-08-08 17:36:44', '2018-08-08 17:36:44', NULL),
	(133, 132, 2, '2018-08-08 17:36:44', '2018-08-08 17:36:44', NULL),
	(134, 133, 2, '2018-08-08 17:36:44', '2018-08-08 17:36:44', NULL),
	(135, 134, 2, '2018-08-08 17:36:44', '2018-08-08 17:36:44', NULL),
	(136, 135, 2, '2018-08-08 17:36:44', '2018-08-08 17:36:44', NULL),
	(137, 136, 2, '2018-08-08 17:36:44', '2018-08-08 17:36:44', NULL),
	(138, 137, 2, '2018-08-08 17:36:44', '2018-08-08 17:36:44', NULL),
	(139, 138, 2, '2018-08-08 17:36:44', '2018-08-08 17:36:44', NULL),
	(140, 139, 2, '2018-08-08 17:36:44', '2018-08-08 17:36:44', NULL),
	(141, 140, 2, '2018-08-08 17:36:44', '2018-08-08 17:36:44', NULL),
	(142, 141, 2, '2018-08-08 17:36:44', '2018-08-08 17:36:44', NULL),
	(143, 142, 2, '2018-08-08 17:36:45', '2018-08-08 17:36:45', NULL),
	(144, 143, 2, '2018-08-08 17:36:45', '2018-08-08 17:36:45', NULL),
	(145, 144, 2, '2018-08-08 17:36:45', '2018-08-08 17:36:45', NULL),
	(146, 145, 2, '2018-08-08 17:36:45', '2018-08-08 17:36:45', NULL);

-- Dumping structure for table classylab.user_role_category
CREATE TABLE IF NOT EXISTS `user_role_category` (
  `RoleCategoryID` bigint(22) NOT NULL AUTO_INCREMENT,
  `RoleCategoryName` varchar(250) CHARACTER SET utf8 COLLATE utf8_unicode_ci DEFAULT NULL,
  `RoleRouteName` varchar(250) CHARACTER SET utf8 COLLATE utf8_unicode_ci DEFAULT NULL,
  `created_at` datetime DEFAULT NULL,
  `updated_at` datetime DEFAULT NULL,
  `deleted_at` datetime DEFAULT NULL,
  PRIMARY KEY (`RoleCategoryID`)
) ENGINE=InnoDB AUTO_INCREMENT=146 DEFAULT CHARSET=latin1;

-- Dumping data for table classylab.user_role_category: ~145 rows (approximately)
DELETE FROM `user_role_category`;
INSERT INTO `user_role_category` (`RoleCategoryID`, `RoleCategoryName`, `RoleRouteName`, `created_at`, `updated_at`, `deleted_at`) VALUES
	(1, 'Sales Panel', 'Sales', '2018-07-23 18:43:31', '2018-07-23 18:43:31', NULL),
	(2, 'Admin Dashboard', 'Dashboard', '2018-07-23 18:43:31', '2018-07-23 18:43:31', NULL),
	(3, 'Product Start Page', 'Product', '2018-07-23 18:43:31', '2018-07-23 18:43:31', NULL),
	(4, 'Show the List of all  Products', 'Product/List', '2018-07-23 18:43:31', '2018-07-23 18:43:31', NULL),
	(5, 'Add a New Product from Admin', 'Product/New', '2018-07-23 18:43:31', '2018-07-23 18:43:31', NULL),
	(6, 'Show the Details of a Product', 'Product/Details', '2018-07-23 18:43:31', '2018-07-23 18:43:31', NULL),
	(7, 'Edit a Single Product', 'Product/Edit', '2018-07-23 18:43:31', '2018-07-23 18:43:31', NULL),
	(8, 'Delete a Single Product', 'Product/Delete', '2018-07-23 18:43:31', '2018-07-23 18:43:31', NULL),
	(9, 'Edit the distribution of a single product to shops', 'Product/Distribute/Edit', '2018-07-23 18:43:31', '2018-07-23 18:43:31', NULL),
	(10, 'Product Category List', 'Product/Category', '2018-07-23 18:43:31', '2018-07-23 18:43:31', NULL),
	(11, 'Distribute Products into a Single Shop', 'Product/Distribute', '2018-07-23 18:43:31', '2018-07-23 18:43:31', NULL),
	(12, 'Print Products Barcode', 'Product/Barcode', '2018-07-23 18:43:31', '2018-07-23 18:43:31', NULL),
	(13, 'List All the Purchase Options', 'Product/Purchase', '2018-07-23 18:43:31', '2018-07-23 18:43:31', NULL),
	(14, 'Purchase New Products', 'Product/Purchase/New', '2018-07-23 18:43:31', '2018-07-23 18:43:31', NULL),
	(15, 'Return Purchased Products ', 'Product/Purchase/Return', '2018-07-23 18:43:31', '2018-07-23 18:43:31', NULL),
	(16, 'List All Purchases', 'Product/Purchase/List', '2018-07-23 18:43:31', '2018-07-23 18:43:31', NULL),
	(17, 'Show All The Returned Purchases', 'Product/Purchase/Return/List', '2018-07-23 18:43:31', '2018-07-23 18:43:31', NULL),
	(18, 'Inventory Check', 'Product/Inventory', '2018-07-23 18:43:31', '2018-07-23 18:43:31', NULL),
	(19, 'Vendor Start Page', 'Vendor', '2018-07-23 18:43:31', '2018-07-23 18:43:31', NULL),
	(20, 'Add A New Vendor From Admin', 'Vendor/New', '2018-07-23 18:43:31', '2018-07-23 18:43:31', NULL),
	(21, 'Show the List of All Vendors', 'Vendor/List', '2018-07-23 18:43:31', '2018-07-23 18:43:31', NULL),
	(22, 'Edit A Vendor', 'Vendor/Edit', '2018-07-23 18:43:31', '2018-07-23 18:43:31', NULL),
	(23, 'Delete A Vendor', 'Vendor/Delete', '2018-07-23 18:43:31', '2018-07-23 18:43:31', NULL),
	(24, 'Payment of a Vendor', 'Vendor/Payment', '2018-07-23 18:43:31', '2018-07-23 18:43:31', NULL),
	(25, 'Details of a Vendor', 'Vendor/Details', '2018-07-23 18:43:31', '2018-07-23 18:43:31', NULL),
	(26, 'Show the Ledger of a Vendor', 'Vendor/Ledger', '2018-07-23 18:43:31', '2018-07-23 18:43:31', NULL),
	(27, 'Edit the Ledger of a Vendor', 'Vendor/Ledger/Edit', '2018-07-23 18:43:31', '2018-07-23 18:43:31', NULL),
	(28, 'Delete the Ledger of a Vendor', 'Vendor/Ledger/Delete', '2018-07-23 18:43:31', '2018-07-23 18:43:31', NULL),
	(29, 'Customer Start Page', 'Customer', '2018-07-23 18:43:31', '2018-07-23 18:43:31', NULL),
	(30, 'Add A New Customer from Admin', 'Customer/New', '2018-07-23 18:43:31', '2018-07-23 18:43:31', NULL),
	(31, 'Customer List', 'Customer/List', '2018-07-23 18:43:31', '2018-07-23 18:43:31', NULL),
	(32, 'Customer Details', 'Customer/Details', '2018-07-23 18:43:31', '2018-07-23 18:43:31', NULL),
	(33, 'Customer Edit', 'Customer/Edit', '2018-07-23 18:43:31', '2018-07-23 18:43:31', NULL),
	(34, 'Customer Delete', 'Customer/Delete', '2018-07-23 18:43:31', '2018-07-23 18:43:31', NULL),
	(35, 'Customer Ledger', 'Customer/Ledger', '2018-07-23 18:43:31', '2018-07-23 18:43:31', NULL),
	(36, 'Customer Ledger Edit', 'Customer/Ledger/Edit', '2018-07-23 18:43:31', '2018-07-23 18:43:31', NULL),
	(37, 'Customer Ledger Delete', 'Customer/Ledger/Delete', '2018-07-23 18:43:31', '2018-07-23 18:43:31', NULL),
	(38, 'Customer Payment', 'Customer/Payment', '2018-07-23 18:43:31', '2018-07-23 18:43:31', NULL),
	(39, 'Accounts Page', 'Accounts', '2018-07-23 18:43:31', '2018-07-23 18:43:31', NULL),
	(40, 'Add New Income', 'Income/New', '2018-07-23 18:43:31', '2018-07-23 18:43:31', NULL),
	(41, 'List of All Incomes', 'Income/Lsit', '2018-07-23 18:43:31', '2018-07-23 18:43:31', NULL),
	(42, 'Add New Expense', 'Expense/New', '2018-07-23 18:43:31', '2018-07-23 18:43:31', NULL),
	(43, 'List All Expenses', 'Expense/List', '2018-07-23 18:43:31', '2018-07-23 18:43:31', NULL),
	(44, 'Income Category', 'Income/Category', '2018-07-23 18:43:31', '2018-07-23 18:43:31', NULL),
	(45, 'Expense Category', 'Expense/Category', '2018-07-23 18:43:31', '2018-07-23 18:43:31', NULL),
	(46, 'Income Edit', 'Income/Edit', '2018-07-23 18:43:31', '2018-07-23 18:43:31', NULL),
	(47, 'Expense Edit', 'Expense/Edit', '2018-07-23 18:43:31', '2018-07-23 18:43:31', NULL),
	(48, 'Income Delete', 'Income/Delete', '2018-07-23 18:43:31', '2018-07-23 18:43:31', NULL),
	(49, 'Expense Delete', 'Expense/Delete', '2018-07-23 18:43:31', '2018-07-23 18:43:31', NULL),
	(50, 'Bank Start Page', 'Bank', '2018-07-23 18:43:31', '2018-07-23 18:43:31', NULL),
	(51, 'Add a New Bank', 'Bank/New', '2018-07-23 18:43:31', '2018-07-23 18:43:31', NULL),
	(52, 'List of all Banks', 'Bank/List', '2018-07-23 18:43:31', '2018-07-23 18:43:31', NULL),
	(53, 'Details of a Bank', 'Bank/Details', '2018-07-23 18:43:31', '2018-07-23 18:43:31', NULL),
	(54, 'Edit a Bank', 'Bank/Edit', '2018-07-23 18:43:31', '2018-07-23 18:43:31', NULL),
	(55, 'Delete A Bank', 'Bank/Delete', '2018-07-23 18:43:31', '2018-07-23 18:43:31', NULL),
	(56, 'Ledger List of a Bank', 'Bank/Ledger/List', '2018-07-23 18:43:31', '2018-07-23 18:43:31', NULL),
	(57, 'Bank Ledger Edit', 'Bank/Ledger/Edit', '2018-07-23 18:43:31', '2018-07-23 18:43:31', NULL),
	(58, 'Bank Ledger Delete', 'Bank/Ledger/Delete', '2018-07-23 18:43:31', '2018-07-23 18:43:31', NULL),
	(59, 'Bank Deposit', 'Bank/Deposit', '2018-07-23 18:43:31', '2018-07-23 18:43:31', NULL),
	(60, 'Bank Withdraw', 'Bank/Withdraw', '2018-07-23 18:43:31', '2018-07-23 18:43:31', NULL),
	(61, 'Shop Start Page', 'Shop', '2018-07-23 18:43:31', '2018-07-23 18:43:31', NULL),
	(62, 'Start a  New Shop', 'Shop/New', '2018-07-23 18:43:31', '2018-07-23 18:43:31', NULL),
	(63, 'Edit a Shop Information', 'Shop/Edit', '2018-07-23 18:43:31', '2018-07-23 18:43:31', NULL),
	(64, 'List all Shops', 'Shop/List', '2018-07-23 18:43:31', '2018-07-23 18:43:31', NULL),
	(65, 'User Start Page', 'User', '2018-07-23 18:43:31', '2018-07-23 18:43:31', NULL),
	(66, 'Create a New User', 'User/New', '2018-07-23 18:43:31', '2018-07-23 18:43:31', NULL),
	(67, 'List all the Users', 'User/List', '2018-07-23 18:43:31', '2018-07-23 18:43:31', NULL),
	(68, 'Show the details of a Customer', 'User/Details', '2018-07-23 18:43:31', '2018-07-23 18:43:31', NULL),
	(69, 'Edit a User', 'User/Edit', '2018-07-23 18:43:31', '2018-07-23 18:43:31', NULL),
	(70, 'Delete a User', 'User/Delete', '2018-07-23 18:43:31', '2018-07-23 18:43:31', NULL),
	(71, 'Permission List  of an User', 'User/Permission', '2018-07-23 18:43:31', '2018-07-23 18:43:31', NULL),
	(72, 'Waste Start Page', 'Waste', '2018-07-23 18:43:31', '2018-07-23 18:43:31', NULL),
	(73, 'Add a New Waste', 'Waste/New', '2018-07-23 18:43:31', '2018-07-23 18:43:31', NULL),
	(74, 'List all Wastes', 'Waste/List', '2018-07-23 18:43:31', '2018-07-23 18:43:31', NULL),
	(75, 'Edit a Waste ', 'Waste/Edit', '2018-07-23 18:43:31', '2018-07-23 18:43:31', NULL),
	(76, 'Delete a Waste', 'Waste/Delete', '2018-07-23 18:43:31', '2018-07-23 18:43:31', NULL),
	(77, 'Report start Page', 'Report', '2018-07-23 18:43:31', '2018-07-23 18:43:31', NULL),
	(78, 'Product Report', 'Report/Product', '2018-07-23 18:43:31', '2018-07-23 18:43:31', NULL),
	(79, 'Sales Report', 'Report/Sales', '2018-07-23 18:43:31', '2018-07-23 18:43:31', NULL),
	(80, 'Waste Report', 'Report/Waste', '2018-07-23 18:43:31', '2018-07-23 18:43:31', NULL),
	(81, 'Activity Report', 'Report/Activity', '2018-07-23 18:43:31', '2018-07-23 18:43:31', NULL),
	(82, 'Cash Drawer Report', 'Report/Drawer', '2018-07-23 18:43:31', '2018-07-23 18:43:31', NULL),
	(83, 'User Report', 'Report/User', '2018-07-23 18:43:31', '2018-07-23 18:43:31', NULL),
	(84, 'Customer Report', 'Report/Customer', '2018-07-23 18:43:31', '2018-07-23 18:43:31', NULL),
	(85, 'Vendor Report', 'Report/Vendor', '2018-07-23 18:43:31', '2018-07-23 18:43:31', NULL),
	(86, 'Accounts Report', 'Report/Accounts', '2018-07-23 18:43:31', '2018-07-23 18:43:31', NULL),
	(87, 'Bank Report', 'Report/Bank', '2018-07-23 18:43:31', '2018-07-23 18:43:31', NULL),
	(88, 'Tax Report', 'Report/Tax', '2018-07-23 18:43:31', '2018-07-23 18:43:31', NULL),
	(89, 'Settings of On Screen button Products ', 'OnScreenButton', '2018-07-23 18:43:31', '2018-07-23 18:43:31', NULL),
	(90, 'Settings of Payment Methods', 'PaymentMethod', '2018-07-23 18:43:31', '2018-07-23 18:43:31', NULL),
	(91, 'Settings of User Roles', 'User/Role', '2018-07-23 18:43:31', '2018-07-23 18:43:31', NULL),
	(92, 'Settings of Invoice', 'Invoice/Settings', '2018-07-23 18:43:31', '2018-07-23 18:43:31', NULL),
	(93, 'Settings of Tax', 'Tax', '2018-07-23 18:43:31', '2018-07-23 18:43:31', NULL),
	(94, 'Tax Edit', 'Tax/Edit', '2018-07-23 18:43:31', '2018-07-23 18:43:31', NULL),
	(95, 'Tax Delete', 'Tax/Delete', '2018-07-23 18:43:31', '2018-07-23 18:43:31', NULL),
	(96, 'Overall Vat for Sales Panel', 'Vat', '2018-07-23 18:43:31', '2018-07-23 18:43:31', NULL),
	(97, 'Sales panel Tender', 'Tender', '2018-07-23 18:43:31', '2018-07-23 18:43:31', NULL),
	(98, 'Select a Sales Man for Each Product', 'SaleBy', '2018-07-23 18:43:31', '2018-07-23 18:43:31', NULL),
	(99, 'Discount for each Individual Product', 'DiscountSingle', '2018-07-23 18:43:31', '2018-07-23 18:43:31', NULL),
	(100, 'Select vat for each Product', 'VatSingle', '2018-07-23 18:43:31', '2018-07-23 18:43:31', NULL),
	(101, 'Overall Discount for Sales Panel', 'Discount', '2018-07-23 18:43:31', '2018-07-23 18:43:31', NULL),
	(102, 'Show the details of a Product from Sales Panel', 'ProductDetails', '2018-07-23 18:43:31', '2018-07-23 18:43:31', NULL),
	(103, 'Claer All the Cart Items', 'Cancel', '2018-07-23 18:43:31', '2018-07-23 18:43:31', NULL),
	(104, 'Show Previous Invoices', 'PreviousInvoice', '2018-07-23 18:43:31', '2018-07-23 18:43:31', NULL),
	(105, 'Show Sales Summary of Shops', 'SalesSummary', '2018-07-23 18:43:31', '2018-07-23 18:43:31', NULL),
	(106, 'Show Balance Summary', 'BalanceSummary', '2018-07-23 18:43:31', '2018-07-23 18:43:31', NULL),
	(107, 'Show Notice Board', 'Notice', '2018-07-23 18:43:31', '2018-07-23 18:43:31', NULL),
	(108, 'Select a Customer of this Shop', 'CustomerSales', '2018-07-23 18:43:31', '2018-07-23 18:43:31', NULL),
	(109, 'Refund Products', 'Refund', '2018-07-23 18:43:31', '2018-07-23 18:43:31', NULL),
	(110, 'Add a New Customer from Sales Panel', 'NewCustomerSales', '2018-07-23 18:43:31', '2018-07-23 18:43:31', NULL),
	(111, 'Details of a Customer From Sales Panel', 'CustomerDetailsSales', '2018-07-23 18:43:31', '2018-07-23 18:43:31', NULL),
	(112, 'Hold Sale for a While', 'SaleHold', '2018-07-23 18:43:31', '2018-07-23 18:43:31', NULL),
	(113, 'Sale Advance', 'SaleAdvance', '2018-07-23 18:43:31', '2018-07-23 18:43:31', NULL),
	(114, 'Show All The Advanced Invoices', 'AdvancedList', '2018-07-23 18:43:31', '2018-07-23 18:43:31', NULL),
	(115, 'Show All The Held Sales', 'HeldList', '2018-07-23 18:43:31', '2018-07-23 18:43:31', NULL),
	(116, 'Add Expense from Sales Panel', 'AddExpense', '2018-07-23 18:43:31', '2018-07-23 18:43:31', NULL),
	(117, 'Summary Report of Today', 'TodaySummary', '2018-07-23 18:43:31', '2018-07-23 18:43:31', NULL),
	(118, 'List of Invoices of this Shop', 'InvoiceList', '2018-07-23 18:43:31', '2018-07-23 18:43:31', NULL),
	(119, 'Load Previous Advances for Tender', 'AdvanceLoad', '2018-07-23 18:43:31', '2018-07-23 18:43:31', NULL),
	(120, 'Delete from Advanced List', 'AdvanceDelete', '2018-07-23 18:43:31', '2018-07-23 18:43:31', NULL),
	(121, 'Print from Advance List', 'AdvancePrint', '2018-07-23 18:43:31', '2018-07-23 18:43:31', NULL),
	(122, 'Load Held Products for Tender', 'HoldLoad', '2018-07-23 18:43:31', '2018-07-23 18:43:31', NULL),
	(123, 'Delete from Held List', 'HoldDelete', '2018-07-23 18:43:31', '2018-07-23 18:43:31', NULL),
	(124, 'Print a Previous Invoice', 'InvoicePrint', '2018-07-23 18:43:31', '2018-07-23 18:43:31', NULL),
	(125, 'Show the Selected Items of the Current Shop ', 'OSB', '2018-07-23 18:43:31', '2018-07-23 18:43:31', NULL),
	(126, 'Close Balance', 'CloseBalance', '2018-07-23 18:43:31', '2018-07-23 18:43:31', NULL),
	(127, 'Open Balance', 'OpenBalance', '2018-07-23 18:43:31', '2018-07-23 18:43:31', NULL),
	(128, 'Edit Balance', 'EditBalance', '2018-07-23 18:43:31', '2018-07-23 18:43:31', NULL),
	(129, 'Open Item', 'OpenItem', '2018-07-23 18:43:31', '2018-07-23 18:43:31', NULL),
	(130, 'Order List', 'OrderList', '2018-07-23 18:43:31', '2018-07-23 18:43:31', NULL),
	(131, 'Order Open', 'Order', '2018-07-23 18:43:31', '2018-07-23 18:43:31', NULL),
	(132, 'Remove an Ordered Item from Cart', 'RemoveOrderedItemFromCart', '2018-07-23 18:43:31', '2018-07-23 18:43:31', NULL),
	(133, 'Change the Quantity of an Item in Cart', 'CartQuantityChange', '2018-07-23 18:43:31', '2018-07-23 18:43:31', NULL),
	(134, 'Remove an Item from Order List', 'OrderItemRemove', '2018-07-23 18:43:31', '2018-07-23 18:43:31', NULL),
	(135, 'Remove an Invoiced Item from Cart', 'RemoveInvoicedItemFromCart', '2018-07-23 18:43:31', '2018-07-23 18:43:31', NULL),
	(136, 'Remove an Advanced Item from Cart', 'RemoveAdvancedItemFromCart', '2018-07-23 18:43:31', '2018-07-23 18:43:31', NULL),
	(137, 'Change The Price of an Item in Cart', 'CartPriceChange', '2018-07-23 18:43:31', '2018-07-23 18:43:31', NULL),
	(138, 'Admin Panel', 'Admin', '2018-07-23 18:43:31', '2018-07-23 18:43:31', NULL),
	(139, 'Waiter Panel', 'Waiter', '2018-07-23 18:43:31', '2018-07-23 18:43:31', NULL),
	(140, 'Cancel An Order', 'OrderCancel', '2018-07-23 18:43:31', '2018-07-23 18:43:31', NULL),
	(141, 'Print an Order Ticket', 'OrderPrint', '2018-07-23 18:43:31', '2018-07-23 18:43:31', NULL),
	(142, 'Details of a Customer', 'CustomerDetails', '2018-07-23 18:43:31', '2018-07-23 18:43:31', NULL),
	(143, 'Reprint an Invoice from Sales Panel', 'InvoiceReprint', '2018-07-23 18:43:31', '2018-07-23 18:43:31', NULL),
	(144, 'Change Invoiced Product Quantity', 'InvoicedQuantityChange', '2018-07-23 18:43:31', '2018-07-23 18:43:31', NULL),
	(145, 'Discount Limit', 'DiscountLimit', '2018-07-23 18:43:31', '2018-07-23 18:43:31', NULL);

-- Dumping structure for table classylab.vendor
CREATE TABLE IF NOT EXISTS `vendor` (
  `VendorID` bigint(20) NOT NULL AUTO_INCREMENT,
  `VendorName` varchar(250) CHARACTER SET utf8 COLLATE utf8_unicode_ci DEFAULT NULL,
  `ContactName` varchar(250) CHARACTER SET utf8 COLLATE utf8_unicode_ci DEFAULT NULL,
  `Address` varchar(500) CHARACTER SET utf8 COLLATE utf8_unicode_ci DEFAULT NULL,
  `City` varchar(250) CHARACTER SET utf8 COLLATE utf8_unicode_ci DEFAULT NULL,
  `Province` varchar(250) CHARACTER SET utf8 COLLATE utf8_unicode_ci DEFAULT NULL,
  `ZipCode` varchar(250) CHARACTER SET utf8 COLLATE utf8_unicode_ci DEFAULT NULL,
  `Country` varchar(250) CHARACTER SET utf8 COLLATE utf8_unicode_ci DEFAULT NULL,
  `Phone1` varchar(250) CHARACTER SET utf8 COLLATE utf8_unicode_ci DEFAULT NULL,
  `Phone2` varchar(250) CHARACTER SET utf8 COLLATE utf8_unicode_ci DEFAULT NULL,
  `Fax` varchar(250) CHARACTER SET utf8 COLLATE utf8_unicode_ci DEFAULT NULL,
  `Email` varchar(250) CHARACTER SET utf8 COLLATE utf8_unicode_ci DEFAULT NULL,
  `Website` varchar(250) CHARACTER SET utf8 COLLATE utf8_unicode_ci DEFAULT NULL,
  `VendorImg` varchar(500) CHARACTER SET utf8 COLLATE utf8_unicode_ci DEFAULT NULL,
  `InactiveVendor` bit(1) DEFAULT b'0',
  `created_at` datetime DEFAULT NULL,
  `updated_at` datetime DEFAULT NULL,
  `deleted_at` datetime DEFAULT NULL,
  PRIMARY KEY (`VendorID`)
) ENGINE=InnoDB AUTO_INCREMENT=29 DEFAULT CHARSET=latin1;

-- Dumping data for table classylab.vendor: ~20 rows (approximately)
DELETE FROM `vendor`;
INSERT INTO `vendor` (`VendorID`, `VendorName`, `ContactName`, `Address`, `City`, `Province`, `ZipCode`, `Country`, `Phone1`, `Phone2`, `Fax`, `Email`, `Website`, `VendorImg`, `InactiveVendor`, `created_at`, `updated_at`, `deleted_at`) VALUES
	(1, 'GUHAA', '', '', '', '', '', '', '', '', NULL, '', '', '1elgamal.jpg', b'0', '2017-12-21 14:03:14', '2018-04-08 11:54:25', NULL),
	(2, 'Pias Vai', '0123456', 'Khulna', 'khulna', 'khulna', '9100', 'Bangladesh', '01911627524', '01911627524', '1911627524', 'bappy@gmail.com', '', '', b'0', '2017-12-26 22:46:46', '2017-12-26 22:46:46', NULL),
	(3, 'ABUL', 'ABUL', 'Khan jahan ali road', 'Khulna', 'Khulna', '3100', 'Bangladesh', '041812123', '01916401733', '', 'ABULthevendor@gmail.com', 'cricinfo.com', '3Water.jpg', b'0', '2018-01-01 15:36:50', '2018-03-24 19:48:13', NULL),
	(4, 'CATA', '', '', '', '', '', '', '', '', '', '', '', '4cattt.jpeg', b'0', '2018-01-01 17:29:59', '2018-03-24 19:51:27', NULL),
	(5, 'Aziz', NULL, NULL, NULL, NULL, NULL, NULL, NULL, NULL, NULL, NULL, NULL, NULL, b'0', '2018-01-20 11:08:29', '2018-01-20 11:08:29', NULL),
	(6, 'Azhar', 'Azhar', 'Dhaka', 'Dhaka', 'Dhaka', '2100', 'Bangladesh', '01713009981', '041812124', NULL, 'AzharVendor@gmail.com', 'Azharvendor.com', '6lexux biscut.jpg', b'0', '2018-01-22 18:39:35', '2018-04-08 11:50:34', NULL),
	(7, 'Asad', 'Asad', 'Damascus', 'Damascus', 'Damascus', '2100', 'Syria', '08123555111', '041812123', NULL, 'Asad@gmail.com', 'AsadPresident.com', NULL, b'0', '2018-01-22 18:54:07', '2018-01-22 18:54:07', NULL),
	(8, 'Riad', 'Riad', 'Hosenigang', 'Rajshahi', 'Rajshahi', '3211', 'Bangladesh', '04133221', '01917665544', '3200', 'RiadtheVendor@gmail.com', 'RiadStore@gmail.com', '', b'0', '2018-01-23 21:18:00', '2018-01-23 21:27:13', NULL),
	(9, 'Mughal\'s Dine', '', '', '', '', '', '', '', '', NULL, '', '', NULL, b'1', '2018-02-01 11:28:09', '2018-04-08 10:51:14', NULL),
	(10, 'Aziz Ali', '', '', '', '', '', '', '', '', NULL, '', '', NULL, b'1', '2018-02-22 11:34:19', '2018-04-08 20:08:24', NULL),
	(11, 'Jikra', 'Jakir', 'Mumbai', '', '', '', '', '', '', NULL, '', '', NULL, b'1', '2018-02-22 11:56:00', '2018-04-08 11:47:06', NULL),
	(12, 'Mark', 'Waugh', '', 'Sydney', '', '', '', '', '', NULL, '', '', NULL, b'0', '2018-02-22 11:59:31', '2018-03-19 19:31:28', NULL),
	(13, 'Jakir Hussain', '', '', '', '', '', '', '', '', NULL, '', '', NULL, b'1', '2018-02-22 12:40:03', '2018-04-08 11:43:05', NULL),
	(17, 'Misti Mohol', NULL, NULL, NULL, NULL, NULL, NULL, NULL, NULL, NULL, NULL, NULL, NULL, b'0', '2018-02-22 12:47:50', '2018-02-22 12:47:50', NULL),
	(21, 'BOSONTO', '', '', '', '', '', '', '', '', NULL, '', '', '21Catu.jpeg', b'1', '2018-03-14 17:57:25', '2018-04-08 12:20:44', NULL),
	(23, 'EASY', NULL, NULL, NULL, NULL, NULL, NULL, NULL, NULL, NULL, NULL, NULL, NULL, b'0', '2018-03-14 17:57:26', '2018-03-14 17:57:26', NULL),
	(24, 'MOBILE GARDEN', '', '', '', '', '', '', '', '', NULL, '', '', NULL, b'1', '2018-04-03 20:16:49', '2018-04-08 10:35:30', NULL),
	(25, 'SHIRAZ AND COMPANY', '', '', '', '', '', '', '', '', NULL, '', '', NULL, b'1', '2018-04-03 20:16:49', '2018-04-07 20:57:33', NULL),
	(27, 'B.P. STORE', '', '', '', '', '', '', '', '', NULL, '', '', '271soup.jpeg', b'1', '2018-04-03 20:16:50', '2018-04-08 11:51:32', NULL),
	(28, 'Toufiq', 'Toufiq', 'dhaka', 'dhaka', 'dhaka', '3100', 'Bangladesh', '01712009956', '435689787654', NULL, 'toufiq@gmail.com', 'toufiq.blogspot.com', NULL, b'0', '2018-08-26 14:08:26', '2018-08-26 14:08:26', NULL);

-- Dumping structure for table classylab.vendor_balance
CREATE TABLE IF NOT EXISTS `vendor_balance` (
  `BalanceID` bigint(20) NOT NULL AUTO_INCREMENT,
  `VendorID` bigint(20) NOT NULL,
  `Balance` decimal(20,2) NOT NULL DEFAULT '0.00',
  `created_at` datetime DEFAULT NULL,
  `updated_at` datetime DEFAULT NULL,
  `deleted_at` datetime DEFAULT NULL,
  PRIMARY KEY (`BalanceID`)
) ENGINE=InnoDB AUTO_INCREMENT=29 DEFAULT CHARSET=latin1;

-- Dumping data for table classylab.vendor_balance: ~26 rows (approximately)
DELETE FROM `vendor_balance`;
INSERT INTO `vendor_balance` (`BalanceID`, `VendorID`, `Balance`, `created_at`, `updated_at`, `deleted_at`) VALUES
	(1, 1, 5006.00, '2017-12-21 14:03:14', '2018-05-27 13:09:02', NULL),
	(2, 2, 10015360.00, '2017-12-26 22:46:47', '2018-04-02 12:53:52', NULL),
	(3, 3, 59578.00, '2018-01-01 15:36:51', '2018-04-07 20:12:46', NULL),
	(4, 4, 26881.00, '2018-01-01 17:30:00', '2018-04-07 13:53:06', NULL),
	(5, 5, 300.00, '2018-01-20 11:08:29', '2018-03-29 12:53:43', NULL),
	(6, 6, 350.00, '2018-01-22 18:39:36', '2018-04-05 19:47:41', NULL),
	(7, 7, -14575.00, '2018-01-22 18:54:07', '2018-05-27 13:09:33', NULL),
	(8, 8, 85450.00, '2018-01-23 21:18:00', '2018-03-27 10:06:53', NULL),
	(9, 9, 0.00, '2018-02-01 11:28:09', '2018-02-01 11:28:09', NULL),
	(10, 10, -420.00, '2018-02-22 11:34:19', '2018-04-05 20:40:46', NULL),
	(11, 11, 0.00, '2018-02-22 11:56:00', '2018-02-22 11:56:00', NULL),
	(12, 12, 198800.00, '2018-02-22 11:59:31', '2018-04-05 19:20:46', NULL),
	(13, 13, 0.00, '2018-02-22 12:40:03', '2018-02-22 12:40:03', NULL),
	(15, 15, 0.00, '2018-02-22 12:42:53', '2018-02-22 12:42:53', NULL),
	(16, 16, 0.00, '2018-02-22 12:45:25', '2018-02-22 12:45:25', NULL),
	(17, 17, 0.00, '2018-02-22 12:47:50', '2018-02-22 12:47:50', NULL),
	(18, 18, 0.00, '2018-02-22 12:58:18', '2018-02-22 12:58:18', NULL),
	(19, 19, 0.00, '2018-02-22 13:04:00', '2018-02-22 13:04:00', NULL),
	(20, 20, 0.00, '2018-02-22 13:04:54', '2018-02-22 13:04:54', NULL),
	(21, 21, 160.00, '2018-03-14 17:57:25', '2018-04-05 19:58:29', NULL),
	(22, 22, 0.00, '2018-03-14 17:57:25', '2018-03-14 17:57:25', NULL),
	(23, 23, 22792.00, '2018-03-14 17:57:26', '2018-04-07 13:51:59', NULL),
	(24, 24, 0.00, '2018-04-03 20:16:49', '2018-04-03 20:16:49', NULL),
	(25, 25, 0.00, '2018-04-03 20:16:49', '2018-04-07 19:45:15', NULL),
	(27, 27, 20000.00, '2018-04-03 20:16:50', '2018-04-05 19:17:50', NULL),
	(28, 28, 0.00, '2018-08-26 14:08:26', '2018-08-26 14:08:26', NULL);

-- Dumping structure for table classylab.vendor_ledger
CREATE TABLE IF NOT EXISTS `vendor_ledger` (
  `LedgerID` bigint(22) NOT NULL AUTO_INCREMENT,
  `VendorID` bigint(22) DEFAULT NULL,
  `InvoiceID` bigint(22) DEFAULT NULL,
  `Debit` decimal(11,4) DEFAULT '0.0000',
  `Credit` decimal(11,4) DEFAULT '0.0000',
  `Balance` decimal(11,4) DEFAULT '0.0000',
  `created_at` datetime DEFAULT NULL,
  `updated_at` datetime DEFAULT NULL,
  `deleted_at` datetime DEFAULT NULL,
  PRIMARY KEY (`LedgerID`)
) ENGINE=InnoDB AUTO_INCREMENT=448 DEFAULT CHARSET=latin1;

-- Dumping data for table classylab.vendor_ledger: ~441 rows (approximately)
DELETE FROM `vendor_ledger`;
INSERT INTO `vendor_ledger` (`LedgerID`, `VendorID`, `InvoiceID`, `Debit`, `Credit`, `Balance`, `created_at`, `updated_at`, `deleted_at`) VALUES
	(1, 1, 0, 0.0000, 0.0000, 0.0000, '2017-12-21 14:03:14', '2017-12-21 14:03:14', NULL),
	(2, 2, 0, 0.0000, 0.0000, 0.0000, '2017-12-26 22:46:47', '2017-12-26 22:46:47', NULL),
	(3, 3, 0, 0.0000, 0.0000, 0.0000, '2018-01-01 15:36:51', '2018-01-01 15:36:51', NULL),
	(4, 4, 0, 0.0000, 0.0000, 0.0000, '2018-01-01 17:30:00', '2018-01-01 17:30:00', NULL),
	(5, 5, 0, 0.0000, 0.0000, 0.0000, '2018-01-20 11:08:30', '2018-01-20 11:08:30', NULL),
	(6, 6, 0, 0.0000, 0.0000, 0.0000, '2018-01-22 18:39:36', '2018-01-22 18:39:36', NULL),
	(7, 7, 0, 0.0000, 0.0000, 0.0000, '2018-01-22 18:54:08', '2018-01-22 18:54:08', NULL),
	(11, 7, 345345, 0.0000, -2000.0000, -2000.0000, '2018-01-22 20:11:00', '2018-01-22 20:11:00', NULL),
	(12, 2, 4, 200.0000, 1800.0000, 1600.0000, '2018-01-23 12:45:41', '2018-01-23 12:45:41', NULL),
	(13, 2, 5, 30000.0000, 30000.0000, 0.0000, '2018-01-23 13:19:00', '2018-01-23 13:19:00', NULL),
	(14, 3, 6, 2000.0000, 10000.0000, 8000.0000, '2018-01-23 20:28:11', '2018-01-23 20:28:11', NULL),
	(15, 8, 0, 0.0000, 0.0000, 0.0000, '2018-01-23 21:18:01', '2018-01-23 21:18:01', NULL),
	(16, 5, 7, 2000.0000, 3000.0000, 1000.0000, '2018-01-24 11:28:33', '2018-01-24 11:28:33', NULL),
	(17, 8, 8, 70000.0000, 117000.0000, 47000.0000, '2018-01-25 12:59:45', '2018-01-25 12:59:45', NULL),
	(18, 5, 9, 1000.0000, 2000.0000, 1000.0000, '2018-01-25 13:07:13', '2018-01-25 13:07:13', NULL),
	(19, 8, 10, 12000.0000, 18000.0000, 6000.0000, '2018-01-25 13:11:46', '2018-01-25 13:11:46', NULL),
	(20, 4, 11, 12000.0000, 20000.0000, 8000.0000, '2018-01-25 13:12:52', '2018-01-25 13:12:52', NULL),
	(21, 9, 0, 0.0000, 0.0000, 0.0000, '2018-02-01 11:28:09', '2018-02-01 11:28:09', NULL),
	(22, 3, 12, 12000.0000, 20000.0000, 8000.0000, '2018-02-01 13:11:18', '2018-02-01 13:11:18', NULL),
	(23, 2, 13, 22000.0000, 30000.0000, 8000.0000, '2018-02-01 19:09:07', '2018-02-01 19:09:07', NULL),
	(24, 8, 14, 6000.0000, 12000.0000, 6000.0000, '2018-02-04 14:06:43', '2018-02-04 14:06:43', NULL),
	(25, 4, 15, 3000.0000, 10000.0000, 7000.0000, '2018-02-04 14:10:41', '2018-02-04 14:10:41', NULL),
	(26, 8, 16, 3000.0000, 10000.0000, 7000.0000, '2018-02-04 14:15:35', '2018-02-04 14:15:35', NULL),
	(27, 3, 17, 3400.0000, 10000.0000, 6600.0000, '2018-02-04 14:17:40', '2018-02-04 14:17:40', NULL),
	(28, 8, 18, 13000.0000, 24000.0000, 11000.0000, '2018-02-04 14:19:52', '2018-02-04 14:19:52', NULL),
	(29, 8, 19, 12000.0000, 20000.0000, 8000.0000, '2018-02-04 18:26:07', '2018-02-04 18:26:07', NULL),
	(30, 2, 20, 11000.0000, 20000.0000, 9000.0000, '2018-02-04 18:28:53', '2018-02-04 18:28:53', NULL),
	(31, 3, 21, 70000.0000, 120000.0000, 50000.0000, '2018-02-10 21:19:31', '2018-02-10 21:19:31', NULL),
	(32, 2, 22, 9999999.9999, 9999999.9999, 9999999.0000, '2018-02-10 21:31:36', '2018-02-10 21:31:36', NULL),
	(33, 4, 23, 22000.0000, 30000.0000, 8000.0000, '2018-02-10 21:45:40', '2018-02-10 21:45:40', NULL),
	(34, 10, 0, 0.0000, 0.0000, 0.0000, '2018-02-22 11:34:19', '2018-02-22 11:34:19', NULL),
	(35, 11, 0, 0.0000, 0.0000, 0.0000, '2018-02-22 11:56:00', '2018-02-22 11:56:00', NULL),
	(36, 12, 0, 0.0000, 0.0000, 0.0000, '2018-02-22 11:59:31', '2018-02-22 11:59:31', NULL),
	(37, 12, 24, 1000000.0000, 1200000.0000, 200000.0000, '2018-02-22 12:01:18', '2018-02-22 12:01:18', NULL),
	(38, 13, 0, 0.0000, 0.0000, 0.0000, '2018-02-22 12:40:03', '2018-02-22 12:40:03', NULL),
	(40, 15, 0, 0.0000, 0.0000, 0.0000, '2018-02-22 12:42:53', '2018-02-22 12:42:53', NULL),
	(41, 16, 0, 0.0000, 0.0000, 0.0000, '2018-02-22 12:45:25', '2018-02-22 12:45:25', NULL),
	(42, 17, 0, 0.0000, 0.0000, 0.0000, '2018-02-22 12:47:50', '2018-02-22 12:47:50', NULL),
	(43, 18, 0, 0.0000, 0.0000, 0.0000, '2018-02-22 12:58:18', '2018-02-22 12:58:18', NULL),
	(44, 19, 0, 0.0000, 0.0000, 0.0000, '2018-02-22 13:04:01', '2018-02-22 13:04:01', NULL),
	(45, 20, 0, 0.0000, 0.0000, 0.0000, '2018-02-22 13:04:54', '2018-02-22 13:04:54', NULL),
	(46, 3, 25, 300000.0000, 320320.0000, 20320.0000, '2018-02-22 14:01:00', '2018-02-22 14:01:00', NULL),
	(47, 3, 26, 0.0000, 10000.0000, 10000.0000, '2018-02-24 12:54:00', '2018-02-24 12:54:00', NULL),
	(48, 2, 27, 3200.0000, 10000.0000, 6800.0000, '2018-02-24 12:54:39', '2018-02-24 12:54:39', NULL),
	(49, 2, 28, 0.0000, 18700.0000, 18700.0000, '2018-02-24 13:05:33', '2018-02-24 13:05:33', NULL),
	(50, 2, 29, 0.0000, 10000.0000, 10000.0000, '2018-02-24 13:07:00', '2018-02-24 13:07:00', NULL),
	(51, 1, 30, 0.0000, 100.0000, 100.0000, '2018-02-24 13:08:06', '2018-02-24 13:08:06', NULL),
	(52, 2, 31, 0.0000, 1100.0000, 1100.0000, '2018-02-24 13:09:37', '2018-02-24 13:09:37', NULL),
	(53, 2, 32, 12.0000, 400.0000, 388.0000, '2018-02-24 13:16:05', '2018-02-24 13:16:05', NULL),
	(54, 2, 33, 200.0000, 10000.0000, 9800.0000, '2018-02-24 13:23:52', '2018-02-24 13:23:52', NULL),
	(55, 2, 34, 210.0000, 1200.0000, 990.0000, '2018-02-24 13:24:56', '2018-02-24 13:24:56', NULL),
	(56, 2, 35, 1200.0000, 4500.0000, 3300.0000, '2018-02-24 13:45:18', '2018-02-24 13:45:18', NULL),
	(57, 2, 36, 1.0000, 500.0000, 499.0000, '2018-02-24 13:49:44', '2018-02-24 13:49:44', NULL),
	(58, 2, 37, 0.0000, 10000.0000, 10000.0000, '2018-02-24 13:59:17', '2018-02-24 13:59:17', NULL),
	(59, 0, 38, 0.0000, 800.0000, 800.0000, '2018-02-24 14:01:11', '2018-02-24 14:01:11', NULL),
	(60, 2, 39, 0.0000, 100.0000, 100.0000, '2018-02-24 14:02:35', '2018-02-24 14:02:35', NULL),
	(61, 0, 40, 0.0000, 500.0000, 500.0000, '2018-02-24 14:08:30', '2018-02-24 14:08:30', NULL),
	(62, 2, 41, 0.0000, 100.0000, 100.0000, '2018-02-24 14:10:53', '2018-02-24 14:10:53', NULL),
	(63, 2, 42, 0.0000, 4400.0000, 4400.0000, '2018-02-24 14:45:03', '2018-02-24 14:45:03', NULL),
	(64, 2, 43, 800000.0000, 1000000.0000, 200000.0000, '2018-02-26 12:24:37', '2018-02-26 12:24:37', NULL),
	(65, 2, 44, 9999999.9999, 9999999.9999, 0.0000, '2018-02-26 12:26:18', '2018-02-26 12:26:18', NULL),
	(66, 2, 45, 12000.0000, 13000.0000, 1000.0000, '2018-02-26 19:46:19', '2018-02-26 19:46:19', NULL),
	(67, 1, 46, 30.0000, 30.0000, 0.0000, '2018-03-12 19:56:06', '2018-03-12 19:56:06', NULL),
	(68, 1, 47, 0.0000, 20.0000, 20.0000, '2018-03-12 19:56:53', '2018-03-12 19:56:53', NULL),
	(69, 2, 48, 12.0000, 30.0000, 18.0000, '2018-03-12 21:02:12', '2018-03-12 21:02:12', NULL),
	(70, 2, 49, 0.0000, 100.0000, 100.0000, '2018-03-12 21:04:24', '2018-03-12 21:04:24', NULL),
	(71, 2, 50, 0.0000, 30.0000, 30.0000, '2018-03-12 21:04:54', '2018-03-12 21:04:54', NULL),
	(72, 2, 51, 100.0000, 100.0000, 0.0000, '2018-03-13 11:24:45', '2018-03-13 11:24:45', NULL),
	(73, 2, 52, 12.0000, 30.0000, 18.0000, '2018-03-13 11:31:36', '2018-03-13 11:31:36', NULL),
	(74, 2, 53, 0.0000, 1160.0000, 1160.0000, '2018-03-13 11:34:01', '2018-03-13 11:34:01', NULL),
	(75, 2, 54, 0.0000, 400.0000, 400.0000, '2018-03-13 11:35:00', '2018-03-13 11:35:00', NULL),
	(76, 2, 55, 0.0000, 30.0000, 30.0000, '2018-03-13 11:37:34', '2018-03-13 11:37:34', NULL),
	(77, 2, 56, 0.0000, 1200.0000, 1200.0000, '2018-03-13 11:38:11', '2018-03-13 11:38:11', NULL),
	(78, 21, 0, 0.0000, 0.0000, 0.0000, '2018-03-14 17:57:25', '2018-03-14 17:57:25', NULL),
	(79, 22, 0, 0.0000, 0.0000, 0.0000, '2018-03-14 17:57:25', '2018-03-14 17:57:25', NULL),
	(80, 23, 0, 0.0000, 0.0000, 0.0000, '2018-03-14 17:57:26', '2018-03-14 17:57:26', NULL),
	(82, 3, 1, 0.0000, -102930.0000, -102930.0000, '2018-03-18 14:36:59', '2018-03-18 14:36:59', NULL),
	(83, 7, 1, 0.0000, -1.0000, -1.0000, '2018-03-18 14:38:07', '2018-03-18 14:38:07', NULL),
	(84, 7, 57, 300.0000, 1632.0000, 1332.0000, '2018-03-19 17:47:51', '2018-03-19 17:47:51', NULL),
	(85, 7, 415, 0.0000, -100.0000, -100.0000, '2018-03-19 17:49:39', '2018-03-19 17:49:39', NULL),
	(86, 7, 85, 0.0000, -500.0000, -500.0000, '2018-03-19 17:50:29', '2018-03-19 17:50:29', NULL),
	(87, 7, 56756, 0.0000, -731.0000, -731.0000, '2018-03-19 18:19:45', '2018-03-19 18:19:45', NULL),
	(88, 2, 5674567, 0.0000, -10000.0000, -10000.0000, '2018-03-19 19:26:29', '2018-03-19 19:26:29', NULL),
	(89, 1, 58, 1500.0000, 7100.0000, 5600.0000, '2018-03-19 19:33:32', '2018-03-19 19:33:32', NULL),
	(90, 2, 59, 2100.0000, 3000.0000, 900.0000, '2018-03-19 19:40:43', '2018-03-19 19:40:43', NULL),
	(91, 2, 60, 322.0000, 1200.0000, 878.0000, '2018-03-19 19:53:42', '2018-03-19 19:53:42', NULL),
	(92, 2, 61, 300.0000, 360.0000, 60.0000, '2018-03-19 19:55:05', '2018-03-19 19:55:05', NULL),
	(93, 2, 62, 200.0000, 360.0000, 160.0000, '2018-03-19 19:56:14', '2018-03-19 19:56:14', NULL),
	(94, 1, 63, 200.0000, 360.0000, 160.0000, '2018-03-19 19:57:18', '2018-03-19 19:57:18', NULL),
	(95, 2, 64, 2100.0000, 3000.0000, 900.0000, '2018-03-19 19:58:47', '2018-03-19 19:58:47', NULL),
	(96, 2, 65, 200.0000, 360.0000, 160.0000, '2018-03-19 19:59:23', '2018-03-19 19:59:23', NULL),
	(97, 2, 66, 300.0000, 1200.0000, 900.0000, '2018-03-19 20:00:02', '2018-03-19 20:00:02', NULL),
	(98, 2, 67, 300.0000, 360.0000, 60.0000, '2018-03-19 20:00:37', '2018-03-19 20:00:37', NULL),
	(99, 2, 68, 2200.0000, 3000.0000, 800.0000, '2018-03-19 20:04:05', '2018-03-19 20:04:05', NULL),
	(100, 2, 69, 22.0000, 120.0000, 98.0000, '2018-03-19 20:08:05', '2018-03-19 20:08:05', NULL),
	(101, 2, 70, 222.0000, 360.0000, 138.0000, '2018-03-19 20:11:52', '2018-03-19 20:11:52', NULL),
	(102, 2, 71, 1200.0000, 1660.0000, 460.0000, '2018-03-19 20:32:46', '2018-03-19 20:32:46', NULL),
	(103, 2, 72, 300.0000, 2760.0000, 2460.0000, '2018-03-19 20:35:33', '2018-03-19 20:35:33', NULL),
	(104, 2, 73, 2100.0000, 4930.0000, 2830.0000, '2018-03-19 20:37:00', '2018-03-19 20:37:00', NULL),
	(105, 2, 74, 1300.0000, 1530.0000, 230.0000, '2018-03-19 20:38:39', '2018-03-19 20:38:39', NULL),
	(106, 2, 75, 311.0000, 1100.0000, 789.0000, '2018-03-19 20:45:50', '2018-03-19 20:45:50', NULL),
	(107, 2, 76, 111.0000, 360.0000, 249.0000, '2018-03-19 20:46:58', '2018-03-19 20:46:58', NULL),
	(108, 2, 77, 111.0000, 330.0000, 219.0000, '2018-03-19 20:47:48', '2018-03-19 20:47:48', NULL),
	(109, 2, 78, 33.0000, 330.0000, 297.0000, '2018-03-19 20:48:26', '2018-03-19 20:48:26', NULL),
	(110, 2, 79, 121.0000, 1100.0000, 979.0000, '2018-03-19 20:48:58', '2018-03-19 20:48:58', NULL),
	(111, 2, 80, 111.0000, 1100.0000, 989.0000, '2018-03-19 20:50:17', '2018-03-19 20:50:17', NULL),
	(112, 2, 81, 111.0000, 330.0000, 219.0000, '2018-03-19 20:51:02', '2018-03-19 20:51:02', NULL),
	(113, 2, 82, 120.0000, 1630.0000, 1510.0000, '2018-03-19 20:56:41', '2018-03-19 20:56:41', NULL),
	(114, 2, 83, 1200.0000, 3660.0000, 2460.0000, '2018-03-20 09:45:27', '2018-03-20 09:45:27', NULL),
	(115, 3, 84, 1200.0000, 1430.0000, 230.0000, '2018-03-20 09:53:02', '2018-03-25 10:12:29', NULL),
	(116, 2, 85, 1200.0000, 3350.0000, 2150.0000, '2018-03-20 10:08:36', '2018-03-20 10:08:36', NULL),
	(117, 2, 86, 1200.0000, 2920.0000, 1720.0000, '2018-03-20 10:10:26', '2018-03-20 10:10:26', NULL),
	(118, 2, 87, 120.0000, 1300.0000, 1180.0000, '2018-03-20 10:19:34', '2018-03-20 10:19:34', NULL),
	(119, 2, 88, 120.0000, 330.0000, 210.0000, '2018-03-20 10:20:08', '2018-03-20 10:20:08', NULL),
	(120, 2, 89, 100.0000, 330.0000, 230.0000, '2018-03-20 10:20:41', '2018-03-20 10:20:41', NULL),
	(121, 2, 90, 310.0000, 1200.0000, 890.0000, '2018-03-20 10:21:25', '2018-03-20 10:21:25', NULL),
	(122, 2, 91, 120.0000, 420.0000, 300.0000, '2018-03-20 10:22:07', '2018-03-20 10:22:07', NULL),
	(123, 1, 92, 2000.0000, 6110.0000, 4110.0000, '2018-03-20 10:35:35', '2018-03-20 10:35:35', NULL),
	(124, 2, 93, 2000.0000, 4690.0000, 2690.0000, '2018-03-20 10:36:53', '2018-03-20 10:36:53', NULL),
	(125, 2, 94, 1200.0000, 2280.0000, 1080.0000, '2018-03-20 10:37:43', '2018-03-20 10:37:43', NULL),
	(126, 2, 95, 2000.0000, 4800.0000, 2800.0000, '2018-03-20 10:38:49', '2018-03-20 10:38:49', NULL),
	(127, 2, 96, 1200.0000, 2300.0000, 1100.0000, '2018-03-20 10:39:38', '2018-03-20 10:39:38', NULL),
	(128, 2, 97, 2300.0000, 4000.0000, 1700.0000, '2018-03-20 10:56:01', '2018-03-20 10:56:01', NULL),
	(129, 2, 98, 213.0000, 1200.0000, 987.0000, '2018-03-20 10:58:48', '2018-03-20 10:58:48', NULL),
	(130, 3, 99, 2000.0000, 2760.0000, 760.0000, '2018-03-20 11:00:46', '2018-03-20 11:00:46', NULL),
	(131, 3, 100, 3400.0000, 4700.0000, 1300.0000, '2018-03-20 11:02:06', '2018-03-20 11:02:06', NULL),
	(132, 2, 101, 1200.0000, 2940.0000, 1740.0000, '2018-03-20 11:04:29', '2018-03-20 11:04:29', NULL),
	(133, 2, 102, 233.0000, 360.0000, 127.0000, '2018-03-20 11:08:24', '2018-03-20 11:08:24', NULL),
	(134, 2, 103, 100.0000, 360.0000, 260.0000, '2018-03-20 11:10:04', '2018-03-20 11:10:04', NULL),
	(135, 2, 104, 2100.0000, 2400.0000, 300.0000, '2018-03-20 11:20:07', '2018-03-20 11:20:07', NULL),
	(136, 23, 105, 1500.0000, 3250.0000, 1750.0000, '2018-03-20 11:24:52', '2018-03-20 11:24:52', NULL),
	(137, 2, 106, 240.0000, 360.0000, 120.0000, '2018-03-20 11:43:02', '2018-03-20 11:43:02', NULL),
	(138, 3, 107, 2100.0000, 2200.0000, 100.0000, '2018-03-20 11:57:55', '2018-03-20 11:57:55', NULL),
	(139, 3, 108, 1200.0000, 1650.0000, 450.0000, '2018-03-20 12:07:22', '2018-03-20 12:07:22', NULL),
	(140, 2, 109, 1200.0000, 3600.0000, 2400.0000, '2018-03-20 12:20:06', '2018-03-20 12:20:06', NULL),
	(141, 3, 110, 0.0000, 8400.0000, 8400.0000, '2018-03-20 12:56:09', '2018-03-20 12:56:09', NULL),
	(142, 2, 111, 1200.0000, 2200.0000, 1000.0000, '2018-03-20 13:04:47', '2018-03-20 13:04:47', NULL),
	(143, 3, 112, 0.0000, 1200.0000, 1200.0000, '2018-03-20 13:06:09', '2018-03-20 13:06:09', NULL),
	(144, 2, 113, 1200.0000, 1650.0000, 450.0000, '2018-03-20 13:08:03', '2018-03-20 13:08:03', NULL),
	(145, 3, 114, 444.0000, 1100.0000, 656.0000, '2018-03-20 13:10:14', '2018-03-20 13:10:14', NULL),
	(146, 2, 115, 111.0000, 360.0000, 249.0000, '2018-03-20 13:12:09', '2018-03-20 13:12:09', NULL),
	(147, 3, 116, 121.0000, 2400.0000, 2279.0000, '2018-03-20 13:12:51', '2018-03-20 13:12:51', NULL),
	(148, 3, 117, 1100.0000, 1320.0000, 220.0000, '2018-03-20 13:14:25', '2018-03-20 13:14:25', NULL),
	(149, 4, 118, 211.0000, 1100.0000, 889.0000, '2018-03-20 13:15:32', '2018-03-20 13:15:32', NULL),
	(150, 3, 119, 121.0000, 1100.0000, 979.0000, '2018-03-20 13:16:52', '2018-03-20 13:16:52', NULL),
	(151, 2, 120, 111.0000, 200.0000, 89.0000, '2018-03-20 13:17:40', '2018-03-20 13:17:40', NULL),
	(152, 2, 121, 112.0000, 1100.0000, 988.0000, '2018-03-20 13:18:39', '2018-03-20 13:18:39', NULL),
	(153, 1, 122, 129.0000, 330.0000, 201.0000, '2018-03-20 13:47:02', '2018-03-20 13:47:02', NULL),
	(154, 2, 123, 121.0000, 1320.0000, 1199.0000, '2018-03-20 13:47:49', '2018-03-20 13:47:49', NULL),
	(155, 2, 124, 212.0000, 3300.0000, 3088.0000, '2018-03-20 13:51:14', '2018-03-20 13:51:14', NULL),
	(156, 2, 125, 0.0000, 330.0000, 330.0000, '2018-03-20 13:54:50', '2018-03-20 13:54:50', NULL),
	(157, 2, 126, 121.0000, 2750.0000, 2629.0000, '2018-03-20 13:59:19', '2018-03-20 13:59:19', NULL),
	(158, 2, 127, 121.0000, 330.0000, 209.0000, '2018-03-20 14:00:25', '2018-03-20 14:00:25', NULL),
	(159, 2, 128, 21.0000, 330.0000, 309.0000, '2018-03-20 14:03:44', '2018-03-20 14:03:44', NULL),
	(160, 2, 129, 212.0000, 2530.0000, 2318.0000, '2018-03-20 14:06:07', '2018-03-20 14:06:07', NULL),
	(161, 3, 130, 21000.0000, 22200.0000, 1200.0000, '2018-03-20 14:07:38', '2018-03-20 14:07:38', NULL),
	(162, 2, 131, 2100.0000, 2750.0000, 650.0000, '2018-03-20 14:10:04', '2018-03-20 14:10:04', NULL),
	(163, 4, 132, 2100.0000, 2600.0000, 500.0000, '2018-03-20 18:45:55', '2018-03-20 18:45:55', NULL),
	(164, 7, 5674567567, 0.0000, -122.0000, -122.0000, '2018-03-20 19:07:46', '2018-03-20 19:07:46', NULL),
	(165, 3, 4567567567, 0.0000, -133.0000, -133.0000, '2018-03-20 19:19:23', '2018-03-20 19:19:23', NULL),
	(166, 3, 4576456, 0.0000, -122.0000, -122.0000, '2018-03-20 19:26:48', '2018-03-20 19:26:48', NULL),
	(167, 3, 5678567, 0.0000, -311.0000, -311.0000, '2018-03-20 19:27:51', '2018-03-20 19:27:51', NULL),
	(168, 3, 56745674, 0.0000, -21.0000, -21.0000, '2018-03-20 19:30:56', '2018-03-20 19:30:56', NULL),
	(169, 3, 78567867, 0.0000, -44.0000, -44.0000, '2018-03-20 19:31:36', '2018-03-20 19:31:36', NULL),
	(170, 3, 56745, 0.0000, -211.0000, -211.0000, '2018-03-20 19:39:45', '2018-03-20 19:39:45', NULL),
	(171, 3, 567547, 0.0000, -311.0000, -311.0000, '2018-03-20 19:41:13', '2018-03-20 19:41:13', NULL),
	(172, 7, 56754, 0.0000, -1300.0000, -1300.0000, '2018-03-20 19:42:11', '2018-03-20 19:42:11', NULL),
	(173, 7, 5687678, 0.0000, -411.0000, -411.0000, '2018-03-20 19:43:27', '2018-03-20 19:43:27', NULL),
	(174, 7, 4364356, 0.0000, -120.0000, -120.0000, '2018-03-20 20:01:55', '2018-03-20 20:01:55', NULL),
	(175, 7, 5764567, 0.0000, -423.0000, -423.0000, '2018-03-20 20:04:25', '2018-03-20 20:04:25', NULL),
	(176, 7, 567567, 0.0000, -433.0000, -433.0000, '2018-03-20 20:09:49', '2018-03-20 20:09:49', NULL),
	(177, 7, 678678, 0.0000, -455.0000, -455.0000, '2018-03-20 20:10:41', '2018-03-20 20:10:41', NULL),
	(178, 7, 678678678, 0.0000, -554.0000, -554.0000, '2018-03-20 20:11:40', '2018-03-20 20:11:40', NULL),
	(179, 7, 6574567, 0.0000, -677.0000, -677.0000, '2018-03-20 20:12:58', '2018-03-20 20:12:58', NULL),
	(180, 7, 76896789, 0.0000, -111.0000, -111.0000, '2018-03-20 20:13:56', '2018-03-20 20:13:56', NULL),
	(181, 7, 567567, 0.0000, -21.0000, -21.0000, '2018-03-20 20:39:50', '2018-03-20 20:39:50', NULL),
	(182, 7, 567567, 0.0000, -411.0000, -411.0000, '2018-03-20 20:41:42', '2018-03-20 20:41:42', NULL),
	(183, 7, 7867, 0.0000, -311.0000, -311.0000, '2018-03-20 20:48:59', '2018-03-20 20:48:59', NULL),
	(184, 7, 0, 0.0000, -211.0000, -211.0000, '2018-03-20 20:50:05', '2018-03-20 20:50:05', NULL),
	(185, 7, 567567, 0.0000, -34.0000, -34.0000, '2018-03-20 20:54:37', '2018-03-20 20:54:37', NULL),
	(186, 7, 785678, 0.0000, -32.0000, -32.0000, '2018-03-20 20:56:12', '2018-03-20 20:56:12', NULL),
	(187, 7, 547567, 0.0000, -311.0000, -311.0000, '2018-03-20 20:57:13', '2018-03-20 20:57:13', NULL),
	(188, 7, 345345, 0.0000, -311.0000, -311.0000, '2018-03-20 20:58:30', '2018-03-20 20:58:30', NULL),
	(189, 7, 67867, 0.0000, -411.0000, -411.0000, '2018-03-20 20:59:46', '2018-03-20 20:59:46', NULL),
	(190, 7, 6756756, 0.0000, -31.0000, -31.0000, '2018-03-21 09:59:58', '2018-03-21 09:59:58', NULL),
	(191, 7, 567, 0.0000, -31.0000, -31.0000, '2018-03-21 10:00:10', '2018-03-21 10:00:10', NULL),
	(192, 7, 5675, 0.0000, -34.0000, -34.0000, '2018-03-21 10:02:16', '2018-03-21 10:02:16', NULL),
	(193, 7, 74567, 0.0000, -365.0000, -365.0000, '2018-03-21 10:02:31', '2018-03-21 10:02:31', NULL),
	(194, 7, 4567567, 0.0000, -41.0000, -41.0000, '2018-03-21 10:05:59', '2018-03-21 10:05:59', NULL),
	(195, 3, 456456, 0.0000, -13.0000, -13.0000, '2018-03-21 10:07:38', '2018-03-21 10:07:38', NULL),
	(196, 3, 56756, 0.0000, -31.0000, -31.0000, '2018-03-21 10:08:27', '2018-03-21 10:08:27', NULL),
	(197, 3, 56756, 0.0000, -31.0000, -31.0000, '2018-03-21 10:08:41', '2018-03-21 10:08:41', NULL),
	(198, 3, 5688, 0.0000, -42.0000, -42.0000, '2018-03-21 10:11:13', '2018-03-21 10:11:13', NULL),
	(199, 3, 5688, 0.0000, -42.0000, -42.0000, '2018-03-21 10:13:07', '2018-03-21 10:13:07', NULL),
	(200, 3, 56867, 0.0000, -31.0000, -31.0000, '2018-03-21 10:14:33', '2018-03-21 10:14:33', NULL),
	(201, 3, 7357, 0.0000, -76.0000, -76.0000, '2018-03-21 10:15:07', '2018-03-21 10:15:07', NULL),
	(202, 3, 456745, 0.0000, -5.0000, -5.0000, '2018-03-21 10:17:51', '2018-03-21 10:17:51', NULL),
	(203, 3, 5656, 0.0000, -97.0000, -97.0000, '2018-03-21 10:24:11', '2018-03-21 10:24:11', NULL),
	(204, 3, 568568, 0.0000, -31.0000, -31.0000, '2018-03-21 10:30:34', '2018-03-21 10:30:34', NULL),
	(205, 3, 678, 0.0000, -43.0000, -43.0000, '2018-03-21 10:32:33', '2018-03-21 10:32:33', NULL),
	(206, 3, 67867, 0.0000, -56.0000, -56.0000, '2018-03-21 10:33:25', '2018-03-21 10:33:25', NULL),
	(207, 7, 567567, 0.0000, -31.0000, -31.0000, '2018-03-21 12:11:02', '2018-03-21 12:11:02', NULL),
	(208, 7, 56756, 0.0000, -43.0000, -43.0000, '2018-03-21 12:13:13', '2018-03-21 12:13:13', NULL),
	(209, 7, 567567, 0.0000, -44.0000, -44.0000, '2018-03-21 12:14:11', '2018-03-21 12:14:11', NULL),
	(210, 7, 678678, 0.0000, -587.0000, -587.0000, '2018-03-21 12:18:50', '2018-03-21 12:18:50', NULL),
	(211, 7, 678678, 0.0000, -433.0000, -433.0000, '2018-03-21 12:25:17', '2018-03-21 12:25:17', NULL),
	(212, 2, 133, 230.0000, 360.0000, 130.0000, '2018-03-21 12:38:17', '2018-03-21 12:38:17', NULL),
	(213, 2, 134, 222.0000, 360.0000, 138.0000, '2018-03-21 12:39:04', '2018-03-21 12:39:04', NULL),
	(214, 2, 135, 433.0000, 2400.0000, 1967.0000, '2018-03-21 12:42:12', '2018-03-21 12:42:12', NULL),
	(215, 2, 136, 200.0000, 420.0000, 220.0000, '2018-03-21 12:54:01', '2018-03-21 12:54:01', NULL),
	(216, 2, 137, 230.0000, 360.0000, 130.0000, '2018-03-21 12:55:34', '2018-03-21 12:55:34', NULL),
	(217, 2, 138, 1200.0000, 2400.0000, 1200.0000, '2018-03-21 12:57:20', '2018-03-21 12:57:20', NULL),
	(218, 2, 139, 2100.0000, 2400.0000, 300.0000, '2018-03-21 13:09:58', '2018-03-21 13:09:58', NULL),
	(219, 2, 140, 433.0000, 1200.0000, 767.0000, '2018-03-21 13:11:10', '2018-03-21 13:11:10', NULL),
	(220, 2, 141, 2100.0000, 2400.0000, 300.0000, '2018-03-21 13:12:40', '2018-03-21 13:12:40', NULL),
	(221, 2, 142, 466.0000, 1300.0000, 834.0000, '2018-03-21 13:19:13', '2018-03-21 13:19:13', NULL),
	(222, 2, 143, 344.0000, 1920.0000, 1576.0000, '2018-03-21 13:22:05', '2018-03-21 13:22:05', NULL),
	(223, 7, 345345, 0.0000, -311.0000, -311.0000, '2018-03-21 13:58:56', '2018-03-21 13:58:56', NULL),
	(224, 7, 567567, 0.0000, -311.0000, -311.0000, '2018-03-21 14:01:23', '2018-03-21 14:01:23', NULL),
	(225, 7, 678678, 0.0000, -411.0000, -411.0000, '2018-03-21 14:02:22', '2018-03-21 14:02:22', NULL),
	(226, 7, 456456, 0.0000, -755.0000, -755.0000, '2018-03-21 14:04:06', '2018-03-21 14:04:06', NULL),
	(227, 7, 568686, 0.0000, -411.0000, -411.0000, '2018-03-21 14:08:35', '2018-03-21 14:08:35', NULL),
	(228, 7, 5467567, 0.0000, -544.0000, -544.0000, '2018-03-21 14:09:33', '2018-03-21 14:09:33', NULL),
	(229, 3, 144, 2100.0000, 4150.0000, 2050.0000, '2018-03-21 14:15:02', '2018-03-21 14:15:02', NULL),
	(230, 2, 145, 210.0000, 690.0000, 480.0000, '2018-03-21 14:19:10', '2018-03-21 14:19:10', NULL),
	(231, 3, 146, 456.0000, 2400.0000, 1944.0000, '2018-03-21 14:20:54', '2018-03-21 14:20:54', NULL),
	(232, 3, 147, 1200.0000, 2750.0000, 1550.0000, '2018-03-21 14:26:08', '2018-03-21 14:26:08', NULL),
	(233, 3, 148, 2100.0000, 3260.0000, 1160.0000, '2018-03-21 14:27:11', '2018-03-21 14:27:11', NULL),
	(234, 3, 149, 2100.0000, 2750.0000, 650.0000, '2018-03-21 14:28:42', '2018-03-21 14:28:42', NULL),
	(235, 3, 150, 2100.0000, 2640.0000, 540.0000, '2018-03-21 14:29:59', '2018-03-21 14:29:59', NULL),
	(236, 7, 567567567, 0.0000, -333.0000, -333.0000, '2018-03-21 14:30:34', '2018-03-21 14:30:34', NULL),
	(237, 2, 151, 1000.0000, 1250.0000, 250.0000, '2018-03-21 18:28:07', '2018-03-21 18:28:07', NULL),
	(238, 2, 152, 100.0000, 2750.0000, 2650.0000, '2018-03-21 18:29:18', '2018-03-21 18:29:18', NULL),
	(239, 7, 563456, 0.0000, -1200.0000, -1200.0000, '2018-03-21 18:30:07', '2018-03-21 18:30:07', NULL),
	(240, 2, 57567, 0.0000, -1000.0000, -1000.0000, '2018-03-21 18:30:34', '2018-03-21 18:30:34', NULL),
	(241, 2, 153, 2100.0000, 2400.0000, 300.0000, '2018-03-21 18:31:13', '2018-03-21 18:31:13', NULL),
	(242, 2, 574567, 0.0000, -270.0000, -270.0000, '2018-03-21 18:32:03', '2018-03-21 18:32:03', NULL),
	(243, 2, 154, 1200.0000, 2100.0000, 900.0000, '2018-03-21 18:33:05', '2018-03-21 18:33:05', NULL),
	(244, 2, 155, 300.0000, 800.0000, 500.0000, '2018-03-21 18:38:02', '2018-03-21 18:38:02', NULL),
	(245, 2, 156, 60.0000, 360.0000, 300.0000, '2018-03-21 18:42:55', '2018-03-21 18:42:55', NULL),
	(246, 2, 4567345, 0.0000, -320.0000, -320.0000, '2018-03-21 18:54:47', '2018-03-21 18:54:47', NULL),
	(247, 2, 157, 2000.0000, 4950.0000, 2950.0000, '2018-03-22 09:52:42', '2018-03-22 09:52:42', NULL),
	(248, 3, 158, 2100.0000, 3810.0000, 1710.0000, '2018-03-22 09:53:37', '2018-03-22 09:53:37', NULL),
	(249, 3, 563456345, 0.0000, -442.0000, -442.0000, '2018-03-22 09:55:39', '2018-03-22 09:55:39', NULL),
	(250, 3, 456345645, 0.0000, -330.0000, -330.0000, '2018-03-22 09:56:57', '2018-03-22 09:56:57', NULL),
	(251, 4, 159, 3000.0000, 5000.0000, 2000.0000, '2018-03-22 10:02:20', '2018-03-22 10:02:20', NULL),
	(252, 5, 160, 2000.0000, 2500.0000, 500.0000, '2018-03-22 10:21:47', '2018-03-22 10:21:47', NULL),
	(253, 3, 161, 45.0000, 3000.0000, 2955.0000, '2018-03-22 10:39:17', '2018-03-22 10:39:17', NULL),
	(254, 4, 162, 2000.0000, 3000.0000, 1000.0000, '2018-03-22 10:47:14', '2018-03-22 10:47:14', NULL),
	(255, 2, 163, 210.0000, 2200.0000, 1990.0000, '2018-03-22 11:24:12', '2018-03-22 11:24:12', NULL),
	(256, 2, 164, 1100.0000, 1650.0000, 550.0000, '2018-03-22 11:27:02', '2018-03-22 11:27:02', NULL),
	(257, 2, 165, 1200.0000, 2200.0000, 1000.0000, '2018-03-22 12:34:11', '2018-03-22 12:34:11', NULL),
	(258, 2, 166, 2000.0000, 5000.0000, 3000.0000, '2018-03-22 18:48:10', '2018-03-22 18:48:10', NULL),
	(259, 2, 57546, 0.0000, -21000.0000, -21000.0000, '2018-03-22 18:49:04', '2018-03-22 18:49:04', NULL),
	(260, 3, 167, 1300.0000, 1400.0000, 100.0000, '2018-03-24 12:24:14', '2018-03-24 12:24:14', NULL),
	(261, 4, 168, 11.0000, 30.0000, 19.0000, '2018-03-24 12:35:33', '2018-03-24 12:35:33', NULL),
	(262, 2, 169, 0.0000, 2400.0000, 2400.0000, '2018-03-26 18:58:46', '2018-03-26 18:58:46', NULL),
	(263, 3, 6789789, 0.0000, 200.0000, -200.0000, '2018-03-26 19:40:49', '2018-03-26 19:40:49', NULL),
	(264, 3, 567567, 0.0000, 800.0000, -800.0000, '2018-03-26 19:43:05', '2018-03-26 19:43:05', NULL),
	(265, 4, 56798589, 0.0000, 30.0000, -30.0000, '2018-03-26 19:57:11', '2018-03-26 19:57:11', NULL),
	(266, 3, 3563456, 0.0000, 200.0000, -200.0000, '2018-03-26 19:58:06', '2018-03-26 19:58:06', NULL),
	(267, 3, 57567, 0.0000, 1000.0000, -1000.0000, '2018-03-26 20:02:29', '2018-03-26 20:02:29', NULL),
	(268, 2, 4567456, 0.0000, -1000.0000, -1000.0000, '2018-03-26 20:39:16', '2018-03-26 20:39:16', NULL),
	(269, 3, 456346, 0.0000, -600.0000, -600.0000, '2018-03-26 20:58:37', '2018-03-26 20:58:37', NULL),
	(270, 3, 0, 0.0000, -150.0000, -150.0000, '2018-03-26 21:12:54', '2018-03-26 21:12:54', NULL),
	(271, 3, 67867867, 0.0000, -500.0000, -500.0000, '2018-03-26 21:16:27', '2018-03-26 21:16:27', NULL),
	(272, 1, 865785678, 0.0000, -150.0000, -150.0000, '2018-03-27 10:01:40', '2018-03-27 10:01:40', NULL),
	(273, 2, 6356356, 0.0000, -500.0000, -500.0000, '2018-03-27 10:04:14', '2018-03-27 10:04:14', NULL),
	(274, 2, 578678, 0.0000, -640.0000, -640.0000, '2018-03-27 10:04:39', '2018-03-27 10:04:39', NULL),
	(275, 8, 4523452345, 0.0000, -750.0000, -750.0000, '2018-03-27 10:06:53', '2018-03-27 10:06:53', NULL),
	(276, 1, 74567567, 0.0000, -500.0000, -500.0000, '2018-03-27 10:11:28', '2018-03-27 10:11:28', NULL),
	(277, 1, 678678, 0.0000, -1250.0000, -250.0000, '2018-03-27 10:17:19', '2018-03-27 10:17:19', NULL),
	(278, 2, 6578678678, -789.0000, -1000.0000, -789.0000, '2018-03-27 10:19:35', '2018-03-27 10:19:35', NULL),
	(279, 1, 4563456, -567.0000, -800.0000, -567.0000, '2018-03-27 10:21:42', '2018-03-27 10:21:42', NULL),
	(280, 1, 67456745, -311.0000, -800.0000, -489.0000, '2018-03-27 10:25:16', '2018-03-27 10:25:16', NULL),
	(281, 3, 5756, -300.0000, -600.0000, -300.0000, '2018-03-27 10:29:11', '2018-03-27 10:29:11', NULL),
	(282, 3, 456456346, -311.0000, -800.0000, -489.0000, '2018-03-27 10:38:25', '2018-03-27 10:38:25', NULL),
	(283, 3, 674567, -2.0000, -600.0000, -598.0000, '2018-03-27 10:41:48', '2018-03-27 10:41:48', NULL),
	(284, 3, 0, -2.0000, -200.0000, -198.0000, '2018-03-27 10:44:46', '2018-03-27 10:44:46', NULL),
	(285, 3, 67567, 2.0000, -480.0000, -478.0000, '2018-03-27 10:53:48', '2018-03-27 10:53:48', NULL),
	(286, 3, 5678678, 50.0000, -100.0000, -50.0000, '2018-03-27 11:03:44', '2018-03-27 11:03:44', NULL),
	(287, 3, 4563456, 100.0000, -100.0000, 0.0000, '2018-03-27 11:12:43', '2018-03-27 11:12:43', NULL),
	(288, 3, 674567567, 0.0000, -100.0000, -100.0000, '2018-03-27 11:16:17', '2018-03-27 11:16:17', NULL),
	(289, 3, 56876, 1.0000, -100.0000, -99.0000, '2018-03-27 11:22:50', '2018-03-27 11:22:50', NULL),
	(290, 3, 5463, 10.0000, -100.0000, -90.0000, '2018-03-27 11:36:47', '2018-03-27 11:36:47', NULL),
	(291, 3, 56756756, 0.0000, -100.0000, -100.0000, '2018-03-27 11:59:49', '2018-03-27 11:59:49', NULL),
	(292, 3, 786578, 0.0000, -200.0000, -200.0000, '2018-03-27 12:00:42', '2018-03-27 12:00:42', NULL),
	(293, 3, 170, 2100.0000, 3000.0000, 900.0000, '2018-03-27 13:17:05', '2018-03-27 13:17:05', NULL),
	(294, 3, 171, 2000.0000, 2200.0000, 200.0000, '2018-03-27 13:18:15', '2018-03-27 13:18:15', NULL),
	(295, 3, 172, 100.0000, 200.0000, 100.0000, '2018-03-27 13:20:51', '2018-03-27 13:20:51', NULL),
	(296, 3, 64356456, 100.0000, -250.0000, -150.0000, '2018-03-27 13:21:43', '2018-03-27 13:21:43', NULL),
	(297, 3, 7689789, 311.0000, -500.0000, -189.0000, '2018-03-27 13:27:48', '2018-03-27 13:27:48', NULL),
	(298, 3, 768567867, 0.0000, -800.0000, -800.0000, '2018-03-27 13:55:49', '2018-03-27 13:55:49', NULL),
	(299, 3, 785678578, 200.0000, -1000.0000, -800.0000, '2018-03-27 13:57:17', '2018-03-27 13:57:17', NULL),
	(300, 3, 5674567, 200.0000, -500.0000, -300.0000, '2018-03-27 14:04:56', '2018-03-27 14:04:56', NULL),
	(301, 3, 6785678, 1200.0000, -2250.0000, -1050.0000, '2018-03-27 14:10:05', '2018-03-27 14:10:05', NULL),
	(302, 5, 6575467, 0.0000, -1000.0000, -1000.0000, '2018-03-27 18:45:38', '2018-03-27 18:45:38', NULL),
	(303, 2, 5674567, 0.0000, -800.0000, -800.0000, '2018-03-27 18:46:25', '2018-03-27 18:46:25', NULL),
	(304, 5, 754674567, 0.0000, -1000.0000, -1000.0000, '2018-03-27 18:48:59', '2018-03-27 18:48:59', NULL),
	(305, 2, 9807890, 0.0000, -800.0000, -800.0000, '2018-03-27 18:50:44', '2018-03-27 18:50:44', NULL),
	(306, 3, 789789, 0.0000, -400.0000, -400.0000, '2018-03-27 18:51:46', '2018-03-27 18:51:46', NULL),
	(307, 2, 678678, 0.0000, -800.0000, -800.0000, '2018-03-27 18:57:36', '2018-03-27 18:57:36', NULL),
	(308, 3, 87689789, 300.0000, -600.0000, -300.0000, '2018-03-27 18:59:12', '2018-03-27 18:59:12', NULL),
	(309, 3, 789789, 311.0000, -800.0000, -489.0000, '2018-03-27 19:01:20', '2018-03-27 19:01:20', NULL),
	(310, 3, 5678678, 211.0000, -400.0000, -189.0000, '2018-03-27 19:03:13', '2018-03-27 19:03:13', NULL),
	(311, 3, 678678, 11.0000, -30.0000, -19.0000, '2018-03-27 19:15:55', '2018-03-27 19:15:55', NULL),
	(312, 3, 64364356, 33.0000, -120.0000, -87.0000, '2018-03-27 19:35:34', '2018-03-27 19:35:34', NULL),
	(313, 1, 785678567, 22.0000, -120.0000, -98.0000, '2018-03-27 19:46:05', '2018-03-27 19:46:05', NULL),
	(314, 2, 7896789, 24.0000, -400.0000, -376.0000, '2018-03-27 19:48:32', '2018-03-27 19:48:32', NULL),
	(315, 3, 78907809, 12.0000, -600.0000, -588.0000, '2018-03-27 19:50:22', '2018-03-27 19:50:22', NULL),
	(316, 3, 173, 410.0000, 2050.0000, 1640.0000, '2018-03-27 19:55:54', '2018-03-27 19:55:54', NULL),
	(317, 1, 174, 222.0000, 500.0000, 278.0000, '2018-03-27 20:32:52', '2018-03-27 20:32:52', NULL),
	(318, 3, 175, 0.0000, 800.0000, 800.0000, '2018-03-27 20:33:49', '2018-03-27 20:33:49', NULL),
	(319, 3, 176, 11.0000, 30.0000, 19.0000, '2018-03-27 20:37:37', '2018-03-27 20:37:37', NULL),
	(320, 2, 177, 120.0000, 1000.0000, 880.0000, '2018-03-27 20:39:24', '2018-03-27 20:39:24', NULL),
	(321, 3, 4764563456, 333.0000, -1000.0000, -667.0000, '2018-03-27 20:40:32', '2018-03-27 20:40:32', NULL),
	(322, 3, 754674567, 333.0000, -800.0000, -467.0000, '2018-03-27 20:48:31', '2018-03-27 20:48:31', NULL),
	(323, 2, 78978978, 222.0000, -600.0000, -378.0000, '2018-03-27 20:49:47', '2018-03-27 20:49:47', NULL),
	(324, 3, 786785678, 0.0000, -800.0000, -800.0000, '2018-03-27 20:50:34', '2018-03-27 20:50:34', NULL),
	(325, 3, 7546745, 222.0000, -1000.0000, -778.0000, '2018-03-27 20:52:09', '2018-03-27 20:52:09', NULL),
	(326, 3, 178, 222.0000, 650.0000, 428.0000, '2018-03-27 20:56:23', '2018-03-27 20:56:23', NULL),
	(327, 3, 179, 54.0000, 1400.0000, 1389.0000, '2018-03-27 20:59:41', '2018-03-27 20:59:41', NULL),
	(328, 3, 180, 44.0000, 100.0000, 67.0000, '2018-03-27 21:01:57', '2018-03-27 21:01:57', NULL),
	(329, 3, 181, 533.0000, 800.0000, 267.0000, '2018-03-27 21:05:54', '2018-03-27 21:05:54', NULL),
	(330, 2, 182, 333.0000, 800.0000, 467.0000, '2018-03-27 21:06:54', '2018-03-27 21:06:54', NULL),
	(331, 3, 634563456, 120.0000, -1500.0000, -1380.0000, '2018-03-27 21:08:21', '2018-03-27 21:08:21', NULL),
	(332, 1, 6789789789, 222.0000, -500.0000, -278.0000, '2018-03-27 21:14:59', '2018-03-27 21:14:59', NULL),
	(333, 3, 183, 54.0000, 500.0000, 446.0000, '2018-03-27 21:19:05', '2018-03-27 21:19:05', NULL),
	(334, 2, 7685678, 33.0000, -120.0000, -87.0000, '2018-03-27 21:19:41', '2018-03-27 21:19:41', NULL),
	(335, 3, 678678, 333.0000, -1000.0000, -667.0000, '2018-03-27 21:21:01', '2018-03-27 21:21:01', NULL),
	(336, 3, 5674567, 120.0000, -1200.0000, -1080.0000, '2018-03-27 21:21:52', '2018-03-27 21:21:52', NULL),
	(337, 3, 184, 564.0000, 1000.0000, 436.0000, '2018-03-28 09:41:20', '2018-03-28 09:41:20', NULL),
	(338, 3, 185, 766.0000, 1800.0000, 1034.0000, '2018-03-28 09:44:54', '2018-03-28 09:44:54', NULL),
	(339, 3, 78978987, 211.0000, -400.0000, -189.0000, '2018-03-28 09:49:11', '2018-03-28 09:49:11', NULL),
	(340, 3, 186, 2300.0000, 3700.0000, 1400.0000, '2018-03-28 10:05:45', '2018-03-28 10:05:45', NULL),
	(341, 3, 187, 622.0000, 1550.0000, 928.0000, '2018-03-28 10:07:58', '2018-03-28 10:07:58', NULL),
	(342, 3, 188, 544.0000, 1550.0000, 1006.0000, '2018-03-28 10:12:02', '2018-03-28 10:12:02', NULL),
	(343, 3, 189, 453.0000, 2050.0000, 1597.0000, '2018-03-28 10:18:32', '2018-03-28 10:18:32', NULL),
	(344, 3, 190, 553.0000, 1800.0000, 1247.0000, '2018-03-28 10:22:47', '2018-03-28 10:22:47', NULL),
	(345, 1, 191, 200.0000, 600.0000, 400.0000, '2018-03-28 11:38:22', '2018-03-28 11:38:22', NULL),
	(346, 2, 192, 0.0000, 120.0000, 120.0000, '2018-03-28 19:27:42', '2018-03-28 19:27:42', NULL),
	(347, 2, 674567567, 211.0000, -800.0000, -589.0000, '2018-03-28 19:29:37', '2018-03-28 19:29:37', NULL),
	(348, 1, 7889789, 311.0000, -500.0000, -189.0000, '2018-03-29 12:52:35', '2018-03-29 12:52:35', NULL),
	(349, 5, 585678, 0.0000, -200.0000, -200.0000, '2018-03-29 12:53:42', '2018-03-29 12:53:42', NULL),
	(350, 3, 5674567, 0.0000, -1000.0000, -1000.0000, '2018-03-29 12:56:54', '2018-03-29 12:56:54', NULL),
	(351, 1, 193, 20.0000, 175.0000, 155.0000, '2018-03-29 13:10:08', '2018-03-29 13:10:08', NULL),
	(352, 1, 78458756, 11.0000, -30.0000, -19.0000, '2018-04-01 10:01:11', '2018-04-01 10:01:11', NULL),
	(353, 1, 56345634, 12.0000, -30.0000, -18.0000, '2018-04-01 10:02:15', '2018-04-01 10:02:15', NULL),
	(354, 1, 45674567, 13.0000, -60.0000, -47.0000, '2018-04-01 10:02:44', '2018-04-01 10:02:44', NULL),
	(355, 1, 4567547, 0.0000, -200.0000, -200.0000, '2018-04-01 10:04:03', '2018-04-01 10:04:03', NULL),
	(356, 1, 4564356, 0.0000, -30.0000, -30.0000, '2018-04-01 10:04:24', '2018-04-01 10:04:24', NULL),
	(357, 2, 34534, 0.0000, -30.0000, -30.0000, '2018-04-01 10:05:39', '2018-04-01 10:05:39', NULL),
	(358, 1, 45645, 13.0000, -30.0000, -17.0000, '2018-04-01 10:07:11', '2018-04-01 10:07:11', NULL),
	(359, 2, 45645, 0.0000, -30.0000, -30.0000, '2018-04-01 10:07:37', '2018-04-01 10:07:37', NULL),
	(360, 1, 78567867, 13.0000, -30.0000, -17.0000, '2018-04-01 10:10:37', '2018-04-01 10:10:37', NULL),
	(361, 1, 67567, 0.0000, -120.0000, -120.0000, '2018-04-01 10:22:40', '2018-04-01 10:22:40', NULL),
	(362, 1, 56756, 0.0000, -400.0000, -400.0000, '2018-04-01 10:49:39', '2018-04-01 10:49:39', NULL),
	(363, 1, 4563456, 0.0000, -130.0000, -130.0000, '2018-04-01 10:51:11', '2018-04-01 10:51:11', NULL),
	(364, 1, 5624364356, 33.0000, -60.0000, -27.0000, '2018-04-01 10:57:01', '2018-04-01 10:57:01', NULL),
	(365, 1, 45645654, 0.0000, -270.0000, -270.0000, '2018-04-01 11:04:27', '2018-04-01 11:04:27', NULL),
	(366, 1, 8678678, 111.0000, -230.0000, -119.0000, '2018-04-01 11:15:33', '2018-04-01 11:15:33', NULL),
	(367, 1, 9223372036854775807, 22.0000, -530.0000, -508.0000, '2018-04-01 11:18:01', '2018-04-01 11:18:01', NULL),
	(368, 1, 567567, 0.0000, -330.0000, -330.0000, '2018-04-01 11:23:13', '2018-04-01 11:23:13', NULL),
	(369, 1, 56, 111.0000, -1730.0000, -1619.0000, '2018-04-01 11:24:53', '2018-04-01 11:24:53', NULL),
	(370, 3, 194, 2200.0000, 10000.0000, 7800.0000, '2018-04-01 12:12:57', '2018-04-01 12:12:57', NULL),
	(371, 3, 576457, 21.0000, -6000.0000, -5979.0000, '2018-04-01 12:20:34', '2018-04-01 12:20:34', NULL),
	(372, 3, 3465456, 2100.0000, -7000.0000, -4900.0000, '2018-04-01 12:22:54', '2018-04-01 12:22:54', NULL),
	(373, 3, 56346, 2100.0000, -7000.0000, -4900.0000, '2018-04-01 12:23:54', '2018-04-01 12:23:54', NULL),
	(374, 1, 54456, 211.0000, -1130.0000, -919.0000, '2018-04-01 12:27:02', '2018-04-01 12:27:02', NULL),
	(375, 1, 45675467, 211.0000, -1000.0000, -789.0000, '2018-04-01 12:27:49', '2018-04-01 12:27:49', NULL),
	(376, 1, 3456346, 120.0000, -1230.0000, -1110.0000, '2018-04-01 12:30:53', '2018-04-01 12:30:53', NULL),
	(377, 1, 9223372036854775807, 0.0000, -1000.0000, -1000.0000, '2018-04-01 12:31:52', '2018-04-01 12:31:52', NULL),
	(378, 1, 67567567, 0.0000, -1000.0000, -1000.0000, '2018-04-01 12:33:00', '2018-04-01 12:33:00', NULL),
	(379, 1, 567567, 0.0000, -1000.0000, -1000.0000, '2018-04-01 12:33:51', '2018-04-01 12:33:51', NULL),
	(380, 1, 56867, 211.0000, -1000.0000, -789.0000, '2018-04-01 12:37:52', '2018-04-01 12:37:52', NULL),
	(381, 1, 0, 111.0000, -1000.0000, -889.0000, '2018-04-01 12:38:38', '2018-04-01 12:38:38', NULL),
	(382, 3, 0, 333.0000, -1000.0000, -667.0000, '2018-04-01 12:39:14', '2018-04-01 12:39:14', NULL),
	(383, 1, 0, 211.0000, -1230.0000, -1019.0000, '2018-04-01 12:45:01', '2018-04-01 12:45:01', NULL),
	(384, 1, 195, 1100.0000, 1200.0000, 100.0000, '2018-04-01 19:14:55', '2018-04-01 19:14:55', NULL),
	(385, 1, 196, 440.0000, 800.0000, 360.0000, '2018-04-01 19:18:43', '2018-04-01 19:18:43', NULL),
	(386, 2, 197, 0.0000, 150.0000, 150.0000, '2018-04-01 19:23:25', '2018-04-01 19:23:25', NULL),
	(387, 3, 198, 0.0000, 1000.0000, 1000.0000, '2018-04-01 19:23:42', '2018-04-01 19:23:42', NULL),
	(388, 2, 199, 311.0000, 330.0000, 19.0000, '2018-04-01 19:42:59', '2018-04-01 19:42:59', NULL),
	(389, 2, 200, 333.0000, 1674.0000, 1341.0000, '2018-04-01 20:00:47', '2018-04-01 20:00:47', NULL),
	(390, 2, 201, 111.0000, 270.0000, 159.0000, '2018-04-01 20:10:43', '2018-04-01 20:10:43', NULL),
	(391, 3, 202, 333.0000, 1130.0000, 797.0000, '2018-04-01 21:09:26', '2018-04-01 21:09:26', NULL),
	(392, 3, 203, 0.0000, 1650.0000, 550.0000, '2018-04-02 11:11:08', '2018-04-02 11:11:08', NULL),
	(393, 3, 204, 0.0000, 342.0000, 342.0000, '2018-04-02 11:11:39', '2018-04-02 11:11:39', NULL),
	(394, 3, 205, 0.0000, 44.0000, 44.0000, '2018-04-02 11:12:07', '2018-04-02 11:12:07', NULL),
	(395, 3, 206, 210.0000, 1000.0000, 790.0000, '2018-04-02 11:13:07', '2018-04-02 11:13:07', NULL),
	(396, 3, 207, 111.0000, 210.0000, 99.0000, '2018-04-02 11:13:44', '2018-04-02 11:13:44', NULL),
	(397, 3, 208, 111.0000, 450.0000, 339.0000, '2018-04-02 11:15:35', '2018-04-02 11:15:35', NULL),
	(398, 3, 209, 111.0000, 1000.0000, 889.0000, '2018-04-02 11:16:25', '2018-04-02 11:16:25', NULL),
	(399, 1, 210, 111.0000, 1000.0000, 889.0000, '2018-04-02 11:17:15', '2018-04-02 11:17:15', NULL),
	(400, 1, 211, 333.0000, 800.0000, 467.0000, '2018-04-02 11:19:22', '2018-04-02 11:19:22', NULL),
	(401, 1, 212, 333.0000, 800.0000, 467.0000, '2018-04-02 11:19:36', '2018-04-02 11:19:36', NULL),
	(402, 1, 213, 333.0000, 800.0000, 467.0000, '2018-04-02 11:19:43', '2018-04-02 11:19:43', NULL),
	(403, 3, 214, 222.0000, 4000.0000, 3778.0000, '2018-04-02 11:22:20', '2018-04-02 11:22:20', NULL),
	(404, 1, 215, 222.0000, 450.0000, 228.0000, '2018-04-02 11:28:03', '2018-04-02 11:28:03', NULL),
	(405, 1, 216, 211.0000, 900.0000, 689.0000, '2018-04-02 11:28:41', '2018-04-02 11:28:41', NULL),
	(406, 1, 217, 222.0000, 1000.0000, 778.0000, '2018-04-02 11:33:45', '2018-04-02 11:33:45', NULL),
	(407, 1, 218, 222.0000, 1300.0000, 1078.0000, '2018-04-02 11:35:19', '2018-04-02 11:35:19', NULL),
	(408, 2, 219, 400.0000, 813.0000, 413.0000, '2018-04-02 11:40:10', '2018-04-02 11:40:10', NULL),
	(409, 3, 220, 11.0000, 120.0000, 109.0000, '2018-04-02 11:41:41', '2018-04-02 11:41:41', NULL),
	(410, 1, 221, 111.0000, 450.0000, 339.0000, '2018-04-02 11:56:12', '2018-04-02 11:56:12', NULL),
	(411, 3, 222, 333.0000, 615.0000, 282.0000, '2018-04-02 12:42:31', '2018-04-02 12:42:31', NULL),
	(412, 1, 223, 211.0000, 856.0000, 645.0000, '2018-04-02 12:47:08', '2018-04-02 12:47:08', NULL),
	(413, 2, 224, 444.0000, 500.0000, 56.0000, '2018-04-02 12:48:13', '2018-04-02 12:48:13', NULL),
	(414, 2, 225, 222.0000, 270.0000, 48.0000, '2018-04-02 12:53:52', '2018-04-02 12:53:52', NULL),
	(415, 3, 226, 755.0000, 1510.0000, 755.0000, '2018-04-03 19:26:11', '2018-04-03 19:26:11', NULL),
	(416, 3, 227, 4200.0000, 10000.0000, 5800.0000, '2018-04-03 19:39:03', '2018-04-03 19:39:03', NULL),
	(417, 3, 228, 1420.0000, 2000.0000, 580.0000, '2018-04-03 19:43:21', '2018-04-03 19:43:21', NULL),
	(418, 3, 229, 22.0000, 30.0000, 8.0000, '2018-04-03 19:57:33', '2018-04-03 19:57:33', NULL),
	(419, 4, 230, 23.0000, 30.0000, 7.0000, '2018-04-03 20:02:55', '2018-04-03 20:02:55', NULL),
	(420, 3, 231, 65.0000, 90.0000, 25.0000, '2018-04-03 20:08:29', '2018-04-03 20:08:29', NULL),
	(421, 24, 0, 0.0000, 0.0000, 0.0000, '2018-04-03 20:16:49', '2018-04-03 20:16:49', NULL),
	(422, 25, 0, 0.0000, 0.0000, 0.0000, '2018-04-03 20:16:49', '2018-04-07 19:45:15', NULL),
	(424, 27, 0, 0.0000, 0.0000, 0.0000, '2018-04-03 20:16:50', '2018-04-03 20:16:50', NULL),
	(425, 27, 232, 11910.0000, 21910.0000, 10000.0000, '2018-04-05 19:17:50', '2018-04-05 19:17:50', NULL),
	(426, 12, 867876, 0.0000, -1200.0000, -1200.0000, '2018-04-05 19:20:46', '2018-04-05 19:20:46', NULL),
	(427, 1, 233, 277.0000, 600.0000, 323.0000, '2018-04-05 19:24:39', '2018-04-05 19:24:39', NULL),
	(428, 1, 234, 235.0000, 600.0000, 365.0000, '2018-04-05 19:28:10', '2018-04-05 19:28:10', NULL),
	(429, 1, 235, 230.0000, 400.0000, 170.0000, '2018-04-05 19:32:39', '2018-04-05 19:32:39', NULL),
	(430, 1, 236, 100.0000, 600.0000, 500.0000, '2018-04-05 19:36:23', '2018-04-05 19:36:23', NULL),
	(431, 1, 237, 500.0000, 1200.0000, 700.0000, '2018-04-05 19:39:08', '2018-04-05 19:39:08', NULL),
	(432, 1, 238, 700.0000, 1250.0000, 550.0000, '2018-04-05 19:42:09', '2018-04-05 19:42:09', NULL),
	(433, 6, 239, 0.0000, 400.0000, 400.0000, '2018-04-05 19:47:00', '2018-04-05 19:47:00', NULL),
	(434, 6, 4567567, 0.0000, -50.0000, -50.0000, '2018-04-05 19:47:41', '2018-04-05 19:47:41', NULL),
	(435, 21, 240, 400.0000, 800.0000, 400.0000, '2018-04-05 19:55:01', '2018-04-05 19:55:01', NULL),
	(436, 21, 567567, 200.0000, 0.0000, -200.0000, '2018-04-05 19:55:21', '2018-04-05 19:55:21', NULL),
	(437, 21, 356, 40.0000, 0.0000, -40.0000, '2018-04-05 19:58:29', '2018-04-05 19:58:29', NULL),
	(438, 10, 346545, 300.0000, 0.0000, -300.0000, '2018-04-05 20:40:16', '2018-04-05 20:40:16', NULL),
	(439, 10, 454, 120.0000, 0.0000, -120.0000, '2018-04-05 20:40:46', '2018-04-05 20:40:46', NULL),
	(440, 23, 4567356, 200.0000, 0.0000, -200.0000, '2018-04-07 13:49:17', '2018-04-07 13:49:17', NULL),
	(441, 23, 5674, 120.0000, 0.0000, -120.0000, '2018-04-07 13:50:14', '2018-04-07 13:50:14', NULL),
	(442, 23, 57646, 311.0000, 0.0000, -311.0000, '2018-04-07 13:51:59', '2018-04-07 13:51:59', NULL),
	(443, 4, 45675476, 456.0000, 0.0000, -456.0000, '2018-04-07 13:52:31', '2018-04-07 13:52:31', NULL),
	(444, 4, 6877, 55.0000, 0.0000, -55.0000, '2018-04-07 13:53:06', '2018-04-07 13:53:06', NULL),
	(445, 3, 241, 22.0000, 100.0000, 78.0000, '2018-04-07 20:09:49', '2018-04-07 20:09:49', NULL),
	(446, 3, 242, 2100.0000, 3000.0000, 900.0000, '2018-04-07 20:12:46', '2018-04-07 20:12:46', NULL),
	(447, 28, 0, 0.0000, 0.0000, 0.0000, '2018-08-26 14:08:26', '2018-08-26 14:08:26', NULL);

-- Dumping structure for table classylab.waste
CREATE TABLE IF NOT EXISTS `waste` (
  `WasteID` bigint(20) NOT NULL AUTO_INCREMENT,
  `ShopID` bigint(20) DEFAULT NULL,
  `ProductID` bigint(20) DEFAULT NULL,
  `Qty` decimal(11,4) DEFAULT NULL,
  `UnitCost` decimal(11,4) DEFAULT NULL,
  `TotalPrice` decimal(11,4) DEFAULT NULL,
  `WastedBy` varchar(250) CHARACTER SET utf8 COLLATE utf8_unicode_ci DEFAULT NULL,
  `Note` varchar(500) CHARACTER SET utf8 COLLATE utf8_unicode_ci DEFAULT NULL,
  `created_at` datetime DEFAULT NULL,
  `updated_at` datetime DEFAULT NULL,
  `deleted_at` datetime DEFAULT NULL,
  PRIMARY KEY (`WasteID`)
) ENGINE=InnoDB DEFAULT CHARSET=latin1;

-- Dumping data for table classylab.waste: ~0 rows (approximately)
DELETE FROM `waste`;

